66.249.66.161 - - [26/Dec/2025:13:27:57 +0000] "GET /wp-content/uploads/2015/09/?MA HTTP/1.1" 200 1116 "-" "Mozilla/5.0 (Linux; Android 6.0.1; Nexus 5X Build/MMB29P) AppleWebKit/537.36 (KHTML, like Gecko) Chrome/141.0.7390.122 Mobile Safari/537.36 (compatible; Googlebot/2.1; +http://www.google.com/bot.html)"
85.208.96.206 - - [26/Dec/2025:13:29:09 +0000] "GET /robots.txt HTTP/1.1" 200 81 "-" "Mozilla/5.0 (compatible; SemrushBot/7~bl; +http://www.semrush.com/bot.html)"
66.249.66.41 - - [26/Dec/2025:13:29:16 +0000] "GET /?products/24963351 HTTP/1.1" 200 24617 "-" "Mozilla/5.0 (Linux; Android 6.0.1; Nexus 5X Build/MMB29P) AppleWebKit/537.36 (KHTML, like Gecko) Chrome/141.0.7390.122 Mobile Safari/537.36 (compatible; Googlebot/2.1; +http://www.google.com/bot.html)"
66.249.66.13 - - [26/Dec/2025:13:29:20 +0000] "GET /?products/28138028 HTTP/1.1" 200 24844 "-" "Mozilla/5.0 (Linux; Android 6.0.1; Nexus 5X Build/MMB29P) AppleWebKit/537.36 (KHTML, like Gecko) Chrome/141.0.7390.122 Mobile Safari/537.36 (compatible; Googlebot/2.1; +http://www.google.com/bot.html)"
66.249.66.161 - - [26/Dec/2025:13:29:40 +0000] "GET /ejes-estrategicos/ HTTP/1.1" 200 25076 "-" "Mozilla/5.0 (Linux; Android 6.0.1; Nexus 5X Build/MMB29P) AppleWebKit/537.36 (KHTML, like Gecko) Chrome/141.0.7390.122 Mobile Safari/537.36 (compatible; Googlebot/2.1; +http://www.google.com/bot.html)"
66.249.66.40 - - [26/Dec/2025:13:18:13 +0000] "GET /?products/12691006 HTTP/1.1" 200 26032 "-" "Mozilla/5.0 (Linux; Android 6.0.1; Nexus 5X Build/MMB29P) AppleWebKit/537.36 (KHTML, like Gecko) Chrome/141.0.7390.122 Mobile Safari/537.36 (compatible; Googlebot/2.1; +http://www.google.com/bot.html)"
66.249.66.161 - - [26/Dec/2025:13:19:14 +0000] "GET /?products/6170440 HTTP/1.1" 200 25529 "-" "Mozilla/5.0 (Linux; Android 6.0.1; Nexus 5X Build/MMB29P) AppleWebKit/537.36 (KHTML, like Gecko) Chrome/141.0.7390.122 Mobile Safari/537.36 (compatible; GoogleOther)"
66.249.66.12 - - [26/Dec/2025:13:19:46 +0000] "GET /author/editor/page/67/ HTTP/1.1" 200 24620 "-" "Mozilla/5.0 (Linux; Android 6.0.1; Nexus 5X Build/MMB29P) AppleWebKit/537.36 (KHTML, like Gecko) Chrome/141.0.7390.122 Mobile Safari/537.36 (compatible; Googlebot/2.1; +http://www.google.com/bot.html)"
66.249.66.163 - - [26/Dec/2025:13:20:30 +0000] "GET /?products/13653484 HTTP/1.1" 200 24796 "-" "Mozilla/5.0 (Linux; Android 6.0.1; Nexus 5X Build/MMB29P) AppleWebKit/537.36 (KHTML, like Gecko) Chrome/141.0.7390.122 Mobile Safari/537.36 (compatible; GoogleOther)"
66.249.66.40 - - [26/Dec/2025:13:20:38 +0000] "GET /?products/8565562 HTTP/1.1" 200 25182 "-" "Mozilla/5.0 (Linux; Android 6.0.1; Nexus 5X Build/MMB29P) AppleWebKit/537.36 (KHTML, like Gecko) Chrome/141.0.7390.122 Mobile Safari/537.36 (compatible; Googlebot/2.1; +http://www.google.com/bot.html)"
66.249.66.75 - - [26/Dec/2025:13:23:38 +0000] "GET /?products/15336795 HTTP/1.1" 200 25879 "-" "Mozilla/5.0 (Linux; Android 6.0.1; Nexus 5X Build/MMB29P) AppleWebKit/537.36 (KHTML, like Gecko) Chrome/141.0.7390.122 Mobile Safari/537.36 (compatible; Googlebot/2.1; +http://www.google.com/bot.html)"
66.249.66.75 - - [26/Dec/2025:13:25:11 +0000] "GET /?products/7903039 HTTP/1.1" 200 25013 "-" "Mozilla/5.0 (Linux; Android 6.0.1; Nexus 5X Build/MMB29P) AppleWebKit/537.36 (KHTML, like Gecko) Chrome/141.0.7390.122 Mobile Safari/537.36 (compatible; GoogleOther)"
66.249.66.76 - - [26/Dec/2025:13:26:30 +0000] "GET /?products/11279062 HTTP/1.1" 200 24480 "-" "Mozilla/5.0 (Linux; Android 6.0.1; Nexus 5X Build/MMB29P) AppleWebKit/537.36 (KHTML, like Gecko) Chrome/141.0.7390.122 Mobile Safari/537.36 (compatible; Googlebot/2.1; +http://www.google.com/bot.html)"
91.196.152.40 - - [26/Dec/2025:13:26:38 +0000] "GET /favicon.ico HTTP/1.1" 404 1251 "-" "Mozilla/5.0 (X11; Ubuntu; Linux x86_64; rv:134.0) Gecko/20100101 Firefox/134.0"
66.249.66.12 - - [26/Dec/2025:13:26:43 +0000] "GET /?products/8141517 HTTP/1.1" 200 24300 "-" "Mozilla/5.0 (Linux; Android 6.0.1; Nexus 5X Build/MMB29P) AppleWebKit/537.36 (KHTML, like Gecko) Chrome/141.0.7390.122 Mobile Safari/537.36 (compatible; Googlebot/2.1; +http://www.google.com/bot.html)"
66.249.66.39 - - [26/Dec/2025:13:27:00 +0000] "GET /wp-content/uploads/2016/09/alcidez_jimenez_1_thumb-300x300.jpg HTTP/1.1" 200 9463 "-" "Googlebot-Image/1.0"
66.249.66.193 - - [26/Dec/2025:13:28:01 +0000] "GET /?products/2842884 HTTP/1.1" 200 24593 "-" "Mozilla/5.0 (Linux; Android 6.0.1; Nexus 5X Build/MMB29P) AppleWebKit/537.36 (KHTML, like Gecko) Chrome/141.0.7390.122 Mobile Safari/537.36 (compatible; GoogleOther)"
66.249.66.12 - - [26/Dec/2025:13:28:56 +0000] "GET /wp-content/uploads/bears-backup/?ND HTTP/1.1" 200 1044 "-" "Mozilla/5.0 (Linux; Android 6.0.1; Nexus 5X Build/MMB29P) AppleWebKit/537.36 (KHTML, like Gecko) Chrome/141.0.7390.122 Mobile Safari/537.36 (compatible; Googlebot/2.1; +http://www.google.com/bot.html)"
85.208.96.193 - - [26/Dec/2025:13:29:09 +0000] "GET /en-el-posconflicto-una-colombia-mas-grande-para-viajar/ HTTP/1.1" 403 0 "-" "Mozilla/5.0 (compatible; SemrushBot/7~bl; +http://www.semrush.com/bot.html)"
66.249.66.204 - - [26/Dec/2025:13:29:38 +0000] "GET /?products/15586295 HTTP/1.1" 200 25750 "-" "Mozilla/5.0 (Linux; Android 6.0.1; Nexus 5X Build/MMB29P) AppleWebKit/537.36 (KHTML, like Gecko) Chrome/141.0.7390.122 Mobile Safari/537.36 (compatible; Googlebot/2.1; +http://www.google.com/bot.html)"
66.249.66.12 - - [26/Dec/2025:13:25:40 +0000] "GET /?products/6048484 HTTP/1.1" 200 24755 "-" "Mozilla/5.0 (Linux; Android 6.0.1; Nexus 5X Build/MMB29P) AppleWebKit/537.36 (KHTML, like Gecko) Chrome/141.0.7390.122 Mobile Safari/537.36 (compatible; GoogleOther)"
66.249.66.161 - - [26/Dec/2025:13:26:40 +0000] "GET /?products/9488884 HTTP/1.1" 200 30711 "-" "Mozilla/5.0 (Linux; Android 6.0.1; Nexus 5X Build/MMB29P) AppleWebKit/537.36 (KHTML, like Gecko) Chrome/141.0.7390.122 Mobile Safari/537.36 (compatible; GoogleOther)"
66.249.66.75 - - [26/Dec/2025:13:27:00 +0000] "GET /?products/12592740 HTTP/1.1" 200 25984 "-" "Mozilla/5.0 (Linux; Android 6.0.1; Nexus 5X Build/MMB29P) AppleWebKit/537.36 (KHTML, like Gecko) Chrome/141.0.7390.122 Mobile Safari/537.36 (compatible; Googlebot/2.1; +http://www.google.com/bot.html)"
66.249.66.75 - - [26/Dec/2025:13:28:18 +0000] "GET /?products/6005173 HTTP/1.1" 200 26974 "-" "Mozilla/5.0 (Linux; Android 6.0.1; Nexus 5X Build/MMB29P) AppleWebKit/537.36 (KHTML, like Gecko) Chrome/141.0.7390.122 Mobile Safari/537.36 (compatible; Googlebot/2.1; +http://www.google.com/bot.html)"
66.249.66.39 - - [26/Dec/2025:13:31:27 +0000] "GET /?products/21859795 HTTP/1.1" 200 24941 "-" "Mozilla/5.0 (Linux; Android 6.0.1; Nexus 5X Build/MMB29P) AppleWebKit/537.36 (KHTML, like Gecko) Chrome/141.0.7390.122 Mobile Safari/537.36 (compatible; Googlebot/2.1; +http://www.google.com/bot.html)"
66.249.66.193 - - [26/Dec/2025:13:33:06 +0000] "GET /?products/10613439 HTTP/1.1" 200 26036 "-" "Mozilla/5.0 (Linux; Android 6.0.1; Nexus 5X Build/MMB29P) AppleWebKit/537.36 (KHTML, like Gecko) Chrome/141.0.7390.122 Mobile Safari/537.36 (compatible; Googlebot/2.1; +http://www.google.com/bot.html)"
170.10.164.126 - - [26/Dec/2025:13:33:16 +0000] "POST /wp-cron.php?doing_wp_cron=1766755996.0740740299224853515625 HTTP/1.1" 200 0 "-" "WordPress/6.8.3; https://alianzatejedorasdevida.org"
155.133.142.66 - - [26/Dec/2025:13:33:07 +0000] "POST /xmlrpc.php HTTP/1.1" 200 224 "-" "Mozilla/5.0 (Windows NT 10.0; Win64; x64; rv:83.0) Gecko/20100101 Firefox/83.0"
66.249.66.162 - - [26/Dec/2025:13:34:36 +0000] "GET /?products/5486140 HTTP/1.1" 200 25739 "-" "Mozilla/5.0 (Linux; Android 6.0.1; Nexus 5X Build/MMB29P) AppleWebKit/537.36 (KHTML, like Gecko) Chrome/141.0.7390.122 Mobile Safari/537.36 (compatible; GoogleOther)"
185.191.171.14 - - [26/Dec/2025:13:35:35 +0000] "GET /invitacion-para-cotizar-la-compra-de-elementos-para-kit-de-visibilidad-para-las-mujeres-de-la-organizacion-asocagram-municipio-de-orito/ HTTP/1.1" 403 0 "-" "Mozilla/5.0 (compatible; SemrushBot/7~bl; +http://www.semrush.com/bot.html)"
66.249.66.12 - - [26/Dec/2025:13:35:39 +0000] "GET /author/editor/page/70/ HTTP/1.1" 200 28203 "-" "Mozilla/5.0 (Linux; Android 6.0.1; Nexus 5X Build/MMB29P) AppleWebKit/537.36 (KHTML, like Gecko) Chrome/141.0.7390.122 Mobile Safari/537.36 (compatible; Googlebot/2.1; +http://www.google.com/bot.html)"
66.249.66.12 - - [26/Dec/2025:13:35:49 +0000] "GET /?products/12963084 HTTP/1.1" 200 28676 "-" "Mozilla/5.0 (Linux; Android 6.0.1; Nexus 5X Build/MMB29P) AppleWebKit/537.36 (KHTML, like Gecko) Chrome/141.0.7390.122 Mobile Safari/537.36 (compatible; Googlebot/2.1; +http://www.google.com/bot.html)"
66.249.66.204 - - [26/Dec/2025:13:38:29 +0000] "GET /?products/15331940 HTTP/1.1" 200 25078 "-" "Mozilla/5.0 (Linux; Android 6.0.1; Nexus 5X Build/MMB29P) AppleWebKit/537.36 (KHTML, like Gecko) Chrome/141.0.7390.122 Mobile Safari/537.36 (compatible; Googlebot/2.1; +http://www.google.com/bot.html)"
66.249.66.161 - - [26/Dec/2025:13:38:32 +0000] "GET /?products/8240540 HTTP/1.1" 200 25457 "-" "Mozilla/5.0 (Linux; Android 6.0.1; Nexus 5X Build/MMB29P) AppleWebKit/537.36 (KHTML, like Gecko) Chrome/141.0.7390.122 Mobile Safari/537.36 (compatible; GoogleOther)"
170.10.164.126 - - [26/Dec/2025:13:39:39 +0000] "POST /wp-cron.php?doing_wp_cron=1766756379.6381149291992187500000 HTTP/1.1" 200 0 "-" "WordPress/6.8.3; https://alianzatejedorasdevida.org"
148.113.128.156 - - [26/Dec/2025:13:29:55 +0000] "GET /author/editor/page/74/ HTTP/2" 403 0 "-" "Mozilla/5.0 (compatible; AhrefsBot/7.0; +http://ahrefs.com/robot/)"
66.249.66.162 - - [26/Dec/2025:13:30:50 +0000] "GET /?products/12755084 HTTP/1.1" 200 24475 "-" "Mozilla/5.0 (Linux; Android 6.0.1; Nexus 5X Build/MMB29P) AppleWebKit/537.36 (KHTML, like Gecko) Chrome/141.0.7390.122 Mobile Safari/537.36 (compatible; GoogleOther)"
66.249.66.204 - - [26/Dec/2025:13:32:41 +0000] "GET /?products/10613439 HTTP/1.1" 200 26036 "-" "Mozilla/5.0 (Linux; Android 6.0.1; Nexus 5X Build/MMB29P) AppleWebKit/537.36 (KHTML, like Gecko) Chrome/141.0.7390.122 Mobile Safari/537.36 (compatible; GoogleOther)"
66.249.66.162 - - [26/Dec/2025:13:33:40 +0000] "GET /?products/15250640 HTTP/1.1" 200 25120 "-" "Mozilla/5.0 (Linux; Android 6.0.1; Nexus 5X Build/MMB29P) AppleWebKit/537.36 (KHTML, like Gecko) Chrome/141.0.7390.122 Mobile Safari/537.36 (compatible; Googlebot/2.1; +http://www.google.com/bot.html)"
66.249.66.204 - - [26/Dec/2025:13:34:50 +0000] "GET /?products/26264573 HTTP/1.1" 200 24391 "-" "Mozilla/5.0 (Linux; Android 6.0.1; Nexus 5X Build/MMB29P) AppleWebKit/537.36 (KHTML, like Gecko) Chrome/141.0.7390.122 Mobile Safari/537.36 (compatible; GoogleOther)"
66.249.66.161 - - [26/Dec/2025:13:35:31 +0000] "GET /?products/21641039 HTTP/1.1" 200 25805 "-" "Mozilla/5.0 (Linux; Android 6.0.1; Nexus 5X Build/MMB29P) AppleWebKit/537.36 (KHTML, like Gecko) Chrome/141.0.7390.122 Mobile Safari/537.36 (compatible; Googlebot/2.1; +http://www.google.com/bot.html)"
54.39.0.52 - - [26/Dec/2025:13:35:34 +0000] "GET /wp-content/uploads/2021/12/?SA HTTP/2" 200 2185 "-" "Mozilla/5.0 (compatible; AhrefsBot/7.0; +http://ahrefs.com/robot/)"
66.249.66.39 - - [26/Dec/2025:13:37:11 +0000] "GET /?products/7083062 HTTP/1.1" 200 25897 "-" "Mozilla/5.0 (Linux; Android 6.0.1; Nexus 5X Build/MMB29P) AppleWebKit/537.36 (KHTML, like Gecko) Chrome/141.0.7390.122 Mobile Safari/537.36 (compatible; Googlebot/2.1; +http://www.google.com/bot.html)"
66.249.66.39 - - [26/Dec/2025:13:38:06 +0000] "GET /2023/08/16/contratacion-de-administradora-para-el-proyecto-mujeres-tejiendo-un-futuro-de-paz-putumayo/ HTTP/1.1" 200 24695 "-" "Mozilla/5.0 (Linux; Android 6.0.1; Nexus 5X Build/MMB29P) AppleWebKit/537.36 (KHTML, like Gecko) Chrome/141.0.7390.122 Mobile Safari/537.36 (compatible; Googlebot/2.1; +http://www.google.com/bot.html)"
66.249.66.40 - - [26/Dec/2025:13:38:22 +0000] "GET /?products/3001962 HTTP/1.1" 200 24406 "-" "Mozilla/5.0 (Linux; Android 6.0.1; Nexus 5X Build/MMB29P) AppleWebKit/537.36 (KHTML, like Gecko) Chrome/141.0.7390.122 Mobile Safari/537.36 (compatible; GoogleOther)"
66.249.66.204 - - [26/Dec/2025:13:38:43 +0000] "GET /?products/15537262 HTTP/1.1" 200 24720 "-" "Mozilla/5.0 (Linux; Android 6.0.1; Nexus 5X Build/MMB29P) AppleWebKit/537.36 (KHTML, like Gecko) Chrome/141.0.7390.122 Mobile Safari/537.36 (compatible; Googlebot/2.1; +http://www.google.com/bot.html)"
66.249.66.40 - - [26/Dec/2025:13:40:05 +0000] "GET /?products/9979673 HTTP/1.1" 200 26849 "-" "Mozilla/5.0 (Linux; Android 6.0.1; Nexus 5X Build/MMB29P) AppleWebKit/537.36 (KHTML, like Gecko) Chrome/141.0.7390.122 Mobile Safari/537.36 (compatible; GoogleOther)"
66.249.66.192 - - [26/Dec/2025:13:40:24 +0000] "GET /?products/11343339 HTTP/1.1" 200 25321 "-" "Mozilla/5.0 (Linux; Android 6.0.1; Nexus 5X Build/MMB29P) AppleWebKit/537.36 (KHTML, like Gecko) Chrome/141.0.7390.122 Mobile Safari/537.36 (compatible; GoogleOther)"
66.249.66.39 - - [26/Dec/2025:13:40:47 +0000] "GET /?products/13188228 HTTP/1.1" 200 25059 "-" "Mozilla/5.0 (Linux; Android 6.0.1; Nexus 5X Build/MMB29P) AppleWebKit/537.36 (KHTML, like Gecko) Chrome/141.0.7390.122 Mobile Safari/537.36 (compatible; Googlebot/2.1; +http://www.google.com/bot.html)"
148.113.128.158 - - [26/Dec/2025:13:40:56 +0000] "GET /contratacion-de-promotora-comunitaria-para-mocoa-y-villagarzon-putumayo/ HTTP/2" 403 0 "-" "Mozilla/5.0 (compatible; AhrefsBot/7.0; +http://ahrefs.com/robot/)"
66.249.66.41 - - [26/Dec/2025:13:31:07 +0000] "GET /?products/2715373 HTTP/1.1" 200 25854 "-" "Mozilla/5.0 (Linux; Android 6.0.1; Nexus 5X Build/MMB29P) AppleWebKit/537.36 (KHTML, like Gecko) Chrome/141.0.7390.122 Mobile Safari/537.36 (compatible; GoogleOther)"
66.249.66.204 - - [26/Dec/2025:13:31:13 +0000] "GET /?products/17914917 HTTP/1.1" 200 25920 "-" "Mozilla/5.0 (Linux; Android 6.0.1; Nexus 5X Build/MMB29P) AppleWebKit/537.36 (KHTML, like Gecko) Chrome/141.0.7390.122 Mobile Safari/537.36 (compatible; Googlebot/2.1; +http://www.google.com/bot.html)"
66.249.66.192 - - [26/Dec/2025:13:32:15 +0000] "GET /?products/12471362 HTTP/1.1" 200 25485 "-" "Mozilla/5.0 (Linux; Android 6.0.1; Nexus 5X Build/MMB29P) AppleWebKit/537.36 (KHTML, like Gecko) Chrome/141.0.7390.122 Mobile Safari/537.36 (compatible; GoogleOther)"
66.249.66.13 - - [26/Dec/2025:13:32:25 +0000] "GET /?products/8724917 HTTP/1.1" 200 25037 "-" "Mozilla/5.0 (Linux; Android 6.0.1; Nexus 5X Build/MMB29P) AppleWebKit/537.36 (KHTML, like Gecko) Chrome/141.0.7390.122 Mobile Safari/537.36 (compatible; Googlebot/2.1; +http://www.google.com/bot.html)"
66.249.66.40 - - [26/Dec/2025:13:34:18 +0000] "GET /wp-content/uploads/2019/01/ HTTP/1.1" 200 1159 "-" "Mozilla/5.0 (Linux; Android 6.0.1; Nexus 5X Build/MMB29P) AppleWebKit/537.36 (KHTML, like Gecko) Chrome/141.0.7390.122 Mobile Safari/537.36 (compatible; GoogleOther)"
66.249.66.40 - - [26/Dec/2025:13:35:10 +0000] "GET /?products/6228873 HTTP/1.1" 200 25905 "-" "Mozilla/5.0 (Linux; Android 6.0.1; Nexus 5X Build/MMB29P) AppleWebKit/537.36 (KHTML, like Gecko) Chrome/141.0.7390.122 Mobile Safari/537.36 (compatible; Googlebot/2.1; +http://www.google.com/bot.html)"
66.249.66.162 - - [26/Dec/2025:13:35:20 +0000] "GET /?products/2839995 HTTP/1.1" 200 26755 "-" "Mozilla/5.0 (Linux; Android 6.0.1; Nexus 5X Build/MMB29P) AppleWebKit/537.36 (KHTML, like Gecko) Chrome/141.0.7390.122 Mobile Safari/537.36 (compatible; Googlebot/2.1; +http://www.google.com/bot.html)"
66.249.66.161 - - [26/Dec/2025:13:35:36 +0000] "GET /author/editor/page/74/ HTTP/1.1" 200 25165 "-" "Mozilla/5.0 (Linux; Android 6.0.1; Nexus 5X Build/MMB29P) AppleWebKit/537.36 (KHTML, like Gecko) Chrome/141.0.7390.122 Mobile Safari/537.36 (compatible; Googlebot/2.1; +http://www.google.com/bot.html)"
66.249.66.77 - - [26/Dec/2025:13:36:01 +0000] "GET /?products/12298717 HTTP/1.1" 200 24707 "-" "Mozilla/5.0 (Linux; Android 6.0.1; Nexus 5X Build/MMB29P) AppleWebKit/537.36 (KHTML, like Gecko) Chrome/141.0.7390.122 Mobile Safari/537.36 (compatible; GoogleOther)"
216.73.216.146 - - [26/Dec/2025:13:36:23 +0000] "GET /robots.txt HTTP/2" 200 81 "-" "Mozilla/5.0 AppleWebKit/537.36 (KHTML, like Gecko; compatible; ClaudeBot/1.0; +claudebot@anthropic.com)"
216.73.216.146 - - [26/Dec/2025:13:36:23 +0000] "GET /tag/nuevas-masculinidades HTTP/2" 403 0 "-" "Mozilla/5.0 AppleWebKit/537.36 (KHTML, like Gecko; compatible; ClaudeBot/1.0; +claudebot@anthropic.com)"
49.235.136.28 - - [26/Dec/2025:13:39:39 +0000] "GET / HTTP/1.1" 301 346 "http://www.alianzatejedorasdevida.org" "Mozilla/5.0 (iPhone; CPU iPhone OS 13_2_3 like Mac OS X) AppleWebKit/605.1.15 (KHTML, like Gecko) Version/13.0.3 Mobile/15E148 Safari/604.1"
49.235.136.28 - - [26/Dec/2025:13:39:42 +0000] "GET / HTTP/1.1" 200 63052 "https://www.alianzatejedorasdevida.org/" "Mozilla/5.0 (iPhone; CPU iPhone OS 13_2_3 like Mac OS X) AppleWebKit/605.1.15 (KHTML, like Gecko) Version/13.0.3 Mobile/15E148 Safari/604.1"
66.249.66.204 - - [26/Dec/2025:13:41:41 +0000] "GET /wp-content/uploads/2023/02/TdR-Profesional-Legal-GM-22-02.23-prorroga-.pdf HTTP/1.1" 304 0 "-" "Mozilla/5.0 (Linux; Android 6.0.1; Nexus 5X Build/MMB29P) AppleWebKit/537.36 (KHTML, like Gecko) Chrome/141.0.7390.122 Mobile Safari/537.36 (compatible; Googlebot/2.1; +http://www.google.com/bot.html)"
66.249.66.39 - - [26/Dec/2025:13:43:44 +0000] "GET /?products/31058306 HTTP/1.1" 200 24936 "-" "Mozilla/5.0 (Linux; Android 6.0.1; Nexus 5X Build/MMB29P) AppleWebKit/537.36 (KHTML, like Gecko) Chrome/141.0.7390.122 Mobile Safari/537.36 (compatible; GoogleOther)"
66.249.66.13 - - [26/Dec/2025:13:40:03 +0000] "GET /?products/25183140 HTTP/1.1" 200 26489 "-" "Mozilla/5.0 (Linux; Android 6.0.1; Nexus 5X Build/MMB29P) AppleWebKit/537.36 (KHTML, like Gecko) Chrome/141.0.7390.122 Mobile Safari/537.36 (compatible; GoogleOther)"
66.249.66.12 - - [26/Dec/2025:13:40:40 +0000] "GET /?products/26277673 HTTP/1.1" 200 24663 "-" "Mozilla/5.0 (Linux; Android 6.0.1; Nexus 5X Build/MMB29P) AppleWebKit/537.36 (KHTML, like Gecko) Chrome/141.0.7390.122 Mobile Safari/537.36 (compatible; Googlebot/2.1; +http://www.google.com/bot.html)"
216.244.66.246 - - [26/Dec/2025:13:40:42 +0000] "GET /wp-content/uploads/elementor/google-fonts/css/?SD HTTP/1.1" 200 11329 "-" "Mozilla/5.0 (compatible; DotBot/1.2; +https://opensiteexplorer.org/dotbot; help@moz.com)"
66.249.66.13 - - [26/Dec/2025:13:41:11 +0000] "GET /?products/16691684 HTTP/1.1" 200 25457 "-" "Mozilla/5.0 (Linux; Android 6.0.1; Nexus 5X Build/MMB29P) AppleWebKit/537.36 (KHTML, like Gecko) Chrome/141.0.7390.122 Mobile Safari/537.36 (compatible; GoogleOther)"
38.68.184.144 - - [26/Dec/2025:13:41:54 +0000] "GET /wp-content/uploads/wc-logs HTTP/1.1" 301 795 "https://www.alianzatejedorasdevida.org/" "Mozilla/5.0 (Macintosh; Intel Mac OS X 10_15_7) AppleWebKit/537.36 (KHTML, like Gecko) Chrome/135.0.0.0 Safari/537.36"
66.249.66.77 - - [26/Dec/2025:13:42:07 +0000] "GET /?products/2814451 HTTP/1.1" 200 24118 "-" "Mozilla/5.0 (Linux; Android 6.0.1; Nexus 5X Build/MMB29P) AppleWebKit/537.36 (KHTML, like Gecko) Chrome/141.0.7390.122 Mobile Safari/537.36 (compatible; GoogleOther)"
66.249.66.40 - - [26/Dec/2025:13:43:32 +0000] "GET /?products/2149751 HTTP/1.1" 200 25677 "-" "Mozilla/5.0 (Linux; Android 6.0.1; Nexus 5X Build/MMB29P) AppleWebKit/537.36 (KHTML, like Gecko) Chrome/141.0.7390.122 Mobile Safari/537.36 (compatible; GoogleOther)"
66.249.66.162 - - [26/Dec/2025:13:44:08 +0000] "GET /?products/5289806 HTTP/1.1" 200 24815 "-" "Mozilla/5.0 (Linux; Android 6.0.1; Nexus 5X Build/MMB29P) AppleWebKit/537.36 (KHTML, like Gecko) Chrome/141.0.7390.122 Mobile Safari/537.36 (compatible; Googlebot/2.1; +http://www.google.com/bot.html)"
66.249.66.39 - - [26/Dec/2025:13:44:57 +0000] "GET /?products/15850773 HTTP/1.1" 200 25145 "-" "Mozilla/5.0 (Linux; Android 6.0.1; Nexus 5X Build/MMB29P) AppleWebKit/537.36 (KHTML, like Gecko) Chrome/141.0.7390.122 Mobile Safari/537.36 (compatible; GoogleOther)"
121.229.156.119 - - [26/Dec/2025:13:42:28 +0000] "GET /wp-content/uploads/2025/06/VF-LIBRO-ATV-VERSION-IMPRESA-Y-DIGITAL.pdf HTTP/1.1" 200 2571985 "-" "Sogou web spider/4.0(+http://www.sogou.com/docs/help/webmasters.htm#07)"
66.249.66.192 - - [26/Dec/2025:13:46:11 +0000] "GET /?products/21784495 HTTP/1.1" 200 24438 "-" "Mozilla/5.0 (Linux; Android 6.0.1; Nexus 5X Build/MMB29P) AppleWebKit/537.36 (KHTML, like Gecko) Chrome/141.0.7390.122 Mobile Safari/537.36 (compatible; Googlebot/2.1; +http://www.google.com/bot.html)"
66.249.66.12 - - [26/Dec/2025:13:46:25 +0000] "GET /?products/24379273 HTTP/1.1" 200 26475 "-" "Mozilla/5.0 (Linux; Android 6.0.1; Nexus 5X Build/MMB29P) AppleWebKit/537.36 (KHTML, like Gecko) Chrome/141.0.7390.122 Mobile Safari/537.36 (compatible; Googlebot/2.1; +http://www.google.com/bot.html)"
66.249.66.12 - - [26/Dec/2025:13:46:55 +0000] "GET /?products/23499162 HTTP/1.1" 200 26030 "-" "Mozilla/5.0 (Linux; Android 6.0.1; Nexus 5X Build/MMB29P) AppleWebKit/537.36 (KHTML, like Gecko) Chrome/141.0.7390.122 Mobile Safari/537.36 (compatible; Googlebot/2.1; +http://www.google.com/bot.html)"
66.249.66.76 - - [26/Dec/2025:13:47:01 +0000] "GET /?products/10025273 HTTP/1.1" 200 24434 "-" "Mozilla/5.0 (Linux; Android 6.0.1; Nexus 5X Build/MMB29P) AppleWebKit/537.36 (KHTML, like Gecko) Chrome/141.0.7390.122 Mobile Safari/537.36 (compatible; Googlebot/2.1; +http://www.google.com/bot.html)"
66.249.66.75 - - [26/Dec/2025:13:47:18 +0000] "GET /?products/9092440 HTTP/1.1" 200 25375 "-" "Mozilla/5.0 (Linux; Android 6.0.1; Nexus 5X Build/MMB29P) AppleWebKit/537.36 (KHTML, like Gecko) Chrome/141.0.7390.122 Mobile Safari/537.36 (compatible; GoogleOther)"
66.249.66.40 - - [26/Dec/2025:13:41:02 +0000] "GET /?products/15189795 HTTP/1.1" 200 25442 "-" "Mozilla/5.0 (Linux; Android 6.0.1; Nexus 5X Build/MMB29P) AppleWebKit/537.36 (KHTML, like Gecko) Chrome/141.0.7390.122 Mobile Safari/537.36 (compatible; Googlebot/2.1; +http://www.google.com/bot.html)"
66.249.66.76 - - [26/Dec/2025:13:41:03 +0000] "GET /?products/23440906 HTTP/1.1" 200 25696 "-" "Mozilla/5.0 (Linux; Android 6.0.1; Nexus 5X Build/MMB29P) AppleWebKit/537.36 (KHTML, like Gecko) Chrome/141.0.7390.122 Mobile Safari/537.36 (compatible; Googlebot/2.1; +http://www.google.com/bot.html)"
66.249.66.204 - - [26/Dec/2025:13:41:22 +0000] "GET /?products/21469551 HTTP/1.1" 200 25997 "-" "Mozilla/5.0 (Linux; Android 6.0.1; Nexus 5X Build/MMB29P) AppleWebKit/537.36 (KHTML, like Gecko) Chrome/141.0.7390.122 Mobile Safari/537.36 (compatible; Googlebot/2.1; +http://www.google.com/bot.html)"
186.250.143.47 - - [26/Dec/2025:13:41:57 +0000] "GET /wp-content/uploads/wc-logs/ HTTP/1.1" 403 1242 "https://www.alianzatejedorasdevida.org/" "Mozilla/5.0 (Macintosh; Intel Mac OS X 10_15_7) AppleWebKit/537.36 (KHTML, like Gecko) Chrome/135.0.0.0 Safari/537.36"
66.249.66.162 - - [26/Dec/2025:13:42:15 +0000] "GET /wp-content/uploads/2019/ HTTP/1.1" 200 1007 "-" "Mozilla/5.0 (Linux; Android 6.0.1; Nexus 5X Build/MMB29P) AppleWebKit/537.36 (KHTML, like Gecko) Chrome/141.0.7390.122 Mobile Safari/537.36 (compatible; GoogleOther)"
121.229.156.119 - - [26/Dec/2025:13:42:10 +0000] "GET /wp-content/uploads/2025/06/VF-LIBRO-ATV-VERSION-IMPRESA-Y-DIGITAL.pdf HTTP/1.1" 200 524288 "-" "Sogou web spider/4.0(+http://www.sogou.com/docs/help/webmasters.htm#07)"
66.249.66.13 - - [26/Dec/2025:13:43:03 +0000] "GET /wp-content/uploads/revslider/map-slide-1/ HTTP/1.1" 200 1067 "-" "Mozilla/5.0 (Linux; Android 6.0.1; Nexus 5X Build/MMB29P) AppleWebKit/537.36 (KHTML, like Gecko) Chrome/141.0.7390.122 Mobile Safari/537.36 (compatible; Googlebot/2.1; +http://www.google.com/bot.html)"
170.10.164.126 - - [26/Dec/2025:13:43:47 +0000] "POST /wp-cron.php?doing_wp_cron=1766756627.2965779304504394531250 HTTP/1.1" 200 0 "-" "WordPress/6.8.3; https://alianzatejedorasdevida.org"
62.164.177.252 - - [26/Dec/2025:13:43:44 +0000] "GET /xmlrpc.php HTTP/1.1" 405 62 "http://alianzatejedorasdevida.org/xmlrpc.php" "Mozilla/5.0 (Windows NT 10.0; Win64; x64) AppleWebKit/537.36 (KHTML, like Gecko) Chrome/138.0.0.0 Safari/537.36"
66.249.66.204 - - [26/Dec/2025:13:43:58 +0000] "GET /wp-content/uploads/2024/11/?SD HTTP/1.1" 200 1938 "-" "Mozilla/5.0 (Linux; Android 6.0.1; Nexus 5X Build/MMB29P) AppleWebKit/537.36 (KHTML, like Gecko) Chrome/141.0.7390.122 Mobile Safari/537.36 (compatible; Googlebot/2.1; +http://www.google.com/bot.html)"
66.249.66.77 - - [26/Dec/2025:13:44:02 +0000] "GET /?products/30823717 HTTP/1.1" 200 25200 "-" "Mozilla/5.0 (Linux; Android 6.0.1; Nexus 5X Build/MMB29P) AppleWebKit/537.36 (KHTML, like Gecko) Chrome/141.0.7390.122 Mobile Safari/537.36 (compatible; Googlebot/2.1; +http://www.google.com/bot.html)"
142.44.220.97 - - [26/Dec/2025:13:45:52 +0000] "GET /invitacion-a-cotizar-la-compra-de-los-productos-bienes-e-insumos-para-el-fortalecimiento-de-la-linea-productiva-de-la-organizacion-tejiendo-suenos-en-san-miguel/ HTTP/2" 403 0 "-" "Mozilla/5.0 (compatible; AhrefsBot/7.0; +http://ahrefs.com/robot/)"
121.229.156.119 - - [26/Dec/2025:13:45:09 +0000] "GET /wp-content/uploads/2025/06/VF-LIBRO-ATV-VERSION-IMPRESA-Y-DIGITAL.pdf HTTP/1.1" 200 1130496 "-" "Sogou web spider/4.0(+http://www.sogou.com/docs/help/webmasters.htm#07)"
66.249.66.204 - - [26/Dec/2025:13:47:15 +0000] "GET /?products/9124573 HTTP/1.1" 200 26811 "-" "Mozilla/5.0 (Linux; Android 6.0.1; Nexus 5X Build/MMB29P) AppleWebKit/537.36 (KHTML, like Gecko) Chrome/141.0.7390.122 Mobile Safari/537.36 (compatible; Googlebot/2.1; +http://www.google.com/bot.html)"
66.249.66.75 - - [26/Dec/2025:13:43:54 +0000] "GET /?products/3360728 HTTP/1.1" 200 25006 "-" "Mozilla/5.0 (Linux; Android 6.0.1; Nexus 5X Build/MMB29P) AppleWebKit/537.36 (KHTML, like Gecko) Chrome/141.0.7390.122 Mobile Safari/537.36 (compatible; GoogleOther)"
66.249.66.204 - - [26/Dec/2025:13:44:36 +0000] "GET /?ctg/search/similarImageSearchResultView/?ctgItemCd=89553272 HTTP/1.1" 200 24268 "-" "Mozilla/5.0 (Linux; Android 6.0.1; Nexus 5X Build/MMB29P) AppleWebKit/537.36 (KHTML, like Gecko) Chrome/141.0.7390.122 Mobile Safari/537.36 (compatible; Googlebot/2.1; +http://www.google.com/bot.html)"
66.249.66.161 - - [26/Dec/2025:13:44:40 +0000] "GET /?products/8060340 HTTP/1.1" 200 24024 "-" "Mozilla/5.0 (Linux; Android 6.0.1; Nexus 5X Build/MMB29P) AppleWebKit/537.36 (KHTML, like Gecko) Chrome/141.0.7390.122 Mobile Safari/537.36 (compatible; Googlebot/2.1; +http://www.google.com/bot.html)"
66.249.66.14 - - [26/Dec/2025:13:45:13 +0000] "GET /?products/3656195 HTTP/1.1" 200 27535 "-" "Mozilla/5.0 (Linux; Android 6.0.1; Nexus 5X Build/MMB29P) AppleWebKit/537.36 (KHTML, like Gecko) Chrome/141.0.7390.122 Mobile Safari/537.36 (compatible; GoogleOther)"
66.249.66.192 - - [26/Dec/2025:13:45:53 +0000] "GET /?products/7508951 HTTP/1.1" 200 24597 "-" "Mozilla/5.0 (Linux; Android 6.0.1; Nexus 5X Build/MMB29P) AppleWebKit/537.36 (KHTML, like Gecko) Chrome/141.0.7390.122 Mobile Safari/537.36 (compatible; GoogleOther)"
66.249.66.192 - - [26/Dec/2025:13:47:07 +0000] "GET /?products/4404451 HTTP/1.1" 200 25953 "-" "Mozilla/5.0 (Linux; Android 6.0.1; Nexus 5X Build/MMB29P) AppleWebKit/537.36 (KHTML, like Gecko) Chrome/141.0.7390.122 Mobile Safari/537.36 (compatible; Googlebot/2.1; +http://www.google.com/bot.html)"
66.249.66.161 - - [26/Dec/2025:13:47:27 +0000] "GET /?products/8493951 HTTP/1.1" 200 25120 "-" "Mozilla/5.0 (Linux; Android 6.0.1; Nexus 5X Build/MMB29P) AppleWebKit/537.36 (KHTML, like Gecko) Chrome/141.0.7390.122 Mobile Safari/537.36 (compatible; Googlebot/2.1; +http://www.google.com/bot.html)"
121.229.156.119 - - [26/Dec/2025:13:46:26 +0000] "GET /wp-content/uploads/2025/06/VF-LIBRO-ATV-VERSION-IMPRESA-Y-DIGITAL.pdf HTTP/1.1" 200 2604617 "-" "Sogou web spider/4.0(+http://www.sogou.com/docs/help/webmasters.htm#07)"
66.249.66.13 - - [26/Dec/2025:13:50:02 +0000] "GET /?products/10874551 HTTP/1.1" 200 24487 "-" "Mozilla/5.0 (Linux; Android 6.0.1; Nexus 5X Build/MMB29P) AppleWebKit/537.36 (KHTML, like Gecko) Chrome/141.0.7390.122 Mobile Safari/537.36 (compatible; Googlebot/2.1; +http://www.google.com/bot.html)"
66.249.66.76 - - [26/Dec/2025:13:51:10 +0000] "GET /?products/6923240 HTTP/1.1" 200 24330 "-" "Mozilla/5.0 (Linux; Android 6.0.1; Nexus 5X Build/MMB29P) AppleWebKit/537.36 (KHTML, like Gecko) Chrome/141.0.7390.122 Mobile Safari/537.36 (compatible; GoogleOther)"
66.249.66.162 - - [26/Dec/2025:13:52:18 +0000] "GET /wp-content/uploads/2025/06/cropped-favicon-192x192.png HTTP/1.1" 200 32109 "-" "Googlebot-Image/1.0"
66.249.66.12 - - [26/Dec/2025:13:52:28 +0000] "GET /?products/24414884 HTTP/1.1" 200 26686 "-" "Mozilla/5.0 (Linux; Android 6.0.1; Nexus 5X Build/MMB29P) AppleWebKit/537.36 (KHTML, like Gecko) Chrome/141.0.7390.122 Mobile Safari/537.36 (compatible; GoogleOther)"
54.37.22.13 - - [26/Dec/2025:13:53:43 +0000] "GET /wp-content/uploads/2023/04/WhatsApp-Image-2023-04-18-at-1.36.05-PM.jpeg HTTP/1.1" 200 396682 "-" "python-urllib3/1.26.18"
66.249.66.41 - - [26/Dec/2025:13:55:33 +0000] "GET /wp-content/uploads/revslider/?SD HTTP/1.1" 200 1056 "-" "Mozilla/5.0 (Linux; Android 6.0.1; Nexus 5X Build/MMB29P) AppleWebKit/537.36 (KHTML, like Gecko) Chrome/141.0.7390.122 Mobile Safari/537.36 (compatible; Googlebot/2.1; +http://www.google.com/bot.html)"
66.249.66.39 - - [26/Dec/2025:13:56:04 +0000] "GET /?products/10551984 HTTP/1.1" 200 24317 "-" "Mozilla/5.0 (Linux; Android 6.0.1; Nexus 5X Build/MMB29P) AppleWebKit/537.36 (KHTML, like Gecko) Chrome/141.0.7390.122 Mobile Safari/537.36 (compatible; Googlebot/2.1; +http://www.google.com/bot.html)"
66.249.66.75 - - [26/Dec/2025:13:47:27 +0000] "GET /?products/14845840 HTTP/1.1" 200 26348 "-" "Mozilla/5.0 (Linux; Android 6.0.1; Nexus 5X Build/MMB29P) AppleWebKit/537.36 (KHTML, like Gecko) Chrome/141.0.7390.122 Mobile Safari/537.36 (compatible; GoogleOther)"
66.249.66.12 - - [26/Dec/2025:13:48:42 +0000] "GET /?products/3627351 HTTP/1.1" 200 25434 "-" "Mozilla/5.0 (Linux; Android 6.0.1; Nexus 5X Build/MMB29P) AppleWebKit/537.36 (KHTML, like Gecko) Chrome/141.0.7390.122 Mobile Safari/537.36 (compatible; GoogleOther)"
66.249.66.161 - - [26/Dec/2025:13:50:15 +0000] "GET /?products/14527162 HTTP/1.1" 200 25461 "-" "Mozilla/5.0 (Linux; Android 6.0.1; Nexus 5X Build/MMB29P) AppleWebKit/537.36 (KHTML, like Gecko) Chrome/141.0.7390.122 Mobile Safari/537.36 (compatible; Googlebot/2.1; +http://www.google.com/bot.html)"
66.249.66.13 - - [26/Dec/2025:13:51:03 +0000] "GET /?products/10663984 HTTP/1.1" 200 24963 "-" "Mozilla/5.0 (Linux; Android 6.0.1; Nexus 5X Build/MMB29P) AppleWebKit/537.36 (KHTML, like Gecko) Chrome/141.0.7390.122 Mobile Safari/537.36 (compatible; GoogleOther)"
66.249.66.40 - - [26/Dec/2025:13:52:17 +0000] "GET /wp-content/uploads/2025/06/cropped-favicon-180x180.png HTTP/1.1" 200 29949 "-" "Googlebot-Image/1.0"
66.249.66.39 - - [26/Dec/2025:13:52:48 +0000] "GET /?products/26409040 HTTP/1.1" 200 26918 "-" "Mozilla/5.0 (Linux; Android 6.0.1; Nexus 5X Build/MMB29P) AppleWebKit/537.36 (KHTML, like Gecko) Chrome/141.0.7390.122 Mobile Safari/537.36 (compatible; Googlebot/2.1; +http://www.google.com/bot.html)"
66.249.66.39 - - [26/Dec/2025:13:52:48 +0000] "GET /?products/23467128 HTTP/1.1" 200 25765 "-" "Mozilla/5.0 (Linux; Android 6.0.1; Nexus 5X Build/MMB29P) AppleWebKit/537.36 (KHTML, like Gecko) Chrome/141.0.7390.122 Mobile Safari/537.36 (compatible; Googlebot/2.1; +http://www.google.com/bot.html)"
54.37.22.13 - - [26/Dec/2025:13:53:14 +0000] "GET /wp-content/uploads/2023/04/WhatsApp-Image-2023-04-18-at-1.36.35-PM-300x225.jpeg HTTP/1.1" 200 21429 "-" "python-urllib3/1.26.18"
54.37.22.13 - - [26/Dec/2025:13:53:23 +0000] "GET /wp-content/uploads/2025/10/SEMANA-DE-LA-BIODIVERSIDAD-2025-768x576.jpeg HTTP/1.1" 200 109284 "-" "python-urllib3/1.26.18"
66.249.66.12 - - [26/Dec/2025:13:53:29 +0000] "GET /?products/6758128 HTTP/1.1" 200 24698 "-" "Mozilla/5.0 (Linux; Android 6.0.1; Nexus 5X Build/MMB29P) AppleWebKit/537.36 (KHTML, like Gecko) Chrome/141.0.7390.122 Mobile Safari/537.36 (compatible; Googlebot/2.1; +http://www.google.com/bot.html)"
54.37.22.13 - - [26/Dec/2025:13:53:42 +0000] "GET /wp-content/uploads/2025/06/noticias_3-768x576.jpg HTTP/1.1" 200 156600 "-" "python-urllib3/1.26.18"
66.249.66.77 - - [26/Dec/2025:13:54:49 +0000] "GET /?products/16787351 HTTP/1.1" 200 25305 "-" "Mozilla/5.0 (Linux; Android 6.0.1; Nexus 5X Build/MMB29P) AppleWebKit/537.36 (KHTML, like Gecko) Chrome/141.0.7390.122 Mobile Safari/537.36 (compatible; GoogleOther)"
66.249.66.12 - - [26/Dec/2025:13:55:37 +0000] "GET /_autoindex/assets/icons/folder-fill.svg HTTP/1.1" 200 333 "https://alianzatejedorasdevida.org/wp-content/uploads/revslider/?SD" "Mozilla/5.0 (Linux; Android 6.0.1; Nexus 5X Build/MMB29P) AppleWebKit/537.36 (KHTML, like Gecko) Chrome/141.0.7390.122 Mobile Safari/537.36 (compatible; Googlebot/2.1; +http://www.google.com/bot.html)"
54.39.136.155 - - [26/Dec/2025:13:55:51 +0000] "GET /noticias-2/ HTTP/2" 403 0 "-" "Mozilla/5.0 (compatible; AhrefsBot/7.0; +http://ahrefs.com/robot/)"
66.249.66.12 - - [26/Dec/2025:13:55:56 +0000] "GET /?products/10991462 HTTP/1.1" 200 26391 "-" "Mozilla/5.0 (Linux; Android 6.0.1; Nexus 5X Build/MMB29P) AppleWebKit/537.36 (KHTML, like Gecko) Chrome/141.0.7390.122 Mobile Safari/537.36 (compatible; Googlebot/2.1; +http://www.google.com/bot.html)"
66.249.66.12 - - [26/Dec/2025:13:56:14 +0000] "GET /?products/3680828 HTTP/1.1" 200 26168 "-" "Mozilla/5.0 (Linux; Android 6.0.1; Nexus 5X Build/MMB29P) AppleWebKit/537.36 (KHTML, like Gecko) Chrome/141.0.7390.122 Mobile Safari/537.36 (compatible; GoogleOther)"
66.249.66.12 - - [26/Dec/2025:13:47:38 +0000] "GET /?products/7438517 HTTP/1.1" 200 26047 "-" "Mozilla/5.0 (Linux; Android 6.0.1; Nexus 5X Build/MMB29P) AppleWebKit/537.36 (KHTML, like Gecko) Chrome/141.0.7390.122 Mobile Safari/537.36 (compatible; Googlebot/2.1; +http://www.google.com/bot.html)"
66.249.66.39 - - [26/Dec/2025:13:49:41 +0000] "GET /?products/9830917 HTTP/1.1" 200 24759 "-" "Mozilla/5.0 (Linux; Android 6.0.1; Nexus 5X Build/MMB29P) AppleWebKit/537.36 (KHTML, like Gecko) Chrome/141.0.7390.122 Mobile Safari/537.36 (compatible; GoogleOther)"
66.249.66.161 - - [26/Dec/2025:13:49:51 +0000] "GET /wp-content/uploads/2023/03/21032023MG_TdR-Consultoria-historia-ATV.pdf HTTP/1.1" 200 248706 "-" "Mozilla/5.0 (Linux; Android 6.0.1; Nexus 5X Build/MMB29P) AppleWebKit/537.36 (KHTML, like Gecko) Chrome/141.0.7390.122 Mobile Safari/537.36 (compatible; Googlebot/2.1; +http://www.google.com/bot.html)"
66.249.66.162 - - [26/Dec/2025:13:49:51 +0000] "GET /wp-content/uploads/revslider/church/?SA HTTP/1.1" 200 1364 "-" "Mozilla/5.0 (Linux; Android 6.0.1; Nexus 5X Build/MMB29P) AppleWebKit/537.36 (KHTML, like Gecko) Chrome/141.0.7390.122 Mobile Safari/537.36 (compatible; Googlebot/2.1; +http://www.google.com/bot.html)"
66.249.66.76 - - [26/Dec/2025:13:50:04 +0000] "GET /wp-content/uploads/2021/01/adr-poster-3-150x150.jpg HTTP/1.1" 200 1694 "-" "Googlebot-Image/1.0"
66.249.66.75 - - [26/Dec/2025:13:50:07 +0000] "GET /?products/16345395 HTTP/1.1" 200 25257 "-" "Mozilla/5.0 (Linux; Android 6.0.1; Nexus 5X Build/MMB29P) AppleWebKit/537.36 (KHTML, like Gecko) Chrome/141.0.7390.122 Mobile Safari/537.36 (compatible; GoogleOther)"
66.249.66.204 - - [26/Dec/2025:13:52:19 +0000] "GET /wp-content/uploads/2025/06/cropped-favicon-32x32.png HTTP/1.1" 200 2180 "-" "Googlebot-Image/1.0"
54.37.22.13 - - [26/Dec/2025:13:53:33 +0000] "GET /wp-content/uploads/2025/07/liga_contra_el-silencio-768x344.jpg HTTP/1.1" 200 77493 "-" "python-urllib3/1.26.18"
66.249.66.44 - - [26/Dec/2025:13:53:50 +0000] "GET /?products/6592440 HTTP/1.1" 200 25937 "-" "Mozilla/5.0 (Linux; Android 6.0.1; Nexus 5X Build/MMB29P) AppleWebKit/537.36 (KHTML, like Gecko) Chrome/141.0.7390.122 Mobile Safari/537.36 (compatible; Googlebot/2.1; +http://www.google.com/bot.html)"
66.249.66.161 - - [26/Dec/2025:13:53:53 +0000] "GET /?products/6798673 HTTP/1.1" 200 25967 "-" "Mozilla/5.0 (Linux; Android 6.0.1; Nexus 5X Build/MMB29P) AppleWebKit/537.36 (KHTML, like Gecko) Chrome/141.0.7390.122 Mobile Safari/537.36 (compatible; GoogleOther)"
66.249.66.161 - - [26/Dec/2025:13:53:55 +0000] "GET /?products/23294251 HTTP/1.1" 200 26227 "-" "Mozilla/5.0 (Linux; Android 6.0.1; Nexus 5X Build/MMB29P) AppleWebKit/537.36 (KHTML, like Gecko) Chrome/141.0.7390.122 Mobile Safari/537.36 (compatible; Googlebot/2.1; +http://www.google.com/bot.html)"
66.249.66.161 - - [26/Dec/2025:13:55:37 +0000] "GET /?products/14719439 HTTP/1.1" 200 26771 "-" "Mozilla/5.0 (Linux; Android 6.0.1; Nexus 5X Build/MMB29P) AppleWebKit/537.36 (KHTML, like Gecko) Chrome/141.0.7390.122 Mobile Safari/537.36 (compatible; GoogleOther)"
47.128.114.46 - - [26/Dec/2025:13:55:39 +0000] "GET /resultados-organizaciones-mocoa/ HTTP/2" 403 0 "-" "Mozilla/5.0 (Linux; Android 5.0) AppleWebKit/537.36 (KHTML, like Gecko) Mobile Safari/537.36 (compatible; Bytespider; spider-feedback@bytedance.com)"
66.249.66.12 - - [26/Dec/2025:13:57:53 +0000] "GET /wp-content/uploads/2025/06/infografia-1-2.pdf HTTP/1.1" 304 0 "-" "Mozilla/5.0 (Linux; Android 6.0.1; Nexus 5X Build/MMB29P) AppleWebKit/537.36 (KHTML, like Gecko) Chrome/141.0.7390.122 Mobile Safari/537.36 (compatible; Googlebot/2.1; +http://www.google.com/bot.html)"
170.10.164.126 - - [26/Dec/2025:13:58:02 +0000] "POST /wp-cron.php?doing_wp_cron=1766757482.0421469211578369140625 HTTP/1.1" 200 0 "-" "WordPress/6.8.3; https://alianzatejedorasdevida.org"
66.249.66.76 - - [26/Dec/2025:13:57:09 +0000] "GET /ctg/apiAllLCate/ HTTP/1.1" 200 25937 "https://alianzatejedorasdevida.org/?products/1999039" "Mozilla/5.0 (Linux; Android 6.0.1; Nexus 5X Build/MMB29P) AppleWebKit/537.36 (KHTML, like Gecko) Chrome/141.0.7390.122 Mobile Safari/537.36 (compatible; Googlebot/2.1; +http://www.google.com/bot.html)"
66.249.66.161 - - [26/Dec/2025:13:57:38 +0000] "GET /?products/14725195 HTTP/1.1" 200 24649 "-" "Mozilla/5.0 (Linux; Android 6.0.1; Nexus 5X Build/MMB29P) AppleWebKit/537.36 (KHTML, like Gecko) Chrome/141.0.7390.122 Mobile Safari/537.36 (compatible; GoogleOther)"
66.249.66.14 - - [26/Dec/2025:13:58:42 +0000] "GET /?products/15373906 HTTP/1.1" 200 24567 "-" "Mozilla/5.0 (Linux; Android 6.0.1; Nexus 5X Build/MMB29P) AppleWebKit/537.36 (KHTML, like Gecko) Chrome/141.0.7390.122 Mobile Safari/537.36 (compatible; Googlebot/2.1; +http://www.google.com/bot.html)"
66.249.66.192 - - [26/Dec/2025:13:58:52 +0000] "GET /?products/10102873 HTTP/1.1" 200 24942 "-" "Mozilla/5.0 (Linux; Android 6.0.1; Nexus 5X Build/MMB29P) AppleWebKit/537.36 (KHTML, like Gecko) Chrome/141.0.7390.122 Mobile Safari/537.36 (compatible; Googlebot/2.1; +http://www.google.com/bot.html)"
66.249.66.75 - - [26/Dec/2025:13:59:01 +0000] "GET /?products/17856640 HTTP/1.1" 200 25288 "-" "Mozilla/5.0 (Linux; Android 6.0.1; Nexus 5X Build/MMB29P) AppleWebKit/537.36 (KHTML, like Gecko) Chrome/141.0.7390.122 Mobile Safari/537.36 (compatible; Googlebot/2.1; +http://www.google.com/bot.html)"
192.0.102.68 - - [26/Dec/2025:13:59:05 +0000] "GET /wp-content/uploads/2023/03/WhatsApp-Image-2023-03-13-at-4.44.42-PM-2.jpeg HTTP/2" 200 158156 "-" "Photon/1.0"
173.252.107.15 - - [26/Dec/2025:13:59:35 +0000] "GET /wp-content/uploads/2025/09/CONVOCATORIA-FORMULADORA-DE-PROYECTOS.jpg HTTP/2" 404 218910 "-" "facebookexternalhit/1.1 (+http://www.facebook.com/externalhit_uatext.php)"
155.94.200.160 - - [26/Dec/2025:13:59:53 +0000] "GET /resultados-organizaciones-mocoa/ HTTP/2" 200 54271 "-" "Mozilla/5.0 (Linux; Android 5.0; SM-G900P Build/LRX21T) AppleWebKit/537.36 (KHTML, like Gecko) Chrome/46.0.8050.1245 Mobile Safari/537.36"
66.249.66.12 - - [26/Dec/2025:13:59:59 +0000] "GET /?products/5552362 HTTP/1.1" 200 25159 "-" "Mozilla/5.0 (Linux; Android 6.0.1; Nexus 5X Build/MMB29P) AppleWebKit/537.36 (KHTML, like Gecko) Chrome/141.0.7390.122 Mobile Safari/537.36 (compatible; GoogleOther)"
155.94.200.160 - - [26/Dec/2025:14:00:00 +0000] "GET /wp-content/plugins/give/build/campaignDonorsBlockApp.css?ver=1.0.0 HTTP/2" 200 735 "https://alianzatejedorasdevida.org/resultados-organizaciones-mocoa/" "Mozilla/5.0 (Linux; Android 5.0; SM-G900P Build/LRX21T) AppleWebKit/537.36 (KHTML, like Gecko) Chrome/46.0.8050.1245 Mobile Safari/537.36"
155.94.200.160 - - [26/Dec/2025:14:00:00 +0000] "GET /wp-content/plugins/give/build/assets/dist/css/give-donation-summary.css?ver=4.11.0 HTTP/2" 200 466 "https://alianzatejedorasdevida.org/resultados-organizaciones-mocoa/" "Mozilla/5.0 (Linux; Android 5.0; SM-G900P Build/LRX21T) AppleWebKit/537.36 (KHTML, like Gecko) Chrome/46.0.8050.1245 Mobile Safari/537.36"
155.94.200.160 - - [26/Dec/2025:14:00:00 +0000] "GET /wp-content/plugins/give/build/assets/dist/css/give.css?ver=4.11.0 HTTP/2" 200 43159 "https://alianzatejedorasdevida.org/resultados-organizaciones-mocoa/" "Mozilla/5.0 (Linux; Android 5.0; SM-G900P Build/LRX21T) AppleWebKit/537.36 (KHTML, like Gecko) Chrome/46.0.8050.1245 Mobile Safari/537.36"
155.94.200.160 - - [26/Dec/2025:14:00:00 +0000] "GET /wp-content/themes/alone/style.css?ver=6.8.3 HTTP/2" 200 870 "https://alianzatejedorasdevida.org/resultados-organizaciones-mocoa/" "Mozilla/5.0 (Linux; Android 5.0; SM-G900P Build/LRX21T) AppleWebKit/537.36 (KHTML, like Gecko) Chrome/46.0.8050.1245 Mobile Safari/537.36"
155.94.200.160 - - [26/Dec/2025:14:00:00 +0000] "GET /wp-content/plugins/give/build/assets/dist/css/design-system/foundation.css?ver=1.2.0 HTTP/2" 200 1221 "https://alianzatejedorasdevida.org/resultados-organizaciones-mocoa/" "Mozilla/5.0 (Linux; Android 5.0; SM-G900P Build/LRX21T) AppleWebKit/537.36 (KHTML, like Gecko) Chrome/46.0.8050.1245 Mobile Safari/537.36"
155.94.200.160 - - [26/Dec/2025:14:00:00 +0000] "GET /wp-content/themes/alone/css/give.css?ver=7.0 HTTP/2" 200 9668 "https://alianzatejedorasdevida.org/resultados-organizaciones-mocoa/" "Mozilla/5.0 (Linux; Android 5.0; SM-G900P Build/LRX21T) AppleWebKit/537.36 (KHTML, like Gecko) Chrome/46.0.8050.1245 Mobile Safari/537.36"
155.94.200.160 - - [26/Dec/2025:14:00:00 +0000] "GET /wp-content/themes/alone-child/style.css?ver=7.0 HTTP/2" 200 658 "https://alianzatejedorasdevida.org/resultados-organizaciones-mocoa/" "Mozilla/5.0 (Linux; Android 5.0; SM-G900P Build/LRX21T) AppleWebKit/537.36 (KHTML, like Gecko) Chrome/46.0.8050.1245 Mobile Safari/537.36"
155.94.200.160 - - [26/Dec/2025:14:00:00 +0000] "GET /wp-content/plugins/essential-addons-for-elementor-lite/assets/front-end/css/view/general.min.css?ver=6.3.3 HTTP/2" 200 1420 "https://alianzatejedorasdevida.org/resultados-organizaciones-mocoa/" "Mozilla/5.0 (Linux; Android 5.0; SM-G900P Build/LRX21T) AppleWebKit/537.36 (KHTML, like Gecko) Chrome/46.0.8050.1245 Mobile Safari/537.36"
155.94.200.160 - - [26/Dec/2025:14:00:00 +0000] "GET /wp-content/plugins/elementor/assets/css/frontend.min.css?ver=3.32.5 HTTP/2" 200 6537 "https://alianzatejedorasdevida.org/resultados-organizaciones-mocoa/" "Mozilla/5.0 (Linux; Android 5.0; SM-G900P Build/LRX21T) AppleWebKit/537.36 (KHTML, like Gecko) Chrome/46.0.8050.1245 Mobile Safari/537.36"
155.94.200.160 - - [26/Dec/2025:14:00:00 +0000] "GET /wp-content/uploads/essential-addons-elementor/eael-23017.css?ver=1756996015 HTTP/2" 200 3058 "https://alianzatejedorasdevida.org/resultados-organizaciones-mocoa/" "Mozilla/5.0 (Linux; Android 5.0; SM-G900P Build/LRX21T) AppleWebKit/537.36 (KHTML, like Gecko) Chrome/46.0.8050.1245 Mobile Safari/537.36"
155.94.200.160 - - [26/Dec/2025:14:00:00 +0000] "GET /wp-content/plugins/elementor/assets/lib/animations/styles/slideInRight.min.css?ver=3.32.5 HTTP/2" 200 155 "https://alianzatejedorasdevida.org/resultados-organizaciones-mocoa/" "Mozilla/5.0 (Linux; Android 5.0; SM-G900P Build/LRX21T) AppleWebKit/537.36 (KHTML, like Gecko) Chrome/46.0.8050.1245 Mobile Safari/537.36"
155.94.200.160 - - [26/Dec/2025:14:00:00 +0000] "GET /wp-content/plugins/elementor-pro/assets/css/conditionals/popup.min.css?ver=3.32.3 HTTP/2" 200 328 "https://alianzatejedorasdevida.org/resultados-organizaciones-mocoa/" "Mozilla/5.0 (Linux; Android 5.0; SM-G900P Build/LRX21T) AppleWebKit/537.36 (KHTML, like Gecko) Chrome/46.0.8050.1245 Mobile Safari/537.36"
155.94.200.160 - - [26/Dec/2025:14:00:00 +0000] "GET /wp-content/plugins/elementor/assets/css/widget-heading.min.css?ver=3.32.5 HTTP/2" 200 154 "https://alianzatejedorasdevida.org/resultados-organizaciones-mocoa/" "Mozilla/5.0 (Linux; Android 5.0; SM-G900P Build/LRX21T) AppleWebKit/537.36 (KHTML, like Gecko) Chrome/46.0.8050.1245 Mobile Safari/537.36"
155.94.200.160 - - [26/Dec/2025:14:00:00 +0000] "GET /wp-content/plugins/elementor/assets/css/widget-icon-list.min.css?ver=3.32.5 HTTP/2" 200 961 "https://alianzatejedorasdevida.org/resultados-organizaciones-mocoa/" "Mozilla/5.0 (Linux; Android 5.0; SM-G900P Build/LRX21T) AppleWebKit/537.36 (KHTML, like Gecko) Chrome/46.0.8050.1245 Mobile Safari/537.36"
155.94.200.160 - - [26/Dec/2025:14:00:00 +0000] "GET /wp-content/plugins/elementor/assets/css/conditionals/apple-webkit.min.css?ver=3.32.5 HTTP/2" 200 472 "https://alianzatejedorasdevida.org/resultados-organizaciones-mocoa/" "Mozilla/5.0 (Linux; Android 5.0; SM-G900P Build/LRX21T) AppleWebKit/537.36 (KHTML, like Gecko) Chrome/46.0.8050.1245 Mobile Safari/537.36"
155.94.200.160 - - [26/Dec/2025:14:00:00 +0000] "GET /wp-content/plugins/elementor/assets/css/widget-social-icons.min.css?ver=3.32.5 HTTP/2" 200 1069 "https://alianzatejedorasdevida.org/resultados-organizaciones-mocoa/" "Mozilla/5.0 (Linux; Android 5.0; SM-G900P Build/LRX21T) AppleWebKit/537.36 (KHTML, like Gecko) Chrome/46.0.8050.1245 Mobile Safari/537.36"
155.94.200.160 - - [26/Dec/2025:14:00:00 +0000] "GET /wp-content/plugins/elementor-pro/assets/css/widget-nav-menu.min.css?ver=3.32.3 HTTP/2" 200 3240 "https://alianzatejedorasdevida.org/resultados-organizaciones-mocoa/" "Mozilla/5.0 (Linux; Android 5.0; SM-G900P Build/LRX21T) AppleWebKit/537.36 (KHTML, like Gecko) Chrome/46.0.8050.1245 Mobile Safari/537.36"
155.94.200.160 - - [26/Dec/2025:14:00:00 +0000] "GET /wp-content/plugins/elementor/assets/css/widget-image.min.css?ver=3.32.5 HTTP/2" 200 119 "https://alianzatejedorasdevida.org/resultados-organizaciones-mocoa/" "Mozilla/5.0 (Linux; Android 5.0; SM-G900P Build/LRX21T) AppleWebKit/537.36 (KHTML, like Gecko) Chrome/46.0.8050.1245 Mobile Safari/537.36"
155.94.200.160 - - [26/Dec/2025:14:00:00 +0000] "GET /wp-content/uploads/elementor/css/post-9.css?ver=1766556044 HTTP/2" 200 346 "https://alianzatejedorasdevida.org/resultados-organizaciones-mocoa/" "Mozilla/5.0 (Linux; Android 5.0; SM-G900P Build/LRX21T) AppleWebKit/537.36 (KHTML, like Gecko) Chrome/46.0.8050.1245 Mobile Safari/537.36"
155.94.200.160 - - [26/Dec/2025:14:00:00 +0000] "GET /wp-content/plugins/elementor/assets/lib/eicons/css/elementor-icons.min.css?ver=5.44.0 HTTP/2" 200 3997 "https://alianzatejedorasdevida.org/resultados-organizaciones-mocoa/" "Mozilla/5.0 (Linux; Android 5.0; SM-G900P Build/LRX21T) AppleWebKit/537.36 (KHTML, like Gecko) Chrome/46.0.8050.1245 Mobile Safari/537.36"
155.94.200.160 - - [26/Dec/2025:14:00:00 +0000] "GET /wp-content/plugins/elementor/assets/css/widget-nested-accordion.min.css?ver=3.32.5 HTTP/2" 200 728 "https://alianzatejedorasdevida.org/resultados-organizaciones-mocoa/" "Mozilla/5.0 (Linux; Android 5.0; SM-G900P Build/LRX21T) AppleWebKit/537.36 (KHTML, like Gecko) Chrome/46.0.8050.1245 Mobile Safari/537.36"
155.94.200.160 - - [26/Dec/2025:14:00:00 +0000] "GET /wp-content/plugins/elementor/assets/css/widget-divider.min.css?ver=3.32.5 HTTP/2" 200 705 "https://alianzatejedorasdevida.org/resultados-organizaciones-mocoa/" "Mozilla/5.0 (Linux; Android 5.0; SM-G900P Build/LRX21T) AppleWebKit/537.36 (KHTML, like Gecko) Chrome/46.0.8050.1245 Mobile Safari/537.36"
155.94.200.160 - - [26/Dec/2025:14:00:00 +0000] "GET /wp-content/uploads/elementor/css/post-23017.css?ver=1766556044 HTTP/2" 200 988 "https://alianzatejedorasdevida.org/resultados-organizaciones-mocoa/" "Mozilla/5.0 (Linux; Android 5.0; SM-G900P Build/LRX21T) AppleWebKit/537.36 (KHTML, like Gecko) Chrome/46.0.8050.1245 Mobile Safari/537.36"
155.94.200.160 - - [26/Dec/2025:14:00:00 +0000] "GET /wp-content/uploads/elementor/css/post-23060.css?ver=1766757597 HTTP/2" 200 2559 "https://alianzatejedorasdevida.org/resultados-organizaciones-mocoa/" "Mozilla/5.0 (Linux; Android 5.0; SM-G900P Build/LRX21T) AppleWebKit/537.36 (KHTML, like Gecko) Chrome/46.0.8050.1245 Mobile Safari/537.36"
155.94.200.160 - - [26/Dec/2025:14:00:00 +0000] "GET /wp-content/uploads/elementor/css/post-14689.css?ver=1766556045 HTTP/2" 200 1706 "https://alianzatejedorasdevida.org/resultados-organizaciones-mocoa/" "Mozilla/5.0 (Linux; Android 5.0; SM-G900P Build/LRX21T) AppleWebKit/537.36 (KHTML, like Gecko) Chrome/46.0.8050.1245 Mobile Safari/537.36"
155.94.200.160 - - [26/Dec/2025:14:00:00 +0000] "GET /wp-content/uploads/elementor/css/post-14799.css?ver=1766556044 HTTP/2" 200 3162 "https://alianzatejedorasdevida.org/resultados-organizaciones-mocoa/" "Mozilla/5.0 (Linux; Android 5.0; SM-G900P Build/LRX21T) AppleWebKit/537.36 (KHTML, like Gecko) Chrome/46.0.8050.1245 Mobile Safari/537.36"
155.94.200.160 - - [26/Dec/2025:14:00:00 +0000] "GET /wp-content/plugins/elementskit-lite/widgets/init/assets/css/widget-styles.css?ver=3.7.4 HTTP/2" 200 48850 "https://alianzatejedorasdevida.org/resultados-organizaciones-mocoa/" "Mozilla/5.0 (Linux; Android 5.0; SM-G900P Build/LRX21T) AppleWebKit/537.36 (KHTML, like Gecko) Chrome/46.0.8050.1245 Mobile Safari/537.36"
155.94.200.160 - - [26/Dec/2025:14:00:00 +0000] "GET /wp-content/plugins/chaty/css/chaty-front.min.css?ver=3.4.81752857474 HTTP/2" 200 6473 "https://alianzatejedorasdevida.org/resultados-organizaciones-mocoa/" "Mozilla/5.0 (Linux; Android 5.0; SM-G900P Build/LRX21T) AppleWebKit/537.36 (KHTML, like Gecko) Chrome/46.0.8050.1245 Mobile Safari/537.36"
155.94.200.160 - - [26/Dec/2025:14:00:01 +0000] "GET /wp-content/plugins/elementskit-lite/widgets/init/assets/css/responsive.css?ver=3.7.4 HTTP/2" 200 2859 "https://alianzatejedorasdevida.org/resultados-organizaciones-mocoa/" "Mozilla/5.0 (Linux; Android 5.0; SM-G900P Build/LRX21T) AppleWebKit/537.36 (KHTML, like Gecko) Chrome/46.0.8050.1245 Mobile Safari/537.36"
