68.218.20.72 - - [26/Dec/2025:18:55:00 +0000] "GET /wp-admin/css/colors/ocean/vx.php HTTP/1.1" 401 36 "-" "-"
68.218.20.72 - - [26/Dec/2025:18:55:00 +0000] "GET /wp-content/vx.php HTTP/1.1" 401 36 "-" "-"
66.249.66.161 - - [26/Dec/2025:18:50:03 +0000] "GET /?products/9532773 HTTP/1.1" 200 25736 "-" "Mozilla/5.0 (Linux; Android 6.0.1; Nexus 5X Build/MMB29P) AppleWebKit/537.36 (KHTML, like Gecko) Chrome/141.0.7390.122 Mobile Safari/537.36 (compatible; GoogleOther)"
66.249.66.39 - - [26/Dec/2025:18:50:23 +0000] "GET /?products/21905373 HTTP/1.1" 200 25238 "-" "Mozilla/5.0 (Linux; Android 6.0.1; Nexus 5X Build/MMB29P) AppleWebKit/537.36 (KHTML, like Gecko) Chrome/141.0.7390.122 Mobile Safari/537.36 (compatible; GoogleOther)"
66.249.66.161 - - [26/Dec/2025:18:50:27 +0000] "GET /wp-content/uploads/2024/05/FLYER-ASISTENTE-AMBIENTAL-150x150.jpg HTTP/1.1" 200 7047 "-" "Googlebot-Image/1.0"
66.249.66.39 - - [26/Dec/2025:18:51:22 +0000] "GET /?products/25617817 HTTP/1.1" 200 24410 "-" "Mozilla/5.0 (Linux; Android 6.0.1; Nexus 5X Build/MMB29P) AppleWebKit/537.36 (KHTML, like Gecko) Chrome/141.0.7390.122 Mobile Safari/537.36 (compatible; GoogleOther)"
66.249.66.12 - - [26/Dec/2025:18:51:27 +0000] "GET /?products/4666140 HTTP/1.1" 200 25310 "-" "Mozilla/5.0 (Linux; Android 6.0.1; Nexus 5X Build/MMB29P) AppleWebKit/537.36 (KHTML, like Gecko) Chrome/141.0.7390.122 Mobile Safari/537.36 (compatible; GoogleOther)"
66.249.66.12 - - [26/Dec/2025:18:51:28 +0000] "GET /?products/3420217 HTTP/1.1" 200 24990 "-" "Mozilla/5.0 (Linux; Android 6.0.1; Nexus 5X Build/MMB29P) AppleWebKit/537.36 (KHTML, like Gecko) Chrome/141.0.7390.122 Mobile Safari/537.36 (compatible; GoogleOther)"
66.249.66.161 - - [26/Dec/2025:18:51:31 +0000] "GET /?products/10592673 HTTP/1.1" 200 24413 "-" "Mozilla/5.0 (Linux; Android 6.0.1; Nexus 5X Build/MMB29P) AppleWebKit/537.36 (KHTML, like Gecko) Chrome/141.0.7390.122 Mobile Safari/537.36 (compatible; Googlebot/2.1; +http://www.google.com/bot.html)"
66.249.66.75 - - [26/Dec/2025:18:51:52 +0000] "GET /?products/14187139 HTTP/1.1" 200 27647 "-" "Mozilla/5.0 (Linux; Android 6.0.1; Nexus 5X Build/MMB29P) AppleWebKit/537.36 (KHTML, like Gecko) Chrome/141.0.7390.122 Mobile Safari/537.36 (compatible; Googlebot/2.1; +http://www.google.com/bot.html)"
66.249.66.39 - - [26/Dec/2025:18:52:11 +0000] "GET /?products/13050028 HTTP/1.1" 200 24225 "-" "Mozilla/5.0 (Linux; Android 6.0.1; Nexus 5X Build/MMB29P) AppleWebKit/537.36 (KHTML, like Gecko) Chrome/141.0.7390.122 Mobile Safari/537.36 (compatible; Googlebot/2.1; +http://www.google.com/bot.html)"
66.249.66.161 - - [26/Dec/2025:18:53:25 +0000] "GET /?products/27259239 HTTP/1.1" 200 26181 "-" "Mozilla/5.0 (Linux; Android 6.0.1; Nexus 5X Build/MMB29P) AppleWebKit/537.36 (KHTML, like Gecko) Chrome/141.0.7390.122 Mobile Safari/537.36 (compatible; Googlebot/2.1; +http://www.google.com/bot.html)"
66.249.66.39 - - [26/Dec/2025:18:53:38 +0000] "GET /?products/9588617 HTTP/1.1" 200 25447 "-" "Mozilla/5.0 (Linux; Android 6.0.1; Nexus 5X Build/MMB29P) AppleWebKit/537.36 (KHTML, like Gecko) Chrome/141.0.7390.122 Mobile Safari/537.36 (compatible; Googlebot/2.1; +http://www.google.com/bot.html)"
66.249.66.204 - - [26/Dec/2025:18:53:41 +0000] "GET /wp-content/uploads/bears-backup/bbackup_2025-05-28-03-33-35/_f/?SA HTTP/1.1" 200 1185 "-" "Mozilla/5.0 (Linux; Android 6.0.1; Nexus 5X Build/MMB29P) AppleWebKit/537.36 (KHTML, like Gecko) Chrome/141.0.7390.122 Mobile Safari/537.36 (compatible; Googlebot/2.1; +http://www.google.com/bot.html)"
66.249.66.13 - - [26/Dec/2025:18:54:02 +0000] "GET /wp-content/uploads/2020/10/IMAGEN-1-300x300.jpg HTTP/1.1" 200 29722 "-" "Googlebot-Image/1.0"
66.249.66.192 - - [26/Dec/2025:18:54:17 +0000] "GET /?products/14668951 HTTP/1.1" 200 26139 "-" "Mozilla/5.0 (Linux; Android 6.0.1; Nexus 5X Build/MMB29P) AppleWebKit/537.36 (KHTML, like Gecko) Chrome/141.0.7390.122 Mobile Safari/537.36 (compatible; Googlebot/2.1; +http://www.google.com/bot.html)"
66.249.66.75 - - [26/Dec/2025:18:54:36 +0000] "GET /?products/13208828 HTTP/1.1" 200 24983 "-" "Mozilla/5.0 (Linux; Android 6.0.1; Nexus 5X Build/MMB29P) AppleWebKit/537.36 (KHTML, like Gecko) Chrome/141.0.7390.122 Mobile Safari/537.36 (compatible; Googlebot/2.1; +http://www.google.com/bot.html)"
68.218.20.72 - - [26/Dec/2025:18:55:01 +0000] "GET /wp-includes/Requests/ HTTP/1.1" 401 36 "-" "-"
68.218.20.72 - - [26/Dec/2025:18:55:01 +0000] "GET /wp-includes/Text/autoload_classmap.php HTTP/1.1" 401 36 "-" "-"
68.218.20.72 - - [26/Dec/2025:18:55:01 +0000] "GET /wp-includes/fonts/autoload_classmap.php HTTP/1.1" 401 36 "-" "-"
68.218.20.72 - - [26/Dec/2025:18:55:02 +0000] "GET /wp-includes/js/ HTTP/1.1" 401 36 "-" "-"
68.218.20.72 - - [26/Dec/2025:18:55:02 +0000] "GET /wp-admin/classwithtostring.php/.well-known/acme-challenge/file.php HTTP/1.1" 401 36 "-" "-"
68.218.20.72 - - [26/Dec/2025:18:55:03 +0000] "GET /13.php HTTP/1.1" 401 36 "-" "-"
68.218.20.72 - - [26/Dec/2025:18:55:03 +0000] "GET /wp-content/uploads/wc-logs/vx.php HTTP/1.1" 401 36 "-" "-"
68.218.20.72 - - [26/Dec/2025:18:55:04 +0000] "GET /wp-includes/fonts/ HTTP/1.1" 401 36 "-" "-"
68.218.20.72 - - [26/Dec/2025:18:55:04 +0000] "GET /wp-includes/fonts/vx.php HTTP/1.1" 401 36 "-" "-"
68.218.20.72 - - [26/Dec/2025:18:55:05 +0000] "GET /file.php HTTP/1.1" 401 36 "-" "-"
68.218.20.72 - - [26/Dec/2025:18:55:05 +0000] "GET /wp-content/uploads/ HTTP/1.1" 401 36 "-" "-"
68.218.20.72 - - [26/Dec/2025:18:55:05 +0000] "GET /adminfuns.php HTTP/1.1" 401 36 "-" "-"
68.218.20.72 - - [26/Dec/2025:18:55:06 +0000] "GET /uploads/vx.php HTTP/1.1" 401 36 "-" "-"
68.218.20.72 - - [26/Dec/2025:18:55:06 +0000] "GET /wp-includes/Text/Diff/Engine/ HTTP/1.1" 401 36 "-" "-"
66.249.66.12 - - [26/Dec/2025:18:55:06 +0000] "GET /?products/24658417 HTTP/1.1" 200 24873 "-" "Mozilla/5.0 (Linux; Android 6.0.1; Nexus 5X Build/MMB29P) AppleWebKit/537.36 (KHTML, like Gecko) Chrome/141.0.7390.122 Mobile Safari/537.36 (compatible; GoogleOther)"
68.218.20.72 - - [26/Dec/2025:18:55:07 +0000] "GET /.well-known/acme-challenge/file.php HTTP/1.1" 401 36 "-" "-"
68.218.20.72 - - [26/Dec/2025:18:55:07 +0000] "GET /fm.php HTTP/1.1" 401 36 "-" "-"
68.218.20.72 - - [26/Dec/2025:18:55:07 +0000] "GET /wp-includes/blocks/code/ HTTP/1.1" 401 36 "-" "-"
68.218.20.72 - - [26/Dec/2025:18:55:08 +0000] "GET /wp-content/plugins/revslider/includes/external/page/index.php HTTP/1.1" 401 36 "-" "-"
68.218.20.72 - - [26/Dec/2025:18:55:08 +0000] "GET /atomlib.php HTTP/1.1" 401 36 "-" "-"
68.218.20.72 - - [26/Dec/2025:18:55:09 +0000] "GET /wp-admin/css/colors/blue/ HTTP/1.1" 401 36 "-" "-"
68.218.20.72 - - [26/Dec/2025:18:55:09 +0000] "GET /wp-includes/sitemaps/autoload_classmap.php/.well-known/acme-challenge/file.php HTTP/1.1" 401 36 "-" "-"
68.218.20.72 - - [26/Dec/2025:18:55:10 +0000] "GET /wp-includes/ID3/ HTTP/1.1" 401 36 "-" "-"
68.218.20.72 - - [26/Dec/2025:18:55:10 +0000] "GET /customize.php HTTP/1.1" 401 36 "-" "-"
68.218.20.72 - - [26/Dec/2025:18:55:10 +0000] "GET /i.php HTTP/1.1" 401 36 "-" "-"
68.218.20.72 - - [26/Dec/2025:18:55:11 +0000] "GET /wp-admin/includes/index.php HTTP/1.1" 401 36 "-" "-"
68.218.20.72 - - [26/Dec/2025:18:55:11 +0000] "GET /wp-admin/includes/vx.php HTTP/1.1" 401 36 "-" "-"
68.218.20.72 - - [26/Dec/2025:18:55:12 +0000] "GET /wp-includes/block-bindings/index.php HTTP/1.1" 401 36 "-" "-"
68.218.20.72 - - [26/Dec/2025:18:55:12 +0000] "GET /wp-includes/html-api/ HTTP/1.1" 401 36 "-" "-"
68.218.20.72 - - [26/Dec/2025:18:55:12 +0000] "GET /wp-content/plugins/pwnd/as.php HTTP/1.1" 401 36 "-" "-"
68.218.20.72 - - [26/Dec/2025:18:55:13 +0000] "GET /aa.php HTTP/1.1" 401 36 "-" "-"
68.218.20.72 - - [26/Dec/2025:18:55:13 +0000] "GET /ahax.php HTTP/1.1" 401 36 "-" "-"
68.218.20.72 - - [26/Dec/2025:18:55:14 +0000] "GET /wp-admin/css/about.php HTTP/1.1" 401 36 "-" "-"
68.218.20.72 - - [26/Dec/2025:18:55:14 +0000] "GET /wp-content/ HTTP/1.1" 401 36 "-" "-"
68.218.20.72 - - [26/Dec/2025:18:55:15 +0000] "GET /wp-content/languages/vx.php HTTP/1.1" 401 36 "-" "-"
68.218.20.72 - - [26/Dec/2025:18:55:15 +0000] "GET /wp-includes/customize/chosen.php HTTP/1.1" 401 36 "-" "-"
68.218.20.72 - - [26/Dec/2025:18:55:15 +0000] "GET /alf.php HTTP/1.1" 401 36 "-" "-"
68.218.20.72 - - [26/Dec/2025:18:55:16 +0000] "GET /.tresh/index.php HTTP/1.1" 401 36 "-" "-"
68.218.20.72 - - [26/Dec/2025:18:55:16 +0000] "GET /buy.php HTTP/1.1" 401 36 "-" "-"
68.218.20.72 - - [26/Dec/2025:18:55:17 +0000] "GET /info.php HTTP/1.1" 401 36 "-" "-"
68.218.20.72 - - [26/Dec/2025:18:55:17 +0000] "GET /user.php HTTP/1.1" 401 36 "-" "-"
68.218.20.72 - - [26/Dec/2025:18:55:18 +0000] "GET /wp-includes/ HTTP/1.1" 401 36 "-" "-"
68.218.20.72 - - [26/Dec/2025:18:55:18 +0000] "GET /wp-includes/widgets/about.php HTTP/1.1" 401 36 "-" "-"
68.218.20.72 - - [26/Dec/2025:18:55:19 +0000] "GET /ALFA_DATA/ HTTP/1.1" 401 36 "-" "-"
68.218.20.72 - - [26/Dec/2025:18:55:19 +0000] "GET /shell.php HTTP/1.1" 401 36 "-" "-"
68.218.20.72 - - [26/Dec/2025:18:55:19 +0000] "GET /wp-admin/js/widgets/vx.php HTTP/1.1" 401 36 "-" "-"
68.218.20.72 - - [26/Dec/2025:18:55:20 +0000] "GET /wp-includes/block-bindings/ HTTP/1.1" 401 36 "-" "-"
68.218.20.72 - - [26/Dec/2025:18:55:20 +0000] "GET /edit.php HTTP/1.1" 401 36 "-" "-"
68.218.20.72 - - [26/Dec/2025:18:55:21 +0000] "GET /xxl.php HTTP/1.1" 401 36 "-" "-"
68.218.20.72 - - [26/Dec/2025:18:55:21 +0000] "GET /help.php HTTP/1.1" 401 36 "-" "-"
68.218.20.72 - - [26/Dec/2025:18:55:22 +0000] "GET /inputs.php HTTP/1.1" 401 36 "-" "-"
68.218.20.72 - - [26/Dec/2025:18:55:22 +0000] "GET /new.php HTTP/1.1" 401 36 "-" "-"
68.218.20.72 - - [26/Dec/2025:18:55:22 +0000] "GET /root.php HTTP/1.1" 401 36 "-" "-"
68.218.20.72 - - [26/Dec/2025:18:55:23 +0000] "GET /wp-content/packed.php HTTP/1.1" 401 36 "-" "-"
68.218.20.72 - - [26/Dec/2025:18:55:23 +0000] "GET /wp-includes/certificates/index.php HTTP/1.1" 401 36 "-" "-"
68.218.20.72 - - [26/Dec/2025:18:55:24 +0000] "GET /wp-includes/rest-api/vx.php HTTP/1.1" 401 36 "-" "-"
68.218.20.72 - - [26/Dec/2025:18:55:24 +0000] "GET /autoload_classmap/function.php HTTP/1.1" 401 36 "-" "-"
68.218.20.72 - - [26/Dec/2025:18:55:24 +0000] "GET /css/index.php HTTP/1.1" 401 36 "-" "-"
68.218.20.72 - - [26/Dec/2025:18:55:25 +0000] "GET /wp-admin/maint/index.php HTTP/1.1" 401 36 "-" "-"
68.218.20.72 - - [26/Dec/2025:18:55:25 +0000] "GET /wp-includes/ID3/autoload_classmap.php HTTP/1.1" 401 36 "-" "-"
68.218.20.72 - - [26/Dec/2025:18:55:26 +0000] "GET /as.php HTTP/1.1" 401 36 "-" "-"
68.218.20.72 - - [26/Dec/2025:18:55:26 +0000] "GET /assets/index.php HTTP/1.1" 401 36 "-" "-"
68.218.20.72 - - [26/Dec/2025:18:55:27 +0000] "GET /chosen.php HTTP/1.1" 401 36 "-" "-"
68.218.20.72 - - [26/Dec/2025:18:55:27 +0000] "GET /gel4y.php HTTP/1.1" 401 36 "-" "-"
68.218.20.72 - - [26/Dec/2025:18:55:28 +0000] "GET /index/function.php HTTP/1.1" 401 36 "-" "-"
68.218.20.72 - - [26/Dec/2025:18:55:28 +0000] "GET /admin/function.php HTTP/1.1" 401 36 "-" "-"
68.218.20.72 - - [26/Dec/2025:18:55:28 +0000] "GET /goods.php HTTP/1.1" 401 36 "-" "-"
68.218.20.72 - - [26/Dec/2025:18:55:29 +0000] "GET /wp-admin/ HTTP/1.1" 401 36 "-" "-"
68.218.20.72 - - [26/Dec/2025:18:55:29 +0000] "GET /wp-includes/rest-api/fields/vx.php HTTP/1.1" 401 36 "-" "-"
68.218.20.72 - - [26/Dec/2025:18:55:30 +0000] "GET /api.php HTTP/1.1" 401 36 "-" "-"
68.218.20.72 - - [26/Dec/2025:18:55:30 +0000] "GET /wp-admin/css/colors/about.php HTTP/1.1" 401 36 "-" "-"
68.218.20.72 - - [26/Dec/2025:18:55:30 +0000] "GET /wp-content/themes/aahana/json.php HTTP/1.1" 401 36 "-" "-"
68.218.20.72 - - [26/Dec/2025:18:55:31 +0000] "GET /css/admin.php HTTP/1.1" 401 36 "-" "-"
68.218.20.72 - - [26/Dec/2025:18:55:31 +0000] "GET /public/assets/ HTTP/1.1" 401 36 "-" "-"
68.218.20.72 - - [26/Dec/2025:18:55:32 +0000] "GET /termps.php HTTP/1.1" 401 36 "-" "-"
68.218.20.72 - - [26/Dec/2025:18:55:32 +0000] "GET /wp-includes/ID3/vx.php HTTP/1.1" 401 36 "-" "-"
68.218.20.72 - - [26/Dec/2025:18:55:33 +0000] "GET /2.php HTTP/1.1" 401 36 "-" "-"
68.218.20.72 - - [26/Dec/2025:18:55:33 +0000] "GET /num.php HTTP/1.1" 401 36 "-" "-"
68.218.20.72 - - [26/Dec/2025:18:55:33 +0000] "GET /wp-admin/vx.php HTTP/1.1" 401 36 "-" "-"
68.218.20.72 - - [26/Dec/2025:18:55:34 +0000] "GET /wp-includes/PHPMailer/ HTTP/1.1" 401 36 "-" "-"
68.218.20.72 - - [26/Dec/2025:18:55:34 +0000] "GET /.well-known/gecko-litespeed.php HTTP/1.1" 401 36 "-" "-"
68.218.20.72 - - [26/Dec/2025:18:55:35 +0000] "GET /assets/ HTTP/1.1" 401 36 "-" "-"
68.218.20.72 - - [26/Dec/2025:18:55:35 +0000] "GET /bolt.php HTTP/1.1" 401 36 "-" "-"
68.218.20.72 - - [26/Dec/2025:18:55:36 +0000] "GET /images/index.php HTTP/1.1" 401 36 "-" "-"
68.218.20.72 - - [26/Dec/2025:18:55:36 +0000] "GET /wp-includes/assets/admin.php HTTP/1.1" 401 36 "-" "-"
68.218.20.72 - - [26/Dec/2025:18:55:36 +0000] "GET /.well-known/alfacgiapi/getdir.alfa HTTP/1.1" 401 36 "-" "-"
68.218.20.72 - - [26/Dec/2025:18:55:37 +0000] "GET /wp-content/themes/twentytwentyfour/ HTTP/1.1" 401 36 "-" "-"
68.218.20.72 - - [26/Dec/2025:18:55:37 +0000] "GET /alfa.php HTTP/1.1" 401 36 "-" "-"
68.218.20.72 - - [26/Dec/2025:18:55:38 +0000] "GET /wp-content/themes/vx.php HTTP/1.1" 401 36 "-" "-"
68.218.20.72 - - [26/Dec/2025:18:55:38 +0000] "GET /alfa-rex.php HTTP/1.1" 401 36 "-" "-"
68.218.20.72 - - [26/Dec/2025:18:55:38 +0000] "GET /alfashell.php HTTP/1.1" 401 36 "-" "-"
68.218.20.72 - - [26/Dec/2025:18:55:39 +0000] "GET /tiny.php HTTP/1.1" 401 36 "-" "-"
66.249.66.161 - - [26/Dec/2025:18:55:48 +0000] "GET /?products/8013939 HTTP/1.1" 200 26468 "-" "Mozilla/5.0 (Linux; Android 6.0.1; Nexus 5X Build/MMB29P) AppleWebKit/537.36 (KHTML, like Gecko) Chrome/141.0.7390.122 Mobile Safari/537.36 (compatible; Googlebot/2.1; +http://www.google.com/bot.html)"
66.249.66.76 - - [26/Dec/2025:18:56:04 +0000] "GET /?products/11934228 HTTP/1.1" 200 26839 "-" "Mozilla/5.0 (Linux; Android 6.0.1; Nexus 5X Build/MMB29P) AppleWebKit/537.36 (KHTML, like Gecko) Chrome/141.0.7390.122 Mobile Safari/537.36 (compatible; Googlebot/2.1; +http://www.google.com/bot.html)"
66.249.66.12 - - [26/Dec/2025:18:56:43 +0000] "GET /?products/12146228 HTTP/1.1" 200 24356 "-" "Mozilla/5.0 (Linux; Android 6.0.1; Nexus 5X Build/MMB29P) AppleWebKit/537.36 (KHTML, like Gecko) Chrome/141.0.7390.122 Mobile Safari/537.36 (compatible; Googlebot/2.1; +http://www.google.com/bot.html)"
66.249.66.161 - - [26/Dec/2025:18:56:58 +0000] "GET /?products/27396340 HTTP/1.1" 200 25544 "-" "Mozilla/5.0 (Linux; Android 6.0.1; Nexus 5X Build/MMB29P) AppleWebKit/537.36 (KHTML, like Gecko) Chrome/141.0.7390.122 Mobile Safari/537.36 (compatible; GoogleOther)"
66.249.66.161 - - [26/Dec/2025:18:57:03 +0000] "GET /?products/26398417 HTTP/1.1" 200 26938 "-" "Mozilla/5.0 (Linux; Android 6.0.1; Nexus 5X Build/MMB29P) AppleWebKit/537.36 (KHTML, like Gecko) Chrome/141.0.7390.122 Mobile Safari/537.36 (compatible; GoogleOther)"
66.249.66.161 - - [26/Dec/2025:18:57:05 +0000] "GET /?products/13245851 HTTP/1.1" 200 26201 "-" "Mozilla/5.0 (Linux; Android 6.0.1; Nexus 5X Build/MMB29P) AppleWebKit/537.36 (KHTML, like Gecko) Chrome/141.0.7390.122 Mobile Safari/537.36 (compatible; GoogleOther)"
66.249.66.192 - - [26/Dec/2025:18:57:10 +0000] "GET /?products/5947673 HTTP/1.1" 200 24254 "-" "Mozilla/5.0 (Linux; Android 6.0.1; Nexus 5X Build/MMB29P) AppleWebKit/537.36 (KHTML, like Gecko) Chrome/141.0.7390.122 Mobile Safari/537.36 (compatible; GoogleOther)"
66.249.66.75 - - [26/Dec/2025:18:57:17 +0000] "GET /?products/5380273 HTTP/1.1" 200 24490 "-" "Mozilla/5.0 (Linux; Android 6.0.1; Nexus 5X Build/MMB29P) AppleWebKit/537.36 (KHTML, like Gecko) Chrome/141.0.7390.122 Mobile Safari/537.36 (compatible; Googlebot/2.1; +http://www.google.com/bot.html)"
66.249.66.161 - - [26/Dec/2025:18:57:27 +0000] "GET /?products/11152795 HTTP/1.1" 200 26386 "-" "Mozilla/5.0 (Linux; Android 6.0.1; Nexus 5X Build/MMB29P) AppleWebKit/537.36 (KHTML, like Gecko) Chrome/141.0.7390.122 Mobile Safari/537.36 (compatible; GoogleOther)"
66.249.66.161 - - [26/Dec/2025:18:57:36 +0000] "GET /?products/16582573 HTTP/1.1" 200 26188 "-" "Mozilla/5.0 (Linux; Android 6.0.1; Nexus 5X Build/MMB29P) AppleWebKit/537.36 (KHTML, like Gecko) Chrome/141.0.7390.122 Mobile Safari/537.36 (compatible; GoogleOther)"
66.249.66.161 - - [26/Dec/2025:18:57:37 +0000] "GET /?products/14467973 HTTP/1.1" 200 25242 "-" "Mozilla/5.0 (Linux; Android 6.0.1; Nexus 5X Build/MMB29P) AppleWebKit/537.36 (KHTML, like Gecko) Chrome/141.0.7390.122 Mobile Safari/537.36 (compatible; GoogleOther)"
66.249.66.39 - - [26/Dec/2025:18:52:22 +0000] "GET /?products/7472506 HTTP/1.1" 200 31267 "-" "Mozilla/5.0 (Linux; Android 6.0.1; Nexus 5X Build/MMB29P) AppleWebKit/537.36 (KHTML, like Gecko) Chrome/141.0.7390.122 Mobile Safari/537.36 (compatible; Googlebot/2.1; +http://www.google.com/bot.html)"
66.249.66.161 - - [26/Dec/2025:18:54:43 +0000] "GET /?products/25676117 HTTP/1.1" 200 24558 "-" "Mozilla/5.0 (Linux; Android 6.0.1; Nexus 5X Build/MMB29P) AppleWebKit/537.36 (KHTML, like Gecko) Chrome/141.0.7390.122 Mobile Safari/537.36 (compatible; Googlebot/2.1; +http://www.google.com/bot.html)"
66.249.66.39 - - [26/Dec/2025:18:55:37 +0000] "GET /wp-content/uploads/2020/10/TdR-VIDEOS-VBG-1-300x300.jpg HTTP/1.1" 200 22808 "-" "Googlebot-Image/1.0"
66.249.66.161 - - [26/Dec/2025:18:56:04 +0000] "GET /?products/10520906 HTTP/1.1" 200 27603 "-" "Mozilla/5.0 (Linux; Android 6.0.1; Nexus 5X Build/MMB29P) AppleWebKit/537.36 (KHTML, like Gecko) Chrome/141.0.7390.122 Mobile Safari/537.36 (compatible; Googlebot/2.1; +http://www.google.com/bot.html)"
66.249.66.204 - - [26/Dec/2025:18:56:16 +0000] "GET /?products/4948784 HTTP/1.1" 200 24194 "-" "Mozilla/5.0 (Linux; Android 6.0.1; Nexus 5X Build/MMB29P) AppleWebKit/537.36 (KHTML, like Gecko) Chrome/141.0.7390.122 Mobile Safari/537.36 (compatible; GoogleOther)"
66.249.66.12 - - [26/Dec/2025:18:56:21 +0000] "GET /?products/22967039 HTTP/1.1" 200 25005 "-" "Mozilla/5.0 (Linux; Android 6.0.1; Nexus 5X Build/MMB29P) AppleWebKit/537.36 (KHTML, like Gecko) Chrome/141.0.7390.122 Mobile Safari/537.36 (compatible; Googlebot/2.1; +http://www.google.com/bot.html)"
66.249.66.161 - - [26/Dec/2025:18:56:52 +0000] "GET /?products/14857940 HTTP/1.1" 200 26768 "-" "Mozilla/5.0 (Linux; Android 6.0.1; Nexus 5X Build/MMB29P) AppleWebKit/537.36 (KHTML, like Gecko) Chrome/141.0.7390.122 Mobile Safari/537.36 (compatible; Googlebot/2.1; +http://www.google.com/bot.html)"
66.249.66.76 - - [26/Dec/2025:18:57:10 +0000] "GET /?products/4206962 HTTP/1.1" 200 26452 "-" "Mozilla/5.0 (Linux; Android 6.0.1; Nexus 5X Build/MMB29P) AppleWebKit/537.36 (KHTML, like Gecko) Chrome/141.0.7390.122 Mobile Safari/537.36 (compatible; Googlebot/2.1; +http://www.google.com/bot.html)"
66.249.66.75 - - [26/Dec/2025:18:57:17 +0000] "GET /?products/10219140 HTTP/1.1" 200 24859 "-" "Mozilla/5.0 (Linux; Android 6.0.1; Nexus 5X Build/MMB29P) AppleWebKit/537.36 (KHTML, like Gecko) Chrome/141.0.7390.122 Mobile Safari/537.36 (compatible; GoogleOther)"
66.249.66.39 - - [26/Dec/2025:18:57:23 +0000] "GET /?products/11342662 HTTP/1.1" 200 25748 "-" "Mozilla/5.0 (Linux; Android 6.0.1; Nexus 5X Build/MMB29P) AppleWebKit/537.36 (KHTML, like Gecko) Chrome/141.0.7390.122 Mobile Safari/537.36 (compatible; GoogleOther)"
66.249.66.162 - - [26/Dec/2025:18:57:53 +0000] "GET /?products/13051017 HTTP/1.1" 200 26338 "-" "Mozilla/5.0 (Linux; Android 6.0.1; Nexus 5X Build/MMB29P) AppleWebKit/537.36 (KHTML, like Gecko) Chrome/141.0.7390.122 Mobile Safari/537.36 (compatible; GoogleOther)"
66.249.66.162 - - [26/Dec/2025:18:58:14 +0000] "GET /?products/11390617 HTTP/1.1" 200 25027 "-" "Mozilla/5.0 (Linux; Android 6.0.1; Nexus 5X Build/MMB29P) AppleWebKit/537.36 (KHTML, like Gecko) Chrome/141.0.7390.122 Mobile Safari/537.36 (compatible; GoogleOther)"
51.77.211.39 - - [26/Dec/2025:18:58:20 +0000] "GET /category/convocatorias/page/51/ HTTP/1.1" 200 49020 "-" "Mozilla/5.0 (Windows NT 10.0; Win64; x64) AppleWebKit/537.36 (KHTML, like Gecko) Chrome/139.0.0.0 Safari/537.36"
51.77.211.191 - - [26/Dec/2025:18:58:23 +0000] "GET /wp-content/uploads/2020/01/Consultoria.jpg HTTP/1.1" 200 73169 "-" "Mozilla/5.0 (Windows NT 10.0; Win64; x64) AppleWebKit/537.36 (KHTML, like Gecko) Chrome/139.0.0.0 Safari/537.36"
141.94.79.3 - - [26/Dec/2025:18:58:23 +0000] "GET /wp-content/uploads/2020/01/convocatoria-profesinal.jpg HTTP/1.1" 200 111997 "-" "Mozilla/5.0 (Windows NT 10.0; Win64; x64) AppleWebKit/537.36 (KHTML, like Gecko) Chrome/139.0.0.0 Safari/537.36"
66.249.66.204 - - [26/Dec/2025:18:55:11 +0000] "GET /?products/14994228 HTTP/1.1" 200 26111 "-" "Mozilla/5.0 (Linux; Android 6.0.1; Nexus 5X Build/MMB29P) AppleWebKit/537.36 (KHTML, like Gecko) Chrome/141.0.7390.122 Mobile Safari/537.36 (compatible; GoogleOther)"
66.249.66.12 - - [26/Dec/2025:18:57:38 +0000] "GET /?products/14994228 HTTP/1.1" 200 26111 "-" "Mozilla/5.0 (Linux; Android 6.0.1; Nexus 5X Build/MMB29P) AppleWebKit/537.36 (KHTML, like Gecko) Chrome/141.0.7390.122 Mobile Safari/537.36 (compatible; Googlebot/2.1; +http://www.google.com/bot.html)"
66.249.66.75 - - [26/Dec/2025:18:57:49 +0000] "GET /?products/13264306 HTTP/1.1" 200 24517 "-" "Mozilla/5.0 (Linux; Android 6.0.1; Nexus 5X Build/MMB29P) AppleWebKit/537.36 (KHTML, like Gecko) Chrome/141.0.7390.122 Mobile Safari/537.36 (compatible; GoogleOther)"
66.249.66.76 - - [26/Dec/2025:18:57:57 +0000] "GET /wp-content/uploads/2020/10/ALI-1-150x150.jpg HTTP/1.1" 200 6273 "-" "Googlebot-Image/1.0"
66.249.66.75 - - [26/Dec/2025:18:58:02 +0000] "GET /?products/6230073 HTTP/1.1" 200 26271 "-" "Mozilla/5.0 (Linux; Android 6.0.1; Nexus 5X Build/MMB29P) AppleWebKit/537.36 (KHTML, like Gecko) Chrome/141.0.7390.122 Mobile Safari/537.36 (compatible; GoogleOther)"
66.249.66.39 - - [26/Dec/2025:18:58:11 +0000] "GET /?products/27612173 HTTP/1.1" 200 25141 "-" "Mozilla/5.0 (Linux; Android 6.0.1; Nexus 5X Build/MMB29P) AppleWebKit/537.36 (KHTML, like Gecko) Chrome/141.0.7390.122 Mobile Safari/537.36 (compatible; Googlebot/2.1; +http://www.google.com/bot.html)"
66.249.66.204 - - [26/Dec/2025:18:58:16 +0000] "GET /?products/30257617 HTTP/1.1" 200 25743 "-" "Mozilla/5.0 (Linux; Android 6.0.1; Nexus 5X Build/MMB29P) AppleWebKit/537.36 (KHTML, like Gecko) Chrome/141.0.7390.122 Mobile Safari/537.36 (compatible; GoogleOther)"
170.10.164.126 - - [26/Dec/2025:18:58:21 +0000] "POST /wp-cron.php?doing_wp_cron=1766775501.7564990520477294921875 HTTP/1.1" 200 0 "-" "WordPress/6.8.3; https://alianzatejedorasdevida.org"
66.249.66.39 - - [26/Dec/2025:18:58:57 +0000] "GET /wp-content/uploads/2024/05/TDR-INCIDENCIA-POLITICA-MTFP-1024x1024.jpg HTTP/1.1" 200 161035 "-" "Googlebot-Image/1.0"
66.249.66.75 - - [26/Dec/2025:18:59:08 +0000] "GET /?products/7744817 HTTP/1.1" 200 26318 "-" "Mozilla/5.0 (Linux; Android 6.0.1; Nexus 5X Build/MMB29P) AppleWebKit/537.36 (KHTML, like Gecko) Chrome/141.0.7390.122 Mobile Safari/537.36 (compatible; Googlebot/2.1; +http://www.google.com/bot.html)"
66.249.66.192 - - [26/Dec/2025:18:59:14 +0000] "GET /?products/20101195 HTTP/1.1" 200 25456 "-" "Mozilla/5.0 (Linux; Android 6.0.1; Nexus 5X Build/MMB29P) AppleWebKit/537.36 (KHTML, like Gecko) Chrome/141.0.7390.122 Mobile Safari/537.36 (compatible; GoogleOther)"
217.182.79.131 - - [26/Dec/2025:18:59:15 +0000] "GET /nuevas-vacantes-en-tejedoras-de-vida/ HTTP/1.1" 200 50591 "-" "Mozilla/5.0 (Windows NT 10.0; Win64; x64) AppleWebKit/537.36 (KHTML, like Gecko) Chrome/139.0.0.0 Safari/537.36"
66.249.66.75 - - [26/Dec/2025:18:59:29 +0000] "GET /?products/9387673 HTTP/1.1" 200 28745 "-" "Mozilla/5.0 (Linux; Android 6.0.1; Nexus 5X Build/MMB29P) AppleWebKit/537.36 (KHTML, like Gecko) Chrome/141.0.7390.122 Mobile Safari/537.36 (compatible; GoogleOther)"
66.249.66.204 - - [26/Dec/2025:18:59:34 +0000] "GET /?products/11757473 HTTP/1.1" 200 24414 "-" "Mozilla/5.0 (Linux; Android 6.0.1; Nexus 5X Build/MMB29P) AppleWebKit/537.36 (KHTML, like Gecko) Chrome/141.0.7390.122 Mobile Safari/537.36 (compatible; GoogleOther)"
66.249.66.161 - - [26/Dec/2025:18:59:37 +0000] "GET /?products/15092339 HTTP/1.1" 200 24293 "-" "Mozilla/5.0 (Linux; Android 6.0.1; Nexus 5X Build/MMB29P) AppleWebKit/537.36 (KHTML, like Gecko) Chrome/141.0.7390.122 Mobile Safari/537.36 (compatible; Googlebot/2.1; +http://www.google.com/bot.html)"
66.249.66.161 - - [26/Dec/2025:19:00:52 +0000] "GET /?products/28476717 HTTP/1.1" 200 25291 "-" "Mozilla/5.0 (Linux; Android 6.0.1; Nexus 5X Build/MMB29P) AppleWebKit/537.36 (KHTML, like Gecko) Chrome/141.0.7390.122 Mobile Safari/537.36 (compatible; GoogleOther)"
66.249.66.161 - - [26/Dec/2025:18:58:27 +0000] "GET /?products/28618317 HTTP/1.1" 200 24931 "-" "Mozilla/5.0 (Linux; Android 6.0.1; Nexus 5X Build/MMB29P) AppleWebKit/537.36 (KHTML, like Gecko) Chrome/141.0.7390.122 Mobile Safari/537.36 (compatible; GoogleOther)"
66.249.66.39 - - [26/Dec/2025:18:58:29 +0000] "GET /?products/22933273 HTTP/1.1" 200 24376 "-" "Mozilla/5.0 (Linux; Android 6.0.1; Nexus 5X Build/MMB29P) AppleWebKit/537.36 (KHTML, like Gecko) Chrome/141.0.7390.122 Mobile Safari/537.36 (compatible; Googlebot/2.1; +http://www.google.com/bot.html)"
66.249.66.12 - - [26/Dec/2025:18:58:35 +0000] "GET /?products/10980040 HTTP/1.1" 200 24812 "-" "Mozilla/5.0 (Linux; Android 6.0.1; Nexus 5X Build/MMB29P) AppleWebKit/537.36 (KHTML, like Gecko) Chrome/141.0.7390.122 Mobile Safari/537.36 (compatible; GoogleOther)"
66.249.66.12 - - [26/Dec/2025:18:58:46 +0000] "GET /?products/5440539 HTTP/1.1" 200 25352 "-" "Mozilla/5.0 (Linux; Android 6.0.1; Nexus 5X Build/MMB29P) AppleWebKit/537.36 (KHTML, like Gecko) Chrome/141.0.7390.122 Mobile Safari/537.36 (compatible; Googlebot/2.1; +http://www.google.com/bot.html)"
66.249.66.39 - - [26/Dec/2025:18:58:55 +0000] "GET /?products/12985117 HTTP/1.1" 200 25258 "-" "Mozilla/5.0 (Linux; Android 6.0.1; Nexus 5X Build/MMB29P) AppleWebKit/537.36 (KHTML, like Gecko) Chrome/141.0.7390.122 Mobile Safari/537.36 (compatible; GoogleOther)"
66.249.66.75 - - [26/Dec/2025:18:59:06 +0000] "GET /?products/9289340 HTTP/1.1" 200 24738 "-" "Mozilla/5.0 (Linux; Android 6.0.1; Nexus 5X Build/MMB29P) AppleWebKit/537.36 (KHTML, like Gecko) Chrome/141.0.7390.122 Mobile Safari/537.36 (compatible; GoogleOther)"
66.249.66.12 - - [26/Dec/2025:18:59:29 +0000] "GET /?products/30949362 HTTP/1.1" 200 25870 "-" "Mozilla/5.0 (Linux; Android 6.0.1; Nexus 5X Build/MMB29P) AppleWebKit/537.36 (KHTML, like Gecko) Chrome/141.0.7390.122 Mobile Safari/537.36 (compatible; Googlebot/2.1; +http://www.google.com/bot.html)"
66.249.66.39 - - [26/Dec/2025:18:59:35 +0000] "GET /?products/15971984 HTTP/1.1" 200 24754 "-" "Mozilla/5.0 (Linux; Android 6.0.1; Nexus 5X Build/MMB29P) AppleWebKit/537.36 (KHTML, like Gecko) Chrome/141.0.7390.122 Mobile Safari/537.36 (compatible; Googlebot/2.1; +http://www.google.com/bot.html)"
66.249.66.39 - - [26/Dec/2025:18:59:54 +0000] "GET /?products/12926673 HTTP/1.1" 200 24456 "-" "Mozilla/5.0 (Linux; Android 6.0.1; Nexus 5X Build/MMB29P) AppleWebKit/537.36 (KHTML, like Gecko) Chrome/141.0.7390.122 Mobile Safari/537.36 (compatible; GoogleOther)"
17.246.23.49 - - [26/Dec/2025:18:59:58 +0000] "GET /robots.txt HTTP/1.1" 200 81 "-" "Mozilla/5.0 (Macintosh; Intel Mac OS X 10_15_7) AppleWebKit/605.1.15 (KHTML, like Gecko) Version/17.4 Safari/605.1.15 (Applebot/0.1; +http://www.apple.com/go/applebot)"
17.246.23.49 - - [26/Dec/2025:18:59:58 +0000] "GET /author/editor/page/79/ HTTP/1.1" 200 57778 "-" "Mozilla/5.0 (Macintosh; Intel Mac OS X 10_15_7) AppleWebKit/605.1.15 (KHTML, like Gecko) Version/17.4 Safari/605.1.15 (Applebot/0.1; +http://www.apple.com/go/applebot)"
66.249.66.13 - - [26/Dec/2025:19:00:13 +0000] "GET /?products/8491217 HTTP/1.1" 200 24951 "-" "Mozilla/5.0 (Linux; Android 6.0.1; Nexus 5X Build/MMB29P) AppleWebKit/537.36 (KHTML, like Gecko) Chrome/141.0.7390.122 Mobile Safari/537.36 (compatible; GoogleOther)"
66.249.66.161 - - [26/Dec/2025:19:00:33 +0000] "GET /?products/26270917 HTTP/1.1" 200 24954 "-" "Mozilla/5.0 (Linux; Android 6.0.1; Nexus 5X Build/MMB29P) AppleWebKit/537.36 (KHTML, like Gecko) Chrome/141.0.7390.122 Mobile Safari/537.36 (compatible; GoogleOther)"
66.249.66.204 - - [26/Dec/2025:19:00:34 +0000] "GET /?products/10908217 HTTP/1.1" 200 24492 "-" "Mozilla/5.0 (Linux; Android 6.0.1; Nexus 5X Build/MMB29P) AppleWebKit/537.36 (KHTML, like Gecko) Chrome/141.0.7390.122 Mobile Safari/537.36 (compatible; Googlebot/2.1; +http://www.google.com/bot.html)"
66.249.66.161 - - [26/Dec/2025:18:57:46 +0000] "GET /?products/9298040 HTTP/1.1" 200 27693 "-" "Mozilla/5.0 (Linux; Android 6.0.1; Nexus 5X Build/MMB29P) AppleWebKit/537.36 (KHTML, like Gecko) Chrome/141.0.7390.122 Mobile Safari/537.36 (compatible; GoogleOther)"
170.10.164.126 - - [26/Dec/2025:18:57:49 +0000] "POST /wp-cron.php?doing_wp_cron=1766775469.6129009723663330078125 HTTP/1.1" 200 0 "-" "WordPress/6.8.3; https://alianzatejedorasdevida.org"
66.249.66.75 - - [26/Dec/2025:18:57:48 +0000] "GET /cdn-cgi/scripts/5c5dd728/cloudflare-static/email-decode.min.js HTTP/1.1" 404 46910 "https://alianzatejedorasdevida.org/?products/9298040" "Mozilla/5.0 (Linux; Android 6.0.1; Nexus 5X Build/MMB29P) AppleWebKit/537.36 (KHTML, like Gecko) Chrome/141.0.7390.122 Mobile Safari/537.36 (compatible; Googlebot/2.1; +http://www.google.com/bot.html)"
66.249.66.13 - - [26/Dec/2025:18:57:56 +0000] "GET /?products/15641839 HTTP/1.1" 200 25578 "-" "Mozilla/5.0 (Linux; Android 6.0.1; Nexus 5X Build/MMB29P) AppleWebKit/537.36 (KHTML, like Gecko) Chrome/141.0.7390.122 Mobile Safari/537.36 (compatible; GoogleOther)"
66.249.66.161 - - [26/Dec/2025:18:58:40 +0000] "GET /?products/27562739 HTTP/1.1" 200 26809 "-" "Mozilla/5.0 (Linux; Android 6.0.1; Nexus 5X Build/MMB29P) AppleWebKit/537.36 (KHTML, like Gecko) Chrome/141.0.7390.122 Mobile Safari/537.36 (compatible; GoogleOther)"
66.249.66.161 - - [26/Dec/2025:18:58:41 +0000] "GET /?products/12021995 HTTP/1.1" 200 25901 "-" "Mozilla/5.0 (Linux; Android 6.0.1; Nexus 5X Build/MMB29P) AppleWebKit/537.36 (KHTML, like Gecko) Chrome/141.0.7390.122 Mobile Safari/537.36 (compatible; GoogleOther)"
170.10.164.126 - - [26/Dec/2025:18:59:16 +0000] "POST /wp-cron.php?doing_wp_cron=1766775556.3598279953002929687500 HTTP/1.1" 200 0 "-" "WordPress/6.8.3; https://alianzatejedorasdevida.org"
66.249.66.162 - - [26/Dec/2025:18:59:17 +0000] "GET /?products/16391739 HTTP/1.1" 200 25179 "-" "Mozilla/5.0 (Linux; Android 6.0.1; Nexus 5X Build/MMB29P) AppleWebKit/537.36 (KHTML, like Gecko) Chrome/141.0.7390.122 Mobile Safari/537.36 (compatible; Googlebot/2.1; +http://www.google.com/bot.html)"
66.249.66.161 - - [26/Dec/2025:18:59:51 +0000] "GET /?products/29287117 HTTP/1.1" 200 25391 "-" "Mozilla/5.0 (Linux; Android 6.0.1; Nexus 5X Build/MMB29P) AppleWebKit/537.36 (KHTML, like Gecko) Chrome/141.0.7390.122 Mobile Safari/537.36 (compatible; GoogleOther)"
66.249.66.161 - - [26/Dec/2025:19:00:17 +0000] "GET /?products/21220984 HTTP/1.1" 200 26506 "-" "Mozilla/5.0 (Linux; Android 6.0.1; Nexus 5X Build/MMB29P) AppleWebKit/537.36 (KHTML, like Gecko) Chrome/141.0.7390.122 Mobile Safari/537.36 (compatible; GoogleOther)"
66.249.66.75 - - [26/Dec/2025:19:00:49 +0000] "GET /?products/14951162 HTTP/1.1" 200 25120 "-" "Mozilla/5.0 (Linux; Android 6.0.1; Nexus 5X Build/MMB29P) AppleWebKit/537.36 (KHTML, like Gecko) Chrome/141.0.7390.122 Mobile Safari/537.36 (compatible; Googlebot/2.1; +http://www.google.com/bot.html)"
66.249.66.75 - - [26/Dec/2025:19:00:54 +0000] "GET /?products/3829506 HTTP/1.1" 200 24314 "-" "Mozilla/5.0 (Linux; Android 6.0.1; Nexus 5X Build/MMB29P) AppleWebKit/537.36 (KHTML, like Gecko) Chrome/141.0.7390.122 Mobile Safari/537.36 (compatible; Googlebot/2.1; +http://www.google.com/bot.html)"
66.249.66.12 - - [26/Dec/2025:19:00:58 +0000] "GET /wp-content/uploads/2020/10/TdR-VIDEOS-VBG-1-150x150.jpg HTTP/1.1" 200 6173 "-" "Googlebot-Image/1.0"
66.249.66.75 - - [26/Dec/2025:19:01:58 +0000] "GET /wp-content/uploads/2024/05/FLYER-ASISTENTE-AMBIENTAL-1024x1024.jpg HTTP/1.1" 200 126130 "-" "Googlebot-Image/1.0"
66.249.66.75 - - [26/Dec/2025:19:02:11 +0000] "GET /?products/27206417 HTTP/1.1" 200 24315 "-" "Mozilla/5.0 (Linux; Android 6.0.1; Nexus 5X Build/MMB29P) AppleWebKit/537.36 (KHTML, like Gecko) Chrome/141.0.7390.122 Mobile Safari/537.36 (compatible; GoogleOther)"
66.249.66.204 - - [26/Dec/2025:19:02:50 +0000] "GET /?products/10455184 HTTP/1.1" 200 24505 "-" "Mozilla/5.0 (Linux; Android 6.0.1; Nexus 5X Build/MMB29P) AppleWebKit/537.36 (KHTML, like Gecko) Chrome/141.0.7390.122 Mobile Safari/537.36 (compatible; GoogleOther)"
66.249.66.204 - - [26/Dec/2025:19:01:12 +0000] "GET /?products/6234206 HTTP/1.1" 200 25733 "-" "Mozilla/5.0 (Linux; Android 6.0.1; Nexus 5X Build/MMB29P) AppleWebKit/537.36 (KHTML, like Gecko) Chrome/141.0.7390.122 Mobile Safari/537.36 (compatible; Googlebot/2.1; +http://www.google.com/bot.html)"
66.249.66.39 - - [26/Dec/2025:19:01:28 +0000] "GET /?products/21621440 HTTP/1.1" 200 28732 "-" "Mozilla/5.0 (Linux; Android 6.0.1; Nexus 5X Build/MMB29P) AppleWebKit/537.36 (KHTML, like Gecko) Chrome/141.0.7390.122 Mobile Safari/537.36 (compatible; GoogleOther)"
66.249.66.39 - - [26/Dec/2025:19:01:32 +0000] "GET /?products/27183139 HTTP/1.1" 200 24812 "-" "Mozilla/5.0 (Linux; Android 6.0.1; Nexus 5X Build/MMB29P) AppleWebKit/537.36 (KHTML, like Gecko) Chrome/141.0.7390.122 Mobile Safari/537.36 (compatible; GoogleOther)"
66.249.66.161 - - [26/Dec/2025:19:01:43 +0000] "GET /?products/4938739 HTTP/1.1" 200 25089 "-" "Mozilla/5.0 (Linux; Android 6.0.1; Nexus 5X Build/MMB29P) AppleWebKit/537.36 (KHTML, like Gecko) Chrome/141.0.7390.122 Mobile Safari/537.36 (compatible; Googlebot/2.1; +http://www.google.com/bot.html)"
66.249.66.75 - - [26/Dec/2025:19:01:51 +0000] "GET /?products/9170028 HTTP/1.1" 200 25502 "-" "Mozilla/5.0 (Linux; Android 6.0.1; Nexus 5X Build/MMB29P) AppleWebKit/537.36 (KHTML, like Gecko) Chrome/141.0.7390.122 Mobile Safari/537.36 (compatible; GoogleOther)"
66.249.66.75 - - [26/Dec/2025:19:01:54 +0000] "GET /?products/4421184 HTTP/1.1" 200 24170 "-" "Mozilla/5.0 (Linux; Android 6.0.1; Nexus 5X Build/MMB29P) AppleWebKit/537.36 (KHTML, like Gecko) Chrome/141.0.7390.122 Mobile Safari/537.36 (compatible; GoogleOther)"
66.249.66.39 - - [26/Dec/2025:19:02:00 +0000] "GET /?products/15930339 HTTP/1.1" 200 25955 "-" "Mozilla/5.0 (Linux; Android 6.0.1; Nexus 5X Build/MMB29P) AppleWebKit/537.36 (KHTML, like Gecko) Chrome/141.0.7390.122 Mobile Safari/537.36 (compatible; Googlebot/2.1; +http://www.google.com/bot.html)"
66.249.66.75 - - [26/Dec/2025:19:02:03 +0000] "GET /?products/6484573 HTTP/1.1" 200 24469 "-" "Mozilla/5.0 (Linux; Android 6.0.1; Nexus 5X Build/MMB29P) AppleWebKit/537.36 (KHTML, like Gecko) Chrome/141.0.7390.122 Mobile Safari/537.36 (compatible; Googlebot/2.1; +http://www.google.com/bot.html)"
66.249.66.161 - - [26/Dec/2025:19:02:30 +0000] "GET /?products/29894362 HTTP/1.1" 200 25428 "-" "Mozilla/5.0 (Linux; Android 6.0.1; Nexus 5X Build/MMB29P) AppleWebKit/537.36 (KHTML, like Gecko) Chrome/141.0.7390.122 Mobile Safari/537.36 (compatible; GoogleOther)"
66.249.66.39 - - [26/Dec/2025:19:02:35 +0000] "GET /?products/25656328 HTTP/1.1" 200 25284 "-" "Mozilla/5.0 (Linux; Android 6.0.1; Nexus 5X Build/MMB29P) AppleWebKit/537.36 (KHTML, like Gecko) Chrome/141.0.7390.122 Mobile Safari/537.36 (compatible; GoogleOther)"
66.249.66.12 - - [26/Dec/2025:19:03:37 +0000] "GET /?products/7136239 HTTP/1.1" 200 24402 "-" "Mozilla/5.0 (Linux; Android 6.0.1; Nexus 5X Build/MMB29P) AppleWebKit/537.36 (KHTML, like Gecko) Chrome/141.0.7390.122 Mobile Safari/537.36 (compatible; Googlebot/2.1; +http://www.google.com/bot.html)"
66.249.66.204 - - [26/Dec/2025:19:03:49 +0000] "GET /?products/15656384 HTTP/1.1" 200 25850 "-" "Mozilla/5.0 (Linux; Android 6.0.1; Nexus 5X Build/MMB29P) AppleWebKit/537.36 (KHTML, like Gecko) Chrome/141.0.7390.122 Mobile Safari/537.36 (compatible; GoogleOther)"
66.249.66.40 - - [26/Dec/2025:19:04:03 +0000] "GET /?products/6071439 HTTP/1.1" 200 25779 "-" "Mozilla/5.0 (Linux; Android 6.0.1; Nexus 5X Build/MMB29P) AppleWebKit/537.36 (KHTML, like Gecko) Chrome/141.0.7390.122 Mobile Safari/537.36 (compatible; GoogleOther)"
170.10.164.126 - - [26/Dec/2025:19:04:42 +0000] "POST /wp-cron.php?doing_wp_cron=1766775882.7123849391937255859375 HTTP/1.1" 200 0 "-" "WordPress/6.8.3; https://alianzatejedorasdevida.org"
66.249.66.161 - - [26/Dec/2025:19:05:07 +0000] "GET /?products/27513140 HTTP/1.1" 200 27504 "-" "Mozilla/5.0 (Linux; Android 6.0.1; Nexus 5X Build/MMB29P) AppleWebKit/537.36 (KHTML, like Gecko) Chrome/141.0.7390.122 Mobile Safari/537.36 (compatible; GoogleOther)"
66.249.68.35 - - [26/Dec/2025:19:01:12 +0000] "GET /?products/8776351 HTTP/1.1" 200 24323 "-" "Mozilla/5.0 (Linux; Android 6.0.1; Nexus 5X Build/MMB29P) AppleWebKit/537.36 (KHTML, like Gecko) Chrome/141.0.7390.122 Mobile Safari/537.36 (compatible; GoogleOther)"
66.249.66.39 - - [26/Dec/2025:19:01:15 +0000] "GET /?products/16280428 HTTP/1.1" 200 24456 "-" "Mozilla/5.0 (Linux; Android 6.0.1; Nexus 5X Build/MMB29P) AppleWebKit/537.36 (KHTML, like Gecko) Chrome/141.0.7390.122 Mobile Safari/537.36 (compatible; GoogleOther)"
66.249.66.39 - - [26/Dec/2025:19:01:33 +0000] "GET /?products/5950240 HTTP/1.1" 200 25057 "-" "Mozilla/5.0 (Linux; Android 6.0.1; Nexus 5X Build/MMB29P) AppleWebKit/537.36 (KHTML, like Gecko) Chrome/141.0.7390.122 Mobile Safari/537.36 (compatible; Googlebot/2.1; +http://www.google.com/bot.html)"
66.249.66.75 - - [26/Dec/2025:19:01:52 +0000] "GET /?products/8823028 HTTP/1.1" 200 25480 "-" "Mozilla/5.0 (Linux; Android 6.0.1; Nexus 5X Build/MMB29P) AppleWebKit/537.36 (KHTML, like Gecko) Chrome/141.0.7390.122 Mobile Safari/537.36 (compatible; Googlebot/2.1; +http://www.google.com/bot.html)"
207.46.13.54 - - [26/Dec/2025:19:02:15 +0000] "GET /alianza-tejedoras-de-vida-del-putumayo-rechaza-posible-caso-de-feminicidio-ocurrido-en-orito-putumayo/ HTTP/2" 200 24981 "-" "Mozilla/5.0 AppleWebKit/537.36 (KHTML, like Gecko; compatible; bingbot/2.0; +http://www.bing.com/bingbot.htm) Chrome/116.0.1938.76 Safari/537.36"
66.249.66.39 - - [26/Dec/2025:19:02:57 +0000] "GET /?products/11862795 HTTP/1.1" 200 24760 "-" "Mozilla/5.0 (Linux; Android 6.0.1; Nexus 5X Build/MMB29P) AppleWebKit/537.36 (KHTML, like Gecko) Chrome/141.0.7390.122 Mobile Safari/537.36 (compatible; Googlebot/2.1; +http://www.google.com/bot.html)"
66.249.66.40 - - [26/Dec/2025:19:03:12 +0000] "GET /wp-content/uploads/elementor/google-fonts/ HTTP/1.1" 200 649 "-" "Mozilla/5.0 (Linux; Android 6.0.1; Nexus 5X Build/MMB29P) AppleWebKit/537.36 (KHTML, like Gecko) Chrome/141.0.7390.122 Mobile Safari/537.36 (compatible; Googlebot/2.1; +http://www.google.com/bot.html)"
170.10.164.126 - - [26/Dec/2025:19:03:53 +0000] "POST /wp-cron.php?doing_wp_cron=1766775833.2299890518188476562500 HTTP/1.1" 200 0 "-" "WordPress/6.8.3; https://alianzatejedorasdevida.org"
202.76.190.212 - - [26/Dec/2025:19:03:52 +0000] "GET / HTTP/1.1" 200 63052 "-" "Mozilla/5.0 (X11; Linux i686) AppleWebKit/534.24 (KHTML, like Gecko) Ubuntu/10.10 Chromium/12.0.702.0 Chrome/12.0.702.0 Safari/534.24"
66.249.66.39 - - [26/Dec/2025:19:04:08 +0000] "GET /?products/4097173 HTTP/1.1" 200 24749 "-" "Mozilla/5.0 (Linux; Android 6.0.1; Nexus 5X Build/MMB29P) AppleWebKit/537.36 (KHTML, like Gecko) Chrome/141.0.7390.122 Mobile Safari/537.36 (compatible; Googlebot/2.1; +http://www.google.com/bot.html)"
66.249.66.39 - - [26/Dec/2025:19:04:15 +0000] "GET /?products/8537828 HTTP/1.1" 200 30629 "-" "Mozilla/5.0 (Linux; Android 6.0.1; Nexus 5X Build/MMB29P) AppleWebKit/537.36 (KHTML, like Gecko) Chrome/141.0.7390.122 Mobile Safari/537.36 (compatible; Googlebot/2.1; +http://www.google.com/bot.html)"
51.79.166.146 - - [26/Dec/2025:19:04:41 +0000] "POST /xmlrpc.php HTTP/1.1" 200 224 "-" "Mozilla/5.0 (Windows NT 10.0; Win64; x64; rv:54.0) Gecko/20100101 Firefox/54.0"
66.249.66.204 - - [26/Dec/2025:19:04:48 +0000] "GET /?products/5398951 HTTP/1.1" 200 25971 "-" "Mozilla/5.0 (Linux; Android 6.0.1; Nexus 5X Build/MMB29P) AppleWebKit/537.36 (KHTML, like Gecko) Chrome/141.0.7390.122 Mobile Safari/537.36 (compatible; GoogleOther)"
66.249.66.12 - - [26/Dec/2025:19:05:20 +0000] "GET /?products/12593162 HTTP/1.1" 200 25261 "-" "Mozilla/5.0 (Linux; Android 6.0.1; Nexus 5X Build/MMB29P) AppleWebKit/537.36 (KHTML, like Gecko) Chrome/141.0.7390.122 Mobile Safari/537.36 (compatible; Googlebot/2.1; +http://www.google.com/bot.html)"
66.249.66.161 - - [26/Dec/2025:19:05:44 +0000] "GET /?products/24202895 HTTP/1.1" 200 24930 "-" "Mozilla/5.0 (Linux; Android 6.0.1; Nexus 5X Build/MMB29P) AppleWebKit/537.36 (KHTML, like Gecko) Chrome/141.0.7390.122 Mobile Safari/537.36 (compatible; Googlebot/2.1; +http://www.google.com/bot.html)"
66.249.66.40 - - [26/Dec/2025:19:03:10 +0000] "GET /?products/3668173 HTTP/1.1" 200 26080 "-" "Mozilla/5.0 (Linux; Android 6.0.1; Nexus 5X Build/MMB29P) AppleWebKit/537.36 (KHTML, like Gecko) Chrome/141.0.7390.122 Mobile Safari/537.36 (compatible; GoogleOther)"
66.249.66.76 - - [26/Dec/2025:19:03:19 +0000] "GET /?products/12514628 HTTP/1.1" 200 24768 "-" "Mozilla/5.0 (Linux; Android 6.0.1; Nexus 5X Build/MMB29P) AppleWebKit/537.36 (KHTML, like Gecko) Chrome/141.0.7390.122 Mobile Safari/537.36 (compatible; Googlebot/2.1; +http://www.google.com/bot.html)"
66.249.66.39 - - [26/Dec/2025:19:03:29 +0000] "GET /?products/16011651 HTTP/1.1" 200 25521 "-" "Mozilla/5.0 (Linux; Android 6.0.1; Nexus 5X Build/MMB29P) AppleWebKit/537.36 (KHTML, like Gecko) Chrome/141.0.7390.122 Mobile Safari/537.36 (compatible; GoogleOther)"
66.249.66.39 - - [26/Dec/2025:19:03:31 +0000] "GET /?products/9423139 HTTP/1.1" 200 24714 "-" "Mozilla/5.0 (Linux; Android 6.0.1; Nexus 5X Build/MMB29P) AppleWebKit/537.36 (KHTML, like Gecko) Chrome/141.0.7390.122 Mobile Safari/537.36 (compatible; GoogleOther)"
66.249.66.204 - - [26/Dec/2025:19:03:58 +0000] "GET /?products/7555551 HTTP/1.1" 200 26510 "-" "Mozilla/5.0 (Linux; Android 6.0.1; Nexus 5X Build/MMB29P) AppleWebKit/537.36 (KHTML, like Gecko) Chrome/141.0.7390.122 Mobile Safari/537.36 (compatible; Googlebot/2.1; +http://www.google.com/bot.html)"
66.249.66.39 - - [26/Dec/2025:19:04:08 +0000] "GET /?products/11220640 HTTP/1.1" 200 25533 "-" "Mozilla/5.0 (Linux; Android 6.0.1; Nexus 5X Build/MMB29P) AppleWebKit/537.36 (KHTML, like Gecko) Chrome/141.0.7390.122 Mobile Safari/537.36 (compatible; GoogleOther)"
66.249.66.12 - - [26/Dec/2025:19:04:18 +0000] "GET /?products/11042084 HTTP/1.1" 200 25415 "-" "Mozilla/5.0 (Linux; Android 6.0.1; Nexus 5X Build/MMB29P) AppleWebKit/537.36 (KHTML, like Gecko) Chrome/141.0.7390.122 Mobile Safari/537.36 (compatible; GoogleOther)"
66.249.66.39 - - [26/Dec/2025:19:04:25 +0000] "GET /?products/25692117 HTTP/1.1" 200 24538 "-" "Mozilla/5.0 (Linux; Android 6.0.1; Nexus 5X Build/MMB29P) AppleWebKit/537.36 (KHTML, like Gecko) Chrome/141.0.7390.122 Mobile Safari/537.36 (compatible; Googlebot/2.1; +http://www.google.com/bot.html)"
66.249.66.39 - - [26/Dec/2025:19:04:28 +0000] "GET /?products/5383984 HTTP/1.1" 200 27005 "-" "Mozilla/5.0 (Linux; Android 6.0.1; Nexus 5X Build/MMB29P) AppleWebKit/537.36 (KHTML, like Gecko) Chrome/141.0.7390.122 Mobile Safari/537.36 (compatible; Googlebot/2.1; +http://www.google.com/bot.html)"
66.249.66.161 - - [26/Dec/2025:19:04:28 +0000] "GET /?products/7972917 HTTP/1.1" 200 25600 "-" "Mozilla/5.0 (Linux; Android 6.0.1; Nexus 5X Build/MMB29P) AppleWebKit/537.36 (KHTML, like Gecko) Chrome/141.0.7390.122 Mobile Safari/537.36 (compatible; GoogleOther)"
66.249.66.161 - - [26/Dec/2025:19:05:35 +0000] "GET /?products/15577762 HTTP/1.1" 200 24805 "-" "Mozilla/5.0 (Linux; Android 6.0.1; Nexus 5X Build/MMB29P) AppleWebKit/537.36 (KHTML, like Gecko) Chrome/141.0.7390.122 Mobile Safari/537.36 (compatible; Googlebot/2.1; +http://www.google.com/bot.html)"
66.249.66.39 - - [26/Dec/2025:19:05:47 +0000] "GET /?products/28001217 HTTP/1.1" 200 27032 "-" "Mozilla/5.0 (Linux; Android 6.0.1; Nexus 5X Build/MMB29P) AppleWebKit/537.36 (KHTML, like Gecko) Chrome/141.0.7390.122 Mobile Safari/537.36 (compatible; GoogleOther)"
66.249.66.39 - - [26/Dec/2025:19:05:55 +0000] "GET /?products/18732873 HTTP/1.1" 200 24801 "-" "Mozilla/5.0 (Linux; Android 6.0.1; Nexus 5X Build/MMB29P) AppleWebKit/537.36 (KHTML, like Gecko) Chrome/141.0.7390.122 Mobile Safari/537.36 (compatible; GoogleOther)"
47.128.35.83 - - [26/Dec/2025:19:06:06 +0000] "GET /wp-admin HTTP/2" 301 795 "-" "Mozilla/5.0 (Linux; Android 5.0) AppleWebKit/537.36 (KHTML, like Gecko) Mobile Safari/537.36 (compatible; Bytespider; spider-feedback@bytedance.com)"
47.128.35.83 - - [26/Dec/2025:19:06:06 +0000] "GET /wp-admin/ HTTP/2" 302 0 "-" "Mozilla/5.0 (Linux; Android 5.0) AppleWebKit/537.36 (KHTML, like Gecko) Mobile Safari/537.36 (compatible; Bytespider; spider-feedback@bytedance.com)"
17.246.15.22 - - [26/Dec/2025:19:07:18 +0000] "GET /wp-content/plugins/give/build/assets/dist/css/give-donation-summary.css?ver=4.11.0 HTTP/1.1" 200 576 "https://alianzatejedorasdevida.org/author/editor/page/79/" "Mozilla/5.0 (Macintosh; Intel Mac OS X 10_15_7) AppleWebKit/605.1.15 (KHTML, like Gecko) Version/17.4 Safari/605.1.15 (Applebot/0.1; +http://www.apple.com/go/applebot)"
17.246.23.176 - - [26/Dec/2025:19:07:21 +0000] "GET /wp-content/themes/alone/css/give.css?ver=7.0 HTTP/1.1" 200 9933 "https://alianzatejedorasdevida.org/author/editor/page/79/" "Mozilla/5.0 (Macintosh; Intel Mac OS X 10_15_7) AppleWebKit/605.1.15 (KHTML, like Gecko) Version/17.4 Safari/605.1.15 (Applebot/0.1; +http://www.apple.com/go/applebot)"
17.246.15.25 - - [26/Dec/2025:19:07:22 +0000] "GET /wp-content/plugins/elementor/assets/css/frontend.min.css?ver=3.32.5 HTTP/1.1" 200 7193 "https://alianzatejedorasdevida.org/author/editor/page/79/" "Mozilla/5.0 (Macintosh; Intel Mac OS X 10_15_7) AppleWebKit/605.1.15 (KHTML, like Gecko) Version/17.4 Safari/605.1.15 (Applebot/0.1; +http://www.apple.com/go/applebot)"
17.246.19.73 - - [26/Dec/2025:19:07:24 +0000] "GET /wp-content/plugins/elementor-pro/assets/css/conditionals/popup.min.css?ver=3.32.3 HTTP/1.1" 200 419 "https://alianzatejedorasdevida.org/author/editor/page/79/" "Mozilla/5.0 (Macintosh; Intel Mac OS X 10_15_7) AppleWebKit/605.1.15 (KHTML, like Gecko) Version/17.4 Safari/605.1.15 (Applebot/0.1; +http://www.apple.com/go/applebot)"
17.246.23.140 - - [26/Dec/2025:19:07:24 +0000] "GET /wp-content/plugins/elementor/assets/css/widget-icon-list.min.css?ver=3.32.5 HTTP/1.1" 200 1060 "https://alianzatejedorasdevida.org/author/editor/page/79/" "Mozilla/5.0 (Macintosh; Intel Mac OS X 10_15_7) AppleWebKit/605.1.15 (KHTML, like Gecko) Version/17.4 Safari/605.1.15 (Applebot/0.1; +http://www.apple.com/go/applebot)"
66.249.66.75 - - [26/Dec/2025:19:07:25 +0000] "GET /?products/7007584 HTTP/1.1" 200 24488 "-" "Mozilla/5.0 (Linux; Android 6.0.1; Nexus 5X Build/MMB29P) AppleWebKit/537.36 (KHTML, like Gecko) Chrome/141.0.7390.122 Mobile Safari/537.36 (compatible; GoogleOther)"
17.246.19.222 - - [26/Dec/2025:19:07:25 +0000] "GET /wp-content/plugins/elementor/assets/css/widget-heading.min.css?ver=3.32.5 HTTP/1.1" 200 187 "https://alianzatejedorasdevida.org/author/editor/page/79/" "Mozilla/5.0 (Macintosh; Intel Mac OS X 10_15_7) AppleWebKit/605.1.15 (KHTML, like Gecko) Version/17.4 Safari/605.1.15 (Applebot/0.1; +http://www.apple.com/go/applebot)"
17.246.23.140 - - [26/Dec/2025:19:07:27 +0000] "GET /wp-content/plugins/elementor/assets/lib/eicons/css/elementor-icons.min.css?ver=5.44.0 HTTP/1.1" 200 4308 "https://alianzatejedorasdevida.org/author/editor/page/79/" "Mozilla/5.0 (Macintosh; Intel Mac OS X 10_15_7) AppleWebKit/605.1.15 (KHTML, like Gecko) Version/17.4 Safari/605.1.15 (Applebot/0.1; +http://www.apple.com/go/applebot)"
17.246.15.124 - - [26/Dec/2025:19:07:28 +0000] "GET /wp-content/uploads/elementor/css/post-9.css?ver=1766556044 HTTP/1.1" 200 408 "https://alianzatejedorasdevida.org/author/editor/page/79/" "Mozilla/5.0 (Macintosh; Intel Mac OS X 10_15_7) AppleWebKit/605.1.15 (KHTML, like Gecko) Version/17.4 Safari/605.1.15 (Applebot/0.1; +http://www.apple.com/go/applebot)"
17.246.19.222 - - [26/Dec/2025:19:07:28 +0000] "GET /wp-content/uploads/elementor/css/post-23017.css?ver=1766556044 HTTP/1.1" 200 1094 "https://alianzatejedorasdevida.org/author/editor/page/79/" "Mozilla/5.0 (Macintosh; Intel Mac OS X 10_15_7) AppleWebKit/605.1.15 (KHTML, like Gecko) Version/17.4 Safari/605.1.15 (Applebot/0.1; +http://www.apple.com/go/applebot)"
17.246.15.124 - - [26/Dec/2025:19:07:31 +0000] "GET /wp-content/plugins/elementskit/widgets/init/assets/css/widget-styles-pro.css?ver=3.8.4 HTTP/1.1" 200 44484 "https://alianzatejedorasdevida.org/author/editor/page/79/" "Mozilla/5.0 (Macintosh; Intel Mac OS X 10_15_7) AppleWebKit/605.1.15 (KHTML, like Gecko) Version/17.4 Safari/605.1.15 (Applebot/0.1; +http://www.apple.com/go/applebot)"
17.246.23.226 - - [26/Dec/2025:19:07:18 +0000] "GET /wp-content/plugins/give/build/campaignDonorsBlockApp.css?ver=1.0.0 HTTP/1.1" 200 859 "https://alianzatejedorasdevida.org/author/editor/page/79/" "Mozilla/5.0 (Macintosh; Intel Mac OS X 10_15_7) AppleWebKit/605.1.15 (KHTML, like Gecko) Version/17.4 Safari/605.1.15 (Applebot/0.1; +http://www.apple.com/go/applebot)"
17.246.15.141 - - [26/Dec/2025:19:07:19 +0000] "GET /wp-content/plugins/give/build/assets/dist/css/design-system/foundation.css?ver=1.2.0 HTTP/1.1" 200 1334 "https://alianzatejedorasdevida.org/author/editor/page/79/" "Mozilla/5.0 (Macintosh; Intel Mac OS X 10_15_7) AppleWebKit/605.1.15 (KHTML, like Gecko) Version/17.4 Safari/605.1.15 (Applebot/0.1; +http://www.apple.com/go/applebot)"
17.246.19.132 - - [26/Dec/2025:19:07:20 +0000] "GET /wp-content/plugins/give/build/assets/dist/css/give.css?ver=4.11.0 HTTP/1.1" 200 45907 "https://alianzatejedorasdevida.org/author/editor/page/79/" "Mozilla/5.0 (Macintosh; Intel Mac OS X 10_15_7) AppleWebKit/605.1.15 (KHTML, like Gecko) Version/17.4 Safari/605.1.15 (Applebot/0.1; +http://www.apple.com/go/applebot)"
