155.94.200.160 - - [26/Dec/2025:14:00:01 +0000] "GET /wp-content/plugins/elementskit/widgets/init/assets/css/widget-styles-pro.css?ver=3.8.4 HTTP/2" 200 41644 "https://alianzatejedorasdevida.org/resultados-organizaciones-mocoa/" "Mozilla/5.0 (Linux; Android 5.0; SM-G900P Build/LRX21T) AppleWebKit/537.36 (KHTML, like Gecko) Chrome/46.0.8050.1245 Mobile Safari/537.36"
155.94.200.160 - - [26/Dec/2025:14:00:01 +0000] "GET /wp-content/plugins/elementor/assets/lib/font-awesome/css/v4-shims.min.css?ver=6.3.3 HTTP/2" 200 3987 "https://alianzatejedorasdevida.org/resultados-organizaciones-mocoa/" "Mozilla/5.0 (Linux; Android 5.0; SM-G900P Build/LRX21T) AppleWebKit/537.36 (KHTML, like Gecko) Chrome/46.0.8050.1245 Mobile Safari/537.36"
155.94.200.160 - - [26/Dec/2025:14:00:01 +0000] "GET /wp-content/plugins/elementor/assets/lib/font-awesome/css/all.min.css?ver=6.3.3 HTTP/2" 200 12380 "https://alianzatejedorasdevida.org/resultados-organizaciones-mocoa/" "Mozilla/5.0 (Linux; Android 5.0; SM-G900P Build/LRX21T) AppleWebKit/537.36 (KHTML, like Gecko) Chrome/46.0.8050.1245 Mobile Safari/537.36"
155.94.200.160 - - [26/Dec/2025:14:00:01 +0000] "GET /wp-content/plugins/bearsthemes-addons/assets/css/tooltipster.css?ver=6.8.3 HTTP/2" 200 1528 "https://alianzatejedorasdevida.org/resultados-organizaciones-mocoa/" "Mozilla/5.0 (Linux; Android 5.0; SM-G900P Build/LRX21T) AppleWebKit/537.36 (KHTML, like Gecko) Chrome/46.0.8050.1245 Mobile Safari/537.36"
155.94.200.160 - - [26/Dec/2025:14:00:01 +0000] "GET /wp-content/plugins/bearsthemes-addons/assets/css/swiper.min.css?ver=6.8.3 HTTP/2" 200 2180 "https://alianzatejedorasdevida.org/resultados-organizaciones-mocoa/" "Mozilla/5.0 (Linux; Android 5.0; SM-G900P Build/LRX21T) AppleWebKit/537.36 (KHTML, like Gecko) Chrome/46.0.8050.1245 Mobile Safari/537.36"
155.94.200.160 - - [26/Dec/2025:14:00:01 +0000] "GET /wp-content/plugins/bearsthemes-addons/assets/css/elements.css?ver=6.8.3 HTTP/2" 200 26037 "https://alianzatejedorasdevida.org/resultados-organizaciones-mocoa/" "Mozilla/5.0 (Linux; Android 5.0; SM-G900P Build/LRX21T) AppleWebKit/537.36 (KHTML, like Gecko) Chrome/46.0.8050.1245 Mobile Safari/537.36"
155.94.200.160 - - [26/Dec/2025:14:00:01 +0000] "GET /wp-content/plugins/bearsthemes-addons/assets/css/magnific-popup.css?ver=6.8.3 HTTP/2" 200 1660 "https://alianzatejedorasdevida.org/resultados-organizaciones-mocoa/" "Mozilla/5.0 (Linux; Android 5.0; SM-G900P Build/LRX21T) AppleWebKit/537.36 (KHTML, like Gecko) Chrome/46.0.8050.1245 Mobile Safari/537.36"
155.94.200.160 - - [26/Dec/2025:14:00:01 +0000] "GET /wp-content/plugins/bearsthemes-addons/assets/css/give.css?ver=6.8.3 HTTP/2" 200 16855 "https://alianzatejedorasdevida.org/resultados-organizaciones-mocoa/" "Mozilla/5.0 (Linux; Android 5.0; SM-G900P Build/LRX21T) AppleWebKit/537.36 (KHTML, like Gecko) Chrome/46.0.8050.1245 Mobile Safari/537.36"
155.94.200.160 - - [26/Dec/2025:14:00:01 +0000] "GET /wp-content/plugins/bearsthemes-addons/assets/css/woocommerce.css?ver=6.8.3 HTTP/2" 200 1559 "https://alianzatejedorasdevida.org/resultados-organizaciones-mocoa/" "Mozilla/5.0 (Linux; Android 5.0; SM-G900P Build/LRX21T) AppleWebKit/537.36 (KHTML, like Gecko) Chrome/46.0.8050.1245 Mobile Safari/537.36"
155.94.200.160 - - [26/Dec/2025:14:00:01 +0000] "GET /wp-content/plugins/bearsthemes-addons/assets/css/sermone.css?ver=6.8.3 HTTP/2" 200 2622 "https://alianzatejedorasdevida.org/resultados-organizaciones-mocoa/" "Mozilla/5.0 (Linux; Android 5.0; SM-G900P Build/LRX21T) AppleWebKit/537.36 (KHTML, like Gecko) Chrome/46.0.8050.1245 Mobile Safari/537.36"
155.94.200.160 - - [26/Dec/2025:14:00:01 +0000] "GET /wp-content/plugins/bearsthemes-addons/assets/css/events.css?ver=6.8.3 HTTP/2" 200 9192 "https://alianzatejedorasdevida.org/resultados-organizaciones-mocoa/" "Mozilla/5.0 (Linux; Android 5.0; SM-G900P Build/LRX21T) AppleWebKit/537.36 (KHTML, like Gecko) Chrome/46.0.8050.1245 Mobile Safari/537.36"
155.94.200.160 - - [26/Dec/2025:14:00:02 +0000] "GET /wp-content/uploads/elementor/google-fonts/css/robotoslab.css?ver=1755587797 HTTP/2" 200 712 "https://alianzatejedorasdevida.org/resultados-organizaciones-mocoa/" "Mozilla/5.0 (Linux; Android 5.0; SM-G900P Build/LRX21T) AppleWebKit/537.36 (KHTML, like Gecko) Chrome/46.0.8050.1245 Mobile Safari/537.36"
155.94.200.160 - - [26/Dec/2025:14:00:02 +0000] "GET /wp-content/uploads/elementor/google-fonts/css/roboto.css?ver=1755587791 HTTP/2" 200 1856 "https://alianzatejedorasdevida.org/resultados-organizaciones-mocoa/" "Mozilla/5.0 (Linux; Android 5.0; SM-G900P Build/LRX21T) AppleWebKit/537.36 (KHTML, like Gecko) Chrome/46.0.8050.1245 Mobile Safari/537.36"
155.94.200.160 - - [26/Dec/2025:14:00:02 +0000] "GET /wp-content/uploads/elementor/google-fonts/css/barlowcondensed.css?ver=1755587802 HTTP/2" 200 884 "https://alianzatejedorasdevida.org/resultados-organizaciones-mocoa/" "Mozilla/5.0 (Linux; Android 5.0; SM-G900P Build/LRX21T) AppleWebKit/537.36 (KHTML, like Gecko) Chrome/46.0.8050.1245 Mobile Safari/537.36"
155.94.200.160 - - [26/Dec/2025:14:00:02 +0000] "GET /wp-content/uploads/elementor/google-fonts/css/poppins.css?ver=1755587911 HTTP/2" 200 877 "https://alianzatejedorasdevida.org/resultados-organizaciones-mocoa/" "Mozilla/5.0 (Linux; Android 5.0; SM-G900P Build/LRX21T) AppleWebKit/537.36 (KHTML, like Gecko) Chrome/46.0.8050.1245 Mobile Safari/537.36"
155.94.200.160 - - [26/Dec/2025:14:00:02 +0000] "GET /wp-content/uploads/elementor/google-fonts/css/robotocondensed.css?ver=1755587810 HTTP/2" 200 913 "https://alianzatejedorasdevida.org/resultados-organizaciones-mocoa/" "Mozilla/5.0 (Linux; Android 5.0; SM-G900P Build/LRX21T) AppleWebKit/537.36 (KHTML, like Gecko) Chrome/46.0.8050.1245 Mobile Safari/537.36"
155.94.200.160 - - [26/Dec/2025:14:00:02 +0000] "GET /wp-content/uploads/elementor/google-fonts/css/raleway.css?ver=1755587806 HTTP/2" 200 764 "https://alianzatejedorasdevida.org/resultados-organizaciones-mocoa/" "Mozilla/5.0 (Linux; Android 5.0; SM-G900P Build/LRX21T) AppleWebKit/537.36 (KHTML, like Gecko) Chrome/46.0.8050.1245 Mobile Safari/537.36"
155.94.200.160 - - [26/Dec/2025:14:00:02 +0000] "GET /wp-content/plugins/elementor/assets/lib/font-awesome/css/solid.min.css?ver=5.15.3 HTTP/2" 200 286 "https://alianzatejedorasdevida.org/resultados-organizaciones-mocoa/" "Mozilla/5.0 (Linux; Android 5.0; SM-G900P Build/LRX21T) AppleWebKit/537.36 (KHTML, like Gecko) Chrome/46.0.8050.1245 Mobile Safari/537.36"
155.94.200.160 - - [26/Dec/2025:14:00:02 +0000] "GET /wp-content/plugins/elementor/assets/lib/font-awesome/css/fontawesome.min.css?ver=5.15.3 HTTP/2" 200 12164 "https://alianzatejedorasdevida.org/resultados-organizaciones-mocoa/" "Mozilla/5.0 (Linux; Android 5.0; SM-G900P Build/LRX21T) AppleWebKit/537.36 (KHTML, like Gecko) Chrome/46.0.8050.1245 Mobile Safari/537.36"
155.94.200.160 - - [26/Dec/2025:14:00:02 +0000] "GET /wp-content/plugins/elementor/assets/lib/font-awesome/css/brands.min.css?ver=5.15.3 HTTP/2" 200 284 "https://alianzatejedorasdevida.org/resultados-organizaciones-mocoa/" "Mozilla/5.0 (Linux; Android 5.0; SM-G900P Build/LRX21T) AppleWebKit/537.36 (KHTML, like Gecko) Chrome/46.0.8050.1245 Mobile Safari/537.36"
155.94.200.160 - - [26/Dec/2025:14:00:02 +0000] "GET /wp-content/plugins/elementskit-lite/modules/elementskit-icon-pack/assets/css/ekiticons.css?ver=3.7.4 HTTP/2" 200 11820 "https://alianzatejedorasdevida.org/resultados-organizaciones-mocoa/" "Mozilla/5.0 (Linux; Android 5.0; SM-G900P Build/LRX21T) AppleWebKit/537.36 (KHTML, like Gecko) Chrome/46.0.8050.1245 Mobile Safari/537.36"
155.94.200.160 - - [26/Dec/2025:14:00:02 +0000] "GET /wp-content/uploads/2025/06/1.-Asomi-2-600x525.jpg HTTP/2" 206 500 "https://alianzatejedorasdevida.org/resultados-organizaciones-mocoa/" "Mozilla/5.0 (Linux; Android 5.0; SM-G900P Build/LRX21T) AppleWebKit/537.36 (KHTML, like Gecko) Chrome/46.0.8050.1245 Mobile Safari/537.36"
155.94.200.160 - - [26/Dec/2025:14:00:02 +0000] "GET /wp-content/themes/alone/fonts/font.css HTTP/2" 200 216 "https://alianzatejedorasdevida.org/wp-content/themes/alone/style.css?ver=6.8.3" "Mozilla/5.0 (Linux; Android 5.0; SM-G900P Build/LRX21T) AppleWebKit/537.36 (KHTML, like Gecko) Chrome/46.0.8050.1245 Mobile Safari/537.36"
155.94.200.160 - - [26/Dec/2025:14:00:02 +0000] "GET /wp-content/themes/alone/css/normalize.css HTTP/2" 200 1777 "https://alianzatejedorasdevida.org/wp-content/themes/alone/style.css?ver=6.8.3" "Mozilla/5.0 (Linux; Android 5.0; SM-G900P Build/LRX21T) AppleWebKit/537.36 (KHTML, like Gecko) Chrome/46.0.8050.1245 Mobile Safari/537.36"
155.94.200.160 - - [26/Dec/2025:14:00:02 +0000] "GET /wp-content/themes/alone/css/alone-main.css HTTP/2" 200 12559 "https://alianzatejedorasdevida.org/wp-content/themes/alone/style.css?ver=6.8.3" "Mozilla/5.0 (Linux; Android 5.0; SM-G900P Build/LRX21T) AppleWebKit/537.36 (KHTML, like Gecko) Chrome/46.0.8050.1245 Mobile Safari/537.36"
155.94.200.160 - - [26/Dec/2025:14:00:03 +0000] "GET /wp-content/uploads/2025/06/1.-Asomi-3-600x525.jpg HTTP/2" 206 500 "https://alianzatejedorasdevida.org/resultados-organizaciones-mocoa/" "Mozilla/5.0 (Linux; Android 5.0; SM-G900P Build/LRX21T) AppleWebKit/537.36 (KHTML, like Gecko) Chrome/46.0.8050.1245 Mobile Safari/537.36"
155.94.200.160 - - [26/Dec/2025:14:00:03 +0000] "GET /wp-content/uploads/2025/06/2.-Fedecomunal-Slider.jpg HTTP/2" 206 500 "https://alianzatejedorasdevida.org/resultados-organizaciones-mocoa/" "Mozilla/5.0 (Linux; Android 5.0; SM-G900P Build/LRX21T) AppleWebKit/537.36 (KHTML, like Gecko) Chrome/46.0.8050.1245 Mobile Safari/537.36"
155.94.200.160 - - [26/Dec/2025:14:00:03 +0000] "GET /wp-content/uploads/2025/12/Flyer-Asistencia-Tecnica-150x150.jpg HTTP/2" 206 500 "https://alianzatejedorasdevida.org/resultados-organizaciones-mocoa/" "Mozilla/5.0 (Linux; Android 5.0; SM-G900P Build/LRX21T) AppleWebKit/537.36 (KHTML, like Gecko) Chrome/46.0.8050.1245 Mobile Safari/537.36"
155.94.200.160 - - [26/Dec/2025:14:00:03 +0000] "GET /wp-content/uploads/2021/08/cropped-logo_alianza.png HTTP/2" 206 500 "https://alianzatejedorasdevida.org/resultados-organizaciones-mocoa/" "Mozilla/5.0 (Linux; Android 5.0; SM-G900P Build/LRX21T) AppleWebKit/537.36 (KHTML, like Gecko) Chrome/46.0.8050.1245 Mobile Safari/537.36"
155.94.200.160 - - [26/Dec/2025:14:00:03 +0000] "GET /wp-content/uploads/elementor/css/post-23011.css?ver=1766556046 HTTP/2" 200 1521 "https://alianzatejedorasdevida.org/resultados-organizaciones-mocoa/" "Mozilla/5.0 (Linux; Android 5.0; SM-G900P Build/LRX21T) AppleWebKit/537.36 (KHTML, like Gecko) Chrome/46.0.8050.1245 Mobile Safari/537.36"
155.94.200.160 - - [26/Dec/2025:14:00:03 +0000] "GET /wp-content/plugins/elementskit/modules/pro-form-reset-button/assets/css/elementskit-reset-button.css?ver=3.8.4 HTTP/2" 200 69 "https://alianzatejedorasdevida.org/resultados-organizaciones-mocoa/" "Mozilla/5.0 (Linux; Android 5.0; SM-G900P Build/LRX21T) AppleWebKit/537.36 (KHTML, like Gecko) Chrome/46.0.8050.1245 Mobile Safari/537.36"
155.94.200.160 - - [26/Dec/2025:14:00:03 +0000] "GET /wp-content/uploads/2025/10/SEMANA-DE-LA-BIODIVERSIDAD-2025-150x150.jpeg HTTP/2" 206 500 "https://alianzatejedorasdevida.org/resultados-organizaciones-mocoa/" "Mozilla/5.0 (Linux; Android 5.0; SM-G900P Build/LRX21T) AppleWebKit/537.36 (KHTML, like Gecko) Chrome/46.0.8050.1245 Mobile Safari/537.36"
155.94.200.160 - - [26/Dec/2025:14:00:03 +0000] "GET /wp-content/uploads/2025/11/TDR-COMUNICACIONES-150x150.jpg HTTP/2" 206 500 "https://alianzatejedorasdevida.org/resultados-organizaciones-mocoa/" "Mozilla/5.0 (Linux; Android 5.0; SM-G900P Build/LRX21T) AppleWebKit/537.36 (KHTML, like Gecko) Chrome/46.0.8050.1245 Mobile Safari/537.36"
155.94.200.160 - - [26/Dec/2025:14:00:03 +0000] "GET /wp-content/uploads/2025/06/mocoa_1.jpg HTTP/2" 206 500 "https://alianzatejedorasdevida.org/wp-content/uploads/elementor/css/post-23060.css?ver=1766757597" "Mozilla/5.0 (Linux; Android 5.0; SM-G900P Build/LRX21T) AppleWebKit/537.36 (KHTML, like Gecko) Chrome/46.0.8050.1245 Mobile Safari/537.36"
155.94.200.160 - - [26/Dec/2025:14:00:03 +0000] "GET /wp-content/uploads/elementor/thumbs/logo_alianza-r6kxpszj3ytqx1naoh7bvx7e94qi4xaczeuy4oc8w0.png HTTP/2" 206 500 "https://alianzatejedorasdevida.org/resultados-organizaciones-mocoa/" "Mozilla/5.0 (Linux; Android 5.0; SM-G900P Build/LRX21T) AppleWebKit/537.36 (KHTML, like Gecko) Chrome/46.0.8050.1245 Mobile Safari/537.36"
155.94.200.160 - - [26/Dec/2025:14:00:03 +0000] "GET /wp-content/uploads/2025/06/mocoa.jpg HTTP/2" 206 500 "https://alianzatejedorasdevida.org/wp-content/uploads/elementor/css/post-23060.css?ver=1766757597" "Mozilla/5.0 (Linux; Android 5.0; SM-G900P Build/LRX21T) AppleWebKit/537.36 (KHTML, like Gecko) Chrome/46.0.8050.1245 Mobile Safari/537.36"
155.94.200.160 - - [26/Dec/2025:14:00:03 +0000] "GET /wp-content/uploads/2025/06/1.-Ozip-1.jpg HTTP/2" 206 500 "https://alianzatejedorasdevida.org/wp-content/uploads/elementor/css/post-23060.css?ver=1766757597" "Mozilla/5.0 (Linux; Android 5.0; SM-G900P Build/LRX21T) AppleWebKit/537.36 (KHTML, like Gecko) Chrome/46.0.8050.1245 Mobile Safari/537.36"
155.94.200.160 - - [26/Dec/2025:14:00:03 +0000] "GET /wp-content/uploads/2025/06/1.-Fedecomunal-FlipBox-1.jpg HTTP/2" 206 500 "https://alianzatejedorasdevida.org/wp-content/uploads/elementor/css/post-23060.css?ver=1766757597" "Mozilla/5.0 (Linux; Android 5.0; SM-G900P Build/LRX21T) AppleWebKit/537.36 (KHTML, like Gecko) Chrome/46.0.8050.1245 Mobile Safari/537.36"
155.94.200.160 - - [26/Dec/2025:14:00:03 +0000] "GET /wp-content/uploads/2025/06/2.-Vicentinas.jpg HTTP/2" 206 500 "https://alianzatejedorasdevida.org/resultados-organizaciones-mocoa/" "Mozilla/5.0 (Linux; Android 5.0; SM-G900P Build/LRX21T) AppleWebKit/537.36 (KHTML, like Gecko) Chrome/46.0.8050.1245 Mobile Safari/537.36"
155.94.200.160 - - [26/Dec/2025:14:00:03 +0000] "GET /wp-content/themes/alone/print.css?ver=7.0 HTTP/2" 200 1453 "https://alianzatejedorasdevida.org/resultados-organizaciones-mocoa/" "Mozilla/5.0 (Linux; Android 5.0; SM-G900P Build/LRX21T) AppleWebKit/537.36 (KHTML, like Gecko) Chrome/46.0.8050.1245 Mobile Safari/537.36"
66.249.66.41 - - [26/Dec/2025:14:01:25 +0000] "GET /?products/8970317 HTTP/1.1" 200 26775 "-" "Mozilla/5.0 (Linux; Android 6.0.1; Nexus 5X Build/MMB29P) AppleWebKit/537.36 (KHTML, like Gecko) Chrome/141.0.7390.122 Mobile Safari/537.36 (compatible; Googlebot/2.1; +http://www.google.com/bot.html)"
66.249.66.40 - - [26/Dec/2025:14:01:34 +0000] "GET /?products/8728162 HTTP/1.1" 200 25742 "-" "Mozilla/5.0 (Linux; Android 6.0.1; Nexus 5X Build/MMB29P) AppleWebKit/537.36 (KHTML, like Gecko) Chrome/141.0.7390.122 Mobile Safari/537.36 (compatible; GoogleOther)"
66.249.66.204 - - [26/Dec/2025:13:56:24 +0000] "GET /?ctg/search/similarImageSearchResultView/?ctgItemCd=48830202 HTTP/1.1" 200 25567 "-" "Mozilla/5.0 (Linux; Android 6.0.1; Nexus 5X Build/MMB29P) AppleWebKit/537.36 (KHTML, like Gecko) Chrome/141.0.7390.122 Mobile Safari/537.36 (compatible; GoogleOther)"
66.249.66.204 - - [26/Dec/2025:13:56:34 +0000] "GET /?products/8141195 HTTP/1.1" 200 29913 "-" "Mozilla/5.0 (Linux; Android 6.0.1; Nexus 5X Build/MMB29P) AppleWebKit/537.36 (KHTML, like Gecko) Chrome/141.0.7390.122 Mobile Safari/537.36 (compatible; Googlebot/2.1; +http://www.google.com/bot.html)"
138.246.253.24 - - [26/Dec/2025:13:56:54 +0000] "GET /robots.txt HTTP/1.1" 401 36 "-" "Mozilla/5.0 (Windows NT 10.0; Win64; x64) AppleWebKit/537.36 (KHTML, like Gecko) Chrome/103.0.5060.134 Safari/537.36"
66.249.66.163 - - [26/Dec/2025:13:57:06 +0000] "GET /?products/1999039 HTTP/1.1" 200 24534 "-" "Mozilla/5.0 (Linux; Android 6.0.1; Nexus 5X Build/MMB29P) AppleWebKit/537.36 (KHTML, like Gecko) Chrome/141.0.7390.122 Mobile Safari/537.36 (compatible; GoogleOther)"
62.164.177.252 - - [26/Dec/2025:13:57:59 +0000] "POST /xmlrpc.php HTTP/1.1" 200 224 "-" "Mozilla/5.0 (Windows NT 10.0; Win64; x64) AppleWebKit/537.36 (KHTML, like Gecko) Chrome/138.0.0.0 Safari/537.36"
66.249.66.39 - - [26/Dec/2025:13:58:45 +0000] "GET /?products/25785573 HTTP/1.1" 200 26870 "-" "Mozilla/5.0 (Linux; Android 6.0.1; Nexus 5X Build/MMB29P) AppleWebKit/537.36 (KHTML, like Gecko) Chrome/141.0.7390.122 Mobile Safari/537.36 (compatible; Googlebot/2.1; +http://www.google.com/bot.html)"
66.249.66.76 - - [26/Dec/2025:13:59:18 +0000] "GET /?products/12365895 HTTP/1.1" 200 24336 "-" "Mozilla/5.0 (Linux; Android 6.0.1; Nexus 5X Build/MMB29P) AppleWebKit/537.36 (KHTML, like Gecko) Chrome/141.0.7390.122 Mobile Safari/537.36 (compatible; GoogleOther)"
170.10.164.126 - - [26/Dec/2025:13:59:36 +0000] "POST /wp-cron.php?doing_wp_cron=1766757576.3538320064544677734375 HTTP/1.1" 200 0 "-" "WordPress/6.8.3; https://alianzatejedorasdevida.org"
66.249.66.39 - - [26/Dec/2025:14:00:13 +0000] "GET /?products/12994473 HTTP/1.1" 200 25347 "-" "Mozilla/5.0 (Linux; Android 6.0.1; Nexus 5X Build/MMB29P) AppleWebKit/537.36 (KHTML, like Gecko) Chrome/141.0.7390.122 Mobile Safari/537.36 (compatible; Googlebot/2.1; +http://www.google.com/bot.html)"
66.249.66.39 - - [26/Dec/2025:14:01:24 +0000] "GET /?products/8586506 HTTP/1.1" 200 27609 "-" "Mozilla/5.0 (Linux; Android 6.0.1; Nexus 5X Build/MMB29P) AppleWebKit/537.36 (KHTML, like Gecko) Chrome/141.0.7390.122 Mobile Safari/537.36 (compatible; GoogleOther)"
66.249.66.75 - - [26/Dec/2025:14:01:57 +0000] "GET /?products/12840284 HTTP/1.1" 200 24469 "-" "Mozilla/5.0 (Linux; Android 6.0.1; Nexus 5X Build/MMB29P) AppleWebKit/537.36 (KHTML, like Gecko) Chrome/141.0.7390.122 Mobile Safari/537.36 (compatible; Googlebot/2.1; +http://www.google.com/bot.html)"
66.249.66.75 - - [26/Dec/2025:14:02:01 +0000] "GET /?products/13889295 HTTP/1.1" 200 25411 "-" "Mozilla/5.0 (Linux; Android 6.0.1; Nexus 5X Build/MMB29P) AppleWebKit/537.36 (KHTML, like Gecko) Chrome/141.0.7390.122 Mobile Safari/537.36 (compatible; Googlebot/2.1; +http://www.google.com/bot.html)"
66.249.66.39 - - [26/Dec/2025:14:02:14 +0000] "GET /?products/22956962 HTTP/1.1" 200 24841 "-" "Mozilla/5.0 (Linux; Android 6.0.1; Nexus 5X Build/MMB29P) AppleWebKit/537.36 (KHTML, like Gecko) Chrome/141.0.7390.122 Mobile Safari/537.36 (compatible; Googlebot/2.1; +http://www.google.com/bot.html)"
66.249.66.75 - - [26/Dec/2025:14:02:49 +0000] "GET /?products/28507717 HTTP/1.1" 200 25007 "-" "Mozilla/5.0 (Linux; Android 6.0.1; Nexus 5X Build/MMB29P) AppleWebKit/537.36 (KHTML, like Gecko) Chrome/141.0.7390.122 Mobile Safari/537.36 (compatible; GoogleOther)"
66.249.66.162 - - [26/Dec/2025:14:03:45 +0000] "GET /?products/11790684 HTTP/1.1" 200 25665 "-" "Mozilla/5.0 (Linux; Android 6.0.1; Nexus 5X Build/MMB29P) AppleWebKit/537.36 (KHTML, like Gecko) Chrome/141.0.7390.122 Mobile Safari/537.36 (compatible; GoogleOther)"
66.249.66.41 - - [26/Dec/2025:13:58:42 +0000] "GET /?products/24388962 HTTP/1.1" 200 25401 "-" "Mozilla/5.0 (Linux; Android 6.0.1; Nexus 5X Build/MMB29P) AppleWebKit/537.36 (KHTML, like Gecko) Chrome/141.0.7390.122 Mobile Safari/537.36 (compatible; Googlebot/2.1; +http://www.google.com/bot.html)"
66.249.66.41 - - [26/Dec/2025:13:58:43 +0000] "GET /?products/28046884 HTTP/1.1" 200 26243 "-" "Mozilla/5.0 (Linux; Android 6.0.1; Nexus 5X Build/MMB29P) AppleWebKit/537.36 (KHTML, like Gecko) Chrome/141.0.7390.122 Mobile Safari/537.36 (compatible; Googlebot/2.1; +http://www.google.com/bot.html)"
66.249.66.77 - - [26/Dec/2025:13:59:03 +0000] "GET /?products/4654662 HTTP/1.1" 200 27321 "-" "Mozilla/5.0 (Linux; Android 6.0.1; Nexus 5X Build/MMB29P) AppleWebKit/537.36 (KHTML, like Gecko) Chrome/141.0.7390.122 Mobile Safari/537.36 (compatible; GoogleOther)"
66.249.66.192 - - [26/Dec/2025:13:59:21 +0000] "GET /?products/4472784 HTTP/1.1" 200 29740 "-" "Mozilla/5.0 (Linux; Android 6.0.1; Nexus 5X Build/MMB29P) AppleWebKit/537.36 (KHTML, like Gecko) Chrome/141.0.7390.122 Mobile Safari/537.36 (compatible; GoogleOther)"
66.249.66.162 - - [26/Dec/2025:14:01:37 +0000] "GET /wp-content/uploads/2023/04/Invitacion-a-cotizar-equipos-ATV-Oficina-2023.pdf HTTP/1.1" 304 0 "-" "Mozilla/5.0 (Linux; Android 6.0.1; Nexus 5X Build/MMB29P) AppleWebKit/537.36 (KHTML, like Gecko) Chrome/141.0.7390.122 Mobile Safari/537.36 (compatible; Googlebot/2.1; +http://www.google.com/bot.html)"
66.249.66.39 - - [26/Dec/2025:14:01:49 +0000] "GET /?products/8089617 HTTP/1.1" 200 27090 "-" "Mozilla/5.0 (Linux; Android 6.0.1; Nexus 5X Build/MMB29P) AppleWebKit/537.36 (KHTML, like Gecko) Chrome/141.0.7390.122 Mobile Safari/537.36 (compatible; Googlebot/2.1; +http://www.google.com/bot.html)"
66.249.66.204 - - [26/Dec/2025:14:02:19 +0000] "GET /?products/7336651 HTTP/1.1" 200 24684 "-" "Mozilla/5.0 (Linux; Android 6.0.1; Nexus 5X Build/MMB29P) AppleWebKit/537.36 (KHTML, like Gecko) Chrome/141.0.7390.122 Mobile Safari/537.36 (compatible; Googlebot/2.1; +http://www.google.com/bot.html)"
66.249.66.39 - - [26/Dec/2025:14:02:37 +0000] "GET /wp-content/uploads/2024/05/TDR-INCIDENCIA-POLITICA-MTFP-150x150.jpg HTTP/1.1" 200 8960 "-" "Googlebot-Image/1.0"
66.249.66.77 - - [26/Dec/2025:14:03:03 +0000] "GET /?products/16659039 HTTP/1.1" 200 24950 "-" "Mozilla/5.0 (Linux; Android 6.0.1; Nexus 5X Build/MMB29P) AppleWebKit/537.36 (KHTML, like Gecko) Chrome/141.0.7390.122 Mobile Safari/537.36 (compatible; GoogleOther)"
66.249.66.76 - - [26/Dec/2025:14:04:45 +0000] "GET /?products/4595239 HTTP/1.1" 200 26466 "-" "Mozilla/5.0 (Linux; Android 6.0.1; Nexus 5X Build/MMB29P) AppleWebKit/537.36 (KHTML, like Gecko) Chrome/141.0.7390.122 Mobile Safari/537.36 (compatible; Googlebot/2.1; +http://www.google.com/bot.html)"
66.249.66.192 - - [26/Dec/2025:14:04:46 +0000] "GET /wp-content/uploads/revslider/home-slider-1/?ND HTTP/1.1" 200 3636 "-" "Mozilla/5.0 (Linux; Android 6.0.1; Nexus 5X Build/MMB29P) AppleWebKit/537.36 (KHTML, like Gecko) Chrome/141.0.7390.122 Mobile Safari/537.36 (compatible; Googlebot/2.1; +http://www.google.com/bot.html)"
69.171.231.4 - - [26/Dec/2025:14:04:46 +0000] "GET /2024/12/30/contratacion-de-una-consultoria-para-el-desarrollo-del-diplomado-fortalecimiento-de-la-participacion-politica-e-incidencia-de-las-mujeres-en-el-putumayo/ HTTP/2" 404 219195 "-" "facebookexternalhit/1.1 (+http://www.facebook.com/externalhit_uatext.php)"
66.249.66.12 - - [26/Dec/2025:14:04:50 +0000] "GET /_autoindex/assets/icons/music.svg HTTP/1.1" 200 324 "https://alianzatejedorasdevida.org/wp-content/uploads/revslider/home-slider-1/?ND" "Mozilla/5.0 (Linux; Android 6.0.1; Nexus 5X Build/MMB29P) AppleWebKit/537.36 (KHTML, like Gecko) Chrome/141.0.7390.122 Mobile Safari/537.36 (compatible; Googlebot/2.1; +http://www.google.com/bot.html)"
66.249.66.192 - - [26/Dec/2025:14:04:28 +0000] "GET /?products/10794484 HTTP/1.1" 200 26273 "-" "Mozilla/5.0 (Linux; Android 6.0.1; Nexus 5X Build/MMB29P) AppleWebKit/537.36 (KHTML, like Gecko) Chrome/141.0.7390.122 Mobile Safari/537.36 (compatible; Googlebot/2.1; +http://www.google.com/bot.html)"
69.171.231.25 - - [26/Dec/2025:14:04:46 +0000] "GET /2024/12/30/contratacion-de-una-consultoria-para-el-desarrollo-del-diplomado-fortalecimiento-de-la-participacion-politica-e-incidencia-de-las-mujeres-en-el-putumayo/ HTTP/2" 404 219195 "-" "facebookexternalhit/1.1 (+http://www.facebook.com/externalhit_uatext.php)"
69.171.231.116 - - [26/Dec/2025:14:04:46 +0000] "GET /2024/12/30/contratacion-de-una-consultoria-para-el-desarrollo-del-diplomado-fortalecimiento-de-la-participacion-politica-e-incidencia-de-las-mujeres-en-el-putumayo/ HTTP/2" 404 219195 "-" "facebookexternalhit/1.1 (+http://www.facebook.com/externalhit_uatext.php)"
66.249.66.75 - - [26/Dec/2025:14:04:53 +0000] "GET /?products/7887484 HTTP/1.1" 200 24984 "-" "Mozilla/5.0 (Linux; Android 6.0.1; Nexus 5X Build/MMB29P) AppleWebKit/537.36 (KHTML, like Gecko) Chrome/141.0.7390.122 Mobile Safari/537.36 (compatible; Googlebot/2.1; +http://www.google.com/bot.html)"
66.249.66.12 - - [26/Dec/2025:14:04:55 +0000] "GET /?products/14543784 HTTP/1.1" 200 24731 "-" "Mozilla/5.0 (Linux; Android 6.0.1; Nexus 5X Build/MMB29P) AppleWebKit/537.36 (KHTML, like Gecko) Chrome/141.0.7390.122 Mobile Safari/537.36 (compatible; Googlebot/2.1; +http://www.google.com/bot.html)"
66.249.66.161 - - [26/Dec/2025:14:05:15 +0000] "GET /wp-content/plugins/elementskit/widgets/dribble-feed/assets/js/?MD HTTP/1.1" 200 651 "-" "Mozilla/5.0 (Linux; Android 6.0.1; Nexus 5X Build/MMB29P) AppleWebKit/537.36 (KHTML, like Gecko) Chrome/141.0.7390.122 Mobile Safari/537.36 (compatible; Googlebot/2.1; +http://www.google.com/bot.html)"
43.130.131.18 - - [26/Dec/2025:14:06:12 +0000] "GET / HTTP/1.1" 301 346 "http://www.alianzatejedorasdevida.org" "Mozilla/5.0 (iPhone; CPU iPhone OS 13_2_3 like Mac OS X) AppleWebKit/605.1.15 (KHTML, like Gecko) Version/13.0.3 Mobile/15E148 Safari/604.1"
66.249.66.192 - - [26/Dec/2025:14:06:34 +0000] "GET /?products/14163740 HTTP/1.1" 200 25521 "-" "Mozilla/5.0 (Linux; Android 6.0.1; Nexus 5X Build/MMB29P) AppleWebKit/537.36 (KHTML, like Gecko) Chrome/141.0.7390.122 Mobile Safari/537.36 (compatible; GoogleOther)"
170.10.164.126 - - [26/Dec/2025:14:07:27 +0000] "POST /wp-cron.php?doing_wp_cron=1766758047.9671111106872558593750 HTTP/1.1" 200 0 "-" "WordPress/6.8.3; https://alianzatejedorasdevida.org"
66.249.66.39 - - [26/Dec/2025:14:07:30 +0000] "GET /?products/5165862 HTTP/1.1" 200 24647 "-" "Mozilla/5.0 (Linux; Android 6.0.1; Nexus 5X Build/MMB29P) AppleWebKit/537.36 (KHTML, like Gecko) Chrome/141.0.7390.122 Mobile Safari/537.36 (compatible; GoogleOther)"
66.249.66.162 - - [26/Dec/2025:14:07:59 +0000] "GET /?products/11360806 HTTP/1.1" 200 24175 "-" "Mozilla/5.0 (Linux; Android 6.0.1; Nexus 5X Build/MMB29P) AppleWebKit/537.36 (KHTML, like Gecko) Chrome/141.0.7390.122 Mobile Safari/537.36 (compatible; GoogleOther)"
83.166.133.91 - - [26/Dec/2025:14:08:07 +0000] "POST /xmlrpc.php HTTP/1.1" 200 224 "-" "Mozilla/5.0 (Windows NT 10.0; Win64; x64; rv:92.0) Gecko/20100101 Firefox/92.0"
66.249.66.12 - - [26/Dec/2025:14:08:55 +0000] "GET /?products/28346162 HTTP/1.1" 200 25884 "-" "Mozilla/5.0 (Linux; Android 6.0.1; Nexus 5X Build/MMB29P) AppleWebKit/537.36 (KHTML, like Gecko) Chrome/141.0.7390.122 Mobile Safari/537.36 (compatible; GoogleOther)"
216.244.66.246 - - [26/Dec/2025:14:09:10 +0000] "GET /2018/03/27/comunicado-no-es-una-muerte-pasional-es-un-feminicidio/?share=facebook HTTP/1.1" 403 0 "-" "Mozilla/5.0 (compatible; DotBot/1.2; +https://opensiteexplorer.org/dotbot; help@moz.com)"
66.249.66.39 - - [26/Dec/2025:14:10:27 +0000] "GET /?products/15774340 HTTP/1.1" 200 24383 "-" "Mozilla/5.0 (Linux; Android 6.0.1; Nexus 5X Build/MMB29P) AppleWebKit/537.36 (KHTML, like Gecko) Chrome/141.0.7390.122 Mobile Safari/537.36 (compatible; Googlebot/2.1; +http://www.google.com/bot.html)"
66.249.66.75 - - [26/Dec/2025:14:10:38 +0000] "GET /?products/10561740 HTTP/1.1" 200 24520 "-" "Mozilla/5.0 (Linux; Android 6.0.1; Nexus 5X Build/MMB29P) AppleWebKit/537.36 (KHTML, like Gecko) Chrome/141.0.7390.122 Mobile Safari/537.36 (compatible; Googlebot/2.1; +http://www.google.com/bot.html)"
66.249.66.204 - - [26/Dec/2025:14:10:46 +0000] "GET /?products/6761995 HTTP/1.1" 200 24512 "-" "Mozilla/5.0 (Linux; Android 6.0.1; Nexus 5X Build/MMB29P) AppleWebKit/537.36 (KHTML, like Gecko) Chrome/141.0.7390.122 Mobile Safari/537.36 (compatible; Googlebot/2.1; +http://www.google.com/bot.html)"
66.249.66.75 - - [26/Dec/2025:14:10:54 +0000] "GET /wp-content/uploads/2023/08/13.-TdR_Fortalecimiento-de-habilidades-de-blandas_RMG.pdf HTTP/1.1" 304 0 "-" "Mozilla/5.0 (Linux; Android 6.0.1; Nexus 5X Build/MMB29P) AppleWebKit/537.36 (KHTML, like Gecko) Chrome/141.0.7390.122 Mobile Safari/537.36 (compatible; Googlebot/2.1; +http://www.google.com/bot.html)"
66.249.66.41 - - [26/Dec/2025:14:11:07 +0000] "GET /?products/6339540 HTTP/1.1" 200 26009 "-" "Mozilla/5.0 (Linux; Android 6.0.1; Nexus 5X Build/MMB29P) AppleWebKit/537.36 (KHTML, like Gecko) Chrome/141.0.7390.122 Mobile Safari/537.36 (compatible; Googlebot/2.1; +http://www.google.com/bot.html)"
66.249.66.192 - - [26/Dec/2025:14:11:45 +0000] "GET /?products/12935417 HTTP/1.1" 200 25346 "-" "Mozilla/5.0 (Linux; Android 6.0.1; Nexus 5X Build/MMB29P) AppleWebKit/537.36 (KHTML, like Gecko) Chrome/141.0.7390.122 Mobile Safari/537.36 (compatible; GoogleOther)"
66.249.66.77 - - [26/Dec/2025:14:12:22 +0000] "GET /?products/9728051 HTTP/1.1" 200 24698 "-" "Mozilla/5.0 (Linux; Android 6.0.1; Nexus 5X Build/MMB29P) AppleWebKit/537.36 (KHTML, like Gecko) Chrome/141.0.7390.122 Mobile Safari/537.36 (compatible; Googlebot/2.1; +http://www.google.com/bot.html)"
66.249.66.40 - - [26/Dec/2025:14:12:40 +0000] "GET /wp-content/uploads/2025/01/?ND HTTP/1.1" 200 1648 "-" "Mozilla/5.0 (Linux; Android 6.0.1; Nexus 5X Build/MMB29P) AppleWebKit/537.36 (KHTML, like Gecko) Chrome/141.0.7390.122 Mobile Safari/537.36 (compatible; Googlebot/2.1; +http://www.google.com/bot.html)"
66.249.66.162 - - [26/Dec/2025:14:12:41 +0000] "GET /wp-content/uploads/2019/02/ HTTP/1.1" 200 1880 "-" "Mozilla/5.0 (Linux; Android 6.0.1; Nexus 5X Build/MMB29P) AppleWebKit/537.36 (KHTML, like Gecko) Chrome/141.0.7390.122 Mobile Safari/537.36 (compatible; GoogleOther)"
66.249.66.39 - - [26/Dec/2025:14:12:59 +0000] "GET /?products/21449506 HTTP/1.1" 200 25267 "-" "Mozilla/5.0 (Linux; Android 6.0.1; Nexus 5X Build/MMB29P) AppleWebKit/537.36 (KHTML, like Gecko) Chrome/141.0.7390.122 Mobile Safari/537.36 (compatible; Googlebot/2.1; +http://www.google.com/bot.html)"
66.249.66.192 - - [26/Dec/2025:14:13:24 +0000] "GET /wp-content/uploads/2021/03/230321_GM_TdR-Profesional-Psicosocial-VF-24032021.pdf HTTP/1.1" 304 0 "-" "Mozilla/5.0 (Linux; Android 6.0.1; Nexus 5X Build/MMB29P) AppleWebKit/537.36 (KHTML, like Gecko) Chrome/141.0.7390.122 Mobile Safari/537.36 (compatible; Googlebot/2.1; +http://www.google.com/bot.html)"
66.249.66.39 - - [26/Dec/2025:14:14:34 +0000] "GET /?products/11081451 HTTP/1.1" 200 25165 "-" "Mozilla/5.0 (Linux; Android 6.0.1; Nexus 5X Build/MMB29P) AppleWebKit/537.36 (KHTML, like Gecko) Chrome/141.0.7390.122 Mobile Safari/537.36 (compatible; GoogleOther)"
66.249.66.39 - - [26/Dec/2025:14:15:40 +0000] "GET /?products/25393428 HTTP/1.1" 200 25616 "-" "Mozilla/5.0 (Linux; Android 6.0.1; Nexus 5X Build/MMB29P) AppleWebKit/537.36 (KHTML, like Gecko) Chrome/141.0.7390.122 Mobile Safari/537.36 (compatible; GoogleOther)"
159.203.102.99 - - [26/Dec/2025:14:15:48 +0000] "GET /wp-admin/css/ HTTP/1.1" 200 3615 "binance.com" "Mozilla/5.0 (Windows NT 10.0; Win64; x64) AppleWebKit/537.36 (KHTML, like Gecko) Chrome/90.0.4430.85 Safari/537.36"
159.203.102.99 - - [26/Dec/2025:14:15:56 +0000] "GET /wp-content/uploads/2025/12/ HTTP/1.1" 200 1409 "binance.com" "Mozilla/5.0 (Windows NT 10.0; Win64; x64) AppleWebKit/537.36 (KHTML, like Gecko) Chrome/90.0.4430.85 Safari/537.36"
69.171.231.20 - - [26/Dec/2025:14:04:46 +0000] "GET /2024/12/30/contratacion-de-una-consultoria-para-el-desarrollo-del-diplomado-fortalecimiento-de-la-participacion-politica-e-incidencia-de-las-mujeres-en-el-putumayo/ HTTP/2" 404 219195 "-" "facebookexternalhit/1.1 (+http://www.facebook.com/externalhit_uatext.php)"
66.249.66.39 - - [26/Dec/2025:14:05:22 +0000] "GET /?products/15480717 HTTP/1.1" 200 24725 "-" "Mozilla/5.0 (Linux; Android 6.0.1; Nexus 5X Build/MMB29P) AppleWebKit/537.36 (KHTML, like Gecko) Chrome/141.0.7390.122 Mobile Safari/537.36 (compatible; Googlebot/2.1; +http://www.google.com/bot.html)"
170.10.164.126 - - [26/Dec/2025:14:06:13 +0000] "POST /wp-cron.php?doing_wp_cron=1766757973.6475129127502441406250 HTTP/1.1" 200 0 "-" "WordPress/6.8.3; https://alianzatejedorasdevida.org"
43.130.131.18 - - [26/Dec/2025:14:06:14 +0000] "GET / HTTP/1.1" 200 63052 "https://www.alianzatejedorasdevida.org/" "Mozilla/5.0 (iPhone; CPU iPhone OS 13_2_3 like Mac OS X) AppleWebKit/605.1.15 (KHTML, like Gecko) Version/13.0.3 Mobile/15E148 Safari/604.1"
62.164.177.252 - - [26/Dec/2025:14:07:27 +0000] "POST /xmlrpc.php HTTP/1.1" 200 224 "-" "Mozilla/5.0 (Windows NT 10.0; Win64; x64; rv:140.0) Gecko/20100101 Firefox/140.0"
66.249.66.77 - - [26/Dec/2025:14:07:50 +0000] "GET /?products/28038795 HTTP/1.1" 200 25287 "-" "Mozilla/5.0 (Linux; Android 6.0.1; Nexus 5X Build/MMB29P) AppleWebKit/537.36 (KHTML, like Gecko) Chrome/141.0.7390.122 Mobile Safari/537.36 (compatible; Googlebot/2.1; +http://www.google.com/bot.html)"
170.10.164.126 - - [26/Dec/2025:14:08:08 +0000] "POST /wp-cron.php?doing_wp_cron=1766758088.1148929595947265625000 HTTP/1.1" 200 0 "-" "WordPress/6.8.3; https://alianzatejedorasdevida.org"
66.249.66.161 - - [26/Dec/2025:14:10:32 +0000] "GET /?products/6017773 HTTP/1.1" 200 23910 "-" "Mozilla/5.0 (Linux; Android 6.0.1; Nexus 5X Build/MMB29P) AppleWebKit/537.36 (KHTML, like Gecko) Chrome/141.0.7390.122 Mobile Safari/537.36 (compatible; Googlebot/2.1; +http://www.google.com/bot.html)"
66.249.66.39 - - [26/Dec/2025:14:12:42 +0000] "GET /wp-content/uploads/2019/05/ HTTP/1.1" 200 1611 "-" "Mozilla/5.0 (Linux; Android 6.0.1; Nexus 5X Build/MMB29P) AppleWebKit/537.36 (KHTML, like Gecko) Chrome/141.0.7390.122 Mobile Safari/537.36 (compatible; GoogleOther)"
66.249.66.163 - - [26/Dec/2025:14:13:09 +0000] "GET /wp-content/uploads/2023/08/FORTALECIMIENTO-HABILIDADES-ATV.jpg HTTP/1.1" 200 330250 "-" "Googlebot-Image/1.0"
66.249.66.161 - - [26/Dec/2025:14:13:37 +0000] "GET /?products/14739851 HTTP/1.1" 200 25489 "-" "Mozilla/5.0 (Linux; Android 6.0.1; Nexus 5X Build/MMB29P) AppleWebKit/537.36 (KHTML, like Gecko) Chrome/141.0.7390.122 Mobile Safari/537.36 (compatible; GoogleOther)"
66.249.66.192 - - [26/Dec/2025:14:14:11 +0000] "GET /?products/25591106 HTTP/1.1" 200 26181 "-" "Mozilla/5.0 (Linux; Android 6.0.1; Nexus 5X Build/MMB29P) AppleWebKit/537.36 (KHTML, like Gecko) Chrome/141.0.7390.122 Mobile Safari/537.36 (compatible; GoogleOther)"
159.203.102.99 - - [26/Dec/2025:14:16:04 +0000] "GET /wp-content/uploads/2025/11/ HTTP/1.1" 200 1385 "binance.com" "Mozilla/5.0 (Windows NT 10.0; Win64; x64) AppleWebKit/537.36 (KHTML, like Gecko) Chrome/90.0.4430.85 Safari/537.36"
159.203.102.99 - - [26/Dec/2025:14:16:10 +0000] "GET /wp-content/uploads/ HTTP/1.1" 200 1984 "binance.com" "Mozilla/5.0 (Windows NT 10.0; Win64; x64) AppleWebKit/537.36 (KHTML, like Gecko) Chrome/90.0.4430.85 Safari/537.36"
159.203.102.99 - - [26/Dec/2025:14:16:16 +0000] "GET /wp-content/upgrade/ HTTP/1.1" 200 687 "binance.com" "Mozilla/5.0 (Windows NT 10.0; Win64; x64) AppleWebKit/537.36 (KHTML, like Gecko) Chrome/90.0.4430.85 Safari/537.36"
66.249.66.77 - - [26/Dec/2025:14:16:20 +0000] "GET /?products/23873184 HTTP/1.1" 200 25097 "-" "Mozilla/5.0 (Linux; Android 6.0.1; Nexus 5X Build/MMB29P) AppleWebKit/537.36 (KHTML, like Gecko) Chrome/141.0.7390.122 Mobile Safari/537.36 (compatible; Googlebot/2.1; +http://www.google.com/bot.html)"
66.249.66.40 - - [26/Dec/2025:14:01:35 +0000] "GET /?ctg/search/similarImageSearchResultView/?ctgItemCd=48830202 HTTP/1.1" 200 25567 "-" "Mozilla/5.0 (Linux; Android 6.0.1; Nexus 5X Build/MMB29P) AppleWebKit/537.36 (KHTML, like Gecko) Chrome/141.0.7390.122 Mobile Safari/537.36 (compatible; Googlebot/2.1; +http://www.google.com/bot.html)"
216.244.66.246 - - [26/Dec/2025:14:03:32 +0000] "GET /robots.txt HTTP/1.1" 200 81 "-" "Mozilla/5.0 (compatible; DotBot/1.2; +https://opensiteexplorer.org/dotbot; help@moz.com)"
110.249.201.206 - - [26/Dec/2025:14:03:41 +0000] "GET /robots.txt HTTP/1.1" 200 81 "-" "Mozilla/5.0 (Linux; Android 5.0) AppleWebKit/537.36 (KHTML, like Gecko) Mobile Safari/537.36 (compatible; Bytespider; https://zhanzhang.toutiao.com/)"
170.10.164.126 - - [26/Dec/2025:14:04:47 +0000] "POST /wp-cron.php?doing_wp_cron=1766757887.1766440868377685546875 HTTP/1.1" 200 0 "-" "WordPress/6.8.3; https://alianzatejedorasdevida.org"
66.249.66.204 - - [26/Dec/2025:14:05:04 +0000] "GET /?products/15480717 HTTP/1.1" 200 24725 "-" "Mozilla/5.0 (Linux; Android 6.0.1; Nexus 5X Build/MMB29P) AppleWebKit/537.36 (KHTML, like Gecko) Chrome/141.0.7390.122 Mobile Safari/537.36 (compatible; GoogleOther)"
66.249.66.204 - - [26/Dec/2025:14:05:06 +0000] "GET /?products/24831640 HTTP/1.1" 200 24709 "-" "Mozilla/5.0 (Linux; Android 6.0.1; Nexus 5X Build/MMB29P) AppleWebKit/537.36 (KHTML, like Gecko) Chrome/141.0.7390.122 Mobile Safari/537.36 (compatible; GoogleOther)"
66.249.66.204 - - [26/Dec/2025:14:05:10 +0000] "GET /?products/15280028 HTTP/1.1" 200 26415 "-" "Mozilla/5.0 (Linux; Android 6.0.1; Nexus 5X Build/MMB29P) AppleWebKit/537.36 (KHTML, like Gecko) Chrome/141.0.7390.122 Mobile Safari/537.36 (compatible; GoogleOther)"
66.249.66.193 - - [26/Dec/2025:14:06:30 +0000] "GET /?products/8228451 HTTP/1.1" 200 25631 "-" "Mozilla/5.0 (Linux; Android 6.0.1; Nexus 5X Build/MMB29P) AppleWebKit/537.36 (KHTML, like Gecko) Chrome/141.0.7390.122 Mobile Safari/537.36 (compatible; Googlebot/2.1; +http://www.google.com/bot.html)"
66.249.66.76 - - [26/Dec/2025:14:07:54 +0000] "GET /?products/20860328 HTTP/1.1" 200 26014 "-" "Mozilla/5.0 (Linux; Android 6.0.1; Nexus 5X Build/MMB29P) AppleWebKit/537.36 (KHTML, like Gecko) Chrome/141.0.7390.122 Mobile Safari/537.36 (compatible; Googlebot/2.1; +http://www.google.com/bot.html)"
66.249.66.75 - - [26/Dec/2025:14:08:59 +0000] "GET /?products/5285606 HTTP/1.1" 200 25610 "-" "Mozilla/5.0 (Linux; Android 6.0.1; Nexus 5X Build/MMB29P) AppleWebKit/537.36 (KHTML, like Gecko) Chrome/141.0.7390.122 Mobile Safari/537.36 (compatible; GoogleOther)"
66.249.66.39 - - [26/Dec/2025:14:10:20 +0000] "GET /?products/12659539 HTTP/1.1" 200 25009 "-" "Mozilla/5.0 (Linux; Android 6.0.1; Nexus 5X Build/MMB29P) AppleWebKit/537.36 (KHTML, like Gecko) Chrome/141.0.7390.122 Mobile Safari/537.36 (compatible; GoogleOther)"
216.244.66.246 - - [26/Dec/2025:14:13:27 +0000] "GET /wp-content/uploads/real3d-flipbook/flipbook%205/?MD HTTP/1.1" 403 0 "-" "Mozilla/5.0 (compatible; DotBot/1.2; +https://opensiteexplorer.org/dotbot; help@moz.com)"
66.249.66.161 - - [26/Dec/2025:14:14:00 +0000] "GET /?products/3043462 HTTP/1.1" 200 25045 "-" "Mozilla/5.0 (Linux; Android 6.0.1; Nexus 5X Build/MMB29P) AppleWebKit/537.36 (KHTML, like Gecko) Chrome/141.0.7390.122 Mobile Safari/537.36 (compatible; Googlebot/2.1; +http://www.google.com/bot.html)"
66.249.66.192 - - [26/Dec/2025:14:15:59 +0000] "GET /?products/12169739 HTTP/1.1" 200 25813 "-" "Mozilla/5.0 (Linux; Android 6.0.1; Nexus 5X Build/MMB29P) AppleWebKit/537.36 (KHTML, like Gecko) Chrome/141.0.7390.122 Mobile Safari/537.36 (compatible; GoogleOther)"
51.161.37.105 - - [26/Dec/2025:14:16:17 +0000] "GET /author/editor/page/56/ HTTP/2" 403 0 "-" "Mozilla/5.0 (compatible; AhrefsBot/7.0; +http://ahrefs.com/robot/)"
159.203.102.99 - - [26/Dec/2025:14:16:23 +0000] "GET /wp-content/languages/ HTTP/1.1" 200 3861 "binance.com" "Mozilla/5.0 (Windows NT 10.0; Win64; x64) AppleWebKit/537.36 (KHTML, like Gecko) Chrome/90.0.4430.85 Safari/537.36"
66.249.66.204 - - [26/Dec/2025:14:16:25 +0000] "GET /?products/25359139 HTTP/1.1" 200 25243 "-" "Mozilla/5.0 (Linux; Android 6.0.1; Nexus 5X Build/MMB29P) AppleWebKit/537.36 (KHTML, like Gecko) Chrome/141.0.7390.122 Mobile Safari/537.36 (compatible; Googlebot/2.1; +http://www.google.com/bot.html)"
66.249.66.75 - - [26/Dec/2025:14:16:31 +0000] "GET /?products/9564062 HTTP/1.1" 200 24550 "-" "Mozilla/5.0 (Linux; Android 6.0.1; Nexus 5X Build/MMB29P) AppleWebKit/537.36 (KHTML, like Gecko) Chrome/141.0.7390.122 Mobile Safari/537.36 (compatible; Googlebot/2.1; +http://www.google.com/bot.html)"
159.203.102.99 - - [26/Dec/2025:14:16:36 +0000] "GET /wp-content/languages/admin-es_ES.l10n.php HTTP/1.1" 200 0 "binance.com" "Mozilla/5.0 (Windows NT 10.0; Win64; x64) AppleWebKit/537.36 (KHTML, like Gecko) Chrome/90.0.4430.85 Safari/537.36"
159.203.102.99 - - [26/Dec/2025:14:16:49 +0000] "GET /wp-content/languages/continents-cities-es_ES.l10n.php HTTP/1.1" 200 0 "binance.com" "Mozilla/5.0 (Windows NT 10.0; Win64; x64) AppleWebKit/537.36 (KHTML, like Gecko) Chrome/90.0.4430.85 Safari/537.36"
159.203.102.99 - - [26/Dec/2025:14:17:23 +0000] "GET /wp-admin/maint/ HTTP/1.1" 200 838 "binance.com" "Mozilla/5.0 (Windows NT 10.0; Win64; x64) AppleWebKit/537.36 (KHTML, like Gecko) Chrome/90.0.4430.85 Safari/537.36"
159.203.102.99 - - [26/Dec/2025:14:17:45 +0000] "GET /wp-admin/user/ HTTP/1.1" 302 0 "binance.com" "Mozilla/5.0 (Windows NT 10.0; Win64; x64) AppleWebKit/537.36 (KHTML, like Gecko) Chrome/90.0.4430.85 Safari/537.36"
159.203.102.99 - - [26/Dec/2025:14:17:46 +0000] "GET /wp-login.php?redirect_to=https%3A%2F%2Falianzatejedorasdevida.org%2Fwp-admin%2Fuser%2F&reauth=1 HTTP/1.1" 200 25240 "binance.com" "Mozilla/5.0 (Windows NT 10.0; Win64; x64) AppleWebKit/537.36 (KHTML, like Gecko) Chrome/90.0.4430.85 Safari/537.36"
66.249.66.13 - - [26/Dec/2025:14:17:54 +0000] "GET /?products/12894562 HTTP/1.1" 200 29486 "-" "Mozilla/5.0 (Linux; Android 6.0.1; Nexus 5X Build/MMB29P) AppleWebKit/537.36 (KHTML, like Gecko) Chrome/141.0.7390.122 Mobile Safari/537.36 (compatible; GoogleOther)"
159.203.102.99 - - [26/Dec/2025:14:18:13 +0000] "GET /wp-admin/css/colors/blue/ HTTP/1.1" 200 1256 "binance.com" "Mozilla/5.0 (Windows NT 10.0; Win64; x64) AppleWebKit/537.36 (KHTML, like Gecko) Chrome/90.0.4430.85 Safari/537.36"
159.203.102.99 - - [26/Dec/2025:14:18:38 +0000] "GET /wp-admin/css/colors/light/ HTTP/1.1" 200 889 "binance.com" "Mozilla/5.0 (Windows NT 10.0; Win64; x64) AppleWebKit/537.36 (KHTML, like Gecko) Chrome/90.0.4430.85 Safari/537.36"
159.203.102.99 - - [26/Dec/2025:14:18:42 +0000] "GET /wp-admin/css/colors/midnight/ HTTP/1.1" 200 891 "binance.com" "Mozilla/5.0 (Windows NT 10.0; Win64; x64) AppleWebKit/537.36 (KHTML, like Gecko) Chrome/90.0.4430.85 Safari/537.36"
159.203.102.99 - - [26/Dec/2025:14:18:46 +0000] "GET /wp-admin/css/colors/modern/ HTTP/1.1" 200 892 "binance.com" "Mozilla/5.0 (Windows NT 10.0; Win64; x64) AppleWebKit/537.36 (KHTML, like Gecko) Chrome/90.0.4430.85 Safari/537.36"
159.203.102.99 - - [26/Dec/2025:14:18:48 +0000] "GET /wp-admin/css/colors/ocean/ HTTP/1.1" 200 888 "binance.com" "Mozilla/5.0 (Windows NT 10.0; Win64; x64) AppleWebKit/537.36 (KHTML, like Gecko) Chrome/90.0.4430.85 Safari/537.36"
159.203.102.99 - - [26/Dec/2025:14:19:12 +0000] "GET /wp-admin/js/ HTTP/1.1" 200 3879 "binance.com" "Mozilla/5.0 (Windows NT 10.0; Win64; x64) AppleWebKit/537.36 (KHTML, like Gecko) Chrome/90.0.4430.85 Safari/537.36"
159.203.102.99 - - [26/Dec/2025:14:19:27 +0000] "GET /wp-includes/ HTTP/1.1" 200 9677 "binance.com" "Mozilla/5.0 (Windows NT 10.0; Win64; x64) AppleWebKit/537.36 (KHTML, like Gecko) Chrome/90.0.4430.85 Safari/537.36"
66.249.66.204 - - [26/Dec/2025:14:19:36 +0000] "GET /?products/14090273 HTTP/1.1" 200 24748 "-" "Mozilla/5.0 (Linux; Android 6.0.1; Nexus 5X Build/MMB29P) AppleWebKit/537.36 (KHTML, like Gecko) Chrome/141.0.7390.122 Mobile Safari/537.36 (compatible; Googlebot/2.1; +http://www.google.com/bot.html)"
159.203.102.99 - - [26/Dec/2025:14:16:31 +0000] "GET /wp-content/languages/ HTTP/1.1" 200 3861 "binance.com" "Mozilla/5.0 (Windows NT 10.0; Win64; x64) AppleWebKit/537.36 (KHTML, like Gecko) Chrome/90.0.4430.85 Safari/537.36"
159.203.102.99 - - [26/Dec/2025:14:16:43 +0000] "GET /wp-content/languages/admin-network-es_ES.l10n.php HTTP/1.1" 200 0 "binance.com" "Mozilla/5.0 (Windows NT 10.0; Win64; x64) AppleWebKit/537.36 (KHTML, like Gecko) Chrome/90.0.4430.85 Safari/537.36"
216.73.216.146 - - [26/Dec/2025:14:16:51 +0000] "GET /sitemap_index.xml HTTP/2" 403 0 "-" "Mozilla/5.0 AppleWebKit/537.36 (KHTML, like Gecko; compatible; ClaudeBot/1.0; +claudebot@anthropic.com)"
159.203.102.99 - - [26/Dec/2025:14:16:56 +0000] "GET /wp-content/languages/es_ES.l10n.php HTTP/1.1" 200 0 "binance.com" "Mozilla/5.0 (Windows NT 10.0; Win64; x64) AppleWebKit/537.36 (KHTML, like Gecko) Chrome/90.0.4430.85 Safari/537.36"
66.249.66.41 - - [26/Dec/2025:14:17:23 +0000] "GET /?products/8876295 HTTP/1.1" 200 24726 "-" "Mozilla/5.0 (Linux; Android 6.0.1; Nexus 5X Build/MMB29P) AppleWebKit/537.36 (KHTML, like Gecko) Chrome/141.0.7390.122 Mobile Safari/537.36 (compatible; GoogleOther)"
159.203.102.99 - - [26/Dec/2025:14:17:30 +0000] "GET /wp-admin/maint/ HTTP/1.1" 200 838 "binance.com" "Mozilla/5.0 (Windows NT 10.0; Win64; x64) AppleWebKit/537.36 (KHTML, like Gecko) Chrome/90.0.4430.85 Safari/537.36"
159.203.102.99 - - [26/Dec/2025:14:18:03 +0000] "GET /wp-admin/css/colors/ HTTP/1.1" 200 1355 "binance.com" "Mozilla/5.0 (Windows NT 10.0; Win64; x64) AppleWebKit/537.36 (KHTML, like Gecko) Chrome/90.0.4430.85 Safari/537.36"
216.73.216.146 - - [26/Dec/2025:14:18:08 +0000] "GET /tag/putumayo HTTP/2" 403 0 "-" "Mozilla/5.0 AppleWebKit/537.36 (KHTML, like Gecko; compatible; ClaudeBot/1.0; +claudebot@anthropic.com)"
159.203.102.99 - - [26/Dec/2025:14:18:24 +0000] "GET /wp-admin/css/colors/coffee/ HTTP/1.1" 200 887 "binance.com" "Mozilla/5.0 (Windows NT 10.0; Win64; x64) AppleWebKit/537.36 (KHTML, like Gecko) Chrome/90.0.4430.85 Safari/537.36"
159.203.102.99 - - [26/Dec/2025:14:18:33 +0000] "GET /wp-admin/css/colors/ectoplasm/ HTTP/1.1" 200 894 "binance.com" "Mozilla/5.0 (Windows NT 10.0; Win64; x64) AppleWebKit/537.36 (KHTML, like Gecko) Chrome/90.0.4430.85 Safari/537.36"
170.10.164.126 - - [26/Dec/2025:14:18:52 +0000] "POST /wp-cron.php?doing_wp_cron=1766758732.1279668807983398437500 HTTP/1.1" 200 0 "-" "WordPress/6.8.3; https://alianzatejedorasdevida.org"
159.203.102.99 - - [26/Dec/2025:14:19:04 +0000] "GET /wp-admin/images/ HTTP/1.1" 200 3342 "binance.com" "Mozilla/5.0 (Windows NT 10.0; Win64; x64) AppleWebKit/537.36 (KHTML, like Gecko) Chrome/90.0.4430.85 Safari/537.36"
66.249.66.75 - - [26/Dec/2025:14:19:21 +0000] "GET /?products/21172451 HTTP/1.1" 200 25976 "-" "Mozilla/5.0 (Linux; Android 6.0.1; Nexus 5X Build/MMB29P) AppleWebKit/537.36 (KHTML, like Gecko) Chrome/141.0.7390.122 Mobile Safari/537.36 (compatible; Googlebot/2.1; +http://www.google.com/bot.html)"
66.249.66.75 - - [26/Dec/2025:14:19:28 +0000] "GET /?products/21109395 HTTP/1.1" 200 23769 "-" "Mozilla/5.0 (Linux; Android 6.0.1; Nexus 5X Build/MMB29P) AppleWebKit/537.36 (KHTML, like Gecko) Chrome/141.0.7390.122 Mobile Safari/537.36 (compatible; Googlebot/2.1; +http://www.google.com/bot.html)"
159.203.102.99 - - [26/Dec/2025:14:19:43 +0000] "GET /wp-includes/block-bindings.php HTTP/1.1" 200 0 "binance.com" "Mozilla/5.0 (Windows NT 10.0; Win64; x64) AppleWebKit/537.36 (KHTML, like Gecko) Chrome/90.0.4430.85 Safari/537.36"
66.249.66.204 - - [26/Dec/2025:14:19:44 +0000] "GET /?products/7893628 HTTP/1.1" 200 24373 "-" "Mozilla/5.0 (Linux; Android 6.0.1; Nexus 5X Build/MMB29P) AppleWebKit/537.36 (KHTML, like Gecko) Chrome/141.0.7390.122 Mobile Safari/537.36 (compatible; GoogleOther)"
66.249.66.77 - - [26/Dec/2025:14:20:07 +0000] "GET /?products/4693451 HTTP/1.1" 200 25291 "-" "Mozilla/5.0 (Linux; Android 6.0.1; Nexus 5X Build/MMB29P) AppleWebKit/537.36 (KHTML, like Gecko) Chrome/141.0.7390.122 Mobile Safari/537.36 (compatible; GoogleOther)"
66.249.66.162 - - [26/Dec/2025:14:16:20 +0000] "GET /?products/30495817 HTTP/1.1" 200 26403 "-" "Mozilla/5.0 (Linux; Android 6.0.1; Nexus 5X Build/MMB29P) AppleWebKit/537.36 (KHTML, like Gecko) Chrome/141.0.7390.122 Mobile Safari/537.36 (compatible; Googlebot/2.1; +http://www.google.com/bot.html)"
159.203.102.99 - - [26/Dec/2025:14:17:01 +0000] "GET /wp-admin/includes/ HTTP/1.1" 200 4457 "binance.com" "Mozilla/5.0 (Windows NT 10.0; Win64; x64) AppleWebKit/537.36 (KHTML, like Gecko) Chrome/90.0.4430.85 Safari/537.36"
159.203.102.99 - - [26/Dec/2025:14:17:14 +0000] "GET /wp-admin/includes/ HTTP/1.1" 200 4491 "binance.com" "Mozilla/5.0 (Windows NT 10.0; Win64; x64) AppleWebKit/537.36 (KHTML, like Gecko) Chrome/90.0.4430.85 Safari/537.36"
66.249.66.193 - - [26/Dec/2025:14:17:26 +0000] "GET /?products/7135906 HTTP/1.1" 200 26071 "-" "Mozilla/5.0 (Linux; Android 6.0.1; Nexus 5X Build/MMB29P) AppleWebKit/537.36 (KHTML, like Gecko) Chrome/141.0.7390.122 Mobile Safari/537.36 (compatible; Googlebot/2.1; +http://www.google.com/bot.html)"
170.10.164.126 - - [26/Dec/2025:14:17:37 +0000] "POST /wp-cron.php?doing_wp_cron=1766758657.2100920677185058593750 HTTP/1.1" 200 0 "-" "WordPress/6.8.3; https://alianzatejedorasdevida.org"
159.203.102.99 - - [26/Dec/2025:14:17:36 +0000] "GET /wp-admin/network/ HTTP/1.1" 302 0 "binance.com" "Mozilla/5.0 (Windows NT 10.0; Win64; x64) AppleWebKit/537.36 (KHTML, like Gecko) Chrome/90.0.4430.85 Safari/537.36"
159.203.102.99 - - [26/Dec/2025:14:17:37 +0000] "GET /wp-login.php?redirect_to=https%3A%2F%2Falianzatejedorasdevida.org%2Fwp-admin%2Fnetwork%2F&reauth=1 HTTP/1.1" 200 25244 "binance.com" "Mozilla/5.0 (Windows NT 10.0; Win64; x64) AppleWebKit/537.36 (KHTML, like Gecko) Chrome/90.0.4430.85 Safari/537.36"
159.203.102.99 - - [26/Dec/2025:14:17:55 +0000] "GET /wp-admin/css/ HTTP/1.1" 200 3634 "binance.com" "Mozilla/5.0 (Windows NT 10.0; Win64; x64) AppleWebKit/537.36 (KHTML, like Gecko) Chrome/90.0.4430.85 Safari/537.36"
66.249.66.42 - - [26/Dec/2025:14:18:48 +0000] "GET /?products/9790528 HTTP/1.1" 200 25508 "-" "Mozilla/5.0 (Linux; Android 6.0.1; Nexus 5X Build/MMB29P) AppleWebKit/537.36 (KHTML, like Gecko) Chrome/141.0.7390.122 Mobile Safari/537.36 (compatible; GoogleOther)"
159.203.102.99 - - [26/Dec/2025:14:18:51 +0000] "GET /wp-admin/css/colors/sunrise/%20 HTTP/1.1" 301 346 "binance.com" "Mozilla/5.0 (Windows NT 10.0; Win64; x64) AppleWebKit/537.36 (KHTML, like Gecko) Chrome/90.0.4430.85 Safari/537.36"
159.203.102.99 - - [26/Dec/2025:14:18:52 +0000] "GET /wp-admin/css/colors/sunrise/ HTTP/1.1" 200 890 "binance.com" "Mozilla/5.0 (Windows NT 10.0; Win64; x64) AppleWebKit/537.36 (KHTML, like Gecko) Chrome/90.0.4430.85 Safari/537.36"
159.203.102.99 - - [26/Dec/2025:14:19:19 +0000] "GET /wp-admin/js/widgets/ HTTP/1.1" 200 1555 "binance.com" "Mozilla/5.0 (Windows NT 10.0; Win64; x64) AppleWebKit/537.36 (KHTML, like Gecko) Chrome/90.0.4430.85 Safari/537.36"
159.203.102.99 - - [26/Dec/2025:14:20:15 +0000] "GET /wp-includes/block-template.php HTTP/1.1" 200 0 "binance.com" "Mozilla/5.0 (Windows NT 10.0; Win64; x64) AppleWebKit/537.36 (KHTML, like Gecko) Chrome/90.0.4430.85 Safari/537.36"
