66.249.66.161 - - [26/Dec/2025:12:56:12 +0000] "GET /?products/8988573 HTTP/1.1" 200 25456 "-" "Mozilla/5.0 (Linux; Android 6.0.1; Nexus 5X Build/MMB29P) AppleWebKit/537.36 (KHTML, like Gecko) Chrome/141.0.7390.122 Mobile Safari/537.36 (compatible; GoogleOther)"
66.249.66.12 - - [26/Dec/2025:12:56:20 +0000] "GET /?products/7554362 HTTP/1.1" 200 25617 "-" "Mozilla/5.0 (Linux; Android 6.0.1; Nexus 5X Build/MMB29P) AppleWebKit/537.36 (KHTML, like Gecko) Chrome/141.0.7390.122 Mobile Safari/537.36 (compatible; Googlebot/2.1; +http://www.google.com/bot.html)"
66.249.66.75 - - [26/Dec/2025:12:56:37 +0000] "GET /wp-content/uploads/2024/11/?MD HTTP/1.1" 200 1931 "-" "Mozilla/5.0 (Linux; Android 6.0.1; Nexus 5X Build/MMB29P) AppleWebKit/537.36 (KHTML, like Gecko) Chrome/141.0.7390.122 Mobile Safari/537.36 (compatible; Googlebot/2.1; +http://www.google.com/bot.html)"
66.249.66.39 - - [26/Dec/2025:12:56:51 +0000] "GET /?products/20373184 HTTP/1.1" 200 25365 "-" "Mozilla/5.0 (Linux; Android 6.0.1; Nexus 5X Build/MMB29P) AppleWebKit/537.36 (KHTML, like Gecko) Chrome/141.0.7390.122 Mobile Safari/537.36 (compatible; GoogleOther)"
66.249.66.204 - - [26/Dec/2025:12:57:26 +0000] "GET /?products/7196428 HTTP/1.1" 200 24992 "-" "Mozilla/5.0 (Linux; Android 6.0.1; Nexus 5X Build/MMB29P) AppleWebKit/537.36 (KHTML, like Gecko) Chrome/141.0.7390.122 Mobile Safari/537.36 (compatible; Googlebot/2.1; +http://www.google.com/bot.html)"
51.91.254.43 - - [26/Dec/2025:12:57:28 +0000] "GET /convocatoria-laboral-asistente-legal/ HTTP/1.1" 200 50429 "-" "Mozilla/5.0 (Windows NT 10.0; Win64; x64) AppleWebKit/537.36 (KHTML, like Gecko) Chrome/139.0.0.0 Safari/537.36"
66.249.66.161 - - [26/Dec/2025:12:58:26 +0000] "GET /?products/2490173 HTTP/1.1" 200 25820 "-" "Mozilla/5.0 (Linux; Android 6.0.1; Nexus 5X Build/MMB29P) AppleWebKit/537.36 (KHTML, like Gecko) Chrome/141.0.7390.122 Mobile Safari/537.36 (compatible; Googlebot/2.1; +http://www.google.com/bot.html)"
66.249.66.39 - - [26/Dec/2025:12:58:30 +0000] "GET /?products/13499728 HTTP/1.1" 200 25307 "-" "Mozilla/5.0 (Linux; Android 6.0.1; Nexus 5X Build/MMB29P) AppleWebKit/537.36 (KHTML, like Gecko) Chrome/141.0.7390.122 Mobile Safari/537.36 (compatible; Googlebot/2.1; +http://www.google.com/bot.html)"
54.37.23.100 - - [26/Dec/2025:12:58:39 +0000] "GET /wp-content/uploads/2025/08/mision_vision.jpg HTTP/1.1" 200 37125 "-" "python-urllib3/1.26.18"
66.249.66.39 - - [26/Dec/2025:12:56:46 +0000] "GET /ejes-estrategicos HTTP/1.1" 200 24838 "-" "Mozilla/5.0 (Linux; Android 6.0.1; Nexus 5X Build/MMB29P) AppleWebKit/537.36 (KHTML, like Gecko) Chrome/141.0.7390.122 Mobile Safari/537.36 (compatible; Googlebot/2.1; +http://www.google.com/bot.html)"
151.80.133.111 - - [26/Dec/2025:12:57:04 +0000] "GET /convocatoria-laboral-psicologoa/ HTTP/1.1" 200 50605 "-" "Mozilla/5.0 (Windows NT 10.0; Win64; x64) AppleWebKit/537.36 (KHTML, like Gecko) Chrome/139.0.0.0 Safari/537.36"
170.10.164.126 - - [26/Dec/2025:12:57:07 +0000] "POST /wp-cron.php?doing_wp_cron=1766753827.2557699680328369140625 HTTP/1.1" 200 0 "-" "WordPress/6.8.3; https://alianzatejedorasdevida.org"
66.249.66.161 - - [26/Dec/2025:12:57:50 +0000] "GET /?products/23945606 HTTP/1.1" 200 28572 "-" "Mozilla/5.0 (Linux; Android 6.0.1; Nexus 5X Build/MMB29P) AppleWebKit/537.36 (KHTML, like Gecko) Chrome/141.0.7390.122 Mobile Safari/537.36 (compatible; GoogleOther)"
66.249.66.192 - - [26/Dec/2025:12:58:00 +0000] "GET /wp-content/uploads/2024/03/Sistematizacion-comunicaciones-OBJ.1-MT-Final.pdf HTTP/1.1" 304 0 "-" "Mozilla/5.0 (Linux; Android 6.0.1; Nexus 5X Build/MMB29P) AppleWebKit/537.36 (KHTML, like Gecko) Chrome/141.0.7390.122 Mobile Safari/537.36 (compatible; Googlebot/2.1; +http://www.google.com/bot.html)"
66.249.66.40 - - [26/Dec/2025:12:58:16 +0000] "GET /?products/9239406 HTTP/1.1" 200 26252 "-" "Mozilla/5.0 (Linux; Android 6.0.1; Nexus 5X Build/MMB29P) AppleWebKit/537.36 (KHTML, like Gecko) Chrome/141.0.7390.122 Mobile Safari/537.36 (compatible; Googlebot/2.1; +http://www.google.com/bot.html)"
66.249.66.12 - - [26/Dec/2025:12:58:38 +0000] "GET /?products/9077739 HTTP/1.1" 200 24641 "-" "Mozilla/5.0 (Linux; Android 6.0.1; Nexus 5X Build/MMB29P) AppleWebKit/537.36 (KHTML, like Gecko) Chrome/141.0.7390.122 Mobile Safari/537.36 (compatible; Googlebot/2.1; +http://www.google.com/bot.html)"
66.249.66.192 - - [26/Dec/2025:12:59:20 +0000] "GET /resultados-orito/ HTTP/1.1" 200 25787 "-" "Mozilla/5.0 (Linux; Android 6.0.1; Nexus 5X Build/MMB29P) AppleWebKit/537.36 (KHTML, like Gecko) Chrome/141.0.7390.122 Mobile Safari/537.36 (compatible; Googlebot/2.1; +http://www.google.com/bot.html)"
66.249.66.39 - - [26/Dec/2025:12:59:49 +0000] "GET /?products/21073473 HTTP/1.1" 200 24678 "-" "Mozilla/5.0 (Linux; Android 6.0.1; Nexus 5X Build/MMB29P) AppleWebKit/537.36 (KHTML, like Gecko) Chrome/141.0.7390.122 Mobile Safari/537.36 (compatible; GoogleOther)"
66.249.66.162 - - [26/Dec/2025:13:00:02 +0000] "GET /?products/23025662 HTTP/1.1" 200 27416 "-" "Mozilla/5.0 (Linux; Android 6.0.1; Nexus 5X Build/MMB29P) AppleWebKit/537.36 (KHTML, like Gecko) Chrome/141.0.7390.122 Mobile Safari/537.36 (compatible; Googlebot/2.1; +http://www.google.com/bot.html)"
170.10.164.126 - - [26/Dec/2025:13:00:39 +0000] "POST /wp-cron.php?doing_wp_cron=1766754039.5354979038238525390625 HTTP/1.1" 200 0 "-" "WordPress/6.8.3; https://alianzatejedorasdevida.org"
157.245.107.90 - - [26/Dec/2025:13:00:38 +0000] "POST /xmlrpc.php HTTP/1.1" 200 224 "-" "Mozilla/5.0 (Windows NT 10.0; Win64; x64; rv:94.0) Gecko/20100101 Firefox/94.0"
66.249.66.204 - - [26/Dec/2025:13:01:15 +0000] "GET /?products/24438040 HTTP/1.1" 200 24411 "-" "Mozilla/5.0 (Linux; Android 6.0.1; Nexus 5X Build/MMB29P) AppleWebKit/537.36 (KHTML, like Gecko) Chrome/141.0.7390.122 Mobile Safari/537.36 (compatible; Googlebot/2.1; +http://www.google.com/bot.html)"
66.249.66.39 - - [26/Dec/2025:13:01:30 +0000] "GET /?products/2093828 HTTP/1.1" 200 25571 "-" "Mozilla/5.0 (Linux; Android 6.0.1; Nexus 5X Build/MMB29P) AppleWebKit/537.36 (KHTML, like Gecko) Chrome/141.0.7390.122 Mobile Safari/537.36 (compatible; Googlebot/2.1; +http://www.google.com/bot.html)"
66.249.66.201 - - [26/Dec/2025:13:01:47 +0000] "GET /wp-content/uploads/2020/10/TdR-IMPRESION-KITS.pdf HTTP/1.1" 304 0 "-" "Mozilla/5.0 (Linux; Android 6.0.1; Nexus 5X Build/MMB29P) AppleWebKit/537.36 (KHTML, like Gecko) Chrome/141.0.7390.122 Mobile Safari/537.36 (compatible; Googlebot/2.1; +http://www.google.com/bot.html)"
66.249.66.12 - - [26/Dec/2025:12:57:35 +0000] "GET /wp-content/uploads/2025/01/ HTTP/1.1" 200 1633 "-" "Mozilla/5.0 (Linux; Android 6.0.1; Nexus 5X Build/MMB29P) AppleWebKit/537.36 (KHTML, like Gecko) Chrome/141.0.7390.122 Mobile Safari/537.36 (compatible; Googlebot/2.1; +http://www.google.com/bot.html)"
66.249.66.12 - - [26/Dec/2025:12:57:42 +0000] "GET /wp-content/uploads/2022/11/Blanco-Naranja-Parrillada-Fiesta-del-Barrio-Invitacion-600x600.jpg HTTP/1.1" 200 87856 "-" "Googlebot-Image/1.0"
54.37.23.100 - - [26/Dec/2025:12:58:27 +0000] "GET /wp-content/uploads/2024/05/5.png HTTP/1.1" 200 764746 "-" "python-urllib3/1.26.18"
66.249.66.76 - - [26/Dec/2025:12:59:18 +0000] "GET /?products/19873695 HTTP/1.1" 200 24838 "-" "Mozilla/5.0 (Linux; Android 6.0.1; Nexus 5X Build/MMB29P) AppleWebKit/537.36 (KHTML, like Gecko) Chrome/141.0.7390.122 Mobile Safari/537.36 (compatible; Googlebot/2.1; +http://www.google.com/bot.html)"
66.249.66.161 - - [26/Dec/2025:12:59:53 +0000] "GET /?products/9491862 HTTP/1.1" 200 24699 "-" "Mozilla/5.0 (Linux; Android 6.0.1; Nexus 5X Build/MMB29P) AppleWebKit/537.36 (KHTML, like Gecko) Chrome/141.0.7390.122 Mobile Safari/537.36 (compatible; Googlebot/2.1; +http://www.google.com/bot.html)"
142.44.220.153 - - [26/Dec/2025:13:00:10 +0000] "GET /wp-content/uploads/bears-backup/bbackup_2025-05-28-04-15-44/_f/elementor/?MA HTTP/2" 200 658 "-" "Mozilla/5.0 (compatible; AhrefsBot/7.0; +http://ahrefs.com/robot/)"
213.180.203.164 - - [26/Dec/2025:13:00:48 +0000] "GET /robots.txt HTTP/1.1" 200 81 "-" "Mozilla/5.0 (compatible; YandexBot/3.0; +http://yandex.com/bots)"
66.249.66.13 - - [26/Dec/2025:13:01:08 +0000] "GET /wp-content/uploads/2014/?SD HTTP/1.1" 200 641 "-" "Mozilla/5.0 (Linux; Android 6.0.1; Nexus 5X Build/MMB29P) AppleWebKit/537.36 (KHTML, like Gecko) Chrome/141.0.7390.122 Mobile Safari/537.36 (compatible; Googlebot/2.1; +http://www.google.com/bot.html)"
66.249.66.76 - - [26/Dec/2025:13:02:01 +0000] "GET /wp-content/uploads/elementor/google-fonts/css/ HTTP/1.1" 200 1985 "-" "Mozilla/5.0 (Linux; Android 6.0.1; Nexus 5X Build/MMB29P) AppleWebKit/537.36 (KHTML, like Gecko) Chrome/141.0.7390.122 Mobile Safari/537.36 (compatible; Googlebot/2.1; +http://www.google.com/bot.html)"
66.249.66.68 - - [26/Dec/2025:13:02:19 +0000] "GET /wp-content/uploads/2022/11/Invitacion-a-Cotizar-JAC-las-Vegas-Valle-de-Guamuezz.pdf HTTP/1.1" 304 0 "-" "Mozilla/5.0 (Linux; Android 6.0.1; Nexus 5X Build/MMB29P) AppleWebKit/537.36 (KHTML, like Gecko) Chrome/141.0.7390.122 Mobile Safari/537.36 (compatible; Googlebot/2.1; +http://www.google.com/bot.html)"
66.249.66.12 - - [26/Dec/2025:13:02:27 +0000] "GET /?products/9988662 HTTP/1.1" 200 27251 "-" "Mozilla/5.0 (Linux; Android 6.0.1; Nexus 5X Build/MMB29P) AppleWebKit/537.36 (KHTML, like Gecko) Chrome/141.0.7390.122 Mobile Safari/537.36 (compatible; GoogleOther)"
66.249.66.75 - - [26/Dec/2025:13:02:50 +0000] "GET /organizaciones-amigas/ HTTP/1.1" 200 24342 "-" "Mozilla/5.0 (Linux; Android 6.0.1; Nexus 5X Build/MMB29P) AppleWebKit/537.36 (KHTML, like Gecko) Chrome/141.0.7390.122 Mobile Safari/537.36 (compatible; Googlebot/2.1; +http://www.google.com/bot.html)"
66.249.66.39 - - [26/Dec/2025:13:02:56 +0000] "GET /wp-content/uploads/revslider/church-2/?SA HTTP/1.1" 200 1167 "-" "Mozilla/5.0 (Linux; Android 6.0.1; Nexus 5X Build/MMB29P) AppleWebKit/537.36 (KHTML, like Gecko) Chrome/141.0.7390.122 Mobile Safari/537.36 (compatible; Googlebot/2.1; +http://www.google.com/bot.html)"
66.249.66.40 - - [26/Dec/2025:13:03:09 +0000] "GET /?products/2555906 HTTP/1.1" 200 24517 "-" "Mozilla/5.0 (Linux; Android 6.0.1; Nexus 5X Build/MMB29P) AppleWebKit/537.36 (KHTML, like Gecko) Chrome/141.0.7390.122 Mobile Safari/537.36 (compatible; Googlebot/2.1; +http://www.google.com/bot.html)"
66.249.66.193 - - [26/Dec/2025:13:03:15 +0000] "GET /?products/16039740 HTTP/1.1" 200 27352 "-" "Mozilla/5.0 (Linux; Android 6.0.1; Nexus 5X Build/MMB29P) AppleWebKit/537.36 (KHTML, like Gecko) Chrome/141.0.7390.122 Mobile Safari/537.36 (compatible; Googlebot/2.1; +http://www.google.com/bot.html)"
66.249.66.204 - - [26/Dec/2025:12:58:58 +0000] "GET /wp-content/uploads/2019/?SD HTTP/1.1" 200 1006 "-" "Mozilla/5.0 (Linux; Android 6.0.1; Nexus 5X Build/MMB29P) AppleWebKit/537.36 (KHTML, like Gecko) Chrome/141.0.7390.122 Mobile Safari/537.36 (compatible; Googlebot/2.1; +http://www.google.com/bot.html)"
66.249.66.162 - - [26/Dec/2025:12:59:07 +0000] "GET /?products/17066884 HTTP/1.1" 200 24947 "-" "Mozilla/5.0 (Linux; Android 6.0.1; Nexus 5X Build/MMB29P) AppleWebKit/537.36 (KHTML, like Gecko) Chrome/141.0.7390.122 Mobile Safari/537.36 (compatible; GoogleOther)"
66.249.66.14 - - [26/Dec/2025:12:59:08 +0000] "GET /_autoindex/assets/icons/folder-fill.svg HTTP/1.1" 200 333 "https://alianzatejedorasdevida.org/wp-content/uploads/2019/?SD" "Mozilla/5.0 (Linux; Android 6.0.1; Nexus 5X Build/MMB29P) AppleWebKit/537.36 (KHTML, like Gecko) Chrome/141.0.7390.122 Mobile Safari/537.36 (compatible; Googlebot/2.1; +http://www.google.com/bot.html)"
66.249.66.75 - - [26/Dec/2025:12:59:51 +0000] "GET /?products/8053140 HTTP/1.1" 200 26112 "-" "Mozilla/5.0 (Linux; Android 6.0.1; Nexus 5X Build/MMB29P) AppleWebKit/537.36 (KHTML, like Gecko) Chrome/141.0.7390.122 Mobile Safari/537.36 (compatible; Googlebot/2.1; +http://www.google.com/bot.html)"
66.249.66.204 - - [26/Dec/2025:13:00:14 +0000] "GET /?products/3052628 HTTP/1.1" 200 24960 "-" "Mozilla/5.0 (Linux; Android 6.0.1; Nexus 5X Build/MMB29P) AppleWebKit/537.36 (KHTML, like Gecko) Chrome/141.0.7390.122 Mobile Safari/537.36 (compatible; Googlebot/2.1; +http://www.google.com/bot.html)"
213.180.203.128 - - [26/Dec/2025:13:00:49 +0000] "GET /wp-content/uploads/2024/05/15052024_TdR_Consultoria-Politicas-Publicas.pdf HTTP/1.1" 200 267695 "-" "Mozilla/5.0 (compatible; YandexBot/3.0; +http://yandex.com/bots)"
66.249.66.77 - - [26/Dec/2025:13:01:00 +0000] "GET /?products/6245351 HTTP/1.1" 200 25046 "-" "Mozilla/5.0 (Linux; Android 6.0.1; Nexus 5X Build/MMB29P) AppleWebKit/537.36 (KHTML, like Gecko) Chrome/141.0.7390.122 Mobile Safari/537.36 (compatible; Googlebot/2.1; +http://www.google.com/bot.html)"
66.249.66.204 - - [26/Dec/2025:13:01:07 +0000] "GET /wp-content/uploads/bears-backup/bbackup_2025-05-28-03-33-35/_f/ HTTP/1.1" 200 1186 "-" "Mozilla/5.0 (Linux; Android 6.0.1; Nexus 5X Build/MMB29P) AppleWebKit/537.36 (KHTML, like Gecko) Chrome/141.0.7390.122 Mobile Safari/537.36 (compatible; Googlebot/2.1; +http://www.google.com/bot.html)"
66.249.66.39 - - [26/Dec/2025:13:01:17 +0000] "GET /?products/21704906 HTTP/1.1" 200 25298 "-" "Mozilla/5.0 (Linux; Android 6.0.1; Nexus 5X Build/MMB29P) AppleWebKit/537.36 (KHTML, like Gecko) Chrome/141.0.7390.122 Mobile Safari/537.36 (compatible; Googlebot/2.1; +http://www.google.com/bot.html)"
66.249.66.77 - - [26/Dec/2025:13:02:01 +0000] "GET /?products/24706128 HTTP/1.1" 200 25345 "-" "Mozilla/5.0 (Linux; Android 6.0.1; Nexus 5X Build/MMB29P) AppleWebKit/537.36 (KHTML, like Gecko) Chrome/141.0.7390.122 Mobile Safari/537.36 (compatible; Googlebot/2.1; +http://www.google.com/bot.html)"
66.249.66.77 - - [26/Dec/2025:13:02:05 +0000] "GET /_autoindex/assets/icons/file-text.svg HTTP/1.1" 200 394 "https://alianzatejedorasdevida.org/wp-content/uploads/elementor/google-fonts/css/" "Mozilla/5.0 (Linux; Android 6.0.1; Nexus 5X Build/MMB29P) AppleWebKit/537.36 (KHTML, like Gecko) Chrome/141.0.7390.122 Mobile Safari/537.36 (compatible; Googlebot/2.1; +http://www.google.com/bot.html)"
66.249.66.12 - - [26/Dec/2025:13:02:35 +0000] "GET /?products/11196106 HTTP/1.1" 200 25167 "-" "Mozilla/5.0 (Linux; Android 6.0.1; Nexus 5X Build/MMB29P) AppleWebKit/537.36 (KHTML, like Gecko) Chrome/141.0.7390.122 Mobile Safari/537.36 (compatible; GoogleOther)"
66.249.66.77 - - [26/Dec/2025:13:04:02 +0000] "GET /?products/25856106 HTTP/1.1" 200 23947 "-" "Mozilla/5.0 (Linux; Android 6.0.1; Nexus 5X Build/MMB29P) AppleWebKit/537.36 (KHTML, like Gecko) Chrome/141.0.7390.122 Mobile Safari/537.36 (compatible; Googlebot/2.1; +http://www.google.com/bot.html)"
66.249.66.12 - - [26/Dec/2025:13:01:47 +0000] "GET /?products/8276684 HTTP/1.1" 200 27550 "-" "Mozilla/5.0 (Linux; Android 6.0.1; Nexus 5X Build/MMB29P) AppleWebKit/537.36 (KHTML, like Gecko) Chrome/141.0.7390.122 Mobile Safari/537.36 (compatible; GoogleOther)"
66.249.66.204 - - [26/Dec/2025:13:01:49 +0000] "GET /?products/15884717 HTTP/1.1" 200 24713 "-" "Mozilla/5.0 (Linux; Android 6.0.1; Nexus 5X Build/MMB29P) AppleWebKit/537.36 (KHTML, like Gecko) Chrome/141.0.7390.122 Mobile Safari/537.36 (compatible; Googlebot/2.1; +http://www.google.com/bot.html)"
66.249.66.202 - - [26/Dec/2025:13:01:53 +0000] "GET /?products/4895373 HTTP/1.1" 200 24420 "-" "Mozilla/5.0 (Linux; Android 6.0.1; Nexus 5X Build/MMB29P) AppleWebKit/537.36 (KHTML, like Gecko) Chrome/141.0.7390.122 Mobile Safari/537.36 (compatible; GoogleOther)"
66.249.66.204 - - [26/Dec/2025:13:02:08 +0000] "GET /author/editor/page/49/ HTTP/1.1" 200 24943 "-" "Mozilla/5.0 (Linux; Android 6.0.1; Nexus 5X Build/MMB29P) AppleWebKit/537.36 (KHTML, like Gecko) Chrome/141.0.7390.122 Mobile Safari/537.36 (compatible; Googlebot/2.1; +http://www.google.com/bot.html)"
66.249.66.161 - - [26/Dec/2025:13:02:39 +0000] "GET /?products/26029528 HTTP/1.1" 200 24521 "-" "Mozilla/5.0 (Linux; Android 6.0.1; Nexus 5X Build/MMB29P) AppleWebKit/537.36 (KHTML, like Gecko) Chrome/141.0.7390.122 Mobile Safari/537.36 (compatible; Googlebot/2.1; +http://www.google.com/bot.html)"
66.249.66.162 - - [26/Dec/2025:13:03:35 +0000] "GET /wp-content/uploads/2023/03/14032023MG_TdR-Consultoria-Autoproteccion.pdf HTTP/1.1" 304 0 "-" "Mozilla/5.0 (Linux; Android 6.0.1; Nexus 5X Build/MMB29P) AppleWebKit/537.36 (KHTML, like Gecko) Chrome/141.0.7390.122 Mobile Safari/537.36 (compatible; Googlebot/2.1; +http://www.google.com/bot.html)"
66.249.66.41 - - [26/Dec/2025:13:03:48 +0000] "GET /?products/22857573 HTTP/1.1" 200 24740 "-" "Mozilla/5.0 (Linux; Android 6.0.1; Nexus 5X Build/MMB29P) AppleWebKit/537.36 (KHTML, like Gecko) Chrome/141.0.7390.122 Mobile Safari/537.36 (compatible; Googlebot/2.1; +http://www.google.com/bot.html)"
66.249.66.76 - - [26/Dec/2025:13:03:49 +0000] "GET /?products/25213184 HTTP/1.1" 200 25170 "-" "Mozilla/5.0 (Linux; Android 6.0.1; Nexus 5X Build/MMB29P) AppleWebKit/537.36 (KHTML, like Gecko) Chrome/141.0.7390.122 Mobile Safari/537.36 (compatible; Googlebot/2.1; +http://www.google.com/bot.html)"
66.249.66.193 - - [26/Dec/2025:13:03:52 +0000] "GET /wp-content/uploads/2021/11/TdR-CONSULTORIA-ENCUENTROS-DE-SANACION-EMOCIONAL-LIDERESAS-DUPLAS-101121-Prorroga.pdf HTTP/1.1" 200 225572 "-" "Mozilla/5.0 (Linux; Android 6.0.1; Nexus 5X Build/MMB29P) AppleWebKit/537.36 (KHTML, like Gecko) Chrome/141.0.7390.122 Mobile Safari/537.36 (compatible; Googlebot/2.1; +http://www.google.com/bot.html)"
157.55.39.9 - - [26/Dec/2025:13:03:53 +0000] "GET /wp-content/ HTTP/2" 200 0 "-" "Mozilla/5.0 AppleWebKit/537.36 (KHTML, like Gecko; compatible; bingbot/2.0; +http://www.bing.com/bingbot.htm) Chrome/116.0.1938.76 Safari/537.36"
66.249.66.204 - - [26/Dec/2025:13:04:25 +0000] "GET /?products/19587839 HTTP/1.1" 200 26754 "-" "Mozilla/5.0 (Linux; Android 6.0.1; Nexus 5X Build/MMB29P) AppleWebKit/537.36 (KHTML, like Gecko) Chrome/141.0.7390.122 Mobile Safari/537.36 (compatible; GoogleOther)"
66.249.66.75 - - [26/Dec/2025:13:04:40 +0000] "GET /?products/17873084 HTTP/1.1" 200 24778 "-" "Mozilla/5.0 (Linux; Android 6.0.1; Nexus 5X Build/MMB29P) AppleWebKit/537.36 (KHTML, like Gecko) Chrome/141.0.7390.122 Mobile Safari/537.36 (compatible; Googlebot/2.1; +http://www.google.com/bot.html)"
66.249.66.204 - - [26/Dec/2025:13:04:44 +0000] "GET /author/editor/page/58/ HTTP/1.1" 200 26752 "-" "Mozilla/5.0 (Linux; Android 6.0.1; Nexus 5X Build/MMB29P) AppleWebKit/537.36 (KHTML, like Gecko) Chrome/141.0.7390.122 Mobile Safari/537.36 (compatible; Googlebot/2.1; +http://www.google.com/bot.html)"
66.249.66.163 - - [26/Dec/2025:13:03:25 +0000] "GET /?products/9343462 HTTP/1.1" 200 24542 "-" "Mozilla/5.0 (Linux; Android 6.0.1; Nexus 5X Build/MMB29P) AppleWebKit/537.36 (KHTML, like Gecko) Chrome/141.0.7390.122 Mobile Safari/537.36 (compatible; Googlebot/2.1; +http://www.google.com/bot.html)"
66.249.66.161 - - [26/Dec/2025:13:03:34 +0000] "GET /?products/5998439 HTTP/1.1" 200 28194 "-" "Mozilla/5.0 (Linux; Android 6.0.1; Nexus 5X Build/MMB29P) AppleWebKit/537.36 (KHTML, like Gecko) Chrome/141.0.7390.122 Mobile Safari/537.36 (compatible; Googlebot/2.1; +http://www.google.com/bot.html)"
66.249.66.75 - - [26/Dec/2025:13:04:09 +0000] "GET /?products/13908806 HTTP/1.1" 200 26501 "-" "Mozilla/5.0 (Linux; Android 6.0.1; Nexus 5X Build/MMB29P) AppleWebKit/537.36 (KHTML, like Gecko) Chrome/141.0.7390.122 Mobile Safari/537.36 (compatible; Googlebot/2.1; +http://www.google.com/bot.html)"
66.249.66.12 - - [26/Dec/2025:13:04:22 +0000] "GET /wp-content/uploads/2012/01/?MD HTTP/1.1" 200 1087 "-" "Mozilla/5.0 (Linux; Android 6.0.1; Nexus 5X Build/MMB29P) AppleWebKit/537.36 (KHTML, like Gecko) Chrome/141.0.7390.122 Mobile Safari/537.36 (compatible; Googlebot/2.1; +http://www.google.com/bot.html)"
66.249.66.161 - - [26/Dec/2025:13:04:40 +0000] "GET /?products/14244084 HTTP/1.1" 200 26205 "-" "Mozilla/5.0 (Linux; Android 6.0.1; Nexus 5X Build/MMB29P) AppleWebKit/537.36 (KHTML, like Gecko) Chrome/141.0.7390.122 Mobile Safari/537.36 (compatible; Googlebot/2.1; +http://www.google.com/bot.html)"
66.249.66.12 - - [26/Dec/2025:13:04:41 +0000] "GET /wp-content/plugins/elementskit/modules/parallax/ HTTP/1.1" 200 753 "-" "Mozilla/5.0 (Linux; Android 6.0.1; Nexus 5X Build/MMB29P) AppleWebKit/537.36 (KHTML, like Gecko) Chrome/141.0.7390.122 Mobile Safari/537.36 (compatible; Googlebot/2.1; +http://www.google.com/bot.html)"
51.222.95.213 - - [26/Dec/2025:13:04:44 +0000] "GET /trazando-caminos-hacia-la-paz-y-la-equidad-de-genero-alianza-de-mujeres-tejedoras-de-vida-del-putumayo-y-universidad-autonoma-de-guerrero-en-mexico-unen-esfuerzos/ HTTP/2" 403 0 "-" "Mozilla/5.0 (compatible; AhrefsBot/7.0; +http://ahrefs.com/robot/)"
66.249.66.161 - - [26/Dec/2025:13:04:50 +0000] "GET /?products/7765673 HTTP/1.1" 200 26978 "-" "Mozilla/5.0 (Linux; Android 6.0.1; Nexus 5X Build/MMB29P) AppleWebKit/537.36 (KHTML, like Gecko) Chrome/141.0.7390.122 Mobile Safari/537.36 (compatible; Googlebot/2.1; +http://www.google.com/bot.html)"
66.249.66.204 - - [26/Dec/2025:13:05:24 +0000] "GET /?products/9036217 HTTP/1.1" 200 24827 "-" "Mozilla/5.0 (Linux; Android 6.0.1; Nexus 5X Build/MMB29P) AppleWebKit/537.36 (KHTML, like Gecko) Chrome/141.0.7390.122 Mobile Safari/537.36 (compatible; Googlebot/2.1; +http://www.google.com/bot.html)"
66.249.66.162 - - [26/Dec/2025:13:06:09 +0000] "GET /_autoindex/assets/icons/corner-left-up.svg HTTP/1.1" 200 328 "https://alianzatejedorasdevida.org/wp-content/uploads/2025/07/?SD" "Mozilla/5.0 (Linux; Android 6.0.1; Nexus 5X Build/MMB29P) AppleWebKit/537.36 (KHTML, like Gecko) Chrome/141.0.7390.122 Mobile Safari/537.36 (compatible; Googlebot/2.1; +http://www.google.com/bot.html)"
66.249.66.161 - - [26/Dec/2025:13:06:17 +0000] "GET /?products/7365784 HTTP/1.1" 200 27234 "-" "Mozilla/5.0 (Linux; Android 6.0.1; Nexus 5X Build/MMB29P) AppleWebKit/537.36 (KHTML, like Gecko) Chrome/141.0.7390.122 Mobile Safari/537.36 (compatible; Googlebot/2.1; +http://www.google.com/bot.html)"
66.249.66.12 - - [26/Dec/2025:13:06:24 +0000] "GET /?products/10802917 HTTP/1.1" 200 26056 "-" "Mozilla/5.0 (Linux; Android 6.0.1; Nexus 5X Build/MMB29P) AppleWebKit/537.36 (KHTML, like Gecko) Chrome/141.0.7390.122 Mobile Safari/537.36 (compatible; GoogleOther)"
66.249.66.161 - - [26/Dec/2025:13:06:25 +0000] "GET /?products/11834262 HTTP/1.1" 200 24200 "-" "Mozilla/5.0 (Linux; Android 6.0.1; Nexus 5X Build/MMB29P) AppleWebKit/537.36 (KHTML, like Gecko) Chrome/141.0.7390.122 Mobile Safari/537.36 (compatible; GoogleOther)"
66.249.66.39 - - [26/Dec/2025:13:04:43 +0000] "GET /?products/14190517 HTTP/1.1" 200 24752 "-" "Mozilla/5.0 (Linux; Android 6.0.1; Nexus 5X Build/MMB29P) AppleWebKit/537.36 (KHTML, like Gecko) Chrome/141.0.7390.122 Mobile Safari/537.36 (compatible; Googlebot/2.1; +http://www.google.com/bot.html)"
66.249.66.39 - - [26/Dec/2025:13:04:43 +0000] "GET /wp-content/uploads/essential-addons-elementor/ HTTP/1.1" 200 1113 "-" "Mozilla/5.0 (Linux; Android 6.0.1; Nexus 5X Build/MMB29P) AppleWebKit/537.36 (KHTML, like Gecko) Chrome/141.0.7390.122 Mobile Safari/537.36 (compatible; Googlebot/2.1; +http://www.google.com/bot.html)"
66.249.66.39 - - [26/Dec/2025:13:05:16 +0000] "GET /?products/5315339 HTTP/1.1" 200 24835 "-" "Mozilla/5.0 (Linux; Android 6.0.1; Nexus 5X Build/MMB29P) AppleWebKit/537.36 (KHTML, like Gecko) Chrome/141.0.7390.122 Mobile Safari/537.36 (compatible; Googlebot/2.1; +http://www.google.com/bot.html)"
66.249.66.204 - - [26/Dec/2025:13:05:38 +0000] "GET /?products/9026095 HTTP/1.1" 200 28319 "-" "Mozilla/5.0 (Linux; Android 6.0.1; Nexus 5X Build/MMB29P) AppleWebKit/537.36 (KHTML, like Gecko) Chrome/141.0.7390.122 Mobile Safari/537.36 (compatible; Googlebot/2.1; +http://www.google.com/bot.html)"
66.249.66.204 - - [26/Dec/2025:13:06:07 +0000] "GET /wp-content/uploads/2025/07/?SD HTTP/1.1" 200 2566 "-" "Mozilla/5.0 (Linux; Android 6.0.1; Nexus 5X Build/MMB29P) AppleWebKit/537.36 (KHTML, like Gecko) Chrome/141.0.7390.122 Mobile Safari/537.36 (compatible; Googlebot/2.1; +http://www.google.com/bot.html)"
66.249.66.204 - - [26/Dec/2025:13:06:10 +0000] "GET /?products/21077506 HTTP/1.1" 200 24316 "-" "Mozilla/5.0 (Linux; Android 6.0.1; Nexus 5X Build/MMB29P) AppleWebKit/537.36 (KHTML, like Gecko) Chrome/141.0.7390.122 Mobile Safari/537.36 (compatible; Googlebot/2.1; +http://www.google.com/bot.html)"
66.249.66.39 - - [26/Dec/2025:13:06:48 +0000] "GET /?products/16098651 HTTP/1.1" 200 24995 "-" "Mozilla/5.0 (Linux; Android 6.0.1; Nexus 5X Build/MMB29P) AppleWebKit/537.36 (KHTML, like Gecko) Chrome/141.0.7390.122 Mobile Safari/537.36 (compatible; Googlebot/2.1; +http://www.google.com/bot.html)"
66.249.66.12 - - [26/Dec/2025:13:06:51 +0000] "GET /?products/7298617 HTTP/1.1" 200 24576 "-" "Mozilla/5.0 (Linux; Android 6.0.1; Nexus 5X Build/MMB29P) AppleWebKit/537.36 (KHTML, like Gecko) Chrome/141.0.7390.122 Mobile Safari/537.36 (compatible; GoogleOther)"
66.249.66.193 - - [26/Dec/2025:13:07:17 +0000] "GET /?products/14440517 HTTP/1.1" 200 24695 "-" "Mozilla/5.0 (Linux; Android 6.0.1; Nexus 5X Build/MMB29P) AppleWebKit/537.36 (KHTML, like Gecko) Chrome/141.0.7390.122 Mobile Safari/537.36 (compatible; Googlebot/2.1; +http://www.google.com/bot.html)"
66.249.66.161 - - [26/Dec/2025:13:08:11 +0000] "GET /?products/6624084 HTTP/1.1" 200 25642 "-" "Mozilla/5.0 (Linux; Android 6.0.1; Nexus 5X Build/MMB29P) AppleWebKit/537.36 (KHTML, like Gecko) Chrome/141.0.7390.122 Mobile Safari/537.36 (compatible; Googlebot/2.1; +http://www.google.com/bot.html)"
66.249.66.75 - - [26/Dec/2025:13:08:41 +0000] "GET /author/editor/page/52/ HTTP/1.1" 200 28209 "-" "Mozilla/5.0 (Linux; Android 6.0.1; Nexus 5X Build/MMB29P) AppleWebKit/537.36 (KHTML, like Gecko) Chrome/141.0.7390.122 Mobile Safari/537.36 (compatible; Googlebot/2.1; +http://www.google.com/bot.html)"
66.249.66.75 - - [26/Dec/2025:13:08:45 +0000] "GET /?products/22679373 HTTP/1.1" 200 27388 "-" "Mozilla/5.0 (Linux; Android 6.0.1; Nexus 5X Build/MMB29P) AppleWebKit/537.36 (KHTML, like Gecko) Chrome/141.0.7390.122 Mobile Safari/537.36 (compatible; Googlebot/2.1; +http://www.google.com/bot.html)"
66.249.66.39 - - [26/Dec/2025:13:08:56 +0000] "GET /?products/5514073 HTTP/1.1" 200 25273 "-" "Mozilla/5.0 (Linux; Android 6.0.1; Nexus 5X Build/MMB29P) AppleWebKit/537.36 (KHTML, like Gecko) Chrome/141.0.7390.122 Mobile Safari/537.36 (compatible; Googlebot/2.1; +http://www.google.com/bot.html)"
66.249.66.161 - - [26/Dec/2025:13:06:30 +0000] "GET /?products/6934584 HTTP/1.1" 200 25280 "-" "Mozilla/5.0 (Linux; Android 6.0.1; Nexus 5X Build/MMB29P) AppleWebKit/537.36 (KHTML, like Gecko) Chrome/141.0.7390.122 Mobile Safari/537.36 (compatible; Googlebot/2.1; +http://www.google.com/bot.html)"
66.249.66.161 - - [26/Dec/2025:13:06:30 +0000] "GET /?products/16622228 HTTP/1.1" 200 27475 "-" "Mozilla/5.0 (Linux; Android 6.0.1; Nexus 5X Build/MMB29P) AppleWebKit/537.36 (KHTML, like Gecko) Chrome/141.0.7390.122 Mobile Safari/537.36 (compatible; GoogleOther)"
66.249.66.161 - - [26/Dec/2025:13:06:59 +0000] "GET /?products/23400051 HTTP/1.1" 200 25155 "-" "Mozilla/5.0 (Linux; Android 6.0.1; Nexus 5X Build/MMB29P) AppleWebKit/537.36 (KHTML, like Gecko) Chrome/141.0.7390.122 Mobile Safari/537.36 (compatible; Googlebot/2.1; +http://www.google.com/bot.html)"
66.249.66.40 - - [26/Dec/2025:13:07:17 +0000] "GET /wp-content/uploads/2021/04/TdR-Profesional-Psicosocial-Duplas-Publicar.pdf HTTP/1.1" 304 0 "-" "Mozilla/5.0 (Linux; Android 6.0.1; Nexus 5X Build/MMB29P) AppleWebKit/537.36 (KHTML, like Gecko) Chrome/141.0.7390.122 Mobile Safari/537.36 (compatible; Googlebot/2.1; +http://www.google.com/bot.html)"
66.249.66.75 - - [26/Dec/2025:13:07:29 +0000] "GET /?products/5358140 HTTP/1.1" 200 24561 "-" "Mozilla/5.0 (Linux; Android 6.0.1; Nexus 5X Build/MMB29P) AppleWebKit/537.36 (KHTML, like Gecko) Chrome/141.0.7390.122 Mobile Safari/537.36 (compatible; Googlebot/2.1; +http://www.google.com/bot.html)"
66.249.66.204 - - [26/Dec/2025:13:07:47 +0000] "GET /wp-content/uploads/2015/ HTTP/1.1" 200 664 "-" "Mozilla/5.0 (Linux; Android 6.0.1; Nexus 5X Build/MMB29P) AppleWebKit/537.36 (KHTML, like Gecko) Chrome/141.0.7390.122 Mobile Safari/537.36 (compatible; Googlebot/2.1; +http://www.google.com/bot.html)"
66.249.66.75 - - [26/Dec/2025:13:07:53 +0000] "GET /?products/21391062 HTTP/1.1" 200 24693 "-" "Mozilla/5.0 (Linux; Android 6.0.1; Nexus 5X Build/MMB29P) AppleWebKit/537.36 (KHTML, like Gecko) Chrome/141.0.7390.122 Mobile Safari/537.36 (compatible; Googlebot/2.1; +http://www.google.com/bot.html)"
66.249.66.75 - - [26/Dec/2025:13:07:53 +0000] "GET /?products/2275151 HTTP/1.1" 200 25659 "-" "Mozilla/5.0 (Linux; Android 6.0.1; Nexus 5X Build/MMB29P) AppleWebKit/537.36 (KHTML, like Gecko) Chrome/141.0.7390.122 Mobile Safari/537.36 (compatible; Googlebot/2.1; +http://www.google.com/bot.html)"
66.249.66.204 - - [26/Dec/2025:13:08:05 +0000] "GET /wp-content/uploads/2020/11/project-4-768x884.jpg HTTP/1.1" 200 27485 "-" "Googlebot-Image/1.0"
66.249.66.39 - - [26/Dec/2025:13:08:18 +0000] "GET /?products/5418228 HTTP/1.1" 200 25532 "-" "Mozilla/5.0 (Linux; Android 6.0.1; Nexus 5X Build/MMB29P) AppleWebKit/537.36 (KHTML, like Gecko) Chrome/141.0.7390.122 Mobile Safari/537.36 (compatible; Googlebot/2.1; +http://www.google.com/bot.html)"
66.249.66.39 - - [26/Dec/2025:13:08:18 +0000] "GET /wp-content/uploads/2023/ HTTP/1.1" 200 1062 "-" "Mozilla/5.0 (Linux; Android 6.0.1; Nexus 5X Build/MMB29P) AppleWebKit/537.36 (KHTML, like Gecko) Chrome/141.0.7390.122 Mobile Safari/537.36 (compatible; Googlebot/2.1; +http://www.google.com/bot.html)"
66.249.66.12 - - [26/Dec/2025:13:08:20 +0000] "GET /wp-content/uploads/2022/10/TDR-AT-pisicultura-simbiotica-05102022.pdf HTTP/1.1" 304 0 "-" "Mozilla/5.0 (Linux; Android 6.0.1; Nexus 5X Build/MMB29P) AppleWebKit/537.36 (KHTML, like Gecko) Chrome/141.0.7390.122 Mobile Safari/537.36 (compatible; Googlebot/2.1; +http://www.google.com/bot.html)"
66.249.66.161 - - [26/Dec/2025:13:08:52 +0000] "GET /?products/21827762 HTTP/1.1" 200 26468 "-" "Mozilla/5.0 (Linux; Android 6.0.1; Nexus 5X Build/MMB29P) AppleWebKit/537.36 (KHTML, like Gecko) Chrome/141.0.7390.122 Mobile Safari/537.36 (compatible; Googlebot/2.1; +http://www.google.com/bot.html)"
142.44.225.66 - - [26/Dec/2025:13:09:12 +0000] "GET /wp-content/uploads/2021/12/?MA HTTP/2" 200 2127 "-" "Mozilla/5.0 (compatible; AhrefsBot/7.0; +http://ahrefs.com/robot/)"
66.249.66.12 - - [26/Dec/2025:13:11:00 +0000] "GET /?products/6234195 HTTP/1.1" 200 24561 "-" "Mozilla/5.0 (Linux; Android 6.0.1; Nexus 5X Build/MMB29P) AppleWebKit/537.36 (KHTML, like Gecko) Chrome/141.0.7390.122 Mobile Safari/537.36 (compatible; GoogleOther)"
66.249.66.41 - - [26/Dec/2025:13:09:01 +0000] "GET /?products/22560228 HTTP/1.1" 200 24377 "-" "Mozilla/5.0 (Linux; Android 6.0.1; Nexus 5X Build/MMB29P) AppleWebKit/537.36 (KHTML, like Gecko) Chrome/141.0.7390.122 Mobile Safari/537.36 (compatible; GoogleOther)"
66.249.66.12 - - [26/Dec/2025:13:09:05 +0000] "GET /?products/13719551 HTTP/1.1" 200 24279 "-" "Mozilla/5.0 (Linux; Android 6.0.1; Nexus 5X Build/MMB29P) AppleWebKit/537.36 (KHTML, like Gecko) Chrome/141.0.7390.122 Mobile Safari/537.36 (compatible; Googlebot/2.1; +http://www.google.com/bot.html)"
66.249.66.161 - - [26/Dec/2025:13:09:18 +0000] "GET /?products/5418217 HTTP/1.1" 200 26385 "-" "Mozilla/5.0 (Linux; Android 6.0.1; Nexus 5X Build/MMB29P) AppleWebKit/537.36 (KHTML, like Gecko) Chrome/141.0.7390.122 Mobile Safari/537.36 (compatible; GoogleOther)"
66.249.66.193 - - [26/Dec/2025:13:10:01 +0000] "GET /?products/23010739 HTTP/1.1" 200 24902 "-" "Mozilla/5.0 (Linux; Android 6.0.1; Nexus 5X Build/MMB29P) AppleWebKit/537.36 (KHTML, like Gecko) Chrome/141.0.7390.122 Mobile Safari/537.36 (compatible; GoogleOther)"
66.249.66.76 - - [26/Dec/2025:13:10:57 +0000] "GET /_autoindex/assets/icons/file-text.svg HTTP/1.1" 200 394 "https://alianzatejedorasdevida.org/wp-content/uploads/essential-addons-elementor/" "Mozilla/5.0 (Linux; Android 6.0.1; Nexus 5X Build/MMB29P) AppleWebKit/537.36 (KHTML, like Gecko) Chrome/141.0.7390.122 Mobile Safari/537.36 (compatible; Googlebot/2.1; +http://www.google.com/bot.html)"
66.249.66.41 - - [26/Dec/2025:13:05:12 +0000] "GET /?products/19652273 HTTP/1.1" 200 26207 "-" "Mozilla/5.0 (Linux; Android 6.0.1; Nexus 5X Build/MMB29P) AppleWebKit/537.36 (KHTML, like Gecko) Chrome/141.0.7390.122 Mobile Safari/537.36 (compatible; GoogleOther)"
66.249.66.13 - - [26/Dec/2025:13:05:13 +0000] "GET /wp-content/uploads/2015/10/?MD HTTP/1.1" 200 1093 "-" "Mozilla/5.0 (Linux; Android 6.0.1; Nexus 5X Build/MMB29P) AppleWebKit/537.36 (KHTML, like Gecko) Chrome/141.0.7390.122 Mobile Safari/537.36 (compatible; Googlebot/2.1; +http://www.google.com/bot.html)"
66.249.66.75 - - [26/Dec/2025:13:05:38 +0000] "GET /?products/5238206 HTTP/1.1" 200 25947 "-" "Mozilla/5.0 (Linux; Android 6.0.1; Nexus 5X Build/MMB29P) AppleWebKit/537.36 (KHTML, like Gecko) Chrome/141.0.7390.122 Mobile Safari/537.36 (compatible; Googlebot/2.1; +http://www.google.com/bot.html)"
66.249.66.13 - - [26/Dec/2025:13:06:18 +0000] "GET /?products/23400051 HTTP/1.1" 200 25155 "-" "Mozilla/5.0 (Linux; Android 6.0.1; Nexus 5X Build/MMB29P) AppleWebKit/537.36 (KHTML, like Gecko) Chrome/141.0.7390.122 Mobile Safari/537.36 (compatible; Googlebot/2.1; +http://www.google.com/bot.html)"
66.249.66.39 - - [26/Dec/2025:13:06:22 +0000] "GET /?products/9492095 HTTP/1.1" 200 31014 "-" "Mozilla/5.0 (Linux; Android 6.0.1; Nexus 5X Build/MMB29P) AppleWebKit/537.36 (KHTML, like Gecko) Chrome/141.0.7390.122 Mobile Safari/537.36 (compatible; Googlebot/2.1; +http://www.google.com/bot.html)"
66.249.66.12 - - [26/Dec/2025:13:06:31 +0000] "GET /wp-content/uploads/2025/07/?MD HTTP/1.1" 200 2542 "-" "Mozilla/5.0 (Linux; Android 6.0.1; Nexus 5X Build/MMB29P) AppleWebKit/537.36 (KHTML, like Gecko) Chrome/141.0.7390.122 Mobile Safari/537.36 (compatible; Googlebot/2.1; +http://www.google.com/bot.html)"
66.249.66.75 - - [26/Dec/2025:13:06:39 +0000] "GET /wp-content/uploads/2023/03/TdR-Asistencia-Tecnica-organizacional-empresarial.pdf HTTP/1.1" 304 0 "-" "Mozilla/5.0 (Linux; Android 6.0.1; Nexus 5X Build/MMB29P) AppleWebKit/537.36 (KHTML, like Gecko) Chrome/141.0.7390.122 Mobile Safari/537.36 (compatible; Googlebot/2.1; +http://www.google.com/bot.html)"
66.249.66.12 - - [26/Dec/2025:13:07:25 +0000] "GET /?products/17876784 HTTP/1.1" 200 25665 "-" "Mozilla/5.0 (Linux; Android 6.0.1; Nexus 5X Build/MMB29P) AppleWebKit/537.36 (KHTML, like Gecko) Chrome/141.0.7390.122 Mobile Safari/537.36 (compatible; Googlebot/2.1; +http://www.google.com/bot.html)"
66.249.66.75 - - [26/Dec/2025:13:07:37 +0000] "GET /?products/20769684 HTTP/1.1" 200 25325 "-" "Mozilla/5.0 (Linux; Android 6.0.1; Nexus 5X Build/MMB29P) AppleWebKit/537.36 (KHTML, like Gecko) Chrome/141.0.7390.122 Mobile Safari/537.36 (compatible; Googlebot/2.1; +http://www.google.com/bot.html)"
66.249.66.75 - - [26/Dec/2025:13:08:10 +0000] "GET /?products/8093540 HTTP/1.1" 200 25704 "-" "Mozilla/5.0 (Linux; Android 6.0.1; Nexus 5X Build/MMB29P) AppleWebKit/537.36 (KHTML, like Gecko) Chrome/141.0.7390.122 Mobile Safari/537.36 (compatible; Googlebot/2.1; +http://www.google.com/bot.html)"
66.249.66.75 - - [26/Dec/2025:13:08:22 +0000] "GET /?products/15097062 HTTP/1.1" 200 25052 "-" "Mozilla/5.0 (Linux; Android 6.0.1; Nexus 5X Build/MMB29P) AppleWebKit/537.36 (KHTML, like Gecko) Chrome/141.0.7390.122 Mobile Safari/537.36 (compatible; GoogleOther)"
66.249.66.12 - - [26/Dec/2025:13:09:37 +0000] "GET /?products/15018517 HTTP/1.1" 200 24607 "-" "Mozilla/5.0 (Linux; Android 6.0.1; Nexus 5X Build/MMB29P) AppleWebKit/537.36 (KHTML, like Gecko) Chrome/141.0.7390.122 Mobile Safari/537.36 (compatible; GoogleOther)"
66.249.66.75 - - [26/Dec/2025:13:11:59 +0000] "GET /?products/6320740 HTTP/1.1" 200 25731 "-" "Mozilla/5.0 (Linux; Android 6.0.1; Nexus 5X Build/MMB29P) AppleWebKit/537.36 (KHTML, like Gecko) Chrome/141.0.7390.122 Mobile Safari/537.36 (compatible; GoogleOther)"
147.135.193.88 - - [26/Dec/2025:13:12:47 +0000] "GET /wp-content/uploads/2021/11/WhatsApp-Image-2021-11-26-at-4.23.46-PM-768x498.jpeg HTTP/1.1" 200 86512 "-" "python-urllib3/1.26.9"
66.249.66.75 - - [26/Dec/2025:13:13:09 +0000] "GET /wp-content/uploads/2022/07/Ampliacion-TDR-Servicios-comerciales-Atelier-de-Vida.pdf HTTP/1.1" 304 0 "-" "Mozilla/5.0 (Linux; Android 6.0.1; Nexus 5X Build/MMB29P) AppleWebKit/537.36 (KHTML, like Gecko) Chrome/141.0.7390.122 Mobile Safari/537.36 (compatible; Googlebot/2.1; +http://www.google.com/bot.html)"
147.135.193.88 - - [26/Dec/2025:13:13:09 +0000] "GET /wp-content/uploads/2021/11/Rompiendo-los-Estereotipos-de-Genero-en-el-Putumayo-scaled-1-768x845.jpg HTTP/1.1" 200 141352 "-" "python-urllib3/1.26.9"
66.249.66.161 - - [26/Dec/2025:13:14:47 +0000] "GET /?products/1988951 HTTP/1.1" 200 25347 "-" "Mozilla/5.0 (Linux; Android 6.0.1; Nexus 5X Build/MMB29P) AppleWebKit/537.36 (KHTML, like Gecko) Chrome/141.0.7390.122 Mobile Safari/537.36 (compatible; GoogleOther)"
66.249.66.204 - - [26/Dec/2025:13:14:52 +0000] "GET /?products/25509217 HTTP/1.1" 200 25656 "-" "Mozilla/5.0 (Linux; Android 6.0.1; Nexus 5X Build/MMB29P) AppleWebKit/537.36 (KHTML, like Gecko) Chrome/141.0.7390.122 Mobile Safari/537.36 (compatible; Googlebot/2.1; +http://www.google.com/bot.html)"
66.249.66.204 - - [26/Dec/2025:13:14:59 +0000] "GET /wp-content/uploads/2022/09/Adenda-No-1-Invitacion-a-cotizar-Mujeres-Creativas.pdf HTTP/1.1" 200 283347 "-" "Mozilla/5.0 (Linux; Android 6.0.1; Nexus 5X Build/MMB29P) AppleWebKit/537.36 (KHTML, like Gecko) Chrome/141.0.7390.122 Mobile Safari/537.36 (compatible; Googlebot/2.1; +http://www.google.com/bot.html)"
66.249.66.161 - - [26/Dec/2025:13:15:04 +0000] "GET /?products/17073839 HTTP/1.1" 200 25068 "-" "Mozilla/5.0 (Linux; Android 6.0.1; Nexus 5X Build/MMB29P) AppleWebKit/537.36 (KHTML, like Gecko) Chrome/141.0.7390.122 Mobile Safari/537.36 (compatible; GoogleOther)"
66.249.66.39 - - [26/Dec/2025:13:15:09 +0000] "GET /?products/6193328 HTTP/1.1" 200 25315 "-" "Mozilla/5.0 (Linux; Android 6.0.1; Nexus 5X Build/MMB29P) AppleWebKit/537.36 (KHTML, like Gecko) Chrome/141.0.7390.122 Mobile Safari/537.36 (compatible; GoogleOther)"
66.249.66.75 - - [26/Dec/2025:13:15:11 +0000] "GET /?products/6741406 HTTP/1.1" 200 24910 "-" "Mozilla/5.0 (Linux; Android 6.0.1; Nexus 5X Build/MMB29P) AppleWebKit/537.36 (KHTML, like Gecko) Chrome/141.0.7390.122 Mobile Safari/537.36 (compatible; Googlebot/2.1; +http://www.google.com/bot.html)"
66.249.66.12 - - [26/Dec/2025:13:16:53 +0000] "GET /resource/js/json/megadrop_2015new.json HTTP/1.1" 404 46912 "https://alianzatejedorasdevida.org/?products/26538184" "Mozilla/5.0 (Linux; Android 6.0.1; Nexus 5X Build/MMB29P) AppleWebKit/537.36 (KHTML, like Gecko) Chrome/141.0.7390.122 Mobile Safari/537.36 (compatible; GoogleOther)"
66.249.66.77 - - [26/Dec/2025:13:17:02 +0000] "GET /?products/9124040 HTTP/1.1" 200 24712 "-" "Mozilla/5.0 (Linux; Android 6.0.1; Nexus 5X Build/MMB29P) AppleWebKit/537.36 (KHTML, like Gecko) Chrome/141.0.7390.122 Mobile Safari/537.36 (compatible; GoogleOther)"
66.249.66.161 - - [26/Dec/2025:13:17:57 +0000] "GET /?products/13139606 HTTP/1.1" 200 24582 "-" "Mozilla/5.0 (Linux; Android 6.0.1; Nexus 5X Build/MMB29P) AppleWebKit/537.36 (KHTML, like Gecko) Chrome/141.0.7390.122 Mobile Safari/537.36 (compatible; Googlebot/2.1; +http://www.google.com/bot.html)"
15.235.98.188 - - [26/Dec/2025:13:18:10 +0000] "GET /ampliacion-plazo_tor_consultora/ HTTP/2" 403 0 "-" "Mozilla/5.0 (compatible; AhrefsBot/7.0; +http://ahrefs.com/robot/)"
66.249.66.12 - - [26/Dec/2025:13:11:38 +0000] "GET /?products/6767662 HTTP/1.1" 200 24896 "-" "Mozilla/5.0 (Linux; Android 6.0.1; Nexus 5X Build/MMB29P) AppleWebKit/537.36 (KHTML, like Gecko) Chrome/141.0.7390.122 Mobile Safari/537.36 (compatible; Googlebot/2.1; +http://www.google.com/bot.html)"
66.249.66.41 - - [26/Dec/2025:13:12:24 +0000] "GET /wp-content/uploads/2012/01/Campaigns/ HTTP/1.1" 200 4182 "-" "Mozilla/5.0 (Linux; Android 6.0.1; Nexus 5X Build/MMB29P) AppleWebKit/537.36 (KHTML, like Gecko) Chrome/141.0.7390.122 Mobile Safari/537.36 (compatible; GoogleOther)"
66.249.66.75 - - [26/Dec/2025:13:14:03 +0000] "GET /?products/6138395 HTTP/1.1" 200 25440 "-" "Mozilla/5.0 (Linux; Android 6.0.1; Nexus 5X Build/MMB29P) AppleWebKit/537.36 (KHTML, like Gecko) Chrome/141.0.7390.122 Mobile Safari/537.36 (compatible; GoogleOther)"
147.135.193.88 - - [26/Dec/2025:13:14:09 +0000] "GET /wp-content/uploads/2021/11/DSC_0139-2-scaled-1-768x465.jpg HTTP/1.1" 200 106588 "-" "python-urllib3/1.26.9"
66.249.66.76 - - [26/Dec/2025:13:14:37 +0000] "GET /?products/19645284 HTTP/1.1" 200 25707 "-" "Mozilla/5.0 (Linux; Android 6.0.1; Nexus 5X Build/MMB29P) AppleWebKit/537.36 (KHTML, like Gecko) Chrome/141.0.7390.122 Mobile Safari/537.36 (compatible; GoogleOther)"
66.249.66.12 - - [26/Dec/2025:13:15:11 +0000] "GET /?products/31334040 HTTP/1.1" 200 24602 "-" "Mozilla/5.0 (Linux; Android 6.0.1; Nexus 5X Build/MMB29P) AppleWebKit/537.36 (KHTML, like Gecko) Chrome/141.0.7390.122 Mobile Safari/537.36 (compatible; Googlebot/2.1; +http://www.google.com/bot.html)"
66.249.66.161 - - [26/Dec/2025:13:16:36 +0000] "GET /?products/26538184 HTTP/1.1" 200 26604 "-" "Mozilla/5.0 (Linux; Android 6.0.1; Nexus 5X Build/MMB29P) AppleWebKit/537.36 (KHTML, like Gecko) Chrome/141.0.7390.122 Mobile Safari/537.36 (compatible; GoogleOther)"
170.10.164.126 - - [26/Dec/2025:13:16:55 +0000] "POST /wp-cron.php?doing_wp_cron=1766755015.5938739776611328125000 HTTP/1.1" 200 0 "-" "WordPress/6.8.3; https://alianzatejedorasdevida.org"
66.249.66.39 - - [26/Dec/2025:13:17:34 +0000] "GET /?products/14930384 HTTP/1.1" 200 26462 "-" "Mozilla/5.0 (Linux; Android 6.0.1; Nexus 5X Build/MMB29P) AppleWebKit/537.36 (KHTML, like Gecko) Chrome/141.0.7390.122 Mobile Safari/537.36 (compatible; Googlebot/2.1; +http://www.google.com/bot.html)"
66.249.66.39 - - [26/Dec/2025:13:17:50 +0000] "GET /?products/7863984 HTTP/1.1" 200 27185 "-" "Mozilla/5.0 (Linux; Android 6.0.1; Nexus 5X Build/MMB29P) AppleWebKit/537.36 (KHTML, like Gecko) Chrome/141.0.7390.122 Mobile Safari/537.36 (compatible; Googlebot/2.1; +http://www.google.com/bot.html)"
114.119.132.135 - - [26/Dec/2025:13:17:52 +0000] "GET /2014/05/ HTTP/1.1" 403 0 "https://alianzatejedorasdevida.org/2014/05/" "Mozilla/5.0 (Linux; Android 7.0;) AppleWebKit/537.36 (KHTML, like Gecko) Mobile Safari/537.36 (compatible; PetalBot;+https://webmaster.petalsearch.com/site/petalbot)"
66.249.66.39 - - [26/Dec/2025:13:18:09 +0000] "GET /?products/14297806 HTTP/1.1" 200 29458 "-" "Mozilla/5.0 (Linux; Android 6.0.1; Nexus 5X Build/MMB29P) AppleWebKit/537.36 (KHTML, like Gecko) Chrome/141.0.7390.122 Mobile Safari/537.36 (compatible; GoogleOther)"
91.196.152.42 - - [26/Dec/2025:13:19:20 +0000] "GET / HTTP/1.1" 200 278925 "-" "Mozilla/5.0 (X11; Ubuntu; Linux x86_64; rv:134.0) Gecko/20100101 Firefox/134.0"
66.249.66.204 - - [26/Dec/2025:13:20:43 +0000] "GET /?products/14239840 HTTP/1.1" 200 24685 "-" "Mozilla/5.0 (Linux; Android 6.0.1; Nexus 5X Build/MMB29P) AppleWebKit/537.36 (KHTML, like Gecko) Chrome/141.0.7390.122 Mobile Safari/537.36 (compatible; GoogleOther)"
66.249.66.204 - - [26/Dec/2025:13:20:55 +0000] "GET /?products/8307384 HTTP/1.1" 200 24411 "-" "Mozilla/5.0 (Linux; Android 6.0.1; Nexus 5X Build/MMB29P) AppleWebKit/537.36 (KHTML, like Gecko) Chrome/141.0.7390.122 Mobile Safari/537.36 (compatible; Googlebot/2.1; +http://www.google.com/bot.html)"
66.249.66.13 - - [26/Dec/2025:13:12:58 +0000] "GET /?products/12470040 HTTP/1.1" 200 25073 "-" "Mozilla/5.0 (Linux; Android 6.0.1; Nexus 5X Build/MMB29P) AppleWebKit/537.36 (KHTML, like Gecko) Chrome/141.0.7390.122 Mobile Safari/537.36 (compatible; GoogleOther)"
66.249.66.39 - - [26/Dec/2025:13:13:46 +0000] "GET /wp-content/uploads/2024/05/?ND HTTP/1.1" 200 2450 "-" "Mozilla/5.0 (Linux; Android 6.0.1; Nexus 5X Build/MMB29P) AppleWebKit/537.36 (KHTML, like Gecko) Chrome/141.0.7390.122 Mobile Safari/537.36 (compatible; Googlebot/2.1; +http://www.google.com/bot.html)"
147.135.193.88 - - [26/Dec/2025:13:13:50 +0000] "GET /wp-content/uploads/2021/12/262867192_4830191747098327_5181797810987421964_n-768x576.jpg HTTP/1.1" 200 102688 "-" "python-urllib3/1.26.9"
66.249.66.12 - - [26/Dec/2025:13:15:07 +0000] "GET /?products/26889517 HTTP/1.1" 200 25071 "-" "Mozilla/5.0 (Linux; Android 6.0.1; Nexus 5X Build/MMB29P) AppleWebKit/537.36 (KHTML, like Gecko) Chrome/141.0.7390.122 Mobile Safari/537.36 (compatible; GoogleOther)"
66.249.66.161 - - [26/Dec/2025:13:15:36 +0000] "GET /?products/10782039 HTTP/1.1" 200 25066 "-" "Mozilla/5.0 (Linux; Android 6.0.1; Nexus 5X Build/MMB29P) AppleWebKit/537.36 (KHTML, like Gecko) Chrome/141.0.7390.122 Mobile Safari/537.36 (compatible; GoogleOther)"
66.249.66.76 - - [26/Dec/2025:13:16:30 +0000] "GET /?products/8169006 HTTP/1.1" 200 24914 "-" "Mozilla/5.0 (Linux; Android 6.0.1; Nexus 5X Build/MMB29P) AppleWebKit/537.36 (KHTML, like Gecko) Chrome/141.0.7390.122 Mobile Safari/537.36 (compatible; Googlebot/2.1; +http://www.google.com/bot.html)"
66.249.66.192 - - [26/Dec/2025:13:17:13 +0000] "GET /?products/26538184 HTTP/1.1" 200 26604 "-" "Mozilla/5.0 (Linux; Android 6.0.1; Nexus 5X Build/MMB29P) AppleWebKit/537.36 (KHTML, like Gecko) Chrome/141.0.7390.122 Mobile Safari/537.36 (compatible; Googlebot/2.1; +http://www.google.com/bot.html)"
216.244.66.246 - - [26/Dec/2025:13:19:02 +0000] "GET /robots.txt HTTP/1.1" 200 81 "-" "Mozilla/5.0 (compatible; DotBot/1.2; +https://opensiteexplorer.org/dotbot; help@moz.com)"
66.249.66.161 - - [26/Dec/2025:13:19:05 +0000] "GET /?products/3266051 HTTP/1.1" 200 26511 "-" "Mozilla/5.0 (Linux; Android 6.0.1; Nexus 5X Build/MMB29P) AppleWebKit/537.36 (KHTML, like Gecko) Chrome/141.0.7390.122 Mobile Safari/537.36 (compatible; GoogleOther)"
170.10.164.126 - - [26/Dec/2025:13:19:21 +0000] "POST /wp-cron.php?doing_wp_cron=1766755161.0348079204559326171875 HTTP/1.1" 200 0 "-" "WordPress/6.8.3; https://alianzatejedorasdevida.org"
66.249.66.39 - - [26/Dec/2025:13:20:30 +0000] "GET /wp-content/uploads/2016/01/Boletin-Diciembre-2015.pdf HTTP/1.1" 200 391234 "-" "Mozilla/5.0 (Linux; Android 6.0.1; Nexus 5X Build/MMB29P) AppleWebKit/537.36 (KHTML, like Gecko) Chrome/141.0.7390.122 Mobile Safari/537.36 (compatible; Googlebot/2.1; +http://www.google.com/bot.html)"
66.249.66.75 - - [26/Dec/2025:13:21:27 +0000] "GET /?products/17085406 HTTP/1.1" 200 25340 "-" "Mozilla/5.0 (Linux; Android 6.0.1; Nexus 5X Build/MMB29P) AppleWebKit/537.36 (KHTML, like Gecko) Chrome/141.0.7390.122 Mobile Safari/537.36 (compatible; GoogleOther)"
66.249.66.39 - - [26/Dec/2025:13:21:55 +0000] "GET /?products/6313728 HTTP/1.1" 200 24929 "-" "Mozilla/5.0 (Linux; Android 6.0.1; Nexus 5X Build/MMB29P) AppleWebKit/537.36 (KHTML, like Gecko) Chrome/141.0.7390.122 Mobile Safari/537.36 (compatible; GoogleOther)"
167.114.139.104 - - [26/Dec/2025:13:23:19 +0000] "GET /?sitemap.xml HTTP/2" 403 0 "-" "Mozilla/5.0 (compatible; AhrefsBot/7.0; +http://ahrefs.com/robot/)"
66.249.66.161 - - [26/Dec/2025:13:23:19 +0000] "GET /?products/5133762 HTTP/1.1" 200 25801 "-" "Mozilla/5.0 (Linux; Android 6.0.1; Nexus 5X Build/MMB29P) AppleWebKit/537.36 (KHTML, like Gecko) Chrome/141.0.7390.122 Mobile Safari/537.36 (compatible; GoogleOther)"
66.249.66.161 - - [26/Dec/2025:13:23:31 +0000] "GET /?products/24170551 HTTP/1.1" 200 26558 "-" "Mozilla/5.0 (Linux; Android 6.0.1; Nexus 5X Build/MMB29P) AppleWebKit/537.36 (KHTML, like Gecko) Chrome/141.0.7390.122 Mobile Safari/537.36 (compatible; Googlebot/2.1; +http://www.google.com/bot.html)"
66.249.66.39 - - [26/Dec/2025:13:21:59 +0000] "GET /wp-content/uploads/2022/12/Invitacion-a-cotizar-Mujeres-Creativas.pdf HTTP/1.1" 200 259226 "-" "Mozilla/5.0 (Linux; Android 6.0.1; Nexus 5X Build/MMB29P) AppleWebKit/537.36 (KHTML, like Gecko) Chrome/141.0.7390.122 Mobile Safari/537.36 (compatible; Googlebot/2.1; +http://www.google.com/bot.html)"
66.249.66.161 - - [26/Dec/2025:13:23:39 +0000] "GET /wp-content/uploads/2022/12/?ND HTTP/1.1" 200 1639 "-" "Mozilla/5.0 (Linux; Android 6.0.1; Nexus 5X Build/MMB29P) AppleWebKit/537.36 (KHTML, like Gecko) Chrome/141.0.7390.122 Mobile Safari/537.36 (compatible; Googlebot/2.1; +http://www.google.com/bot.html)"
66.249.66.39 - - [26/Dec/2025:13:24:15 +0000] "GET /?products/24709540 HTTP/1.1" 200 25654 "-" "Mozilla/5.0 (Linux; Android 6.0.1; Nexus 5X Build/MMB29P) AppleWebKit/537.36 (KHTML, like Gecko) Chrome/141.0.7390.122 Mobile Safari/537.36 (compatible; GoogleOther)"
66.249.66.14 - - [26/Dec/2025:13:25:03 +0000] "GET /?products/11875406 HTTP/1.1" 200 25955 "-" "Mozilla/5.0 (Linux; Android 6.0.1; Nexus 5X Build/MMB29P) AppleWebKit/537.36 (KHTML, like Gecko) Chrome/141.0.7390.122 Mobile Safari/537.36 (compatible; Googlebot/2.1; +http://www.google.com/bot.html)"
216.244.66.246 - - [26/Dec/2025:13:25:04 +0000] "GET /wp-content/uploads/2020/06/?SD HTTP/1.1" 200 2807 "-" "Mozilla/5.0 (compatible; DotBot/1.2; +https://opensiteexplorer.org/dotbot; help@moz.com)"
66.249.66.161 - - [26/Dec/2025:13:26:23 +0000] "GET /wp-content/uploads/2016/01/?MA HTTP/1.1" 200 1085 "-" "Mozilla/5.0 (Linux; Android 6.0.1; Nexus 5X Build/MMB29P) AppleWebKit/537.36 (KHTML, like Gecko) Chrome/141.0.7390.122 Mobile Safari/537.36 (compatible; Googlebot/2.1; +http://www.google.com/bot.html)"
66.249.66.12 - - [26/Dec/2025:13:26:58 +0000] "GET /?products/8821073 HTTP/1.1" 200 26052 "-" "Mozilla/5.0 (Linux; Android 6.0.1; Nexus 5X Build/MMB29P) AppleWebKit/537.36 (KHTML, like Gecko) Chrome/141.0.7390.122 Mobile Safari/537.36 (compatible; Googlebot/2.1; +http://www.google.com/bot.html)"
66.249.66.39 - - [26/Dec/2025:13:27:05 +0000] "GET /?products/14213339 HTTP/1.1" 200 24916 "-" "Mozilla/5.0 (Linux; Android 6.0.1; Nexus 5X Build/MMB29P) AppleWebKit/537.36 (KHTML, like Gecko) Chrome/141.0.7390.122 Mobile Safari/537.36 (compatible; GoogleOther)"
66.249.66.75 - - [26/Dec/2025:13:27:25 +0000] "GET /?products/6014584 HTTP/1.1" 200 25582 "-" "Mozilla/5.0 (Linux; Android 6.0.1; Nexus 5X Build/MMB29P) AppleWebKit/537.36 (KHTML, like Gecko) Chrome/141.0.7390.122 Mobile Safari/537.36 (compatible; Googlebot/2.1; +http://www.google.com/bot.html)"
