66.249.66.204 - - [26/Dec/2025:17:13:32 +0000] "GET /?products/17945217 HTTP/1.1" 200 24377 "-" "Mozilla/5.0 (Linux; Android 6.0.1; Nexus 5X Build/MMB29P) AppleWebKit/537.36 (KHTML, like Gecko) Chrome/141.0.7390.122 Mobile Safari/537.36 (compatible; GoogleOther)"
66.249.66.12 - - [26/Dec/2025:17:14:39 +0000] "GET /?products/5565962 HTTP/1.1" 200 25190 "-" "Mozilla/5.0 (Linux; Android 6.0.1; Nexus 5X Build/MMB29P) AppleWebKit/537.36 (KHTML, like Gecko) Chrome/141.0.7390.122 Mobile Safari/537.36 (compatible; GoogleOther)"
66.249.66.40 - - [26/Dec/2025:17:15:10 +0000] "GET /?products/14943628 HTTP/1.1" 200 25734 "-" "Mozilla/5.0 (Linux; Android 6.0.1; Nexus 5X Build/MMB29P) AppleWebKit/537.36 (KHTML, like Gecko) Chrome/141.0.7390.122 Mobile Safari/537.36 (compatible; GoogleOther)"
66.249.66.161 - - [26/Dec/2025:17:15:40 +0000] "GET /?products/8797873 HTTP/1.1" 200 24132 "-" "Mozilla/5.0 (Linux; Android 6.0.1; Nexus 5X Build/MMB29P) AppleWebKit/537.36 (KHTML, like Gecko) Chrome/141.0.7390.122 Mobile Safari/537.36 (compatible; GoogleOther)"
66.249.66.204 - - [26/Dec/2025:17:16:13 +0000] "GET /?products/12271306 HTTP/1.1" 200 25440 "-" "Mozilla/5.0 (Linux; Android 6.0.1; Nexus 5X Build/MMB29P) AppleWebKit/537.36 (KHTML, like Gecko) Chrome/141.0.7390.122 Mobile Safari/537.36 (compatible; GoogleOther)"
66.249.66.204 - - [26/Dec/2025:17:16:33 +0000] "GET /?products/6242317 HTTP/1.1" 200 24845 "-" "Mozilla/5.0 (Linux; Android 6.0.1; Nexus 5X Build/MMB29P) AppleWebKit/537.36 (KHTML, like Gecko) Chrome/141.0.7390.122 Mobile Safari/537.36 (compatible; Googlebot/2.1; +http://www.google.com/bot.html)"
66.249.66.161 - - [26/Dec/2025:17:17:04 +0000] "GET /?products/18808973 HTTP/1.1" 200 24313 "-" "Mozilla/5.0 (Linux; Android 6.0.1; Nexus 5X Build/MMB29P) AppleWebKit/537.36 (KHTML, like Gecko) Chrome/141.0.7390.122 Mobile Safari/537.36 (compatible; GoogleOther)"
66.249.66.14 - - [26/Dec/2025:17:17:06 +0000] "GET /?products/13578106 HTTP/1.1" 200 25553 "-" "Mozilla/5.0 (Linux; Android 6.0.1; Nexus 5X Build/MMB29P) AppleWebKit/537.36 (KHTML, like Gecko) Chrome/141.0.7390.122 Mobile Safari/537.36 (compatible; Googlebot/2.1; +http://www.google.com/bot.html)"
66.249.66.12 - - [26/Dec/2025:17:17:47 +0000] "GET /?products/3156240 HTTP/1.1" 200 26625 "-" "Mozilla/5.0 (Linux; Android 6.0.1; Nexus 5X Build/MMB29P) AppleWebKit/537.36 (KHTML, like Gecko) Chrome/141.0.7390.122 Mobile Safari/537.36 (compatible; GoogleOther)"
66.249.66.12 - - [26/Dec/2025:17:17:57 +0000] "GET /ctg/apiAllLCate/ HTTP/1.1" 200 25937 "https://alianzatejedorasdevida.org/?ctg/search/similarImageSearchResultView/?ctgItemCd=78144355" "Mozilla/5.0 (Linux; Android 6.0.1; Nexus 5X Build/MMB29P) AppleWebKit/537.36 (KHTML, like Gecko) Chrome/141.0.7390.122 Mobile Safari/537.36 (compatible; Googlebot/2.1; +http://www.google.com/bot.html)"
66.249.66.13 - - [26/Dec/2025:17:18:27 +0000] "GET /wp-content/uploads/revslider/church-2/ HTTP/1.1" 200 1168 "-" "Mozilla/5.0 (Linux; Android 6.0.1; Nexus 5X Build/MMB29P) AppleWebKit/537.36 (KHTML, like Gecko) Chrome/141.0.7390.122 Mobile Safari/537.36 (compatible; Googlebot/2.1; +http://www.google.com/bot.html)"
66.249.66.75 - - [26/Dec/2025:17:12:35 +0000] "GET /?products/14962473 HTTP/1.1" 200 27326 "-" "Mozilla/5.0 (Linux; Android 6.0.1; Nexus 5X Build/MMB29P) AppleWebKit/537.36 (KHTML, like Gecko) Chrome/141.0.7390.122 Mobile Safari/537.36 (compatible; GoogleOther)"
66.249.66.75 - - [26/Dec/2025:17:12:47 +0000] "GET /?products/7151062 HTTP/1.1" 200 25027 "-" "Mozilla/5.0 (Linux; Android 6.0.1; Nexus 5X Build/MMB29P) AppleWebKit/537.36 (KHTML, like Gecko) Chrome/141.0.7390.122 Mobile Safari/537.36 (compatible; GoogleOther)"
66.249.66.76 - - [26/Dec/2025:17:13:34 +0000] "GET /?products/2974895 HTTP/1.1" 200 25639 "-" "Mozilla/5.0 (Linux; Android 6.0.1; Nexus 5X Build/MMB29P) AppleWebKit/537.36 (KHTML, like Gecko) Chrome/141.0.7390.122 Mobile Safari/537.36 (compatible; Googlebot/2.1; +http://www.google.com/bot.html)"
66.249.66.76 - - [26/Dec/2025:17:14:08 +0000] "GET /?products/16629440 HTTP/1.1" 200 24576 "-" "Mozilla/5.0 (Linux; Android 6.0.1; Nexus 5X Build/MMB29P) AppleWebKit/537.36 (KHTML, like Gecko) Chrome/141.0.7390.122 Mobile Safari/537.36 (compatible; GoogleOther)"
66.249.66.76 - - [26/Dec/2025:17:14:15 +0000] "GET /?products/20300239 HTTP/1.1" 200 23996 "-" "Mozilla/5.0 (Linux; Android 6.0.1; Nexus 5X Build/MMB29P) AppleWebKit/537.36 (KHTML, like Gecko) Chrome/141.0.7390.122 Mobile Safari/537.36 (compatible; GoogleOther)"
66.249.66.76 - - [26/Dec/2025:17:14:16 +0000] "GET /?products/16867540 HTTP/1.1" 200 25272 "-" "Mozilla/5.0 (Linux; Android 6.0.1; Nexus 5X Build/MMB29P) AppleWebKit/537.36 (KHTML, like Gecko) Chrome/141.0.7390.122 Mobile Safari/537.36 (compatible; GoogleOther)"
66.249.66.12 - - [26/Dec/2025:17:15:44 +0000] "GET /?products/6189762 HTTP/1.1" 200 24725 "-" "Mozilla/5.0 (Linux; Android 6.0.1; Nexus 5X Build/MMB29P) AppleWebKit/537.36 (KHTML, like Gecko) Chrome/141.0.7390.122 Mobile Safari/537.36 (compatible; Googlebot/2.1; +http://www.google.com/bot.html)"
66.249.66.39 - - [26/Dec/2025:17:17:09 +0000] "GET /?products/19569840 HTTP/1.1" 200 26637 "-" "Mozilla/5.0 (Linux; Android 6.0.1; Nexus 5X Build/MMB29P) AppleWebKit/537.36 (KHTML, like Gecko) Chrome/141.0.7390.122 Mobile Safari/537.36 (compatible; GoogleOther)"
66.249.66.40 - - [26/Dec/2025:17:17:10 +0000] "GET /?products/5863117 HTTP/1.1" 200 24950 "-" "Mozilla/5.0 (Linux; Android 6.0.1; Nexus 5X Build/MMB29P) AppleWebKit/537.36 (KHTML, like Gecko) Chrome/141.0.7390.122 Mobile Safari/537.36 (compatible; Googlebot/2.1; +http://www.google.com/bot.html)"
170.10.164.126 - - [26/Dec/2025:17:17:15 +0000] "POST /wp-cron.php?doing_wp_cron=1766769435.4330499172210693359375 HTTP/1.1" 200 0 "-" "WordPress/6.8.3; https://alianzatejedorasdevida.org"
66.249.66.161 - - [26/Dec/2025:17:17:32 +0000] "GET /?products/19269228 HTTP/1.1" 200 26187 "-" "Mozilla/5.0 (Linux; Android 6.0.1; Nexus 5X Build/MMB29P) AppleWebKit/537.36 (KHTML, like Gecko) Chrome/141.0.7390.122 Mobile Safari/537.36 (compatible; Googlebot/2.1; +http://www.google.com/bot.html)"
66.249.66.204 - - [26/Dec/2025:17:17:33 +0000] "GET /2016/06/26/mirada-de-mujer-resena-de-drogas-bandidos-y-diplomaticos-de-winifred-tate/feed/ HTTP/1.1" 200 25486 "-" "Mozilla/5.0 (Linux; Android 6.0.1; Nexus 5X Build/MMB29P) AppleWebKit/537.36 (KHTML, like Gecko) Chrome/141.0.7390.122 Mobile Safari/537.36 (compatible; Googlebot/2.1; +http://www.google.com/bot.html)"
66.249.66.77 - - [26/Dec/2025:17:18:16 +0000] "GET /?products/9591051 HTTP/1.1" 200 24944 "-" "Mozilla/5.0 (Linux; Android 6.0.1; Nexus 5X Build/MMB29P) AppleWebKit/537.36 (KHTML, like Gecko) Chrome/141.0.7390.122 Mobile Safari/537.36 (compatible; GoogleOther)"
66.249.66.204 - - [26/Dec/2025:17:19:17 +0000] "GET /?products/15191084 HTTP/1.1" 200 24296 "-" "Mozilla/5.0 (Linux; Android 6.0.1; Nexus 5X Build/MMB29P) AppleWebKit/537.36 (KHTML, like Gecko) Chrome/141.0.7390.122 Mobile Safari/537.36 (compatible; Googlebot/2.1; +http://www.google.com/bot.html)"
66.249.66.75 - - [26/Dec/2025:17:17:45 +0000] "GET /?products/10656239 HTTP/1.1" 200 24985 "-" "Mozilla/5.0 (Linux; Android 6.0.1; Nexus 5X Build/MMB29P) AppleWebKit/537.36 (KHTML, like Gecko) Chrome/141.0.7390.122 Mobile Safari/537.36 (compatible; GoogleOther)"
66.249.66.161 - - [26/Dec/2025:17:18:28 +0000] "GET /wp-content/uploads/2024/05/TDR-Soporte-Tecnico-768x768.jpg HTTP/1.1" 200 93869 "-" "Googlebot-Image/1.0"
66.249.66.13 - - [26/Dec/2025:17:18:29 +0000] "GET /?products/9662606 HTTP/1.1" 200 25823 "-" "Mozilla/5.0 (Linux; Android 6.0.1; Nexus 5X Build/MMB29P) AppleWebKit/537.36 (KHTML, like Gecko) Chrome/141.0.7390.122 Mobile Safari/537.36 (compatible; GoogleOther)"
66.249.66.161 - - [26/Dec/2025:17:18:36 +0000] "GET /?products/12350695 HTTP/1.1" 200 25779 "-" "Mozilla/5.0 (Linux; Android 6.0.1; Nexus 5X Build/MMB29P) AppleWebKit/537.36 (KHTML, like Gecko) Chrome/141.0.7390.122 Mobile Safari/537.36 (compatible; GoogleOther)"
66.249.66.12 - - [26/Dec/2025:17:18:47 +0000] "GET /?products/2277751 HTTP/1.1" 200 24554 "-" "Mozilla/5.0 (Linux; Android 6.0.1; Nexus 5X Build/MMB29P) AppleWebKit/537.36 (KHTML, like Gecko) Chrome/141.0.7390.122 Mobile Safari/537.36 (compatible; GoogleOther)"
66.249.66.161 - - [26/Dec/2025:17:19:30 +0000] "GET /feed/?post_type=wpbdp_listing&wpbdp_category=alimentos-organicos HTTP/1.1" 200 24592 "-" "Mozilla/5.0 (Linux; Android 6.0.1; Nexus 5X Build/MMB29P) AppleWebKit/537.36 (KHTML, like Gecko) Chrome/141.0.7390.122 Mobile Safari/537.36 (compatible; Googlebot/2.1; +http://www.google.com/bot.html)"
66.249.66.75 - - [26/Dec/2025:17:20:37 +0000] "GET /?products/8482184 HTTP/1.1" 200 28421 "-" "Mozilla/5.0 (Linux; Android 6.0.1; Nexus 5X Build/MMB29P) AppleWebKit/537.36 (KHTML, like Gecko) Chrome/141.0.7390.122 Mobile Safari/537.36 (compatible; GoogleOther)"
66.249.66.204 - - [26/Dec/2025:17:20:43 +0000] "GET /?products/28170928 HTTP/1.1" 200 25615 "-" "Mozilla/5.0 (Linux; Android 6.0.1; Nexus 5X Build/MMB29P) AppleWebKit/537.36 (KHTML, like Gecko) Chrome/141.0.7390.122 Mobile Safari/537.36 (compatible; Googlebot/2.1; +http://www.google.com/bot.html)"
66.249.66.12 - - [26/Dec/2025:17:20:51 +0000] "GET /?products/9659706 HTTP/1.1" 200 25442 "-" "Mozilla/5.0 (Linux; Android 6.0.1; Nexus 5X Build/MMB29P) AppleWebKit/537.36 (KHTML, like Gecko) Chrome/141.0.7390.122 Mobile Safari/537.36 (compatible; GoogleOther)"
66.249.66.161 - - [26/Dec/2025:17:21:31 +0000] "GET /?products/13258206 HTTP/1.1" 200 28074 "-" "Mozilla/5.0 (Linux; Android 6.0.1; Nexus 5X Build/MMB29P) AppleWebKit/537.36 (KHTML, like Gecko) Chrome/141.0.7390.122 Mobile Safari/537.36 (compatible; GoogleOther)"
66.249.66.161 - - [26/Dec/2025:17:21:42 +0000] "GET /?products/29863228 HTTP/1.1" 200 24911 "-" "Mozilla/5.0 (Linux; Android 6.0.1; Nexus 5X Build/MMB29P) AppleWebKit/537.36 (KHTML, like Gecko) Chrome/141.0.7390.122 Mobile Safari/537.36 (compatible; Googlebot/2.1; +http://www.google.com/bot.html)"
66.249.66.75 - - [26/Dec/2025:17:22:02 +0000] "GET /?products/10022439 HTTP/1.1" 200 25077 "-" "Mozilla/5.0 (Linux; Android 6.0.1; Nexus 5X Build/MMB29P) AppleWebKit/537.36 (KHTML, like Gecko) Chrome/141.0.7390.122 Mobile Safari/537.36 (compatible; GoogleOther)"
66.249.66.39 - - [26/Dec/2025:17:22:24 +0000] "GET /?products/12993251 HTTP/1.1" 200 24730 "-" "Mozilla/5.0 (Linux; Android 6.0.1; Nexus 5X Build/MMB29P) AppleWebKit/537.36 (KHTML, like Gecko) Chrome/141.0.7390.122 Mobile Safari/537.36 (compatible; GoogleOther)"
66.249.66.13 - - [26/Dec/2025:17:23:15 +0000] "GET /?products/18668495 HTTP/1.1" 200 26146 "-" "Mozilla/5.0 (Linux; Android 6.0.1; Nexus 5X Build/MMB29P) AppleWebKit/537.36 (KHTML, like Gecko) Chrome/141.0.7390.122 Mobile Safari/537.36 (compatible; Googlebot/2.1; +http://www.google.com/bot.html)"
66.249.66.76 - - [26/Dec/2025:17:23:16 +0000] "GET /?products/25721195 HTTP/1.1" 200 25352 "-" "Mozilla/5.0 (Linux; Android 6.0.1; Nexus 5X Build/MMB29P) AppleWebKit/537.36 (KHTML, like Gecko) Chrome/141.0.7390.122 Mobile Safari/537.36 (compatible; Googlebot/2.1; +http://www.google.com/bot.html)"
66.249.66.12 - - [26/Dec/2025:17:20:20 +0000] "GET /?products/13900828 HTTP/1.1" 200 25878 "-" "Mozilla/5.0 (Linux; Android 6.0.1; Nexus 5X Build/MMB29P) AppleWebKit/537.36 (KHTML, like Gecko) Chrome/141.0.7390.122 Mobile Safari/537.36 (compatible; GoogleOther)"
66.249.66.161 - - [26/Dec/2025:17:21:19 +0000] "GET /?products/20010228 HTTP/1.1" 200 25278 "-" "Mozilla/5.0 (Linux; Android 6.0.1; Nexus 5X Build/MMB29P) AppleWebKit/537.36 (KHTML, like Gecko) Chrome/141.0.7390.122 Mobile Safari/537.36 (compatible; GoogleOther)"
66.249.66.162 - - [26/Dec/2025:17:21:22 +0000] "GET /?products/11653373 HTTP/1.1" 200 25300 "-" "Mozilla/5.0 (Linux; Android 6.0.1; Nexus 5X Build/MMB29P) AppleWebKit/537.36 (KHTML, like Gecko) Chrome/141.0.7390.122 Mobile Safari/537.36 (compatible; GoogleOther)"
66.249.66.76 - - [26/Dec/2025:17:21:23 +0000] "GET /2016/06/15/marcha-del-retorno-al-placer-fue-todo-un-exito/feed/ HTTP/1.1" 200 24296 "-" "Mozilla/5.0 (Linux; Android 6.0.1; Nexus 5X Build/MMB29P) AppleWebKit/537.36 (KHTML, like Gecko) Chrome/141.0.7390.122 Mobile Safari/537.36 (compatible; Googlebot/2.1; +http://www.google.com/bot.html)"
66.249.66.161 - - [26/Dec/2025:17:21:27 +0000] "GET /wp-content/uploads/2015/07/Nueva-imagen-600x412.jpg HTTP/1.1" 200 39490 "-" "Googlebot-Image/1.0"
170.10.164.126 - - [26/Dec/2025:17:21:44 +0000] "POST /wp-cron.php?doing_wp_cron=1766769704.2806010246276855468750 HTTP/1.1" 200 0 "-" "WordPress/6.8.3; https://alianzatejedorasdevida.org"
91.90.126.137 - - [26/Dec/2025:17:21:52 +0000] "GET /wp-admin HTTP/1.1" 301 795 "-" "Mozilla/5.0 (X11; Linux x86_64; rv:128.0) Gecko/20100101 Firefox/128.0"
66.249.66.39 - - [26/Dec/2025:17:21:54 +0000] "GET /?products/14474206 HTTP/1.1" 200 25016 "-" "Mozilla/5.0 (Linux; Android 6.0.1; Nexus 5X Build/MMB29P) AppleWebKit/537.36 (KHTML, like Gecko) Chrome/141.0.7390.122 Mobile Safari/537.36 (compatible; GoogleOther)"
91.90.126.137 - - [26/Dec/2025:17:21:53 +0000] "GET /wp-admin/ HTTP/1.1" 302 0 "-" "Mozilla/5.0 (X11; Linux x86_64; rv:128.0) Gecko/20100101 Firefox/128.0"
91.90.126.137 - - [26/Dec/2025:17:21:55 +0000] "GET /wp-login.php?redirect_to=https://alianzatejedorasdevida.org/wp-admin/&reauth=1 HTTP/1.1" 200 25237 "-" "Mozilla/5.0 (X11; Linux x86_64; rv:128.0) Gecko/20100101 Firefox/128.0"
66.249.66.75 - - [26/Dec/2025:17:22:22 +0000] "GET /?products/12127528 HTTP/1.1" 200 26166 "-" "Mozilla/5.0 (Linux; Android 6.0.1; Nexus 5X Build/MMB29P) AppleWebKit/537.36 (KHTML, like Gecko) Chrome/141.0.7390.122 Mobile Safari/537.36 (compatible; Googlebot/2.1; +http://www.google.com/bot.html)"
66.249.66.204 - - [26/Dec/2025:17:22:44 +0000] "GET /?products/6206784 HTTP/1.1" 200 25153 "-" "Mozilla/5.0 (Linux; Android 6.0.1; Nexus 5X Build/MMB29P) AppleWebKit/537.36 (KHTML, like Gecko) Chrome/141.0.7390.122 Mobile Safari/537.36 (compatible; GoogleOther)"
66.249.66.39 - - [26/Dec/2025:17:22:48 +0000] "GET /?products/13889873 HTTP/1.1" 200 25468 "-" "Mozilla/5.0 (Linux; Android 6.0.1; Nexus 5X Build/MMB29P) AppleWebKit/537.36 (KHTML, like Gecko) Chrome/141.0.7390.122 Mobile Safari/537.36 (compatible; Googlebot/2.1; +http://www.google.com/bot.html)"
216.73.216.146 - - [26/Dec/2025:17:23:14 +0000] "GET /robots.txt HTTP/2" 200 81 "-" "Mozilla/5.0 AppleWebKit/537.36 (KHTML, like Gecko; compatible; ClaudeBot/1.0; +claudebot@anthropic.com)"
216.73.216.146 - - [26/Dec/2025:17:23:14 +0000] "GET /sitemap_index.xml HTTP/2" 403 0 "-" "Mozilla/5.0 AppleWebKit/537.36 (KHTML, like Gecko; compatible; ClaudeBot/1.0; +claudebot@anthropic.com)"
66.249.66.75 - - [26/Dec/2025:17:23:26 +0000] "GET /?products/14837062 HTTP/1.1" 200 25292 "-" "Mozilla/5.0 (Linux; Android 6.0.1; Nexus 5X Build/MMB29P) AppleWebKit/537.36 (KHTML, like Gecko) Chrome/141.0.7390.122 Mobile Safari/537.36 (compatible; GoogleOther)"
66.249.66.161 - - [26/Dec/2025:17:24:09 +0000] "GET /2022/09/16/conexion-putumayo-logro-historico-para-las-mujeres-en-putumayo/ HTTP/1.1" 200 25249 "-" "Googlebot-Image/1.0"
66.249.66.39 - - [26/Dec/2025:17:18:31 +0000] "GET /?products/29097928 HTTP/1.1" 200 24097 "-" "Mozilla/5.0 (Linux; Android 6.0.1; Nexus 5X Build/MMB29P) AppleWebKit/537.36 (KHTML, like Gecko) Chrome/141.0.7390.122 Mobile Safari/537.36 (compatible; Googlebot/2.1; +http://www.google.com/bot.html)"
66.249.66.204 - - [26/Dec/2025:17:19:18 +0000] "GET /?products/8179706 HTTP/1.1" 200 24781 "-" "Mozilla/5.0 (Linux; Android 6.0.1; Nexus 5X Build/MMB29P) AppleWebKit/537.36 (KHTML, like Gecko) Chrome/141.0.7390.122 Mobile Safari/537.36 (compatible; GoogleOther)"
66.249.66.12 - - [26/Dec/2025:17:19:49 +0000] "GET /?products/4095151 HTTP/1.1" 200 25327 "-" "Mozilla/5.0 (Linux; Android 6.0.1; Nexus 5X Build/MMB29P) AppleWebKit/537.36 (KHTML, like Gecko) Chrome/141.0.7390.122 Mobile Safari/537.36 (compatible; GoogleOther)"
66.249.66.39 - - [26/Dec/2025:17:19:54 +0000] "GET /?products/11819851 HTTP/1.1" 200 25033 "-" "Mozilla/5.0 (Linux; Android 6.0.1; Nexus 5X Build/MMB29P) AppleWebKit/537.36 (KHTML, like Gecko) Chrome/141.0.7390.122 Mobile Safari/537.36 (compatible; GoogleOther)"
66.249.66.161 - - [26/Dec/2025:17:20:52 +0000] "GET /?products/18668495 HTTP/1.1" 200 26146 "-" "Mozilla/5.0 (Linux; Android 6.0.1; Nexus 5X Build/MMB29P) AppleWebKit/537.36 (KHTML, like Gecko) Chrome/141.0.7390.122 Mobile Safari/537.36 (compatible; Googlebot/2.1; +http://www.google.com/bot.html)"
66.249.66.75 - - [26/Dec/2025:17:21:23 +0000] "GET /?products/3689995 HTTP/1.1" 200 25907 "-" "Mozilla/5.0 (Linux; Android 6.0.1; Nexus 5X Build/MMB29P) AppleWebKit/537.36 (KHTML, like Gecko) Chrome/141.0.7390.122 Mobile Safari/537.36 (compatible; Googlebot/2.1; +http://www.google.com/bot.html)"
91.90.126.137 - - [26/Dec/2025:17:21:43 +0000] "GET /wp-login.php HTTP/1.1" 200 25237 "-" "Mozilla/5.0 (X11; Linux x86_64; rv:128.0) Gecko/20100101 Firefox/128.0"
91.90.126.137 - - [26/Dec/2025:17:21:44 +0000] "POST /wp-login.php HTTP/1.1" 200 25337 "-" "Mozilla/5.0 (X11; Linux x86_64; rv:128.0) Gecko/20100101 Firefox/128.0"
66.249.66.12 - - [26/Dec/2025:17:21:52 +0000] "GET /?products/16419151 HTTP/1.1" 200 24446 "-" "Mozilla/5.0 (Linux; Android 6.0.1; Nexus 5X Build/MMB29P) AppleWebKit/537.36 (KHTML, like Gecko) Chrome/141.0.7390.122 Mobile Safari/537.36 (compatible; Googlebot/2.1; +http://www.google.com/bot.html)"
66.249.66.39 - - [26/Dec/2025:17:22:56 +0000] "GET /?products/4773606 HTTP/1.1" 200 25216 "-" "Mozilla/5.0 (Linux; Android 6.0.1; Nexus 5X Build/MMB29P) AppleWebKit/537.36 (KHTML, like Gecko) Chrome/141.0.7390.122 Mobile Safari/537.36 (compatible; GoogleOther)"
66.249.66.39 - - [26/Dec/2025:17:22:58 +0000] "GET /?products/27716017 HTTP/1.1" 200 24991 "-" "Mozilla/5.0 (Linux; Android 6.0.1; Nexus 5X Build/MMB29P) AppleWebKit/537.36 (KHTML, like Gecko) Chrome/141.0.7390.122 Mobile Safari/537.36 (compatible; GoogleOther)"
66.249.66.41 - - [26/Dec/2025:17:23:06 +0000] "GET /?products/12869662 HTTP/1.1" 200 27144 "-" "Mozilla/5.0 (Linux; Android 6.0.1; Nexus 5X Build/MMB29P) AppleWebKit/537.36 (KHTML, like Gecko) Chrome/141.0.7390.122 Mobile Safari/537.36 (compatible; Googlebot/2.1; +http://www.google.com/bot.html)"
66.249.66.12 - - [26/Dec/2025:17:23:28 +0000] "GET /wp-content/uploads/2021/09/LIDER-R.3-1536x1536.jpg HTTP/1.1" 200 312656 "-" "Googlebot-Image/1.0"
66.249.66.12 - - [26/Dec/2025:17:23:58 +0000] "GET /?products/15360717 HTTP/1.1" 200 24326 "-" "Mozilla/5.0 (Linux; Android 6.0.1; Nexus 5X Build/MMB29P) AppleWebKit/537.36 (KHTML, like Gecko) Chrome/141.0.7390.122 Mobile Safari/537.36 (compatible; GoogleOther)"
66.249.66.204 - - [26/Dec/2025:17:23:59 +0000] "GET /?products/14663617 HTTP/1.1" 200 25583 "-" "Mozilla/5.0 (Linux; Android 6.0.1; Nexus 5X Build/MMB29P) AppleWebKit/537.36 (KHTML, like Gecko) Chrome/141.0.7390.122 Mobile Safari/537.36 (compatible; GoogleOther)"
66.249.66.40 - - [26/Dec/2025:17:24:29 +0000] "GET /?products/17400617 HTTP/1.1" 200 25143 "-" "Mozilla/5.0 (Linux; Android 6.0.1; Nexus 5X Build/MMB29P) AppleWebKit/537.36 (KHTML, like Gecko) Chrome/141.0.7390.122 Mobile Safari/537.36 (compatible; GoogleOther)"
216.244.66.246 - - [26/Dec/2025:17:24:42 +0000] "GET /2019/02/25/comunicado_-ola-de-violencia-y-feminicidios-contra-las-mujeres-en-ptumayo/?share=twitter HTTP/1.1" 403 0 "-" "Mozilla/5.0 (compatible; DotBot/1.2; +https://opensiteexplorer.org/dotbot; help@moz.com)"
66.249.66.39 - - [26/Dec/2025:17:24:46 +0000] "GET /?products/20182351 HTTP/1.1" 200 27525 "-" "Mozilla/5.0 (Linux; Android 6.0.1; Nexus 5X Build/MMB29P) AppleWebKit/537.36 (KHTML, like Gecko) Chrome/141.0.7390.122 Mobile Safari/537.36 (compatible; Googlebot/2.1; +http://www.google.com/bot.html)"
216.244.66.246 - - [26/Dec/2025:17:24:52 +0000] "GET /2019/02/26/boletin-feb_-territorio-seguridad-y-violencias-basadas-en-genero/?share=twitter HTTP/1.1" 403 0 "-" "Mozilla/5.0 (compatible; DotBot/1.2; +https://opensiteexplorer.org/dotbot; help@moz.com)"
66.249.66.12 - - [26/Dec/2025:17:25:15 +0000] "GET /?products/30846451 HTTP/1.1" 200 25036 "-" "Mozilla/5.0 (Linux; Android 6.0.1; Nexus 5X Build/MMB29P) AppleWebKit/537.36 (KHTML, like Gecko) Chrome/141.0.7390.122 Mobile Safari/537.36 (compatible; Googlebot/2.1; +http://www.google.com/bot.html)"
66.249.66.204 - - [26/Dec/2025:17:25:20 +0000] "GET /?products/2117373 HTTP/1.1" 200 25838 "-" "Mozilla/5.0 (Linux; Android 6.0.1; Nexus 5X Build/MMB29P) AppleWebKit/537.36 (KHTML, like Gecko) Chrome/141.0.7390.122 Mobile Safari/537.36 (compatible; Googlebot/2.1; +http://www.google.com/bot.html)"
66.249.66.41 - - [26/Dec/2025:17:26:02 +0000] "GET /?products/10024439 HTTP/1.1" 200 25289 "-" "Mozilla/5.0 (Linux; Android 6.0.1; Nexus 5X Build/MMB29P) AppleWebKit/537.36 (KHTML, like Gecko) Chrome/141.0.7390.122 Mobile Safari/537.36 (compatible; GoogleOther)"
66.249.66.204 - - [26/Dec/2025:17:26:59 +0000] "GET /?products/2918540 HTTP/1.1" 200 25379 "-" "Mozilla/5.0 (Linux; Android 6.0.1; Nexus 5X Build/MMB29P) AppleWebKit/537.36 (KHTML, like Gecko) Chrome/141.0.7390.122 Mobile Safari/537.36 (compatible; GoogleOther)"
66.249.66.204 - - [26/Dec/2025:17:27:04 +0000] "GET /?products/15036384 HTTP/1.1" 200 24823 "-" "Mozilla/5.0 (Linux; Android 6.0.1; Nexus 5X Build/MMB29P) AppleWebKit/537.36 (KHTML, like Gecko) Chrome/141.0.7390.122 Mobile Safari/537.36 (compatible; GoogleOther)"
66.249.66.161 - - [26/Dec/2025:17:27:24 +0000] "GET /?products/16829673 HTTP/1.1" 200 24814 "-" "Mozilla/5.0 (Linux; Android 6.0.1; Nexus 5X Build/MMB29P) AppleWebKit/537.36 (KHTML, like Gecko) Chrome/141.0.7390.122 Mobile Safari/537.36 (compatible; Googlebot/2.1; +http://www.google.com/bot.html)"
66.249.66.75 - - [26/Dec/2025:17:27:39 +0000] "GET /?products/15723751 HTTP/1.1" 200 24794 "-" "Mozilla/5.0 (Linux; Android 6.0.1; Nexus 5X Build/MMB29P) AppleWebKit/537.36 (KHTML, like Gecko) Chrome/141.0.7390.122 Mobile Safari/537.36 (compatible; Googlebot/2.1; +http://www.google.com/bot.html)"
66.249.66.161 - - [26/Dec/2025:17:27:52 +0000] "GET /?products/15553162 HTTP/1.1" 200 25713 "-" "Mozilla/5.0 (Linux; Android 6.0.1; Nexus 5X Build/MMB29P) AppleWebKit/537.36 (KHTML, like Gecko) Chrome/141.0.7390.122 Mobile Safari/537.36 (compatible; Googlebot/2.1; +http://www.google.com/bot.html)"
66.249.66.161 - - [26/Dec/2025:17:27:58 +0000] "GET /?products/11173817 HTTP/1.1" 200 24330 "-" "Mozilla/5.0 (Linux; Android 6.0.1; Nexus 5X Build/MMB29P) AppleWebKit/537.36 (KHTML, like Gecko) Chrome/141.0.7390.122 Mobile Safari/537.36 (compatible; Googlebot/2.1; +http://www.google.com/bot.html)"
66.249.66.161 - - [26/Dec/2025:17:28:06 +0000] "GET /?products/6322817 HTTP/1.1" 200 25907 "-" "Mozilla/5.0 (Linux; Android 6.0.1; Nexus 5X Build/MMB29P) AppleWebKit/537.36 (KHTML, like Gecko) Chrome/141.0.7390.122 Mobile Safari/537.36 (compatible; GoogleOther)"
66.249.66.12 - - [26/Dec/2025:17:28:37 +0000] "GET /?products/15394440 HTTP/1.1" 200 25054 "-" "Mozilla/5.0 (Linux; Android 6.0.1; Nexus 5X Build/MMB29P) AppleWebKit/537.36 (KHTML, like Gecko) Chrome/141.0.7390.122 Mobile Safari/537.36 (compatible; GoogleOther)"
66.249.66.77 - - [26/Dec/2025:17:24:09 +0000] "GET /?products/27227173 HTTP/1.1" 200 25640 "-" "Mozilla/5.0 (Linux; Android 6.0.1; Nexus 5X Build/MMB29P) AppleWebKit/537.36 (KHTML, like Gecko) Chrome/141.0.7390.122 Mobile Safari/537.36 (compatible; GoogleOther)"
66.249.66.39 - - [26/Dec/2025:17:24:27 +0000] "GET /wp-content/uploads/2020/10/tdr1-300x300.jpg HTTP/1.1" 200 24684 "-" "Googlebot-Image/1.0"
66.249.66.204 - - [26/Dec/2025:17:24:51 +0000] "GET /?products/27599039 HTTP/1.1" 200 24217 "-" "Mozilla/5.0 (Linux; Android 6.0.1; Nexus 5X Build/MMB29P) AppleWebKit/537.36 (KHTML, like Gecko) Chrome/141.0.7390.122 Mobile Safari/537.36 (compatible; GoogleOther)"
66.249.66.76 - - [26/Dec/2025:17:25:08 +0000] "GET /?products/23554095 HTTP/1.1" 200 26573 "-" "Mozilla/5.0 (Linux; Android 6.0.1; Nexus 5X Build/MMB29P) AppleWebKit/537.36 (KHTML, like Gecko) Chrome/141.0.7390.122 Mobile Safari/537.36 (compatible; GoogleOther)"
66.249.66.161 - - [26/Dec/2025:17:25:11 +0000] "GET /?products/5139095 HTTP/1.1" 200 24751 "-" "Mozilla/5.0 (Linux; Android 6.0.1; Nexus 5X Build/MMB29P) AppleWebKit/537.36 (KHTML, like Gecko) Chrome/141.0.7390.122 Mobile Safari/537.36 (compatible; GoogleOther)"
66.249.66.39 - - [26/Dec/2025:17:25:31 +0000] "GET /?products/25790173 HTTP/1.1" 200 24354 "-" "Mozilla/5.0 (Linux; Android 6.0.1; Nexus 5X Build/MMB29P) AppleWebKit/537.36 (KHTML, like Gecko) Chrome/141.0.7390.122 Mobile Safari/537.36 (compatible; GoogleOther)"
66.249.66.161 - - [26/Dec/2025:17:25:34 +0000] "GET /?products/30438739 HTTP/1.1" 200 24321 "-" "Mozilla/5.0 (Linux; Android 6.0.1; Nexus 5X Build/MMB29P) AppleWebKit/537.36 (KHTML, like Gecko) Chrome/141.0.7390.122 Mobile Safari/537.36 (compatible; GoogleOther)"
66.249.66.75 - - [26/Dec/2025:17:25:52 +0000] "GET /?products/12321317 HTTP/1.1" 200 24581 "-" "Mozilla/5.0 (Linux; Android 6.0.1; Nexus 5X Build/MMB29P) AppleWebKit/537.36 (KHTML, like Gecko) Chrome/141.0.7390.122 Mobile Safari/537.36 (compatible; GoogleOther)"
66.249.66.76 - - [26/Dec/2025:17:26:14 +0000] "GET /?products/11671484 HTTP/1.1" 200 28320 "-" "Mozilla/5.0 (Linux; Android 6.0.1; Nexus 5X Build/MMB29P) AppleWebKit/537.36 (KHTML, like Gecko) Chrome/141.0.7390.122 Mobile Safari/537.36 (compatible; Googlebot/2.1; +http://www.google.com/bot.html)"
66.249.66.161 - - [26/Dec/2025:17:26:27 +0000] "GET /?products/7046940 HTTP/1.1" 200 26409 "-" "Mozilla/5.0 (Linux; Android 6.0.1; Nexus 5X Build/MMB29P) AppleWebKit/537.36 (KHTML, like Gecko) Chrome/141.0.7390.122 Mobile Safari/537.36 (compatible; Googlebot/2.1; +http://www.google.com/bot.html)"
66.249.66.204 - - [26/Dec/2025:17:26:50 +0000] "GET /?products/28229128 HTTP/1.1" 200 24740 "-" "Mozilla/5.0 (Linux; Android 6.0.1; Nexus 5X Build/MMB29P) AppleWebKit/537.36 (KHTML, like Gecko) Chrome/141.0.7390.122 Mobile Safari/537.36 (compatible; Googlebot/2.1; +http://www.google.com/bot.html)"
66.249.66.161 - - [26/Dec/2025:17:27:09 +0000] "GET /2021/09/29/convocatoria-cdr-cual-es-el-contexto-de-las-mujeres-en-putumayo-cuales-son-los-tipos-de-violencias-basadas-en-genero-cuales-son-las-rutas-de-atencion-hoy-informar-con-enfoque-de/feed/ HTTP/1.1" 200 26337 "-" "Mozilla/5.0 (Linux; Android 6.0.1; Nexus 5X Build/MMB29P) AppleWebKit/537.36 (KHTML, like Gecko) Chrome/141.0.7390.122 Mobile Safari/537.36 (compatible; Googlebot/2.1; +http://www.google.com/bot.html)"
66.249.66.161 - - [26/Dec/2025:17:27:35 +0000] "GET /?products/14431717 HTTP/1.1" 200 25237 "-" "Mozilla/5.0 (Linux; Android 6.0.1; Nexus 5X Build/MMB29P) AppleWebKit/537.36 (KHTML, like Gecko) Chrome/141.0.7390.122 Mobile Safari/537.36 (compatible; GoogleOther)"
66.249.66.75 - - [26/Dec/2025:17:29:23 +0000] "GET /?products/7384728 HTTP/1.1" 200 24569 "-" "Mozilla/5.0 (Linux; Android 6.0.1; Nexus 5X Build/MMB29P) AppleWebKit/537.36 (KHTML, like Gecko) Chrome/141.0.7390.122 Mobile Safari/537.36 (compatible; GoogleOther)"
66.249.66.12 - - [26/Dec/2025:17:30:27 +0000] "GET /wp-content/uploads/2012/01/Nueva-imagen-600x445.jpg HTTP/1.1" 200 37549 "-" "Googlebot-Image/1.0"
66.249.66.75 - - [26/Dec/2025:17:25:00 +0000] "GET /?products/3224762 HTTP/1.1" 200 24677 "-" "Mozilla/5.0 (Linux; Android 6.0.1; Nexus 5X Build/MMB29P) AppleWebKit/537.36 (KHTML, like Gecko) Chrome/141.0.7390.122 Mobile Safari/537.36 (compatible; GoogleOther)"
66.249.66.162 - - [26/Dec/2025:17:25:06 +0000] "GET /?products/14642884 HTTP/1.1" 200 28633 "-" "Mozilla/5.0 (Linux; Android 6.0.1; Nexus 5X Build/MMB29P) AppleWebKit/537.36 (KHTML, like Gecko) Chrome/141.0.7390.122 Mobile Safari/537.36 (compatible; GoogleOther)"
66.249.66.12 - - [26/Dec/2025:17:25:14 +0000] "GET /2023/10/25/contratacion-de-una-administradora-para-el-proyecto-mujeres-tejiendo-un-futuro-de-paz-putumayo/feed/ HTTP/1.1" 200 27006 "-" "Mozilla/5.0 (Linux; Android 6.0.1; Nexus 5X Build/MMB29P) AppleWebKit/537.36 (KHTML, like Gecko) Chrome/141.0.7390.122 Mobile Safari/537.36 (compatible; Googlebot/2.1; +http://www.google.com/bot.html)"
170.10.164.126 - - [26/Dec/2025:17:26:03 +0000] "POST /wp-cron.php?doing_wp_cron=1766769963.7128379344940185546875 HTTP/1.1" 200 0 "-" "WordPress/6.8.3; https://alianzatejedorasdevida.org"
116.11.95.6 - - [26/Dec/2025:17:26:02 +0000] "POST /wp-comments-post.php HTTP/1.1" 403 1003 "-" "Mozilla/5.0 (Windows NT 10.0; Win64; x64) AppleWebKit/537.36 (KHTML, like Gecko) Chrome/108.0.0.0 Safari/537.36 Edg/108.0.1462.46"
66.249.66.75 - - [26/Dec/2025:17:26:33 +0000] "GET /?products/11728795 HTTP/1.1" 200 25304 "-" "Mozilla/5.0 (Linux; Android 6.0.1; Nexus 5X Build/MMB29P) AppleWebKit/537.36 (KHTML, like Gecko) Chrome/141.0.7390.122 Mobile Safari/537.36 (compatible; GoogleOther)"
66.249.66.204 - - [26/Dec/2025:17:26:38 +0000] "GET /?products/10606873 HTTP/1.1" 200 24479 "-" "Mozilla/5.0 (Linux; Android 6.0.1; Nexus 5X Build/MMB29P) AppleWebKit/537.36 (KHTML, like Gecko) Chrome/141.0.7390.122 Mobile Safari/537.36 (compatible; Googlebot/2.1; +http://www.google.com/bot.html)"
66.249.66.12 - - [26/Dec/2025:17:27:20 +0000] "GET /?products/11677362 HTTP/1.1" 200 24871 "-" "Mozilla/5.0 (Linux; Android 6.0.1; Nexus 5X Build/MMB29P) AppleWebKit/537.36 (KHTML, like Gecko) Chrome/141.0.7390.122 Mobile Safari/537.36 (compatible; GoogleOther)"
66.249.66.12 - - [26/Dec/2025:17:27:27 +0000] "GET /wp-content/uploads/2024/05/TDR-Soporte-Tecnico-150x150.jpg HTTP/1.1" 200 7359 "-" "Googlebot-Image/1.0"
66.249.66.75 - - [26/Dec/2025:17:27:41 +0000] "GET /?products/19242995 HTTP/1.1" 200 26009 "-" "Mozilla/5.0 (Linux; Android 6.0.1; Nexus 5X Build/MMB29P) AppleWebKit/537.36 (KHTML, like Gecko) Chrome/141.0.7390.122 Mobile Safari/537.36 (compatible; GoogleOther)"
66.249.66.192 - - [26/Dec/2025:17:28:02 +0000] "GET /?products/30730539 HTTP/1.1" 200 24353 "-" "Mozilla/5.0 (Linux; Android 6.0.1; Nexus 5X Build/MMB29P) AppleWebKit/537.36 (KHTML, like Gecko) Chrome/141.0.7390.122 Mobile Safari/537.36 (compatible; Googlebot/2.1; +http://www.google.com/bot.html)"
66.249.66.162 - - [26/Dec/2025:17:28:24 +0000] "GET /?products/19102317 HTTP/1.1" 200 26114 "-" "Mozilla/5.0 (Linux; Android 6.0.1; Nexus 5X Build/MMB29P) AppleWebKit/537.36 (KHTML, like Gecko) Chrome/141.0.7390.122 Mobile Safari/537.36 (compatible; GoogleOther)"
66.249.66.161 - - [26/Dec/2025:17:30:05 +0000] "GET /?products/31036728 HTTP/1.1" 200 24976 "-" "Mozilla/5.0 (Linux; Android 6.0.1; Nexus 5X Build/MMB29P) AppleWebKit/537.36 (KHTML, like Gecko) Chrome/141.0.7390.122 Mobile Safari/537.36 (compatible; Googlebot/2.1; +http://www.google.com/bot.html)"
66.249.66.12 - - [26/Dec/2025:17:32:03 +0000] "GET /?products/26441428 HTTP/1.1" 200 24303 "-" "Mozilla/5.0 (Linux; Android 6.0.1; Nexus 5X Build/MMB29P) AppleWebKit/537.36 (KHTML, like Gecko) Chrome/141.0.7390.122 Mobile Safari/537.36 (compatible; Googlebot/2.1; +http://www.google.com/bot.html)"
66.249.66.75 - - [26/Dec/2025:17:32:14 +0000] "GET /?products/15825084 HTTP/1.1" 200 26104 "-" "Mozilla/5.0 (Linux; Android 6.0.1; Nexus 5X Build/MMB29P) AppleWebKit/537.36 (KHTML, like Gecko) Chrome/141.0.7390.122 Mobile Safari/537.36 (compatible; GoogleOther)"
66.249.66.204 - - [26/Dec/2025:17:29:38 +0000] "GET /?products/28263440 HTTP/1.1" 200 25081 "-" "Mozilla/5.0 (Linux; Android 6.0.1; Nexus 5X Build/MMB29P) AppleWebKit/537.36 (KHTML, like Gecko) Chrome/141.0.7390.122 Mobile Safari/537.36 (compatible; Googlebot/2.1; +http://www.google.com/bot.html)"
66.249.66.77 - - [26/Dec/2025:17:30:01 +0000] "GET /?products/6739784 HTTP/1.1" 200 24488 "-" "Mozilla/5.0 (Linux; Android 6.0.1; Nexus 5X Build/MMB29P) AppleWebKit/537.36 (KHTML, like Gecko) Chrome/141.0.7390.122 Mobile Safari/537.36 (compatible; Googlebot/2.1; +http://www.google.com/bot.html)"
66.249.66.161 - - [26/Dec/2025:17:30:31 +0000] "GET /?products/16987939 HTTP/1.1" 200 24730 "-" "Mozilla/5.0 (Linux; Android 6.0.1; Nexus 5X Build/MMB29P) AppleWebKit/537.36 (KHTML, like Gecko) Chrome/141.0.7390.122 Mobile Safari/537.36 (compatible; GoogleOther)"
66.249.66.39 - - [26/Dec/2025:17:31:12 +0000] "GET /?products/23352551 HTTP/1.1" 200 24557 "-" "Mozilla/5.0 (Linux; Android 6.0.1; Nexus 5X Build/MMB29P) AppleWebKit/537.36 (KHTML, like Gecko) Chrome/141.0.7390.122 Mobile Safari/537.36 (compatible; GoogleOther)"
66.249.66.161 - - [26/Dec/2025:17:31:23 +0000] "GET /?products/11844751 HTTP/1.1" 200 25654 "-" "Mozilla/5.0 (Linux; Android 6.0.1; Nexus 5X Build/MMB29P) AppleWebKit/537.36 (KHTML, like Gecko) Chrome/141.0.7390.122 Mobile Safari/537.36 (compatible; Googlebot/2.1; +http://www.google.com/bot.html)"
66.249.66.12 - - [26/Dec/2025:17:31:52 +0000] "GET /?products/25810062 HTTP/1.1" 200 24156 "-" "Mozilla/5.0 (Linux; Android 6.0.1; Nexus 5X Build/MMB29P) AppleWebKit/537.36 (KHTML, like Gecko) Chrome/141.0.7390.122 Mobile Safari/537.36 (compatible; Googlebot/2.1; +http://www.google.com/bot.html)"
66.249.66.12 - - [26/Dec/2025:17:31:56 +0000] "GET /?products/14655551 HTTP/1.1" 200 25861 "-" "Mozilla/5.0 (Linux; Android 6.0.1; Nexus 5X Build/MMB29P) AppleWebKit/537.36 (KHTML, like Gecko) Chrome/141.0.7390.122 Mobile Safari/537.36 (compatible; GoogleOther)"
66.249.66.39 - - [26/Dec/2025:17:32:38 +0000] "GET /?products/29321017 HTTP/1.1" 200 24376 "-" "Mozilla/5.0 (Linux; Android 6.0.1; Nexus 5X Build/MMB29P) AppleWebKit/537.36 (KHTML, like Gecko) Chrome/141.0.7390.122 Mobile Safari/537.36 (compatible; GoogleOther)"
66.249.66.204 - - [26/Dec/2025:17:32:46 +0000] "GET /?products/30022828 HTTP/1.1" 200 25150 "-" "Mozilla/5.0 (Linux; Android 6.0.1; Nexus 5X Build/MMB29P) AppleWebKit/537.36 (KHTML, like Gecko) Chrome/141.0.7390.122 Mobile Safari/537.36 (compatible; Googlebot/2.1; +http://www.google.com/bot.html)"
66.249.66.39 - - [26/Dec/2025:17:32:54 +0000] "GET /feed/?post_type=wpbdp_listing&wpbdp_category=pina HTTP/1.1" 200 23878 "-" "Mozilla/5.0 (Linux; Android 6.0.1; Nexus 5X Build/MMB29P) AppleWebKit/537.36 (KHTML, like Gecko) Chrome/141.0.7390.122 Mobile Safari/537.36 (compatible; Googlebot/2.1; +http://www.google.com/bot.html)"
66.249.66.39 - - [26/Dec/2025:17:34:18 +0000] "GET /?products/21811228 HTTP/1.1" 200 23956 "-" "Mozilla/5.0 (Linux; Android 6.0.1; Nexus 5X Build/MMB29P) AppleWebKit/537.36 (KHTML, like Gecko) Chrome/141.0.7390.122 Mobile Safari/537.36 (compatible; GoogleOther)"
66.249.66.204 - - [26/Dec/2025:17:34:27 +0000] "GET /?products/18650851 HTTP/1.1" 200 25389 "-" "Mozilla/5.0 (Linux; Android 6.0.1; Nexus 5X Build/MMB29P) AppleWebKit/537.36 (KHTML, like Gecko) Chrome/141.0.7390.122 Mobile Safari/537.36 (compatible; Googlebot/2.1; +http://www.google.com/bot.html)"
66.249.66.75 - - [26/Dec/2025:17:34:51 +0000] "GET /?products/2316639 HTTP/1.1" 200 24557 "-" "Mozilla/5.0 (Linux; Android 6.0.1; Nexus 5X Build/MMB29P) AppleWebKit/537.36 (KHTML, like Gecko) Chrome/141.0.7390.122 Mobile Safari/537.36 (compatible; Googlebot/2.1; +http://www.google.com/bot.html)"
66.249.66.39 - - [26/Dec/2025:17:35:40 +0000] "GET /?products/2401139 HTTP/1.1" 200 25221 "-" "Mozilla/5.0 (Linux; Android 6.0.1; Nexus 5X Build/MMB29P) AppleWebKit/537.36 (KHTML, like Gecko) Chrome/141.0.7390.122 Mobile Safari/537.36 (compatible; GoogleOther)"
66.249.66.204 - - [26/Dec/2025:17:31:41 +0000] "GET /?products/10027139 HTTP/1.1" 200 24263 "-" "Mozilla/5.0 (Linux; Android 6.0.1; Nexus 5X Build/MMB29P) AppleWebKit/537.36 (KHTML, like Gecko) Chrome/141.0.7390.122 Mobile Safari/537.36 (compatible; GoogleOther)"
66.249.66.39 - - [26/Dec/2025:17:33:16 +0000] "GET /?products/29257684 HTTP/1.1" 200 26197 "-" "Mozilla/5.0 (Linux; Android 6.0.1; Nexus 5X Build/MMB29P) AppleWebKit/537.36 (KHTML, like Gecko) Chrome/141.0.7390.122 Mobile Safari/537.36 (compatible; GoogleOther)"
52.167.144.142 - - [26/Dec/2025:17:33:30 +0000] "GET /wp-content/uploads/2019/04/?ND HTTP/2" 200 653 "-" "Mozilla/5.0 AppleWebKit/537.36 (KHTML, like Gecko; compatible; bingbot/2.0; +http://www.bing.com/bingbot.htm) Chrome/116.0.1938.76 Safari/537.36"
66.249.66.39 - - [26/Dec/2025:17:34:46 +0000] "GET /?products/2196873 HTTP/1.1" 200 25815 "-" "Mozilla/5.0 (Linux; Android 6.0.1; Nexus 5X Build/MMB29P) AppleWebKit/537.36 (KHTML, like Gecko) Chrome/141.0.7390.122 Mobile Safari/537.36 (compatible; GoogleOther)"
66.249.66.161 - - [26/Dec/2025:17:35:20 +0000] "GET /?products/6806117 HTTP/1.1" 200 25026 "-" "Mozilla/5.0 (Linux; Android 6.0.1; Nexus 5X Build/MMB29P) AppleWebKit/537.36 (KHTML, like Gecko) Chrome/141.0.7390.122 Mobile Safari/537.36 (compatible; GoogleOther)"
66.249.66.75 - - [26/Dec/2025:17:35:28 +0000] "GET /?products/29352751 HTTP/1.1" 200 26760 "-" "Mozilla/5.0 (Linux; Android 6.0.1; Nexus 5X Build/MMB29P) AppleWebKit/537.36 (KHTML, like Gecko) Chrome/141.0.7390.122 Mobile Safari/537.36 (compatible; GoogleOther)"
46.250.162.116 - - [26/Dec/2025:17:36:54 +0000] "GET /mi-putumayo-com-_-los-alegres-del-sur-los-musicos-de-la-paz/ HTTP/2" 200 52458 "-" "Mozilla/5.0 (Windows NT 10.0; Win64; x64) AppleWebKit/537.36 (KHTML, like Gecko) Chrome/132.0.0.0 Safari/537.36"
46.250.162.116 - - [26/Dec/2025:17:36:57 +0000] "GET /wp-includes/css/dist/block-library/style.min.css?ver=6.8.3 HTTP/2" 200 14360 "https://alianzatejedorasdevida.org/mi-putumayo-com-_-los-alegres-del-sur-los-musicos-de-la-paz/" "Mozilla/5.0 (Windows NT 10.0; Win64; x64) AppleWebKit/537.36 (KHTML, like Gecko) Chrome/132.0.0.0 Safari/537.36"
46.250.162.116 - - [26/Dec/2025:17:36:57 +0000] "GET /wp-content/plugins/give/build/campaignDonorsBlockApp.css?ver=1.0.0 HTTP/2" 200 735 "https://alianzatejedorasdevida.org/mi-putumayo-com-_-los-alegres-del-sur-los-musicos-de-la-paz/" "Mozilla/5.0 (Windows NT 10.0; Win64; x64) AppleWebKit/537.36 (KHTML, like Gecko) Chrome/132.0.0.0 Safari/537.36"
46.250.162.116 - - [26/Dec/2025:17:36:57 +0000] "GET /wp-content/plugins/give/build/assets/dist/css/give-donation-summary.css?ver=4.11.0 HTTP/2" 200 466 "https://alianzatejedorasdevida.org/mi-putumayo-com-_-los-alegres-del-sur-los-musicos-de-la-paz/" "Mozilla/5.0 (Windows NT 10.0; Win64; x64) AppleWebKit/537.36 (KHTML, like Gecko) Chrome/132.0.0.0 Safari/537.36"
46.250.162.116 - - [26/Dec/2025:17:36:57 +0000] "GET /wp-content/plugins/give/build/assets/dist/css/design-system/foundation.css?ver=1.2.0 HTTP/2" 200 1221 "https://alianzatejedorasdevida.org/mi-putumayo-com-_-los-alegres-del-sur-los-musicos-de-la-paz/" "Mozilla/5.0 (Windows NT 10.0; Win64; x64) AppleWebKit/537.36 (KHTML, like Gecko) Chrome/132.0.0.0 Safari/537.36"
46.250.162.116 - - [26/Dec/2025:17:36:57 +0000] "GET /wp-content/themes/alone/style.css?ver=6.8.3 HTTP/2" 200 870 "https://alianzatejedorasdevida.org/mi-putumayo-com-_-los-alegres-del-sur-los-musicos-de-la-paz/" "Mozilla/5.0 (Windows NT 10.0; Win64; x64) AppleWebKit/537.36 (KHTML, like Gecko) Chrome/132.0.0.0 Safari/537.36"
46.250.162.116 - - [26/Dec/2025:17:36:57 +0000] "GET /wp-content/themes/alone-child/style.css?ver=7.0 HTTP/2" 200 658 "https://alianzatejedorasdevida.org/mi-putumayo-com-_-los-alegres-del-sur-los-musicos-de-la-paz/" "Mozilla/5.0 (Windows NT 10.0; Win64; x64) AppleWebKit/537.36 (KHTML, like Gecko) Chrome/132.0.0.0 Safari/537.36"
46.250.162.116 - - [26/Dec/2025:17:36:57 +0000] "GET /wp-content/plugins/give/build/assets/dist/css/give.css?ver=4.11.0 HTTP/2" 200 43159 "https://alianzatejedorasdevida.org/mi-putumayo-com-_-los-alegres-del-sur-los-musicos-de-la-paz/" "Mozilla/5.0 (Windows NT 10.0; Win64; x64) AppleWebKit/537.36 (KHTML, like Gecko) Chrome/132.0.0.0 Safari/537.36"
46.250.162.116 - - [26/Dec/2025:17:36:57 +0000] "GET /wp-content/plugins/essential-addons-for-elementor-lite/assets/front-end/css/view/general.min.css?ver=6.3.3 HTTP/2" 200 1420 "https://alianzatejedorasdevida.org/mi-putumayo-com-_-los-alegres-del-sur-los-musicos-de-la-paz/" "Mozilla/5.0 (Windows NT 10.0; Win64; x64) AppleWebKit/537.36 (KHTML, like Gecko) Chrome/132.0.0.0 Safari/537.36"
46.250.162.116 - - [26/Dec/2025:17:36:57 +0000] "GET /wp-content/themes/alone/css/give.css?ver=7.0 HTTP/2" 200 9668 "https://alianzatejedorasdevida.org/mi-putumayo-com-_-los-alegres-del-sur-los-musicos-de-la-paz/" "Mozilla/5.0 (Windows NT 10.0; Win64; x64) AppleWebKit/537.36 (KHTML, like Gecko) Chrome/132.0.0.0 Safari/537.36"
46.250.162.116 - - [26/Dec/2025:17:36:57 +0000] "GET /wp-content/plugins/elementor/assets/css/frontend.min.css?ver=3.32.5 HTTP/2" 200 6537 "https://alianzatejedorasdevida.org/mi-putumayo-com-_-los-alegres-del-sur-los-musicos-de-la-paz/" "Mozilla/5.0 (Windows NT 10.0; Win64; x64) AppleWebKit/537.36 (KHTML, like Gecko) Chrome/132.0.0.0 Safari/537.36"
46.250.162.116 - - [26/Dec/2025:17:36:57 +0000] "GET /wp-content/uploads/essential-addons-elementor/eael-23017.css?ver=1557941070 HTTP/2" 200 3058 "https://alianzatejedorasdevida.org/mi-putumayo-com-_-los-alegres-del-sur-los-musicos-de-la-paz/" "Mozilla/5.0 (Windows NT 10.0; Win64; x64) AppleWebKit/537.36 (KHTML, like Gecko) Chrome/132.0.0.0 Safari/537.36"
46.250.162.116 - - [26/Dec/2025:17:36:57 +0000] "GET /wp-content/plugins/elementor/assets/lib/animations/styles/slideInRight.min.css?ver=3.32.5 HTTP/2" 200 155 "https://alianzatejedorasdevida.org/mi-putumayo-com-_-los-alegres-del-sur-los-musicos-de-la-paz/" "Mozilla/5.0 (Windows NT 10.0; Win64; x64) AppleWebKit/537.36 (KHTML, like Gecko) Chrome/132.0.0.0 Safari/537.36"
46.250.162.116 - - [26/Dec/2025:17:36:57 +0000] "GET /wp-content/plugins/elementor-pro/assets/css/conditionals/popup.min.css?ver=3.32.3 HTTP/2" 200 328 "https://alianzatejedorasdevida.org/mi-putumayo-com-_-los-alegres-del-sur-los-musicos-de-la-paz/" "Mozilla/5.0 (Windows NT 10.0; Win64; x64) AppleWebKit/537.36 (KHTML, like Gecko) Chrome/132.0.0.0 Safari/537.36"
46.250.162.116 - - [26/Dec/2025:17:36:57 +0000] "GET /wp-content/plugins/elementor/assets/css/widget-icon-list.min.css?ver=3.32.5 HTTP/2" 200 961 "https://alianzatejedorasdevida.org/mi-putumayo-com-_-los-alegres-del-sur-los-musicos-de-la-paz/" "Mozilla/5.0 (Windows NT 10.0; Win64; x64) AppleWebKit/537.36 (KHTML, like Gecko) Chrome/132.0.0.0 Safari/537.36"
46.250.162.116 - - [26/Dec/2025:17:36:57 +0000] "GET /wp-content/plugins/elementor/assets/css/widget-heading.min.css?ver=3.32.5 HTTP/2" 200 154 "https://alianzatejedorasdevida.org/mi-putumayo-com-_-los-alegres-del-sur-los-musicos-de-la-paz/" "Mozilla/5.0 (Windows NT 10.0; Win64; x64) AppleWebKit/537.36 (KHTML, like Gecko) Chrome/132.0.0.0 Safari/537.36"
46.250.162.116 - - [26/Dec/2025:17:36:57 +0000] "GET /wp-content/plugins/elementor/assets/css/widget-social-icons.min.css?ver=3.32.5 HTTP/2" 200 1069 "https://alianzatejedorasdevida.org/mi-putumayo-com-_-los-alegres-del-sur-los-musicos-de-la-paz/" "Mozilla/5.0 (Windows NT 10.0; Win64; x64) AppleWebKit/537.36 (KHTML, like Gecko) Chrome/132.0.0.0 Safari/537.36"
46.250.162.116 - - [26/Dec/2025:17:36:57 +0000] "GET /wp-content/plugins/elementor/assets/css/conditionals/apple-webkit.min.css?ver=3.32.5 HTTP/2" 200 472 "https://alianzatejedorasdevida.org/mi-putumayo-com-_-los-alegres-del-sur-los-musicos-de-la-paz/" "Mozilla/5.0 (Windows NT 10.0; Win64; x64) AppleWebKit/537.36 (KHTML, like Gecko) Chrome/132.0.0.0 Safari/537.36"
46.250.162.116 - - [26/Dec/2025:17:36:57 +0000] "GET /wp-content/plugins/elementor/assets/css/widget-image.min.css?ver=3.32.5 HTTP/2" 200 119 "https://alianzatejedorasdevida.org/mi-putumayo-com-_-los-alegres-del-sur-los-musicos-de-la-paz/" "Mozilla/5.0 (Windows NT 10.0; Win64; x64) AppleWebKit/537.36 (KHTML, like Gecko) Chrome/132.0.0.0 Safari/537.36"
46.250.162.116 - - [26/Dec/2025:17:36:57 +0000] "GET /wp-content/plugins/elementor-pro/assets/css/widget-nav-menu.min.css?ver=3.32.3 HTTP/2" 200 3240 "https://alianzatejedorasdevida.org/mi-putumayo-com-_-los-alegres-del-sur-los-musicos-de-la-paz/" "Mozilla/5.0 (Windows NT 10.0; Win64; x64) AppleWebKit/537.36 (KHTML, like Gecko) Chrome/132.0.0.0 Safari/537.36"
46.250.162.116 - - [26/Dec/2025:17:36:57 +0000] "GET /wp-content/plugins/elementor/assets/lib/eicons/css/elementor-icons.min.css?ver=5.44.0 HTTP/2" 200 3997 "https://alianzatejedorasdevida.org/mi-putumayo-com-_-los-alegres-del-sur-los-musicos-de-la-paz/" "Mozilla/5.0 (Windows NT 10.0; Win64; x64) AppleWebKit/537.36 (KHTML, like Gecko) Chrome/132.0.0.0 Safari/537.36"
46.250.162.116 - - [26/Dec/2025:17:36:57 +0000] "GET /wp-content/uploads/elementor/css/post-9.css?ver=1766556044 HTTP/2" 200 346 "https://alianzatejedorasdevida.org/mi-putumayo-com-_-los-alegres-del-sur-los-musicos-de-la-paz/" "Mozilla/5.0 (Windows NT 10.0; Win64; x64) AppleWebKit/537.36 (KHTML, like Gecko) Chrome/132.0.0.0 Safari/537.36"
46.250.162.116 - - [26/Dec/2025:17:36:57 +0000] "GET /wp-content/uploads/elementor/css/post-23017.css?ver=1766556044 HTTP/2" 200 988 "https://alianzatejedorasdevida.org/mi-putumayo-com-_-los-alegres-del-sur-los-musicos-de-la-paz/" "Mozilla/5.0 (Windows NT 10.0; Win64; x64) AppleWebKit/537.36 (KHTML, like Gecko) Chrome/132.0.0.0 Safari/537.36"
46.250.162.116 - - [26/Dec/2025:17:36:57 +0000] "GET /wp-content/uploads/elementor/css/post-14799.css?ver=1766556044 HTTP/2" 200 3162 "https://alianzatejedorasdevida.org/mi-putumayo-com-_-los-alegres-del-sur-los-musicos-de-la-paz/" "Mozilla/5.0 (Windows NT 10.0; Win64; x64) AppleWebKit/537.36 (KHTML, like Gecko) Chrome/132.0.0.0 Safari/537.36"
46.250.162.116 - - [26/Dec/2025:17:36:57 +0000] "GET /wp-content/uploads/elementor/css/post-14689.css?ver=1766556045 HTTP/2" 200 1706 "https://alianzatejedorasdevida.org/mi-putumayo-com-_-los-alegres-del-sur-los-musicos-de-la-paz/" "Mozilla/5.0 (Windows NT 10.0; Win64; x64) AppleWebKit/537.36 (KHTML, like Gecko) Chrome/132.0.0.0 Safari/537.36"
46.250.162.116 - - [26/Dec/2025:17:36:57 +0000] "GET /wp-content/plugins/elementskit-lite/widgets/init/assets/css/responsive.css?ver=3.7.4 HTTP/2" 200 2859 "https://alianzatejedorasdevida.org/mi-putumayo-com-_-los-alegres-del-sur-los-musicos-de-la-paz/" "Mozilla/5.0 (Windows NT 10.0; Win64; x64) AppleWebKit/537.36 (KHTML, like Gecko) Chrome/132.0.0.0 Safari/537.36"
46.250.162.116 - - [26/Dec/2025:17:36:57 +0000] "GET /wp-content/plugins/elementor/assets/lib/font-awesome/css/v4-shims.min.css?ver=6.3.3 HTTP/2" 200 3987 "https://alianzatejedorasdevida.org/mi-putumayo-com-_-los-alegres-del-sur-los-musicos-de-la-paz/" "Mozilla/5.0 (Windows NT 10.0; Win64; x64) AppleWebKit/537.36 (KHTML, like Gecko) Chrome/132.0.0.0 Safari/537.36"
46.250.162.116 - - [26/Dec/2025:17:36:57 +0000] "GET /wp-content/plugins/bearsthemes-addons/assets/css/swiper.min.css?ver=6.8.3 HTTP/2" 200 2180 "https://alianzatejedorasdevida.org/mi-putumayo-com-_-los-alegres-del-sur-los-musicos-de-la-paz/" "Mozilla/5.0 (Windows NT 10.0; Win64; x64) AppleWebKit/537.36 (KHTML, like Gecko) Chrome/132.0.0.0 Safari/537.36"
46.250.162.116 - - [26/Dec/2025:17:36:57 +0000] "GET /wp-content/plugins/bearsthemes-addons/assets/css/tooltipster.css?ver=6.8.3 HTTP/2" 200 1528 "https://alianzatejedorasdevida.org/mi-putumayo-com-_-los-alegres-del-sur-los-musicos-de-la-paz/" "Mozilla/5.0 (Windows NT 10.0; Win64; x64) AppleWebKit/537.36 (KHTML, like Gecko) Chrome/132.0.0.0 Safari/537.36"
46.250.162.116 - - [26/Dec/2025:17:36:57 +0000] "GET /wp-content/plugins/bearsthemes-addons/assets/css/magnific-popup.css?ver=6.8.3 HTTP/2" 200 1660 "https://alianzatejedorasdevida.org/mi-putumayo-com-_-los-alegres-del-sur-los-musicos-de-la-paz/" "Mozilla/5.0 (Windows NT 10.0; Win64; x64) AppleWebKit/537.36 (KHTML, like Gecko) Chrome/132.0.0.0 Safari/537.36"
46.250.162.116 - - [26/Dec/2025:17:36:57 +0000] "GET /wp-content/plugins/bearsthemes-addons/assets/css/woocommerce.css?ver=6.8.3 HTTP/2" 200 1559 "https://alianzatejedorasdevida.org/mi-putumayo-com-_-los-alegres-del-sur-los-musicos-de-la-paz/" "Mozilla/5.0 (Windows NT 10.0; Win64; x64) AppleWebKit/537.36 (KHTML, like Gecko) Chrome/132.0.0.0 Safari/537.36"
46.250.162.116 - - [26/Dec/2025:17:36:57 +0000] "GET /wp-content/plugins/bearsthemes-addons/assets/css/sermone.css?ver=6.8.3 HTTP/2" 200 2622 "https://alianzatejedorasdevida.org/mi-putumayo-com-_-los-alegres-del-sur-los-musicos-de-la-paz/" "Mozilla/5.0 (Windows NT 10.0; Win64; x64) AppleWebKit/537.36 (KHTML, like Gecko) Chrome/132.0.0.0 Safari/537.36"
46.250.162.116 - - [26/Dec/2025:17:36:57 +0000] "GET /wp-content/uploads/elementor/google-fonts/css/roboto.css?ver=1755587791 HTTP/2" 200 1856 "https://alianzatejedorasdevida.org/mi-putumayo-com-_-los-alegres-del-sur-los-musicos-de-la-paz/" "Mozilla/5.0 (Windows NT 10.0; Win64; x64) AppleWebKit/537.36 (KHTML, like Gecko) Chrome/132.0.0.0 Safari/537.36"
46.250.162.116 - - [26/Dec/2025:17:36:57 +0000] "GET /wp-content/uploads/elementor/google-fonts/css/robotoslab.css?ver=1755587797 HTTP/2" 200 712 "https://alianzatejedorasdevida.org/mi-putumayo-com-_-los-alegres-del-sur-los-musicos-de-la-paz/" "Mozilla/5.0 (Windows NT 10.0; Win64; x64) AppleWebKit/537.36 (KHTML, like Gecko) Chrome/132.0.0.0 Safari/537.36"
46.250.162.116 - - [26/Dec/2025:17:36:57 +0000] "GET /wp-content/uploads/elementor/google-fonts/css/robotocondensed.css?ver=1755587810 HTTP/2" 200 913 "https://alianzatejedorasdevida.org/mi-putumayo-com-_-los-alegres-del-sur-los-musicos-de-la-paz/" "Mozilla/5.0 (Windows NT 10.0; Win64; x64) AppleWebKit/537.36 (KHTML, like Gecko) Chrome/132.0.0.0 Safari/537.36"
46.250.162.116 - - [26/Dec/2025:17:36:57 +0000] "GET /wp-content/plugins/elementor/assets/lib/font-awesome/css/solid.min.css?ver=5.15.3 HTTP/2" 200 286 "https://alianzatejedorasdevida.org/mi-putumayo-com-_-los-alegres-del-sur-los-musicos-de-la-paz/" "Mozilla/5.0 (Windows NT 10.0; Win64; x64) AppleWebKit/537.36 (KHTML, like Gecko) Chrome/132.0.0.0 Safari/537.36"
46.250.162.116 - - [26/Dec/2025:17:36:57 +0000] "GET /wp-content/plugins/elementor/assets/lib/font-awesome/css/brands.min.css?ver=5.15.3 HTTP/2" 200 284 "https://alianzatejedorasdevida.org/mi-putumayo-com-_-los-alegres-del-sur-los-musicos-de-la-paz/" "Mozilla/5.0 (Windows NT 10.0; Win64; x64) AppleWebKit/537.36 (KHTML, like Gecko) Chrome/132.0.0.0 Safari/537.36"
