4.194.112.239 - - [26/Dec/2025:16:30:13 +0000] "GET /wp-content/uploads/2024/ HTTP/1.1" 401 36 "https://www.yahoo.com/" "Mozilla/5.0 (iPhone; CPU iPhone OS 16_6_1 like Mac OS X) AppleWebKit/605.1.15 (KHTML, like Gecko) Version/16.6 Mobile/15E148 Safari/604.1"
4.194.112.239 - - [26/Dec/2025:16:30:15 +0000] "GET /wp-content/uploads/2025/ HTTP/1.1" 401 36 "https://www.yahoo.com/" "Mozilla/5.0 (Linux; Android 10; K) AppleWebKit/537.36 (KHTML, like Gecko) Chrome/117.0.0.0 Mobile Safari/537.36"
4.194.112.239 - - [26/Dec/2025:16:30:15 +0000] "GET /wp-editor.php HTTP/1.1" 401 36 "https://www.bing.com/" "Mozilla/5.0 (Linux; Android 12; 2201116SG) AppleWebKit/537.36 (KHTML, like Gecko) Chrome/116.0.0.0 Mobile Safari/537.36"
4.194.112.239 - - [26/Dec/2025:16:30:17 +0000] "GET /wp-includes/ID3/ HTTP/1.1" 401 36 "https://www.google.fr/" "Mozilla/5.0 (Linux; Android 12; V2134) AppleWebKit/537.36 (KHTML, like Gecko) Chrome/116.0.0.0 Mobile Safari/537.36"
4.194.112.239 - - [26/Dec/2025:16:30:17 +0000] "GET /wp-includes/ID3/simi.php HTTP/1.1" 401 36 "https://duckduckgo.com/" "Mozilla/5.0 (Linux; Android 12; V2134) AppleWebKit/537.36 (KHTML, like Gecko) Chrome/116.0.0.0 Mobile Safari/537.36"
4.194.112.239 - - [26/Dec/2025:16:30:19 +0000] "GET /wp-includes/IXR/ HTTP/1.1" 401 36 "https://www.google.co.uk/" "Mozilla/5.0 (iPad; CPU OS 16_7_2 like Mac OS X) AppleWebKit/605.1.15 (KHTML, like Gecko) Version/16.6 Mobile/15E148 Safari/604.1"
4.194.112.239 - - [26/Dec/2025:16:30:19 +0000] "GET /wp-includes/Requests/about.php HTTP/1.1" 401 36 "https://duckduckgo.com/" "Mozilla/5.0 (Linux; Android 10; K) AppleWebKit/537.36 (KHTML, like Gecko) Chrome/117.0.0.0 Mobile Safari/537.36"
4.194.112.239 - - [26/Dec/2025:16:30:21 +0000] "GET /wp-includes/Text/xwx1.php HTTP/1.1" 401 36 "https://www.google.fr/" "Mozilla/5.0 (Linux; Android 13; M2101K6G) AppleWebKit/537.36 (KHTML, like Gecko) Chrome/116.0.0.0 Mobile Safari/537.36"
4.194.112.239 - - [26/Dec/2025:16:30:21 +0000] "GET /wp-includes/assets/about.php HTTP/1.1" 401 36 "https://www.google.fr/" "Mozilla/5.0 (iPhone; CPU iPhone OS 17_0_3 like Mac OS X) AppleWebKit/605.1.15 (KHTML, like Gecko) Version/17.0.1 Mobile/15E148 Safari/604.1"
66.249.66.75 - - [26/Dec/2025:16:23:34 +0000] "GET /?products/23026640 HTTP/1.1" 200 26545 "-" "Mozilla/5.0 (Linux; Android 6.0.1; Nexus 5X Build/MMB29P) AppleWebKit/537.36 (KHTML, like Gecko) Chrome/141.0.7390.122 Mobile Safari/537.36 (compatible; Googlebot/2.1; +http://www.google.com/bot.html)"
66.249.66.204 - - [26/Dec/2025:16:23:41 +0000] "GET /?products/11448884 HTTP/1.1" 200 25439 "-" "Mozilla/5.0 (Linux; Android 6.0.1; Nexus 5X Build/MMB29P) AppleWebKit/537.36 (KHTML, like Gecko) Chrome/141.0.7390.122 Mobile Safari/537.36 (compatible; Googlebot/2.1; +http://www.google.com/bot.html)"
66.249.66.161 - - [26/Dec/2025:16:24:01 +0000] "GET /?products/23374584 HTTP/1.1" 200 25773 "-" "Mozilla/5.0 (Linux; Android 6.0.1; Nexus 5X Build/MMB29P) AppleWebKit/537.36 (KHTML, like Gecko) Chrome/141.0.7390.122 Mobile Safari/537.36 (compatible; GoogleOther)"
66.249.66.13 - - [26/Dec/2025:16:24:08 +0000] "GET /?products/12514162 HTTP/1.1" 200 24876 "-" "Mozilla/5.0 (Linux; Android 6.0.1; Nexus 5X Build/MMB29P) AppleWebKit/537.36 (KHTML, like Gecko) Chrome/141.0.7390.122 Mobile Safari/537.36 (compatible; Googlebot/2.1; +http://www.google.com/bot.html)"
66.249.66.204 - - [26/Dec/2025:16:24:43 +0000] "GET /?products/25446439 HTTP/1.1" 200 24798 "-" "Mozilla/5.0 (Linux; Android 6.0.1; Nexus 5X Build/MMB29P) AppleWebKit/537.36 (KHTML, like Gecko) Chrome/141.0.7390.122 Mobile Safari/537.36 (compatible; Googlebot/2.1; +http://www.google.com/bot.html)"
66.249.66.161 - - [26/Dec/2025:16:25:25 +0000] "GET /?products/8384884 HTTP/1.1" 200 25568 "-" "Mozilla/5.0 (Linux; Android 6.0.1; Nexus 5X Build/MMB29P) AppleWebKit/537.36 (KHTML, like Gecko) Chrome/141.0.7390.122 Mobile Safari/537.36 (compatible; GoogleOther)"
66.249.66.75 - - [26/Dec/2025:16:25:30 +0000] "GET /wp-content/uploads/2020/10/TDR2-300x300.jpg HTTP/1.1" 200 28174 "-" "Googlebot-Image/1.0"
66.249.66.204 - - [26/Dec/2025:16:25:47 +0000] "GET /?products/28143251 HTTP/1.1" 200 26068 "-" "Mozilla/5.0 (Linux; Android 6.0.1; Nexus 5X Build/MMB29P) AppleWebKit/537.36 (KHTML, like Gecko) Chrome/141.0.7390.122 Mobile Safari/537.36 (compatible; Googlebot/2.1; +http://www.google.com/bot.html)"
66.249.66.161 - - [26/Dec/2025:16:25:47 +0000] "GET /?products/16003728 HTTP/1.1" 200 26835 "-" "Mozilla/5.0 (Linux; Android 6.0.1; Nexus 5X Build/MMB29P) AppleWebKit/537.36 (KHTML, like Gecko) Chrome/141.0.7390.122 Mobile Safari/537.36 (compatible; Googlebot/2.1; +http://www.google.com/bot.html)"
66.249.66.161 - - [26/Dec/2025:16:25:48 +0000] "GET /?products/19637195 HTTP/1.1" 200 25605 "-" "Mozilla/5.0 (Linux; Android 6.0.1; Nexus 5X Build/MMB29P) AppleWebKit/537.36 (KHTML, like Gecko) Chrome/141.0.7390.122 Mobile Safari/537.36 (compatible; Googlebot/2.1; +http://www.google.com/bot.html)"
66.249.66.204 - - [26/Dec/2025:16:26:43 +0000] "GET /?products/9981140 HTTP/1.1" 200 25563 "-" "Mozilla/5.0 (Linux; Android 6.0.1; Nexus 5X Build/MMB29P) AppleWebKit/537.36 (KHTML, like Gecko) Chrome/141.0.7390.122 Mobile Safari/537.36 (compatible; Googlebot/2.1; +http://www.google.com/bot.html)"
66.249.66.39 - - [26/Dec/2025:16:27:10 +0000] "GET /?products/17322417 HTTP/1.1" 200 25187 "-" "Mozilla/5.0 (Linux; Android 6.0.1; Nexus 5X Build/MMB29P) AppleWebKit/537.36 (KHTML, like Gecko) Chrome/141.0.7390.122 Mobile Safari/537.36 (compatible; Googlebot/2.1; +http://www.google.com/bot.html)"
66.249.66.75 - - [26/Dec/2025:16:27:27 +0000] "GET /wp-content/uploads/2020/10/ALI-1-300x300.jpg HTTP/1.1" 200 24673 "-" "Googlebot-Image/1.0"
66.249.66.75 - - [26/Dec/2025:16:29:39 +0000] "GET /?products/2741995 HTTP/1.1" 200 26179 "-" "Mozilla/5.0 (Linux; Android 6.0.1; Nexus 5X Build/MMB29P) AppleWebKit/537.36 (KHTML, like Gecko) Chrome/141.0.7390.122 Mobile Safari/537.36 (compatible; GoogleOther)"
216.73.216.146 - - [26/Dec/2025:16:30:24 +0000] "GET /sitemap_index.xml HTTP/2" 403 0 "-" "Mozilla/5.0 AppleWebKit/537.36 (KHTML, like Gecko; compatible; ClaudeBot/1.0; +claudebot@anthropic.com)"
4.194.112.239 - - [26/Dec/2025:16:30:23 +0000] "GET /wp-includes/assets/index.php HTTP/1.1" 401 36 "https://www.google.com/" "Mozilla/5.0 (Linux; Android 11; 21081111RG) AppleWebKit/537.36 (KHTML, like Gecko) Chrome/116.0.0.0 Mobile Safari/537.36"
4.194.112.239 - - [26/Dec/2025:16:30:23 +0000] "GET /wp-includes/block-patterns/ HTTP/1.1" 401 36 "https://www.google.fr/" "Mozilla/5.0 (iPhone; CPU iPhone OS 17_1 like Mac OS X) AppleWebKit/605.1.15 (KHTML, like Gecko) CriOS/119.0.6045.109 Mobile/15E148 Safari/604.1"
4.194.112.239 - - [26/Dec/2025:16:30:25 +0000] "GET /wp-includes/blocks/ HTTP/1.1" 401 36 "https://www.google.de/" "Mozilla/5.0 (Linux; Android 14; Pixel 8 Pro) AppleWebKit/537.36 (KHTML, like Gecko) Chrome/119.0.0.0 Mobile Safari/537.36"
4.194.112.239 - - [26/Dec/2025:16:30:25 +0000] "GET /wp-includes/blocks/calendar/index.php HTTP/1.1" 401 36 "https://www.google.co.uk/" "Mozilla/5.0 (Linux; Android 13; SM-S908E) AppleWebKit/537.36 (KHTML, like Gecko) Chrome/116.0.0.0 Mobile Safari/537.36"
4.194.112.239 - - [26/Dec/2025:16:30:27 +0000] "GET /wp-includes/certificates/ HTTP/1.1" 401 36 "https://www.google.co.uk/" "Mozilla/5.0 (Linux; Android 10; K) AppleWebKit/537.36 (KHTML, like Gecko) Chrome/117.0.0.0 Mobile Safari/537.36"
4.194.112.239 - - [26/Dec/2025:16:30:27 +0000] "GET /wp-includes/css/index.php HTTP/1.1" 401 36 "https://www.bing.com/" "Mozilla/5.g (Linux; Android 13; Pixel 7) AppleWebKit/537.36 (KHTML, like Gecko) Chrome/116.0.0.0 Mobile Safari/537.36"
4.194.112.239 - - [26/Dec/2025:16:30:29 +0000] "GET /wp-includes/customize/index.php HTTP/1.1" 401 36 "https://duckduckgo.com/" "Mozilla/5.0 (iPhone; CPU iPhone OS 17_1 like Mac OS X) AppleWebKit/605.1.15 (KHTML, like Gecko) CriOS/119.0.6045.109 Mobile/15E148 Safari/604.1"
4.194.112.239 - - [26/Dec/2025:16:30:29 +0000] "GET /wp-includes/fonts/admin.php HTTP/1.1" 401 36 "https://www.bing.com/" "Mozilla/5.0 (Linux; Android 12; V2134) AppleWebKit/537.36 (KHTML, like Gecko) Chrome/116.0.0.0 Mobile Safari/537.36"
4.194.112.239 - - [26/Dec/2025:16:30:31 +0000] "GET /wp-includes/html-api/index.php HTTP/1.1" 401 36 "https://www.yahoo.com/" "Mozilla/5.0 (Linux; Android 11; 21081111RG) AppleWebKit/537.36 (KHTML, like Gecko) Chrome/116.0.0.0 Mobile Safari/537.36"
4.194.112.239 - - [26/Dec/2025:16:30:31 +0000] "GET /wp-includes/images/media/ HTTP/1.1" 401 36 "https://www.bing.com/" "Mozilla/5.0 (Linux; Android 13; SM-G991U) AppleWebKit/537.36 (KHTML, like Gecko) Chrome/117.0.0.0 Mobile Safari/537.36"
4.194.112.239 - - [26/Dec/2025:16:30:33 +0000] "GET /wp-includes/images/smilies/about.php HTTP/1.1" 401 36 "https://www.yahoo.com/" "Mozilla/5.0 (Linux; Android 14; Pixel 8 Pro) AppleWebKit/537.36 (KHTML, like Gecko) Chrome/119.0.0.0 Mobile Safari/537.36"
4.194.112.239 - - [26/Dec/2025:16:30:33 +0000] "GET /wp-includes/js/index.php HTTP/1.1" 401 36 "https://duckduckgo.com/" "Mozilla/5.0 (iPhone; CPU iPhone OS 15_7_9 like Mac OS X) AppleWebKit/605.1.15 (KHTML, like Gecko) Version/15.6.5 Mobile/15E148 Safari/604.1"
4.194.112.239 - - [26/Dec/2025:16:30:35 +0000] "GET /wp-includes/rest-api/ HTTP/1.1" 401 36 "https://www.bing.com/" "Mozilla/5.0 (Linux; Android 11; 21081111RG) AppleWebKit/537.36 (KHTML, like Gecko) Chrome/116.0.0.0 Mobile Safari/537.36"
4.194.112.239 - - [26/Dec/2025:16:30:35 +0000] "GET /wp-includes/rest-api/fields/ HTTP/1.1" 401 36 "https://www.google.com/" "Mozilla/5.0 (iPad; CPU OS 16_7_2 like Mac OS X) AppleWebKit/605.1.15 (KHTML, like Gecko) Version/16.6 Mobile/15E148 Safari/604.1"
4.194.112.239 - - [26/Dec/2025:16:30:36 +0000] "GET /wp-includes/rest-api/search/index.php HTTP/1.1" 401 36 "https://www.google.co.uk/" "Mozilla/5.0 (Linux; Android 10; LM-Q720) AppleWebKit/537.36 (KHTML, like Gecko) Chrome/116.0.0.0 Mobile Safari/537.36"
4.194.112.239 - - [26/Dec/2025:16:30:37 +0000] "GET /wp-includes/sitemaps/ HTTP/1.1" 401 36 "https://www.google.com/" "Mozilla/5.0 (iPad; CPU OS 16_7_2 like Mac OS X) AppleWebKit/605.1.15 (KHTML, like Gecko) Version/16.6 Mobile/15E148 Safari/604.1"
66.249.66.204 - - [26/Dec/2025:16:25:06 +0000] "GET /?products/13801173 HTTP/1.1" 200 25375 "-" "Mozilla/5.0 (Linux; Android 6.0.1; Nexus 5X Build/MMB29P) AppleWebKit/537.36 (KHTML, like Gecko) Chrome/141.0.7390.122 Mobile Safari/537.36 (compatible; GoogleOther)"
66.249.66.161 - - [26/Dec/2025:16:26:08 +0000] "GET /?products/20223406 HTTP/1.1" 200 24996 "-" "Mozilla/5.0 (Linux; Android 6.0.1; Nexus 5X Build/MMB29P) AppleWebKit/537.36 (KHTML, like Gecko) Chrome/141.0.7390.122 Mobile Safari/537.36 (compatible; GoogleOther)"
66.249.66.12 - - [26/Dec/2025:16:26:33 +0000] "GET /?products/8252106 HTTP/1.1" 200 25741 "-" "Mozilla/5.0 (Linux; Android 6.0.1; Nexus 5X Build/MMB29P) AppleWebKit/537.36 (KHTML, like Gecko) Chrome/141.0.7390.122 Mobile Safari/537.36 (compatible; GoogleOther)"
66.249.66.75 - - [26/Dec/2025:16:27:35 +0000] "GET /?products/24265639 HTTP/1.1" 200 24799 "-" "Mozilla/5.0 (Linux; Android 6.0.1; Nexus 5X Build/MMB29P) AppleWebKit/537.36 (KHTML, like Gecko) Chrome/141.0.7390.122 Mobile Safari/537.36 (compatible; GoogleOther)"
66.249.66.204 - - [26/Dec/2025:16:28:37 +0000] "GET /?products/19105128 HTTP/1.1" 200 26283 "-" "Mozilla/5.0 (Linux; Android 6.0.1; Nexus 5X Build/MMB29P) AppleWebKit/537.36 (KHTML, like Gecko) Chrome/141.0.7390.122 Mobile Safari/537.36 (compatible; GoogleOther)"
66.249.66.12 - - [26/Dec/2025:16:30:23 +0000] "GET /?products/14786840 HTTP/1.1" 200 24330 "-" "Mozilla/5.0 (Linux; Android 6.0.1; Nexus 5X Build/MMB29P) AppleWebKit/537.36 (KHTML, like Gecko) Chrome/141.0.7390.122 Mobile Safari/537.36 (compatible; GoogleOther)"
66.249.66.204 - - [26/Dec/2025:16:30:27 +0000] "GET /wp-content/uploads/2020/10/TdR-IMPRESION-KITS-1-1195x1536.jpg HTTP/1.1" 200 255623 "-" "Googlebot-Image/1.0"
216.244.66.246 - - [26/Dec/2025:16:30:58 +0000] "GET /robots.txt HTTP/1.1" 200 81 "-" "Mozilla/5.0 (compatible; DotBot/1.2; +https://opensiteexplorer.org/dotbot; help@moz.com)"
66.249.66.39 - - [26/Dec/2025:16:31:43 +0000] "GET /?products/18796039 HTTP/1.1" 200 24374 "-" "Mozilla/5.0 (Linux; Android 6.0.1; Nexus 5X Build/MMB29P) AppleWebKit/537.36 (KHTML, like Gecko) Chrome/141.0.7390.122 Mobile Safari/537.36 (compatible; GoogleOther)"
40.77.167.154 - - [26/Dec/2025:16:31:44 +0000] "GET /proceso-integral-de-garantias-para-las-mujeres-y-lideresas-defensoras-de-ddhh/ HTTP/2" 200 24963 "-" "Mozilla/5.0 AppleWebKit/537.36 (KHTML, like Gecko; compatible; bingbot/2.0; +http://www.bing.com/bingbot.htm) Chrome/116.0.1938.76 Safari/537.36"
66.249.66.161 - - [26/Dec/2025:16:31:46 +0000] "GET /?products/18237762 HTTP/1.1" 200 25819 "-" "Mozilla/5.0 (Linux; Android 6.0.1; Nexus 5X Build/MMB29P) AppleWebKit/537.36 (KHTML, like Gecko) Chrome/141.0.7390.122 Mobile Safari/537.36 (compatible; Googlebot/2.1; +http://www.google.com/bot.html)"
66.249.66.75 - - [26/Dec/2025:16:31:48 +0000] "GET /?products/8124340 HTTP/1.1" 200 26525 "-" "Mozilla/5.0 (Linux; Android 6.0.1; Nexus 5X Build/MMB29P) AppleWebKit/537.36 (KHTML, like Gecko) Chrome/141.0.7390.122 Mobile Safari/537.36 (compatible; GoogleOther)"
66.249.66.204 - - [26/Dec/2025:16:33:12 +0000] "GET /?products/21870484 HTTP/1.1" 200 24825 "-" "Mozilla/5.0 (Linux; Android 6.0.1; Nexus 5X Build/MMB29P) AppleWebKit/537.36 (KHTML, like Gecko) Chrome/141.0.7390.122 Mobile Safari/537.36 (compatible; GoogleOther)"
66.249.66.75 - - [26/Dec/2025:16:33:47 +0000] "GET /?products/28264939 HTTP/1.1" 200 25923 "-" "Mozilla/5.0 (Linux; Android 6.0.1; Nexus 5X Build/MMB29P) AppleWebKit/537.36 (KHTML, like Gecko) Chrome/141.0.7390.122 Mobile Safari/537.36 (compatible; GoogleOther)"
66.249.66.75 - - [26/Dec/2025:16:33:51 +0000] "GET /?products/14748762 HTTP/1.1" 200 25109 "-" "Mozilla/5.0 (Linux; Android 6.0.1; Nexus 5X Build/MMB29P) AppleWebKit/537.36 (KHTML, like Gecko) Chrome/141.0.7390.122 Mobile Safari/537.36 (compatible; Googlebot/2.1; +http://www.google.com/bot.html)"
66.249.66.75 - - [26/Dec/2025:16:30:33 +0000] "GET /?products/12298717 HTTP/1.1" 200 24707 "-" "Mozilla/5.0 (Linux; Android 6.0.1; Nexus 5X Build/MMB29P) AppleWebKit/537.36 (KHTML, like Gecko) Chrome/141.0.7390.122 Mobile Safari/537.36 (compatible; Googlebot/2.1; +http://www.google.com/bot.html)"
66.249.66.161 - - [26/Dec/2025:16:31:34 +0000] "GET /?products/23698706 HTTP/1.1" 200 24397 "-" "Mozilla/5.0 (Linux; Android 6.0.1; Nexus 5X Build/MMB29P) AppleWebKit/537.36 (KHTML, like Gecko) Chrome/141.0.7390.122 Mobile Safari/537.36 (compatible; Googlebot/2.1; +http://www.google.com/bot.html)"
66.249.66.75 - - [26/Dec/2025:16:32:35 +0000] "GET /?products/5953939 HTTP/1.1" 200 25891 "-" "Mozilla/5.0 (Linux; Android 6.0.1; Nexus 5X Build/MMB29P) AppleWebKit/537.36 (KHTML, like Gecko) Chrome/141.0.7390.122 Mobile Safari/537.36 (compatible; GoogleOther)"
66.249.66.161 - - [26/Dec/2025:16:32:45 +0000] "GET /?products/2267351 HTTP/1.1" 200 24308 "-" "Mozilla/5.0 (Linux; Android 6.0.1; Nexus 5X Build/MMB29P) AppleWebKit/537.36 (KHTML, like Gecko) Chrome/141.0.7390.122 Mobile Safari/537.36 (compatible; GoogleOther)"
66.249.66.204 - - [26/Dec/2025:16:32:53 +0000] "GET /?products/16236717 HTTP/1.1" 200 25988 "-" "Mozilla/5.0 (Linux; Android 6.0.1; Nexus 5X Build/MMB29P) AppleWebKit/537.36 (KHTML, like Gecko) Chrome/141.0.7390.122 Mobile Safari/537.36 (compatible; Googlebot/2.1; +http://www.google.com/bot.html)"
66.249.66.12 - - [26/Dec/2025:16:33:16 +0000] "GET /?products/30752784 HTTP/1.1" 200 27405 "-" "Mozilla/5.0 (Linux; Android 6.0.1; Nexus 5X Build/MMB29P) AppleWebKit/537.36 (KHTML, like Gecko) Chrome/141.0.7390.122 Mobile Safari/537.36 (compatible; Googlebot/2.1; +http://www.google.com/bot.html)"
66.249.66.204 - - [26/Dec/2025:16:35:20 +0000] "GET /?products/12864995 HTTP/1.1" 200 24631 "-" "Mozilla/5.0 (Linux; Android 6.0.1; Nexus 5X Build/MMB29P) AppleWebKit/537.36 (KHTML, like Gecko) Chrome/141.0.7390.122 Mobile Safari/537.36 (compatible; GoogleOther)"
66.249.66.75 - - [26/Dec/2025:16:35:25 +0000] "GET /?products/6271406 HTTP/1.1" 200 26142 "-" "Mozilla/5.0 (Linux; Android 6.0.1; Nexus 5X Build/MMB29P) AppleWebKit/537.36 (KHTML, like Gecko) Chrome/141.0.7390.122 Mobile Safari/537.36 (compatible; Googlebot/2.1; +http://www.google.com/bot.html)"
66.249.66.161 - - [26/Dec/2025:16:35:52 +0000] "GET /?products/8648739 HTTP/1.1" 200 26110 "-" "Mozilla/5.0 (Linux; Android 6.0.1; Nexus 5X Build/MMB29P) AppleWebKit/537.36 (KHTML, like Gecko) Chrome/141.0.7390.122 Mobile Safari/537.36 (compatible; GoogleOther)"
66.249.66.192 - - [26/Dec/2025:16:36:05 +0000] "GET /?products/12162295 HTTP/1.1" 200 25846 "-" "Mozilla/5.0 (Linux; Android 6.0.1; Nexus 5X Build/MMB29P) AppleWebKit/537.36 (KHTML, like Gecko) Chrome/141.0.7390.122 Mobile Safari/537.36 (compatible; Googlebot/2.1; +http://www.google.com/bot.html)"
66.249.66.40 - - [26/Dec/2025:16:36:23 +0000] "GET /?products/3772528 HTTP/1.1" 200 24576 "-" "Mozilla/5.0 (Linux; Android 6.0.1; Nexus 5X Build/MMB29P) AppleWebKit/537.36 (KHTML, like Gecko) Chrome/141.0.7390.122 Mobile Safari/537.36 (compatible; Googlebot/2.1; +http://www.google.com/bot.html)"
66.249.66.39 - - [26/Dec/2025:16:36:24 +0000] "GET /?products/12808306 HTTP/1.1" 200 26133 "-" "Mozilla/5.0 (Linux; Android 6.0.1; Nexus 5X Build/MMB29P) AppleWebKit/537.36 (KHTML, like Gecko) Chrome/141.0.7390.122 Mobile Safari/537.36 (compatible; Googlebot/2.1; +http://www.google.com/bot.html)"
66.249.66.39 - - [26/Dec/2025:16:36:27 +0000] "GET /wp-content/uploads/2020/10/tdr1-300x198.jpg HTTP/1.1" 200 14101 "-" "Googlebot-Image/1.0"
66.249.66.39 - - [26/Dec/2025:16:36:28 +0000] "GET /wp-content/uploads/2025/06/1.-Vicentinas-slider-300x300.jpg HTTP/1.1" 200 23941 "-" "Googlebot-Image/1.0"
66.249.66.39 - - [26/Dec/2025:16:36:44 +0000] "GET /wp-content/uploads/2025/08/TDR_Promotora-comunitaria-MTFP-Mocoa.pdf HTTP/1.1" 200 285135 "-" "Mozilla/5.0 (Linux; Android 6.0.1; Nexus 5X Build/MMB29P) AppleWebKit/537.36 (KHTML, like Gecko) Chrome/141.0.7390.122 Mobile Safari/537.36 (compatible; Googlebot/2.1; +http://www.google.com/bot.html)"
4.194.112.239 - - [26/Dec/2025:16:30:38 +0000] "GET /wp-includes/sitemaps/wp-conflg.php HTTP/1.1" 401 36 "https://www.google.fr/" "Mozilla/5.0 (Linux; Android 10; LM-Q720) AppleWebKit/537.36 (KHTML, like Gecko) Chrome/116.0.0.0 Mobile Safari/537.36"
4.194.112.239 - - [26/Dec/2025:16:30:38 +0000] "GET /wp-themes.php HTTP/1.1" 401 36 "https://duckduckgo.com/" "Mozilla/5.0 (Linux; Android 10; LM-Q720) AppleWebKit/537.36 (KHTML, like Gecko) Chrome/116.0.0.0 Mobile Safari/537.36"
4.194.112.239 - - [26/Dec/2025:16:30:39 +0000] "GET /x.php HTTP/1.1" 401 36 "https://www.yahoo.com/" "Mozilla/5.0 (iPad; CPU OS 16_7_2 like Mac OS X) AppleWebKit/605.1.15 (KHTML, like Gecko) Version/16.6 Mobile/15E148 Safari/604.1"
4.194.112.239 - - [26/Dec/2025:16:30:40 +0000] "GET /yas.php HTTP/1.1" 401 36 "https://www.google.co.uk/" "Mozilla/5.0 (iPhone; CPU iPhone OS 15_7_9 like Mac OS X) AppleWebKit/605.1.15 (KHTML, like Gecko) Version/15.6.5 Mobile/15E148 Safari/604.1"
66.249.66.75 - - [26/Dec/2025:16:30:41 +0000] "GET /?products/8437051 HTTP/1.1" 200 24680 "-" "Mozilla/5.0 (Linux; Android 6.0.1; Nexus 5X Build/MMB29P) AppleWebKit/537.36 (KHTML, like Gecko) Chrome/141.0.7390.122 Mobile Safari/537.36 (compatible; GoogleOther)"
66.249.66.204 - - [26/Dec/2025:16:30:54 +0000] "GET /?products/14475995 HTTP/1.1" 200 24634 "-" "Mozilla/5.0 (Linux; Android 6.0.1; Nexus 5X Build/MMB29P) AppleWebKit/537.36 (KHTML, like Gecko) Chrome/141.0.7390.122 Mobile Safari/537.36 (compatible; Googlebot/2.1; +http://www.google.com/bot.html)"
66.249.66.163 - - [26/Dec/2025:16:31:06 +0000] "GET /?products/30597595 HTTP/1.1" 200 30681 "-" "Mozilla/5.0 (Linux; Android 6.0.1; Nexus 5X Build/MMB29P) AppleWebKit/537.36 (KHTML, like Gecko) Chrome/141.0.7390.122 Mobile Safari/537.36 (compatible; GoogleOther)"
66.249.66.13 - - [26/Dec/2025:16:31:12 +0000] "GET /?products/6117595 HTTP/1.1" 200 25631 "-" "Mozilla/5.0 (Linux; Android 6.0.1; Nexus 5X Build/MMB29P) AppleWebKit/537.36 (KHTML, like Gecko) Chrome/141.0.7390.122 Mobile Safari/537.36 (compatible; Googlebot/2.1; +http://www.google.com/bot.html)"
40.77.167.85 - - [26/Dec/2025:16:31:36 +0000] "GET /robots.txt HTTP/2" 200 81 "-" "Mozilla/5.0 AppleWebKit/537.36 (KHTML, like Gecko; compatible; bingbot/2.0; +http://www.bing.com/bingbot.htm) Chrome/116.0.1938.76 Safari/537.36"
66.249.66.75 - - [26/Dec/2025:16:32:30 +0000] "GET /?products/18510173 HTTP/1.1" 200 25736 "-" "Mozilla/5.0 (Linux; Android 6.0.1; Nexus 5X Build/MMB29P) AppleWebKit/537.36 (KHTML, like Gecko) Chrome/141.0.7390.122 Mobile Safari/537.36 (compatible; GoogleOther)"
66.249.66.13 - - [26/Dec/2025:16:35:21 +0000] "GET /?products/2970762 HTTP/1.1" 200 25098 "-" "Mozilla/5.0 (Linux; Android 6.0.1; Nexus 5X Build/MMB29P) AppleWebKit/537.36 (KHTML, like Gecko) Chrome/141.0.7390.122 Mobile Safari/537.36 (compatible; Googlebot/2.1; +http://www.google.com/bot.html)"
66.249.66.12 - - [26/Dec/2025:16:36:02 +0000] "GET /?products/8621117 HTTP/1.1" 200 24903 "-" "Mozilla/5.0 (Linux; Android 6.0.1; Nexus 5X Build/MMB29P) AppleWebKit/537.36 (KHTML, like Gecko) Chrome/141.0.7390.122 Mobile Safari/537.36 (compatible; GoogleOther)"
66.249.66.161 - - [26/Dec/2025:16:36:54 +0000] "GET /?products/29437195 HTTP/1.1" 200 24600 "-" "Mozilla/5.0 (Linux; Android 6.0.1; Nexus 5X Build/MMB29P) AppleWebKit/537.36 (KHTML, like Gecko) Chrome/141.0.7390.122 Mobile Safari/537.36 (compatible; GoogleOther)"
170.10.164.126 - - [26/Dec/2025:16:36:57 +0000] "POST /wp-cron.php?doing_wp_cron=1766767017.7470569610595703125000 HTTP/1.1" 200 0 "-" "WordPress/6.8.3; https://alianzatejedorasdevida.org"
66.249.66.12 - - [26/Dec/2025:16:37:56 +0000] "GET /?products/3272484 HTTP/1.1" 200 24606 "-" "Mozilla/5.0 (Linux; Android 6.0.1; Nexus 5X Build/MMB29P) AppleWebKit/537.36 (KHTML, like Gecko) Chrome/141.0.7390.122 Mobile Safari/537.36 (compatible; GoogleOther)"
66.249.66.75 - - [26/Dec/2025:16:33:55 +0000] "GET /?products/28582984 HTTP/1.1" 200 27157 "-" "Mozilla/5.0 (Linux; Android 6.0.1; Nexus 5X Build/MMB29P) AppleWebKit/537.36 (KHTML, like Gecko) Chrome/141.0.7390.122 Mobile Safari/537.36 (compatible; GoogleOther)"
66.249.66.204 - - [26/Dec/2025:16:34:03 +0000] "GET /?products/14961439 HTTP/1.1" 200 26299 "-" "Mozilla/5.0 (Linux; Android 6.0.1; Nexus 5X Build/MMB29P) AppleWebKit/537.36 (KHTML, like Gecko) Chrome/141.0.7390.122 Mobile Safari/537.36 (compatible; Googlebot/2.1; +http://www.google.com/bot.html)"
66.249.66.162 - - [26/Dec/2025:16:34:18 +0000] "GET /?products/17820340 HTTP/1.1" 200 25412 "-" "Mozilla/5.0 (Linux; Android 6.0.1; Nexus 5X Build/MMB29P) AppleWebKit/537.36 (KHTML, like Gecko) Chrome/141.0.7390.122 Mobile Safari/537.36 (compatible; Googlebot/2.1; +http://www.google.com/bot.html)"
66.249.66.39 - - [26/Dec/2025:16:34:38 +0000] "GET /?products/27624784 HTTP/1.1" 200 25082 "-" "Mozilla/5.0 (Linux; Android 6.0.1; Nexus 5X Build/MMB29P) AppleWebKit/537.36 (KHTML, like Gecko) Chrome/141.0.7390.122 Mobile Safari/537.36 (compatible; GoogleOther)"
66.249.66.204 - - [26/Dec/2025:16:34:49 +0000] "GET /?products/27232773 HTTP/1.1" 200 25297 "-" "Mozilla/5.0 (Linux; Android 6.0.1; Nexus 5X Build/MMB29P) AppleWebKit/537.36 (KHTML, like Gecko) Chrome/141.0.7390.122 Mobile Safari/537.36 (compatible; GoogleOther)"
66.249.66.192 - - [26/Dec/2025:16:35:29 +0000] "GET /wp-content/uploads/2025/07/TDR_Asistente-administrativa-de-gestion-documental.pdf HTTP/1.1" 304 0 "-" "Mozilla/5.0 (Linux; Android 6.0.1; Nexus 5X Build/MMB29P) AppleWebKit/537.36 (KHTML, like Gecko) Chrome/141.0.7390.122 Mobile Safari/537.36 (compatible; Googlebot/2.1; +http://www.google.com/bot.html)"
66.249.66.12 - - [26/Dec/2025:16:35:38 +0000] "GET /?products/30752784 HTTP/1.1" 200 27405 "-" "Mozilla/5.0 (Linux; Android 6.0.1; Nexus 5X Build/MMB29P) AppleWebKit/537.36 (KHTML, like Gecko) Chrome/141.0.7390.122 Mobile Safari/537.36 (compatible; Googlebot/2.1; +http://www.google.com/bot.html)"
66.249.66.12 - - [26/Dec/2025:16:35:39 +0000] "GET /?products/16187184 HTTP/1.1" 200 24601 "-" "Mozilla/5.0 (Linux; Android 6.0.1; Nexus 5X Build/MMB29P) AppleWebKit/537.36 (KHTML, like Gecko) Chrome/141.0.7390.122 Mobile Safari/537.36 (compatible; Googlebot/2.1; +http://www.google.com/bot.html)"
66.249.66.75 - - [26/Dec/2025:16:36:45 +0000] "GET /?products/4605162 HTTP/1.1" 200 25836 "-" "Mozilla/5.0 (Linux; Android 6.0.1; Nexus 5X Build/MMB29P) AppleWebKit/537.36 (KHTML, like Gecko) Chrome/141.0.7390.122 Mobile Safari/537.36 (compatible; GoogleOther)"
198.186.130.79 - - [26/Dec/2025:16:36:56 +0000] "POST /xmlrpc.php HTTP/1.1" 200 224 "-" "Mozilla/5.0 (Windows NT 10.0; Win64; x64; rv:50.0) Gecko/20100101 Firefox/50.0"
66.249.66.12 - - [26/Dec/2025:16:37:18 +0000] "GET /2020/07/14/justicia-rural-la-lider-que-empodera-a-las-mujeres-del-putumayo/feed/ HTTP/1.1" 200 24590 "-" "Mozilla/5.0 (Linux; Android 6.0.1; Nexus 5X Build/MMB29P) AppleWebKit/537.36 (KHTML, like Gecko) Chrome/141.0.7390.122 Mobile Safari/537.36 (compatible; Googlebot/2.1; +http://www.google.com/bot.html)"
66.249.66.204 - - [26/Dec/2025:16:37:48 +0000] "GET /?products/10782039 HTTP/1.1" 200 25066 "-" "Mozilla/5.0 (Linux; Android 6.0.1; Nexus 5X Build/MMB29P) AppleWebKit/537.36 (KHTML, like Gecko) Chrome/141.0.7390.122 Mobile Safari/537.36 (compatible; Googlebot/2.1; +http://www.google.com/bot.html)"
66.249.66.12 - - [26/Dec/2025:16:37:51 +0000] "GET /?products/8511928 HTTP/1.1" 200 24633 "-" "Mozilla/5.0 (Linux; Android 6.0.1; Nexus 5X Build/MMB29P) AppleWebKit/537.36 (KHTML, like Gecko) Chrome/141.0.7390.122 Mobile Safari/537.36 (compatible; Googlebot/2.1; +http://www.google.com/bot.html)"
66.249.66.162 - - [26/Dec/2025:16:38:27 +0000] "GET /?products/19353973 HTTP/1.1" 200 25324 "-" "Mozilla/5.0 (Linux; Android 6.0.1; Nexus 5X Build/MMB29P) AppleWebKit/537.36 (KHTML, like Gecko) Chrome/141.0.7390.122 Mobile Safari/537.36 (compatible; GoogleOther)"
66.249.66.161 - - [26/Dec/2025:16:36:50 +0000] "GET /?products/24418639 HTTP/1.1" 200 25114 "-" "Mozilla/5.0 (Linux; Android 6.0.1; Nexus 5X Build/MMB29P) AppleWebKit/537.36 (KHTML, like Gecko) Chrome/141.0.7390.122 Mobile Safari/537.36 (compatible; Googlebot/2.1; +http://www.google.com/bot.html)"
66.249.66.204 - - [26/Dec/2025:16:37:28 +0000] "GET /?products/3900673 HTTP/1.1" 200 25249 "-" "Mozilla/5.0 (Linux; Android 6.0.1; Nexus 5X Build/MMB29P) AppleWebKit/537.36 (KHTML, like Gecko) Chrome/141.0.7390.122 Mobile Safari/537.36 (compatible; GoogleOther)"
66.249.66.75 - - [26/Dec/2025:16:37:32 +0000] "GET /?products/23327373 HTTP/1.1" 200 25843 "-" "Mozilla/5.0 (Linux; Android 6.0.1; Nexus 5X Build/MMB29P) AppleWebKit/537.36 (KHTML, like Gecko) Chrome/141.0.7390.122 Mobile Safari/537.36 (compatible; GoogleOther)"
66.249.66.204 - - [26/Dec/2025:16:37:33 +0000] "GET /?products/8558895 HTTP/1.1" 200 25717 "-" "Mozilla/5.0 (Linux; Android 6.0.1; Nexus 5X Build/MMB29P) AppleWebKit/537.36 (KHTML, like Gecko) Chrome/141.0.7390.122 Mobile Safari/537.36 (compatible; GoogleOther)"
66.249.66.39 - - [26/Dec/2025:16:37:57 +0000] "GET /wp-content/uploads/2020/10/IMAGEN-1-150x150.jpg HTTP/1.1" 200 7711 "-" "Googlebot-Image/1.0"
66.249.66.39 - - [26/Dec/2025:16:41:14 +0000] "GET /?products/24313940 HTTP/1.1" 200 27914 "-" "Mozilla/5.0 (Linux; Android 6.0.1; Nexus 5X Build/MMB29P) AppleWebKit/537.36 (KHTML, like Gecko) Chrome/141.0.7390.122 Mobile Safari/537.36 (compatible; Googlebot/2.1; +http://www.google.com/bot.html)"
66.249.66.161 - - [26/Dec/2025:16:42:24 +0000] "GET /?products/3893984 HTTP/1.1" 200 25497 "-" "Mozilla/5.0 (Linux; Android 6.0.1; Nexus 5X Build/MMB29P) AppleWebKit/537.36 (KHTML, like Gecko) Chrome/141.0.7390.122 Mobile Safari/537.36 (compatible; Googlebot/2.1; +http://www.google.com/bot.html)"
66.249.66.204 - - [26/Dec/2025:16:42:24 +0000] "GET /?products/8662906 HTTP/1.1" 200 29169 "-" "Mozilla/5.0 (Linux; Android 6.0.1; Nexus 5X Build/MMB29P) AppleWebKit/537.36 (KHTML, like Gecko) Chrome/141.0.7390.122 Mobile Safari/537.36 (compatible; GoogleOther)"
66.249.66.161 - - [26/Dec/2025:16:42:28 +0000] "GET /wp-content/uploads/2020/10/TdR-VIDEOS-VBG-1-233x300.jpg HTTP/1.1" 200 15445 "-" "Googlebot-Image/1.0"
66.249.66.75 - - [26/Dec/2025:16:42:35 +0000] "GET /?products/9077340 HTTP/1.1" 200 26339 "-" "Mozilla/5.0 (Linux; Android 6.0.1; Nexus 5X Build/MMB29P) AppleWebKit/537.36 (KHTML, like Gecko) Chrome/141.0.7390.122 Mobile Safari/537.36 (compatible; GoogleOther)"
66.249.66.204 - - [26/Dec/2025:16:42:39 +0000] "GET /wp-content/uploads/2024/06/TDR_Promotora-comunitaria-MTFP-1.pdf HTTP/1.1" 304 0 "-" "Mozilla/5.0 (Linux; Android 6.0.1; Nexus 5X Build/MMB29P) AppleWebKit/537.36 (KHTML, like Gecko) Chrome/141.0.7390.122 Mobile Safari/537.36 (compatible; Googlebot/2.1; +http://www.google.com/bot.html)"
66.249.66.161 - - [26/Dec/2025:16:43:00 +0000] "GET /?products/29602140 HTTP/1.1" 200 25260 "-" "Mozilla/5.0 (Linux; Android 6.0.1; Nexus 5X Build/MMB29P) AppleWebKit/537.36 (KHTML, like Gecko) Chrome/141.0.7390.122 Mobile Safari/537.36 (compatible; Googlebot/2.1; +http://www.google.com/bot.html)"
66.249.66.161 - - [26/Dec/2025:16:43:06 +0000] "GET /?products/21911939 HTTP/1.1" 200 24736 "-" "Mozilla/5.0 (Linux; Android 6.0.1; Nexus 5X Build/MMB29P) AppleWebKit/537.36 (KHTML, like Gecko) Chrome/141.0.7390.122 Mobile Safari/537.36 (compatible; GoogleOther)"
66.249.66.204 - - [26/Dec/2025:16:43:37 +0000] "GET /?products/2539917 HTTP/1.1" 200 27238 "-" "Mozilla/5.0 (Linux; Android 6.0.1; Nexus 5X Build/MMB29P) AppleWebKit/537.36 (KHTML, like Gecko) Chrome/141.0.7390.122 Mobile Safari/537.36 (compatible; GoogleOther)"
66.249.66.14 - - [26/Dec/2025:16:44:08 +0000] "GET /?products/26039806 HTTP/1.1" 200 26159 "-" "Mozilla/5.0 (Linux; Android 6.0.1; Nexus 5X Build/MMB29P) AppleWebKit/537.36 (KHTML, like Gecko) Chrome/141.0.7390.122 Mobile Safari/537.36 (compatible; GoogleOther)"
216.244.66.246 - - [26/Dec/2025:16:38:36 +0000] "GET /2015/09/01/en-altavoz-agosto-de-2015/?share=twitter HTTP/1.1" 403 0 "-" "Mozilla/5.0 (compatible; DotBot/1.2; +https://opensiteexplorer.org/dotbot; help@moz.com)"
66.249.66.161 - - [26/Dec/2025:16:38:52 +0000] "GET /?products/7455228 HTTP/1.1" 200 26156 "-" "Mozilla/5.0 (Linux; Android 6.0.1; Nexus 5X Build/MMB29P) AppleWebKit/537.36 (KHTML, like Gecko) Chrome/141.0.7390.122 Mobile Safari/537.36 (compatible; GoogleOther)"
66.249.66.75 - - [26/Dec/2025:16:39:35 +0000] "GET /?products/6683706 HTTP/1.1" 200 24747 "-" "Mozilla/5.0 (Linux; Android 6.0.1; Nexus 5X Build/MMB29P) AppleWebKit/537.36 (KHTML, like Gecko) Chrome/141.0.7390.122 Mobile Safari/537.36 (compatible; GoogleOther)"
66.249.66.204 - - [26/Dec/2025:16:40:28 +0000] "GET /?products/26318084 HTTP/1.1" 200 25893 "-" "Mozilla/5.0 (Linux; Android 6.0.1; Nexus 5X Build/MMB29P) AppleWebKit/537.36 (KHTML, like Gecko) Chrome/141.0.7390.122 Mobile Safari/537.36 (compatible; Googlebot/2.1; +http://www.google.com/bot.html)"
66.249.66.204 - - [26/Dec/2025:16:40:30 +0000] "GET /?products/17713628 HTTP/1.1" 200 26406 "-" "Mozilla/5.0 (Linux; Android 6.0.1; Nexus 5X Build/MMB29P) AppleWebKit/537.36 (KHTML, like Gecko) Chrome/141.0.7390.122 Mobile Safari/537.36 (compatible; Googlebot/2.1; +http://www.google.com/bot.html)"
66.249.66.75 - - [26/Dec/2025:16:40:31 +0000] "GET /?products/6312362 HTTP/1.1" 200 27064 "-" "Mozilla/5.0 (Linux; Android 6.0.1; Nexus 5X Build/MMB29P) AppleWebKit/537.36 (KHTML, like Gecko) Chrome/141.0.7390.122 Mobile Safari/537.36 (compatible; GoogleOther)"
66.249.66.12 - - [26/Dec/2025:16:40:59 +0000] "GET /?products/27958639 HTTP/1.1" 200 24980 "-" "Mozilla/5.0 (Linux; Android 6.0.1; Nexus 5X Build/MMB29P) AppleWebKit/537.36 (KHTML, like Gecko) Chrome/141.0.7390.122 Mobile Safari/537.36 (compatible; GoogleOther)"
66.249.66.12 - - [26/Dec/2025:16:41:02 +0000] "GET /?products/18377728 HTTP/1.1" 200 27373 "-" "Mozilla/5.0 (Linux; Android 6.0.1; Nexus 5X Build/MMB29P) AppleWebKit/537.36 (KHTML, like Gecko) Chrome/141.0.7390.122 Mobile Safari/537.36 (compatible; GoogleOther)"
66.249.66.162 - - [26/Dec/2025:16:42:04 +0000] "GET /?products/17243473 HTTP/1.1" 200 27019 "-" "Mozilla/5.0 (Linux; Android 6.0.1; Nexus 5X Build/MMB29P) AppleWebKit/537.36 (KHTML, like Gecko) Chrome/141.0.7390.122 Mobile Safari/537.36 (compatible; GoogleOther)"
66.249.66.12 - - [26/Dec/2025:16:42:38 +0000] "GET /?products/14055173 HTTP/1.1" 200 24301 "-" "Mozilla/5.0 (Linux; Android 6.0.1; Nexus 5X Build/MMB29P) AppleWebKit/537.36 (KHTML, like Gecko) Chrome/141.0.7390.122 Mobile Safari/537.36 (compatible; Googlebot/2.1; +http://www.google.com/bot.html)"
66.249.66.204 - - [26/Dec/2025:16:43:28 +0000] "GET /?products/13256606 HTTP/1.1" 200 25972 "-" "Mozilla/5.0 (Linux; Android 6.0.1; Nexus 5X Build/MMB29P) AppleWebKit/537.36 (KHTML, like Gecko) Chrome/141.0.7390.122 Mobile Safari/537.36 (compatible; Googlebot/2.1; +http://www.google.com/bot.html)"
66.249.66.75 - - [26/Dec/2025:16:43:51 +0000] "GET /?products/27373462 HTTP/1.1" 200 25975 "-" "Mozilla/5.0 (Linux; Android 6.0.1; Nexus 5X Build/MMB29P) AppleWebKit/537.36 (KHTML, like Gecko) Chrome/141.0.7390.122 Mobile Safari/537.36 (compatible; Googlebot/2.1; +http://www.google.com/bot.html)"
66.249.66.75 - - [26/Dec/2025:16:44:52 +0000] "GET /?products/27268973 HTTP/1.1" 200 26372 "-" "Mozilla/5.0 (Linux; Android 6.0.1; Nexus 5X Build/MMB29P) AppleWebKit/537.36 (KHTML, like Gecko) Chrome/141.0.7390.122 Mobile Safari/537.36 (compatible; Googlebot/2.1; +http://www.google.com/bot.html)"
66.249.66.204 - - [26/Dec/2025:16:44:58 +0000] "GET /author/comunicaciones2/feed/ HTTP/1.1" 200 25568 "-" "Mozilla/5.0 (Linux; Android 6.0.1; Nexus 5X Build/MMB29P) AppleWebKit/537.36 (KHTML, like Gecko) Chrome/141.0.7390.122 Mobile Safari/537.36 (compatible; Googlebot/2.1; +http://www.google.com/bot.html)"
66.249.66.39 - - [26/Dec/2025:16:38:10 +0000] "GET /?products/8643706 HTTP/1.1" 200 25071 "-" "Mozilla/5.0 (Linux; Android 6.0.1; Nexus 5X Build/MMB29P) AppleWebKit/537.36 (KHTML, like Gecko) Chrome/141.0.7390.122 Mobile Safari/537.36 (compatible; GoogleOther)"
66.249.66.161 - - [26/Dec/2025:16:38:40 +0000] "GET /?products/13256606 HTTP/1.1" 200 25972 "-" "Mozilla/5.0 (Linux; Android 6.0.1; Nexus 5X Build/MMB29P) AppleWebKit/537.36 (KHTML, like Gecko) Chrome/141.0.7390.122 Mobile Safari/537.36 (compatible; Googlebot/2.1; +http://www.google.com/bot.html)"
66.249.66.75 - - [26/Dec/2025:16:38:48 +0000] "GET /?products/8566484 HTTP/1.1" 200 26342 "-" "Mozilla/5.0 (Linux; Android 6.0.1; Nexus 5X Build/MMB29P) AppleWebKit/537.36 (KHTML, like Gecko) Chrome/141.0.7390.122 Mobile Safari/537.36 (compatible; Googlebot/2.1; +http://www.google.com/bot.html)"
66.249.66.204 - - [26/Dec/2025:16:38:58 +0000] "GET /?products/2730306 HTTP/1.1" 200 25937 "-" "Mozilla/5.0 (Linux; Android 6.0.1; Nexus 5X Build/MMB29P) AppleWebKit/537.36 (KHTML, like Gecko) Chrome/141.0.7390.122 Mobile Safari/537.36 (compatible; Googlebot/2.1; +http://www.google.com/bot.html)"
66.249.66.39 - - [26/Dec/2025:16:39:30 +0000] "GET /?products/6776384 HTTP/1.1" 200 25650 "-" "Mozilla/5.0 (Linux; Android 6.0.1; Nexus 5X Build/MMB29P) AppleWebKit/537.36 (KHTML, like Gecko) Chrome/141.0.7390.122 Mobile Safari/537.36 (compatible; GoogleOther)"
66.249.66.161 - - [26/Dec/2025:16:40:17 +0000] "GET /?products/9341639 HTTP/1.1" 200 24847 "-" "Mozilla/5.0 (Linux; Android 6.0.1; Nexus 5X Build/MMB29P) AppleWebKit/537.36 (KHTML, like Gecko) Chrome/141.0.7390.122 Mobile Safari/537.36 (compatible; GoogleOther)"
66.249.66.12 - - [26/Dec/2025:16:41:42 +0000] "GET /?products/20358662 HTTP/1.1" 200 25177 "-" "Mozilla/5.0 (Linux; Android 6.0.1; Nexus 5X Build/MMB29P) AppleWebKit/537.36 (KHTML, like Gecko) Chrome/141.0.7390.122 Mobile Safari/537.36 (compatible; GoogleOther)"
170.10.164.126 - - [26/Dec/2025:16:42:13 +0000] "POST /wp-cron.php?doing_wp_cron=1766767333.4250540733337402343750 HTTP/1.1" 200 0 "-" "WordPress/6.8.3; https://alianzatejedorasdevida.org"
66.249.66.192 - - [26/Dec/2025:16:42:12 +0000] "GET /cdn-cgi/scripts/5c5dd728/cloudflare-static/email-decode.min.js HTTP/1.1" 404 46914 "https://alianzatejedorasdevida.org/?products/24313940" "Mozilla/5.0 (Linux; Android 6.0.1; Nexus 5X Build/MMB29P) AppleWebKit/537.36 (KHTML, like Gecko) Chrome/141.0.7390.122 Mobile Safari/537.36 (compatible; Googlebot/2.1; +http://www.google.com/bot.html)"
66.249.66.161 - - [26/Dec/2025:16:43:47 +0000] "GET /?products/11901840 HTTP/1.1" 200 24155 "-" "Mozilla/5.0 (Linux; Android 6.0.1; Nexus 5X Build/MMB29P) AppleWebKit/537.36 (KHTML, like Gecko) Chrome/141.0.7390.122 Mobile Safari/537.36 (compatible; Googlebot/2.1; +http://www.google.com/bot.html)"
66.249.66.204 - - [26/Dec/2025:16:43:49 +0000] "GET /?products/24710651 HTTP/1.1" 200 24636 "-" "Mozilla/5.0 (Linux; Android 6.0.1; Nexus 5X Build/MMB29P) AppleWebKit/537.36 (KHTML, like Gecko) Chrome/141.0.7390.122 Mobile Safari/537.36 (compatible; GoogleOther)"
66.249.66.12 - - [26/Dec/2025:16:44:32 +0000] "GET /?products/9118739 HTTP/1.1" 200 25534 "-" "Mozilla/5.0 (Linux; Android 6.0.1; Nexus 5X Build/MMB29P) AppleWebKit/537.36 (KHTML, like Gecko) Chrome/141.0.7390.122 Mobile Safari/537.36 (compatible; GoogleOther)"
216.244.66.246 - - [26/Dec/2025:16:44:50 +0000] "GET /2016/10/05/comunicado-plebiscito-las-mujeres-del-putumayo-volvemos-a-decir-si-a-la-paz/?share=twitter HTTP/1.1" 403 0 "-" "Mozilla/5.0 (compatible; DotBot/1.2; +https://opensiteexplorer.org/dotbot; help@moz.com)"
66.249.66.192 - - [26/Dec/2025:16:45:06 +0000] "GET /?products/2842884 HTTP/1.1" 200 24593 "-" "Mozilla/5.0 (Linux; Android 6.0.1; Nexus 5X Build/MMB29P) AppleWebKit/537.36 (KHTML, like Gecko) Chrome/141.0.7390.122 Mobile Safari/537.36 (compatible; Googlebot/2.1; +http://www.google.com/bot.html)"
66.249.66.162 - - [26/Dec/2025:16:45:10 +0000] "GET /?products/17466762 HTTP/1.1" 200 26004 "-" "Mozilla/5.0 (Linux; Android 6.0.1; Nexus 5X Build/MMB29P) AppleWebKit/537.36 (KHTML, like Gecko) Chrome/141.0.7390.122 Mobile Safari/537.36 (compatible; GoogleOther)"
66.249.66.204 - - [26/Dec/2025:16:45:14 +0000] "GET /?products/12326228 HTTP/1.1" 200 28354 "-" "Mozilla/5.0 (Linux; Android 6.0.1; Nexus 5X Build/MMB29P) AppleWebKit/537.36 (KHTML, like Gecko) Chrome/141.0.7390.122 Mobile Safari/537.36 (compatible; GoogleOther)"
66.249.66.75 - - [26/Dec/2025:16:45:23 +0000] "GET /?products/16062528 HTTP/1.1" 200 25866 "-" "Mozilla/5.0 (Linux; Android 6.0.1; Nexus 5X Build/MMB29P) AppleWebKit/537.36 (KHTML, like Gecko) Chrome/141.0.7390.122 Mobile Safari/537.36 (compatible; Googlebot/2.1; +http://www.google.com/bot.html)"
66.249.66.161 - - [26/Dec/2025:16:45:57 +0000] "GET /?products/18198206 HTTP/1.1" 200 26094 "-" "Mozilla/5.0 (Linux; Android 6.0.1; Nexus 5X Build/MMB29P) AppleWebKit/537.36 (KHTML, like Gecko) Chrome/141.0.7390.122 Mobile Safari/537.36 (compatible; GoogleOther)"
66.249.66.39 - - [26/Dec/2025:16:46:12 +0000] "GET /?products/6746984 HTTP/1.1" 200 25979 "-" "Mozilla/5.0 (Linux; Android 6.0.1; Nexus 5X Build/MMB29P) AppleWebKit/537.36 (KHTML, like Gecko) Chrome/141.0.7390.122 Mobile Safari/537.36 (compatible; GoogleOther)"
40.77.167.154 - - [26/Dec/2025:16:46:59 +0000] "GET /2022/07/28/invitacion-a-cotizar-materiales-kit-de-emprendimiento-apoyo-productivo-organizacion-asojuntas-3/feed/ HTTP/2" 200 26161 "-" "Mozilla/5.0 AppleWebKit/537.36 (KHTML, like Gecko; compatible; bingbot/2.0; +http://www.bing.com/bingbot.htm) Chrome/116.0.1938.76 Safari/537.36"
66.249.66.13 - - [26/Dec/2025:16:47:14 +0000] "GET /?products/11669940 HTTP/1.1" 200 26769 "-" "Mozilla/5.0 (Linux; Android 6.0.1; Nexus 5X Build/MMB29P) AppleWebKit/537.36 (KHTML, like Gecko) Chrome/141.0.7390.122 Mobile Safari/537.36 (compatible; GoogleOther)"
66.249.66.204 - - [26/Dec/2025:16:47:21 +0000] "GET /?products/9029651 HTTP/1.1" 200 25692 "-" "Mozilla/5.0 (Linux; Android 6.0.1; Nexus 5X Build/MMB29P) AppleWebKit/537.36 (KHTML, like Gecko) Chrome/141.0.7390.122 Mobile Safari/537.36 (compatible; GoogleOther)"
66.249.66.39 - - [26/Dec/2025:16:47:34 +0000] "GET /author/editor/page/80/ HTTP/1.1" 200 25093 "-" "Mozilla/5.0 (Linux; Android 6.0.1; Nexus 5X Build/MMB29P) AppleWebKit/537.36 (KHTML, like Gecko) Chrome/141.0.7390.122 Mobile Safari/537.36 (compatible; Googlebot/2.1; +http://www.google.com/bot.html)"
66.249.66.12 - - [26/Dec/2025:16:48:40 +0000] "GET /?products/17421051 HTTP/1.1" 200 24631 "-" "Mozilla/5.0 (Linux; Android 6.0.1; Nexus 5X Build/MMB29P) AppleWebKit/537.36 (KHTML, like Gecko) Chrome/141.0.7390.122 Mobile Safari/537.36 (compatible; Googlebot/2.1; +http://www.google.com/bot.html)"
66.249.66.161 - - [26/Dec/2025:16:48:46 +0000] "GET /?products/4084828 HTTP/1.1" 200 25320 "-" "Mozilla/5.0 (Linux; Android 6.0.1; Nexus 5X Build/MMB29P) AppleWebKit/537.36 (KHTML, like Gecko) Chrome/141.0.7390.122 Mobile Safari/537.36 (compatible; GoogleOther)"
114.119.137.45 - - [26/Dec/2025:16:48:48 +0000] "GET /tag/enfoquedegenero/ HTTP/1.1" 403 0 "https://alianzatejedorasdevida.org/tag/enfoquedegenero" "Mozilla/5.0 (Linux; Android 7.0;) AppleWebKit/537.36 (KHTML, like Gecko) Mobile Safari/537.36 (compatible; PetalBot;+https://webmaster.petalsearch.com/site/petalbot)"
66.249.66.161 - - [26/Dec/2025:16:49:37 +0000] "GET /?products/9929062 HTTP/1.1" 200 25146 "-" "Mozilla/5.0 (Linux; Android 6.0.1; Nexus 5X Build/MMB29P) AppleWebKit/537.36 (KHTML, like Gecko) Chrome/141.0.7390.122 Mobile Safari/537.36 (compatible; Googlebot/2.1; +http://www.google.com/bot.html)"
66.249.66.12 - - [26/Dec/2025:16:49:50 +0000] "GET /?products/14046239 HTTP/1.1" 200 24483 "-" "Mozilla/5.0 (Linux; Android 6.0.1; Nexus 5X Build/MMB29P) AppleWebKit/537.36 (KHTML, like Gecko) Chrome/141.0.7390.122 Mobile Safari/537.36 (compatible; GoogleOther)"
66.249.66.204 - - [26/Dec/2025:16:44:58 +0000] "GET /wp-content/uploads/2024/05/TDR-Soporte-Tecnico-1536x1536.jpg HTTP/1.1" 200 231580 "-" "Googlebot-Image/1.0"
66.249.66.13 - - [26/Dec/2025:16:45:11 +0000] "GET /?products/25836906 HTTP/1.1" 200 26626 "-" "Mozilla/5.0 (Linux; Android 6.0.1; Nexus 5X Build/MMB29P) AppleWebKit/537.36 (KHTML, like Gecko) Chrome/141.0.7390.122 Mobile Safari/537.36 (compatible; Googlebot/2.1; +http://www.google.com/bot.html)"
66.249.66.204 - - [26/Dec/2025:16:46:05 +0000] "GET /?products/5908817 HTTP/1.1" 200 26081 "-" "Mozilla/5.0 (Linux; Android 6.0.1; Nexus 5X Build/MMB29P) AppleWebKit/537.36 (KHTML, like Gecko) Chrome/141.0.7390.122 Mobile Safari/537.36 (compatible; Googlebot/2.1; +http://www.google.com/bot.html)"
66.249.66.204 - - [26/Dec/2025:16:46:27 +0000] "GET /?products/7786739 HTTP/1.1" 200 24193 "-" "Mozilla/5.0 (Linux; Android 6.0.1; Nexus 5X Build/MMB29P) AppleWebKit/537.36 (KHTML, like Gecko) Chrome/141.0.7390.122 Mobile Safari/537.36 (compatible; GoogleOther)"
66.249.66.204 - - [26/Dec/2025:16:46:28 +0000] "GET /wp-content/uploads/2015/07/Nueva-imagen-300x300.jpg HTTP/1.1" 200 18315 "-" "Googlebot-Image/1.0"
66.249.66.12 - - [26/Dec/2025:16:46:31 +0000] "GET /?products/18292495 HTTP/1.1" 200 25105 "-" "Mozilla/5.0 (Linux; Android 6.0.1; Nexus 5X Build/MMB29P) AppleWebKit/537.36 (KHTML, like Gecko) Chrome/141.0.7390.122 Mobile Safari/537.36 (compatible; Googlebot/2.1; +http://www.google.com/bot.html)"
66.249.66.39 - - [26/Dec/2025:16:46:39 +0000] "GET /?products/25373662 HTTP/1.1" 200 25969 "-" "Mozilla/5.0 (Linux; Android 6.0.1; Nexus 5X Build/MMB29P) AppleWebKit/537.36 (KHTML, like Gecko) Chrome/141.0.7390.122 Mobile Safari/537.36 (compatible; GoogleOther)"
66.249.66.76 - - [26/Dec/2025:16:48:16 +0000] "GET /?products/31162506 HTTP/1.1" 200 25471 "-" "Mozilla/5.0 (Linux; Android 6.0.1; Nexus 5X Build/MMB29P) AppleWebKit/537.36 (KHTML, like Gecko) Chrome/141.0.7390.122 Mobile Safari/537.36 (compatible; GoogleOther)"
66.249.66.75 - - [26/Dec/2025:16:48:48 +0000] "GET /?products/2582162 HTTP/1.1" 200 26572 "-" "Mozilla/5.0 (Linux; Android 6.0.1; Nexus 5X Build/MMB29P) AppleWebKit/537.36 (KHTML, like Gecko) Chrome/141.0.7390.122 Mobile Safari/537.36 (compatible; GoogleOther)"
66.249.66.204 - - [26/Dec/2025:16:49:28 +0000] "GET /wp-content/uploads/2012/01/Nueva-imagen-150x150.jpg HTTP/1.1" 200 7411 "-" "Googlebot-Image/1.0"
66.249.66.39 - - [26/Dec/2025:16:49:29 +0000] "GET /?products/15433906 HTTP/1.1" 200 24770 "-" "Mozilla/5.0 (Linux; Android 6.0.1; Nexus 5X Build/MMB29P) AppleWebKit/537.36 (KHTML, like Gecko) Chrome/141.0.7390.122 Mobile Safari/537.36 (compatible; GoogleOther)"
66.249.66.39 - - [26/Dec/2025:16:49:52 +0000] "GET /?products/12877162 HTTP/1.1" 200 25478 "-" "Mozilla/5.0 (Linux; Android 6.0.1; Nexus 5X Build/MMB29P) AppleWebKit/537.36 (KHTML, like Gecko) Chrome/141.0.7390.122 Mobile Safari/537.36 (compatible; Googlebot/2.1; +http://www.google.com/bot.html)"
66.249.66.13 - - [26/Dec/2025:16:50:04 +0000] "GET /?products/17907195 HTTP/1.1" 200 24109 "-" "Mozilla/5.0 (Linux; Android 6.0.1; Nexus 5X Build/MMB29P) AppleWebKit/537.36 (KHTML, like Gecko) Chrome/141.0.7390.122 Mobile Safari/537.36 (compatible; GoogleOther)"
66.249.66.12 - - [26/Dec/2025:16:50:11 +0000] "GET /?products/29005073 HTTP/1.1" 200 25927 "-" "Mozilla/5.0 (Linux; Android 6.0.1; Nexus 5X Build/MMB29P) AppleWebKit/537.36 (KHTML, like Gecko) Chrome/141.0.7390.122 Mobile Safari/537.36 (compatible; GoogleOther)"
74.125.210.64 - - [26/Dec/2025:16:50:24 +0000] "GET /wp-content/uploads/2016/08/logo.jpg HTTP/1.1" 404 46820 "-" "Mozilla/5.0 (Windows NT 5.1; rv:11.0) Gecko Firefox/11.0 (via ggpht.com GoogleImageProxy)"
66.249.66.39 - - [26/Dec/2025:16:50:57 +0000] "GET /?products/7644817 HTTP/1.1" 200 26615 "-" "Mozilla/5.0 (Linux; Android 6.0.1; Nexus 5X Build/MMB29P) AppleWebKit/537.36 (KHTML, like Gecko) Chrome/141.0.7390.122 Mobile Safari/537.36 (compatible; Googlebot/2.1; +http://www.google.com/bot.html)"
66.249.66.40 - - [26/Dec/2025:16:45:06 +0000] "GET /?products/20643928 HTTP/1.1" 200 24486 "-" "Mozilla/5.0 (Linux; Android 6.0.1; Nexus 5X Build/MMB29P) AppleWebKit/537.36 (KHTML, like Gecko) Chrome/141.0.7390.122 Mobile Safari/537.36 (compatible; Googlebot/2.1; +http://www.google.com/bot.html)"
66.249.66.161 - - [26/Dec/2025:16:45:41 +0000] "GET /?products/6666428 HTTP/1.1" 200 24382 "-" "Mozilla/5.0 (Linux; Android 6.0.1; Nexus 5X Build/MMB29P) AppleWebKit/537.36 (KHTML, like Gecko) Chrome/141.0.7390.122 Mobile Safari/537.36 (compatible; GoogleOther)"
66.249.66.12 - - [26/Dec/2025:16:46:05 +0000] "GET /?products/26906973 HTTP/1.1" 200 26253 "-" "Mozilla/5.0 (Linux; Android 6.0.1; Nexus 5X Build/MMB29P) AppleWebKit/537.36 (KHTML, like Gecko) Chrome/141.0.7390.122 Mobile Safari/537.36 (compatible; Googlebot/2.1; +http://www.google.com/bot.html)"
66.249.66.13 - - [26/Dec/2025:16:46:12 +0000] "GET /wp-content/uploads/2018/03/ HTTP/1.1" 200 1197 "-" "Mozilla/5.0 (Linux; Android 6.0.1; Nexus 5X Build/MMB29P) AppleWebKit/537.36 (KHTML, like Gecko) Chrome/141.0.7390.122 Mobile Safari/537.36 (compatible; Googlebot/2.1; +http://www.google.com/bot.html)"
66.249.66.14 - - [26/Dec/2025:16:47:10 +0000] "GET /?products/15676773 HTTP/1.1" 200 25889 "-" "Mozilla/5.0 (Linux; Android 6.0.1; Nexus 5X Build/MMB29P) AppleWebKit/537.36 (KHTML, like Gecko) Chrome/141.0.7390.122 Mobile Safari/537.36 (compatible; Googlebot/2.1; +http://www.google.com/bot.html)"
66.249.66.75 - - [26/Dec/2025:16:47:45 +0000] "GET /?products/26545739 HTTP/1.1" 200 25238 "-" "Mozilla/5.0 (Linux; Android 6.0.1; Nexus 5X Build/MMB29P) AppleWebKit/537.36 (KHTML, like Gecko) Chrome/141.0.7390.122 Mobile Safari/537.36 (compatible; GoogleOther)"
66.249.66.193 - - [26/Dec/2025:16:48:04 +0000] "GET /?products/14208628 HTTP/1.1" 200 24696 "-" "Mozilla/5.0 (Linux; Android 6.0.1; Nexus 5X Build/MMB29P) AppleWebKit/537.36 (KHTML, like Gecko) Chrome/141.0.7390.122 Mobile Safari/537.36 (compatible; GoogleOther)"
66.249.66.12 - - [26/Dec/2025:16:48:31 +0000] "GET /?products/14464317 HTTP/1.1" 200 24553 "-" "Mozilla/5.0 (Linux; Android 6.0.1; Nexus 5X Build/MMB29P) AppleWebKit/537.36 (KHTML, like Gecko) Chrome/141.0.7390.122 Mobile Safari/537.36 (compatible; Googlebot/2.1; +http://www.google.com/bot.html)"
66.249.66.12 - - [26/Dec/2025:16:49:18 +0000] "GET /?products/13871939 HTTP/1.1" 200 26874 "-" "Mozilla/5.0 (Linux; Android 6.0.1; Nexus 5X Build/MMB29P) AppleWebKit/537.36 (KHTML, like Gecko) Chrome/141.0.7390.122 Mobile Safari/537.36 (compatible; GoogleOther)"
66.249.66.12 - - [26/Dec/2025:16:49:57 +0000] "GET /?products/5627173 HTTP/1.1" 200 24865 "-" "Mozilla/5.0 (Linux; Android 6.0.1; Nexus 5X Build/MMB29P) AppleWebKit/537.36 (KHTML, like Gecko) Chrome/141.0.7390.122 Mobile Safari/537.36 (compatible; Googlebot/2.1; +http://www.google.com/bot.html)"
170.10.164.126 - - [26/Dec/2025:16:50:28 +0000] "POST /wp-cron.php?doing_wp_cron=1766767828.4907429218292236328125 HTTP/1.1" 200 0 "-" "WordPress/6.8.3; https://alianzatejedorasdevida.org"
66.249.66.12 - - [26/Dec/2025:16:50:52 +0000] "GET /wp-content/uploads/2019/05/?ND HTTP/1.1" 200 1628 "-" "Mozilla/5.0 (Linux; Android 6.0.1; Nexus 5X Build/MMB29P) AppleWebKit/537.36 (KHTML, like Gecko) Chrome/141.0.7390.122 Mobile Safari/537.36 (compatible; GoogleOther)"
66.249.66.12 - - [26/Dec/2025:16:50:54 +0000] "GET /?products/9209517 HTTP/1.1" 200 26949 "-" "Mozilla/5.0 (Linux; Android 6.0.1; Nexus 5X Build/MMB29P) AppleWebKit/537.36 (KHTML, like Gecko) Chrome/141.0.7390.122 Mobile Safari/537.36 (compatible; GoogleOther)"
66.249.66.39 - - [26/Dec/2025:16:51:10 +0000] "GET /noticias/2/ HTTP/1.1" 200 25369 "-" "Mozilla/5.0 (Linux; Android 6.0.1; Nexus 5X Build/MMB29P) AppleWebKit/537.36 (KHTML, like Gecko) Chrome/141.0.7390.122 Mobile Safari/537.36 (compatible; Googlebot/2.1; +http://www.google.com/bot.html)"
66.249.66.161 - - [26/Dec/2025:16:51:36 +0000] "GET /?products/24702040 HTTP/1.1" 200 25734 "-" "Mozilla/5.0 (Linux; Android 6.0.1; Nexus 5X Build/MMB29P) AppleWebKit/537.36 (KHTML, like Gecko) Chrome/141.0.7390.122 Mobile Safari/537.36 (compatible; GoogleOther)"
147.135.193.88 - - [26/Dec/2025:16:51:42 +0000] "GET /wp-content/uploads/2025/10/SEMANA-DE-LA-BIODIVERSIDAD-2025-768x576.jpeg HTTP/1.1" 200 109284 "-" "python-urllib3/1.26.9"
