186.86.76.3 - - [26/Dec/2025:19:47:49 +0000] "GET /wp-content/plugins/give/build/donationEntity.js?ver=6b0eddde66f01be7eebf HTTP/2" 200 222 "https://alianzatejedorasdevida.org/convocatorias/" "Mozilla/5.0 (Macintosh; Intel Mac OS X 10_15_7) AppleWebKit/605.1.15 (KHTML, like Gecko) Version/26.1 Safari/605.1.15"
186.86.76.3 - - [26/Dec/2025:19:47:49 +0000] "GET /wp-content/plugins/give/build/subscriptionEntity.js?ver=462cd8be792e585b2d6a HTTP/2" 200 223 "https://alianzatejedorasdevida.org/convocatorias/" "Mozilla/5.0 (Macintosh; Intel Mac OS X 10_15_7) AppleWebKit/605.1.15 (KHTML, like Gecko) Version/26.1 Safari/605.1.15"
186.86.76.3 - - [26/Dec/2025:19:47:49 +0000] "GET /wp-content/plugins/give/build/formEntity.js?ver=b473eaa9687204494bc0 HTTP/2" 200 199 "https://alianzatejedorasdevida.org/convocatorias/" "Mozilla/5.0 (Macintosh; Intel Mac OS X 10_15_7) AppleWebKit/605.1.15 (KHTML, like Gecko) Version/26.1 Safari/605.1.15"
186.86.76.3 - - [26/Dec/2025:19:47:49 +0000] "GET /wp-content/themes/alone/js/priority-menu.js?ver=7.0 HTTP/2" 200 433 "https://alianzatejedorasdevida.org/convocatorias/" "Mozilla/5.0 (Macintosh; Intel Mac OS X 10_15_7) AppleWebKit/605.1.15 (KHTML, like Gecko) Version/26.1 Safari/605.1.15"
186.86.76.3 - - [26/Dec/2025:19:47:49 +0000] "GET /wp-content/themes/alone/js/give.js?ver=20200828 HTTP/2" 200 711 "https://alianzatejedorasdevida.org/convocatorias/" "Mozilla/5.0 (Macintosh; Intel Mac OS X 10_15_7) AppleWebKit/605.1.15 (KHTML, like Gecko) Version/26.1 Safari/605.1.15"
186.86.76.3 - - [26/Dec/2025:19:47:49 +0000] "GET /wp-content/plugins/elementskit-lite/libs/framework/assets/js/frontend-script.js?ver=3.7.4 HTTP/2" 200 40 "https://alianzatejedorasdevida.org/convocatorias/" "Mozilla/5.0 (Macintosh; Intel Mac OS X 10_15_7) AppleWebKit/605.1.15 (KHTML, like Gecko) Version/26.1 Safari/605.1.15"
186.86.76.3 - - [26/Dec/2025:19:47:49 +0000] "GET /wp-content/plugins/elementor-pro/assets/js/webpack-pro.runtime.min.js?ver=3.32.3 HTTP/2" 200 2621 "https://alianzatejedorasdevida.org/convocatorias/" "Mozilla/5.0 (Macintosh; Intel Mac OS X 10_15_7) AppleWebKit/605.1.15 (KHTML, like Gecko) Version/26.1 Safari/605.1.15"
186.86.76.3 - - [26/Dec/2025:19:47:49 +0000] "GET /wp-content/plugins/give/build/donorEntity.js?ver=9aafa698a63a7b173db5 HTTP/2" 304 0 "https://alianzatejedorasdevida.org/convocatorias/" "Mozilla/5.0 (Macintosh; Intel Mac OS X 10_15_7) AppleWebKit/605.1.15 (KHTML, like Gecko) Version/26.1 Safari/605.1.15"
186.86.76.3 - - [26/Dec/2025:19:47:49 +0000] "GET /wp-content/plugins/give/build/campaignEntity.js?ver=20138083e3cf4ad108e2 HTTP/2" 304 0 "https://alianzatejedorasdevida.org/convocatorias/" "Mozilla/5.0 (Macintosh; Intel Mac OS X 10_15_7) AppleWebKit/605.1.15 (KHTML, like Gecko) Version/26.1 Safari/605.1.15"
186.86.76.3 - - [26/Dec/2025:19:47:49 +0000] "GET /wp-content/plugins/give/build/assets/dist/js/give-donation-summary.js?ver=4.11.0 HTTP/2" 304 0 "https://alianzatejedorasdevida.org/convocatorias/" "Mozilla/5.0 (Macintosh; Intel Mac OS X 10_15_7) AppleWebKit/605.1.15 (KHTML, like Gecko) Version/26.1 Safari/605.1.15"
186.86.76.3 - - [26/Dec/2025:19:47:49 +0000] "GET /wp-content/plugins/essential-addons-for-elementor-lite/assets/front-end/js/view/general.min.js?ver=6.3.3 HTTP/2" 304 0 "https://alianzatejedorasdevida.org/convocatorias/" "Mozilla/5.0 (Macintosh; Intel Mac OS X 10_15_7) AppleWebKit/605.1.15 (KHTML, like Gecko) Version/26.1 Safari/605.1.15"
186.86.76.3 - - [26/Dec/2025:19:47:49 +0000] "GET /wp-content/uploads/essential-addons-elementor/eael-23017.js?ver=1755587871 HTTP/2" 304 0 "https://alianzatejedorasdevida.org/convocatorias/" "Mozilla/5.0 (Macintosh; Intel Mac OS X 10_15_7) AppleWebKit/605.1.15 (KHTML, like Gecko) Version/26.1 Safari/605.1.15"
186.86.76.3 - - [26/Dec/2025:19:47:49 +0000] "GET /wp-content/plugins/elementor/assets/js/webpack.runtime.min.js?ver=3.32.5 HTTP/2" 304 0 "https://alianzatejedorasdevida.org/convocatorias/" "Mozilla/5.0 (Macintosh; Intel Mac OS X 10_15_7) AppleWebKit/605.1.15 (KHTML, like Gecko) Version/26.1 Safari/605.1.15"
186.86.76.3 - - [26/Dec/2025:19:47:49 +0000] "GET /wp-includes/js/jquery/ui/core.min.js?ver=1.13.3 HTTP/2" 304 0 "https://alianzatejedorasdevida.org/convocatorias/" "Mozilla/5.0 (Macintosh; Intel Mac OS X 10_15_7) AppleWebKit/605.1.15 (KHTML, like Gecko) Version/26.1 Safari/605.1.15"
186.86.76.3 - - [26/Dec/2025:19:47:49 +0000] "GET /wp-content/plugins/elementor-pro/assets/lib/smartmenus/jquery.smartmenus.min.js?ver=1.2.1 HTTP/2" 304 0 "https://alianzatejedorasdevida.org/convocatorias/" "Mozilla/5.0 (Macintosh; Intel Mac OS X 10_15_7) AppleWebKit/605.1.15 (KHTML, like Gecko) Version/26.1 Safari/605.1.15"
186.86.76.3 - - [26/Dec/2025:19:47:49 +0000] "GET /wp-content/plugins/elementor/assets/js/frontend-modules.min.js?ver=3.32.5 HTTP/2" 304 0 "https://alianzatejedorasdevida.org/convocatorias/" "Mozilla/5.0 (Macintosh; Intel Mac OS X 10_15_7) AppleWebKit/605.1.15 (KHTML, like Gecko) Version/26.1 Safari/605.1.15"
186.86.76.3 - - [26/Dec/2025:19:47:49 +0000] "GET /wp-content/plugins/chaty/admin/assets/js/picmo-latest-umd.min.js?ver=3.4.8 HTTP/2" 304 0 "https://alianzatejedorasdevida.org/convocatorias/" "Mozilla/5.0 (Macintosh; Intel Mac OS X 10_15_7) AppleWebKit/605.1.15 (KHTML, like Gecko) Version/26.1 Safari/605.1.15"
186.86.76.3 - - [26/Dec/2025:19:47:49 +0000] "GET /wp-content/plugins/elementor/assets/js/frontend.min.js?ver=3.32.5 HTTP/2" 200 10164 "https://alianzatejedorasdevida.org/convocatorias/" "Mozilla/5.0 (Macintosh; Intel Mac OS X 10_15_7) AppleWebKit/605.1.15 (KHTML, like Gecko) Version/26.1 Safari/605.1.15"
186.86.76.3 - - [26/Dec/2025:19:47:49 +0000] "GET /wp-content/plugins/elementor-pro/assets/js/frontend.min.js?ver=3.32.3 HTTP/2" 200 6318 "https://alianzatejedorasdevida.org/convocatorias/" "Mozilla/5.0 (Macintosh; Intel Mac OS X 10_15_7) AppleWebKit/605.1.15 (KHTML, like Gecko) Version/26.1 Safari/605.1.15"
186.86.76.3 - - [26/Dec/2025:19:47:49 +0000] "GET /wp-content/plugins/chaty/admin/assets/js/picmo-umd.min.js?ver=3.4.8 HTTP/2" 200 24516 "https://alianzatejedorasdevida.org/convocatorias/" "Mozilla/5.0 (Macintosh; Intel Mac OS X 10_15_7) AppleWebKit/605.1.15 (KHTML, like Gecko) Version/26.1 Safari/605.1.15"
186.86.76.3 - - [26/Dec/2025:19:47:49 +0000] "GET /wp-content/plugins/elementskit-lite/widgets/init/assets/js/animate-circle.min.js?ver=3.7.4 HTTP/2" 304 0 "https://alianzatejedorasdevida.org/convocatorias/" "Mozilla/5.0 (Macintosh; Intel Mac OS X 10_15_7) AppleWebKit/605.1.15 (KHTML, like Gecko) Version/26.1 Safari/605.1.15"
186.86.76.3 - - [26/Dec/2025:19:47:49 +0000] "GET /wp-content/plugins/elementor-pro/assets/js/elements-handlers.min.js?ver=3.32.3 HTTP/2" 304 0 "https://alianzatejedorasdevida.org/convocatorias/" "Mozilla/5.0 (Macintosh; Intel Mac OS X 10_15_7) AppleWebKit/605.1.15 (KHTML, like Gecko) Version/26.1 Safari/605.1.15"
186.86.76.3 - - [26/Dec/2025:19:47:49 +0000] "GET /wp-content/plugins/elementskit-lite/widgets/init/assets/js/widget-scripts.js?ver=3.7.4 HTTP/2" 304 0 "https://alianzatejedorasdevida.org/convocatorias/" "Mozilla/5.0 (Macintosh; Intel Mac OS X 10_15_7) AppleWebKit/605.1.15 (KHTML, like Gecko) Version/26.1 Safari/605.1.15"
186.86.76.3 - - [26/Dec/2025:19:47:49 +0000] "GET /wp-content/plugins/chaty/js/cht-front-script.min.js?ver=3.4.81752857474 HTTP/2" 304 0 "https://alianzatejedorasdevida.org/convocatorias/" "Mozilla/5.0 (Macintosh; Intel Mac OS X 10_15_7) AppleWebKit/605.1.15 (KHTML, like Gecko) Version/26.1 Safari/605.1.15"
186.86.76.3 - - [26/Dec/2025:19:47:49 +0000] "GET /wp-content/plugins/elementskit-lite/widgets/init/assets/js/elementor.js?ver=3.7.4 HTTP/2" 304 0 "https://alianzatejedorasdevida.org/convocatorias/" "Mozilla/5.0 (Macintosh; Intel Mac OS X 10_15_7) AppleWebKit/605.1.15 (KHTML, like Gecko) Version/26.1 Safari/605.1.15"
186.86.76.3 - - [26/Dec/2025:19:47:49 +0000] "GET /wp-content/themes/alone/fonts/font.css HTTP/2" 200 216 "https://alianzatejedorasdevida.org/convocatorias/" "Mozilla/5.0 (Macintosh; Intel Mac OS X 10_15_7) AppleWebKit/605.1.15 (KHTML, like Gecko) Version/26.1 Safari/605.1.15"
186.86.76.3 - - [26/Dec/2025:19:47:49 +0000] "GET /wp-content/themes/alone/css/normalize.css HTTP/2" 304 0 "https://alianzatejedorasdevida.org/convocatorias/" "Mozilla/5.0 (Macintosh; Intel Mac OS X 10_15_7) AppleWebKit/605.1.15 (KHTML, like Gecko) Version/26.1 Safari/605.1.15"
186.86.76.3 - - [26/Dec/2025:19:47:49 +0000] "GET /wp-content/themes/alone/css/alone-main.css HTTP/2" 304 0 "https://alianzatejedorasdevida.org/convocatorias/" "Mozilla/5.0 (Macintosh; Intel Mac OS X 10_15_7) AppleWebKit/605.1.15 (KHTML, like Gecko) Version/26.1 Safari/605.1.15"
186.86.76.3 - - [26/Dec/2025:19:47:50 +0000] "GET /wp-content/uploads/2025/12/Flyer-Asistencia-Tecnica-300x300.jpg HTTP/2" 200 24834 "https://alianzatejedorasdevida.org/convocatorias/" "Mozilla/5.0 (Macintosh; Intel Mac OS X 10_15_7) AppleWebKit/605.1.15 (KHTML, like Gecko) Version/26.1 Safari/605.1.15"
186.86.76.3 - - [26/Dec/2025:19:47:50 +0000] "GET /wp-content/fonts/poppins/pxiEyp8kv8JHgFVrJJfecg.woff2 HTTP/2" 304 0 "https://alianzatejedorasdevida.org/convocatorias/" "Mozilla/5.0 (Macintosh; Intel Mac OS X 10_15_7) AppleWebKit/605.1.15 (KHTML, like Gecko) Version/26.1 Safari/605.1.15"
186.86.76.3 - - [26/Dec/2025:19:47:50 +0000] "GET /wp-content/uploads/elementor/google-fonts/fonts/roboto-fb5169d9.woff2 HTTP/2" 304 0 "https://alianzatejedorasdevida.org/convocatorias/" "Mozilla/5.0 (Macintosh; Intel Mac OS X 10_15_7) AppleWebKit/605.1.15 (KHTML, like Gecko) Version/26.1 Safari/605.1.15"
186.86.76.3 - - [26/Dec/2025:19:47:50 +0000] "GET /wp-content/plugins/elementor/assets/lib/font-awesome/webfonts/fa-brands-400.woff2 HTTP/2" 304 0 "https://alianzatejedorasdevida.org/convocatorias/" "Mozilla/5.0 (Macintosh; Intel Mac OS X 10_15_7) AppleWebKit/605.1.15 (KHTML, like Gecko) Version/26.1 Safari/605.1.15"
186.86.76.3 - - [26/Dec/2025:19:47:50 +0000] "GET /wp-content/uploads/elementor/google-fonts/fonts/robotoslab-09b550e6.woff2 HTTP/2" 200 34236 "https://alianzatejedorasdevida.org/convocatorias/" "Mozilla/5.0 (Macintosh; Intel Mac OS X 10_15_7) AppleWebKit/605.1.15 (KHTML, like Gecko) Version/26.1 Safari/605.1.15"
186.86.76.3 - - [26/Dec/2025:19:47:50 +0000] "GET /wp-content/uploads/elementor/google-fonts/fonts/barlowcondensed-d3797458.woff2 HTTP/2" 304 0 "https://alianzatejedorasdevida.org/convocatorias/" "Mozilla/5.0 (Macintosh; Intel Mac OS X 10_15_7) AppleWebKit/605.1.15 (KHTML, like Gecko) Version/26.1 Safari/605.1.15"
186.86.76.3 - - [26/Dec/2025:19:47:50 +0000] "GET /wp-content/plugins/elementskit-lite/modules/elementskit-icon-pack/assets/fonts/elementskit.woff?itek3h HTTP/2" 200 460316 "https://alianzatejedorasdevida.org/convocatorias/" "Mozilla/5.0 (Macintosh; Intel Mac OS X 10_15_7) AppleWebKit/605.1.15 (KHTML, like Gecko) Version/26.1 Safari/605.1.15"
186.86.76.3 - - [26/Dec/2025:19:47:50 +0000] "GET /wp-content/plugins/elementor/assets/lib/dialog/dialog.min.js?ver=4.9.3 HTTP/2" 304 0 "https://alianzatejedorasdevida.org/convocatorias/" "Mozilla/5.0 (Macintosh; Intel Mac OS X 10_15_7) AppleWebKit/605.1.15 (KHTML, like Gecko) Version/26.1 Safari/605.1.15"
186.86.76.3 - - [26/Dec/2025:19:47:50 +0000] "GET /wp-content/plugins/chaty/images/whatsapp.png HTTP/2" 200 69499 "https://alianzatejedorasdevida.org/convocatorias/" "Mozilla/5.0 (Macintosh; Intel Mac OS X 10_15_7) AppleWebKit/605.1.15 (KHTML, like Gecko) Version/26.1 Safari/605.1.15"
186.86.76.3 - - [26/Dec/2025:19:47:50 +0000] "GET /wp-content/plugins/elementor/assets/js/shared-frontend-handlers.4c8abccc3e268b0767b2.bundle.min.js HTTP/2" 200 2542 "https://alianzatejedorasdevida.org/convocatorias/" "Mozilla/5.0 (Macintosh; Intel Mac OS X 10_15_7) AppleWebKit/605.1.15 (KHTML, like Gecko) Version/26.1 Safari/605.1.15"
186.86.76.3 - - [26/Dec/2025:19:47:50 +0000] "GET /wp-content/plugins/elementor/assets/js/text-editor.abc8f59c62f2820dc25a.bundle.min.js HTTP/2" 200 618 "https://alianzatejedorasdevida.org/convocatorias/" "Mozilla/5.0 (Macintosh; Intel Mac OS X 10_15_7) AppleWebKit/605.1.15 (KHTML, like Gecko) Version/26.1 Safari/605.1.15"
186.86.76.3 - - [26/Dec/2025:19:47:50 +0000] "GET /wp-content/plugins/elementor-pro/assets/js/nav-menu.0edc0c22e9f3101552ed.bundle.min.js HTTP/2" 200 1756 "https://alianzatejedorasdevida.org/convocatorias/" "Mozilla/5.0 (Macintosh; Intel Mac OS X 10_15_7) AppleWebKit/605.1.15 (KHTML, like Gecko) Version/26.1 Safari/605.1.15"
186.86.76.3 - - [26/Dec/2025:19:47:50 +0000] "GET /wp-content/plugins/elementor-pro/assets/js/load-more.8b46f464e573feab5dd7.bundle.min.js HTTP/2" 304 0 "https://alianzatejedorasdevida.org/convocatorias/" "Mozilla/5.0 (Macintosh; Intel Mac OS X 10_15_7) AppleWebKit/605.1.15 (KHTML, like Gecko) Version/26.1 Safari/605.1.15"
186.86.76.3 - - [26/Dec/2025:19:47:50 +0000] "GET /wp-content/plugins/elementor-pro/assets/js/posts.aec59265318492b89cb5.bundle.min.js HTTP/2" 304 0 "https://alianzatejedorasdevida.org/convocatorias/" "Mozilla/5.0 (Macintosh; Intel Mac OS X 10_15_7) AppleWebKit/605.1.15 (KHTML, like Gecko) Version/26.1 Safari/605.1.15"
66.249.66.13 - - [26/Dec/2025:19:40:24 +0000] "GET /?products/15340495 HTTP/1.1" 200 24995 "-" "Mozilla/5.0 (Linux; Android 6.0.1; Nexus 5X Build/MMB29P) AppleWebKit/537.36 (KHTML, like Gecko) Chrome/141.0.7390.122 Mobile Safari/537.36 (compatible; GoogleOther)"
66.249.66.77 - - [26/Dec/2025:19:42:03 +0000] "GET /?products/13262639 HTTP/1.1" 200 24907 "-" "Mozilla/5.0 (Linux; Android 6.0.1; Nexus 5X Build/MMB29P) AppleWebKit/537.36 (KHTML, like Gecko) Chrome/141.0.7390.122 Mobile Safari/537.36 (compatible; GoogleOther)"
66.249.66.192 - - [26/Dec/2025:19:42:21 +0000] "GET /?products/5832839 HTTP/1.1" 200 24893 "-" "Mozilla/5.0 (Linux; Android 6.0.1; Nexus 5X Build/MMB29P) AppleWebKit/537.36 (KHTML, like Gecko) Chrome/141.0.7390.122 Mobile Safari/537.36 (compatible; Googlebot/2.1; +http://www.google.com/bot.html)"
66.249.66.161 - - [26/Dec/2025:19:43:00 +0000] "GET /?products/9046262 HTTP/1.1" 200 25411 "-" "Mozilla/5.0 (Linux; Android 6.0.1; Nexus 5X Build/MMB29P) AppleWebKit/537.36 (KHTML, like Gecko) Chrome/141.0.7390.122 Mobile Safari/537.36 (compatible; Googlebot/2.1; +http://www.google.com/bot.html)"
66.249.66.204 - - [26/Dec/2025:19:43:15 +0000] "GET /?products/9551795 HTTP/1.1" 200 25607 "-" "Mozilla/5.0 (Linux; Android 6.0.1; Nexus 5X Build/MMB29P) AppleWebKit/537.36 (KHTML, like Gecko) Chrome/141.0.7390.122 Mobile Safari/537.36 (compatible; GoogleOther)"
66.249.66.76 - - [26/Dec/2025:19:44:27 +0000] "GET /?products/9870639 HTTP/1.1" 200 25837 "-" "Mozilla/5.0 (Linux; Android 6.0.1; Nexus 5X Build/MMB29P) AppleWebKit/537.36 (KHTML, like Gecko) Chrome/141.0.7390.122 Mobile Safari/537.36 (compatible; GoogleOther)"
66.249.66.161 - - [26/Dec/2025:19:44:43 +0000] "GET /?products/5572873 HTTP/1.1" 200 24095 "-" "Mozilla/5.0 (Linux; Android 6.0.1; Nexus 5X Build/MMB29P) AppleWebKit/537.36 (KHTML, like Gecko) Chrome/141.0.7390.122 Mobile Safari/537.36 (compatible; Googlebot/2.1; +http://www.google.com/bot.html)"
52.167.144.16 - - [26/Dec/2025:19:45:55 +0000] "GET /2023/11/11/invitacion-a-cotizar-compra-de-equipos-bienes-muebles-y-enseres-para-atv/feed/ HTTP/2" 200 25662 "-" "Mozilla/5.0 AppleWebKit/537.36 (KHTML, like Gecko; compatible; bingbot/2.0; +http://www.bing.com/bingbot.htm) Chrome/116.0.1938.76 Safari/537.36"
66.249.66.76 - - [26/Dec/2025:19:46:04 +0000] "GET /?products/7974873 HTTP/1.1" 200 24248 "-" "Mozilla/5.0 (Linux; Android 6.0.1; Nexus 5X Build/MMB29P) AppleWebKit/537.36 (KHTML, like Gecko) Chrome/141.0.7390.122 Mobile Safari/537.36 (compatible; Googlebot/2.1; +http://www.google.com/bot.html)"
66.249.66.192 - - [26/Dec/2025:19:46:24 +0000] "GET /?products/16097573 HTTP/1.1" 200 26803 "-" "Mozilla/5.0 (Linux; Android 6.0.1; Nexus 5X Build/MMB29P) AppleWebKit/537.36 (KHTML, like Gecko) Chrome/141.0.7390.122 Mobile Safari/537.36 (compatible; GoogleOther)"
66.249.66.204 - - [26/Dec/2025:19:46:25 +0000] "GET /?products/16353339 HTTP/1.1" 200 25899 "-" "Mozilla/5.0 (Linux; Android 6.0.1; Nexus 5X Build/MMB29P) AppleWebKit/537.36 (KHTML, like Gecko) Chrome/141.0.7390.122 Mobile Safari/537.36 (compatible; GoogleOther)"
66.249.66.12 - - [26/Dec/2025:19:48:38 +0000] "GET /?products/16097573 HTTP/1.1" 200 26803 "-" "Mozilla/5.0 (Linux; Android 6.0.1; Nexus 5X Build/MMB29P) AppleWebKit/537.36 (KHTML, like Gecko) Chrome/141.0.7390.122 Mobile Safari/537.36 (compatible; Googlebot/2.1; +http://www.google.com/bot.html)"
66.249.66.14 - - [26/Dec/2025:19:50:04 +0000] "GET /?products/12660828 HTTP/1.1" 200 27331 "-" "Mozilla/5.0 (Linux; Android 6.0.1; Nexus 5X Build/MMB29P) AppleWebKit/537.36 (KHTML, like Gecko) Chrome/141.0.7390.122 Mobile Safari/537.36 (compatible; GoogleOther)"
66.249.66.75 - - [26/Dec/2025:19:50:05 +0000] "GET /?products/8169195 HTTP/1.1" 200 24839 "-" "Mozilla/5.0 (Linux; Android 6.0.1; Nexus 5X Build/MMB29P) AppleWebKit/537.36 (KHTML, like Gecko) Chrome/141.0.7390.122 Mobile Safari/537.36 (compatible; GoogleOther)"
49.51.253.83 - - [26/Dec/2025:19:44:38 +0000] "GET / HTTP/1.1" 200 63052 "http://alianzatejedorasdevida.org" "Mozilla/5.0 (iPhone; CPU iPhone OS 13_2_3 like Mac OS X) AppleWebKit/605.1.15 (KHTML, like Gecko) Version/13.0.3 Mobile/15E148 Safari/604.1"
66.249.66.161 - - [26/Dec/2025:19:45:03 +0000] "GET /?products/9993206 HTTP/1.1" 200 25039 "-" "Mozilla/5.0 (Linux; Android 6.0.1; Nexus 5X Build/MMB29P) AppleWebKit/537.36 (KHTML, like Gecko) Chrome/141.0.7390.122 Mobile Safari/537.36 (compatible; GoogleOther)"
66.249.66.192 - - [26/Dec/2025:19:45:15 +0000] "GET /?products/18137539 HTTP/1.1" 200 24780 "-" "Mozilla/5.0 (Linux; Android 6.0.1; Nexus 5X Build/MMB29P) AppleWebKit/537.36 (KHTML, like Gecko) Chrome/141.0.7390.122 Mobile Safari/537.36 (compatible; GoogleOther)"
66.249.66.39 - - [26/Dec/2025:19:45:25 +0000] "GET /?products/9424873 HTTP/1.1" 200 26673 "-" "Mozilla/5.0 (Linux; Android 6.0.1; Nexus 5X Build/MMB29P) AppleWebKit/537.36 (KHTML, like Gecko) Chrome/141.0.7390.122 Mobile Safari/537.36 (compatible; Googlebot/2.1; +http://www.google.com/bot.html)"
66.249.66.161 - - [26/Dec/2025:19:45:48 +0000] "GET /?products/7808695 HTTP/1.1" 200 25220 "-" "Mozilla/5.0 (Linux; Android 6.0.1; Nexus 5X Build/MMB29P) AppleWebKit/537.36 (KHTML, like Gecko) Chrome/141.0.7390.122 Mobile Safari/537.36 (compatible; Googlebot/2.1; +http://www.google.com/bot.html)"
66.249.66.39 - - [26/Dec/2025:19:46:52 +0000] "GET /?products/3582462 HTTP/1.1" 200 26202 "-" "Mozilla/5.0 (Linux; Android 6.0.1; Nexus 5X Build/MMB29P) AppleWebKit/537.36 (KHTML, like Gecko) Chrome/141.0.7390.122 Mobile Safari/537.36 (compatible; Googlebot/2.1; +http://www.google.com/bot.html)"
66.249.66.161 - - [26/Dec/2025:19:46:53 +0000] "GET /?products/16353339 HTTP/1.1" 200 25899 "-" "Mozilla/5.0 (Linux; Android 6.0.1; Nexus 5X Build/MMB29P) AppleWebKit/537.36 (KHTML, like Gecko) Chrome/141.0.7390.122 Mobile Safari/537.36 (compatible; Googlebot/2.1; +http://www.google.com/bot.html)"
66.249.66.77 - - [26/Dec/2025:19:47:06 +0000] "GET /?products/3043117 HTTP/1.1" 200 26032 "-" "Mozilla/5.0 (Linux; Android 6.0.1; Nexus 5X Build/MMB29P) AppleWebKit/537.36 (KHTML, like Gecko) Chrome/141.0.7390.122 Mobile Safari/537.36 (compatible; Googlebot/2.1; +http://www.google.com/bot.html)"
170.10.164.126 - - [26/Dec/2025:19:47:48 +0000] "POST /wp-cron.php?doing_wp_cron=1766778468.9077858924865722656250 HTTP/1.1" 200 0 "-" "WordPress/6.8.3; https://alianzatejedorasdevida.org"
66.249.66.204 - - [26/Dec/2025:19:47:50 +0000] "GET /?products/18137806 HTTP/1.1" 200 24841 "-" "Mozilla/5.0 (Linux; Android 6.0.1; Nexus 5X Build/MMB29P) AppleWebKit/537.36 (KHTML, like Gecko) Chrome/141.0.7390.122 Mobile Safari/537.36 (compatible; Googlebot/2.1; +http://www.google.com/bot.html)"
66.249.66.12 - - [26/Dec/2025:19:48:27 +0000] "GET /?products/18423928 HTTP/1.1" 200 25065 "-" "Mozilla/5.0 (Linux; Android 6.0.1; Nexus 5X Build/MMB29P) AppleWebKit/537.36 (KHTML, like Gecko) Chrome/141.0.7390.122 Mobile Safari/537.36 (compatible; Googlebot/2.1; +http://www.google.com/bot.html)"
66.249.66.40 - - [26/Dec/2025:19:48:28 +0000] "GET /?products/17566517 HTTP/1.1" 200 25203 "-" "Mozilla/5.0 (Linux; Android 6.0.1; Nexus 5X Build/MMB29P) AppleWebKit/537.36 (KHTML, like Gecko) Chrome/141.0.7390.122 Mobile Safari/537.36 (compatible; GoogleOther)"
195.24.236.147 - - [26/Dec/2025:19:52:14 +0000] "GET / HTTP/1.1" 200 38830 "-" "-"
195.24.236.147 - - [26/Dec/2025:19:52:20 +0000] "GET / HTTP/1.1" 401 36 "-" "-"
66.249.66.39 - - [26/Dec/2025:19:52:40 +0000] "GET /?products/20743806 HTTP/1.1" 200 26070 "-" "Mozilla/5.0 (Linux; Android 6.0.1; Nexus 5X Build/MMB29P) AppleWebKit/537.36 (KHTML, like Gecko) Chrome/141.0.7390.122 Mobile Safari/537.36 (compatible; Googlebot/2.1; +http://www.google.com/bot.html)"
195.24.236.147 - - [26/Dec/2025:19:51:47 +0000] "GET / HTTP/1.1" 200 0 "-" "-"
195.24.236.147 - - [26/Dec/2025:19:51:49 +0000] "GET / HTTP/1.1" 200 0 "-" "-"
195.24.236.147 - - [26/Dec/2025:19:51:55 +0000] "GET / HTTP/1.1" 200 0 "-" "-"
195.24.236.147 - - [26/Dec/2025:19:51:55 +0000] "GET / HTTP/1.1" 200 0 "-" "-"
186.86.76.3 - - [26/Dec/2025:19:47:50 +0000] "GET /wp-content/plugins/elementor/assets/js/section-frontend-handlers.d85ab872da118940910d.bundle.min.js HTTP/2" 304 0 "https://alianzatejedorasdevida.org/convocatorias/" "Mozilla/5.0 (Macintosh; Intel Mac OS X 10_15_7) AppleWebKit/605.1.15 (KHTML, like Gecko) Version/26.1 Safari/605.1.15"
186.86.76.3 - - [26/Dec/2025:19:47:50 +0000] "GET /wp-content/plugins/chaty/images/whatsapp-welcome-popup.png HTTP/2" 304 0 "https://alianzatejedorasdevida.org/convocatorias/" "Mozilla/5.0 (Macintosh; Intel Mac OS X 10_15_7) AppleWebKit/605.1.15 (KHTML, like Gecko) Version/26.1 Safari/605.1.15"
186.86.76.3 - - [26/Dec/2025:19:47:50 +0000] "GET /wp-content/plugins/elementor/assets/lib/font-awesome/webfonts/fa-solid-900.woff2 HTTP/2" 304 0 "https://alianzatejedorasdevida.org/convocatorias/" "Mozilla/5.0 (Macintosh; Intel Mac OS X 10_15_7) AppleWebKit/605.1.15 (KHTML, like Gecko) Version/26.1 Safari/605.1.15"
186.86.76.3 - - [26/Dec/2025:19:47:50 +0000] "GET /wp-content/plugins/elementor/assets/lib/font-awesome/webfonts/fa-regular-400.woff2 HTTP/2" 304 0 "https://alianzatejedorasdevida.org/convocatorias/" "Mozilla/5.0 (Macintosh; Intel Mac OS X 10_15_7) AppleWebKit/605.1.15 (KHTML, like Gecko) Version/26.1 Safari/605.1.15"
186.86.76.3 - - [26/Dec/2025:19:47:50 +0000] "GET /wp-json/wp/v2/users/me?context=edit&_locale=user HTTP/2" 401 77 "https://alianzatejedorasdevida.org/convocatorias/" "Mozilla/5.0 (Macintosh; Intel Mac OS X 10_15_7) AppleWebKit/605.1.15 (KHTML, like Gecko) Version/26.1 Safari/605.1.15"
66.249.66.193 - - [26/Dec/2025:19:48:11 +0000] "GET /?products/4802562 HTTP/1.1" 200 25718 "-" "Mozilla/5.0 (Linux; Android 6.0.1; Nexus 5X Build/MMB29P) AppleWebKit/537.36 (KHTML, like Gecko) Chrome/141.0.7390.122 Mobile Safari/537.36 (compatible; Googlebot/2.1; +http://www.google.com/bot.html)"
207.46.13.92 - - [26/Dec/2025:19:48:13 +0000] "GET /ampliacion-para-la-contratacion-de-una-consultoria-para-fortalecer-mecanismos-de-proteccion/ HTTP/2" 200 25343 "-" "Mozilla/5.0 AppleWebKit/537.36 (KHTML, like Gecko; compatible; bingbot/2.0; +http://www.bing.com/bingbot.htm) Chrome/116.0.1938.76 Safari/537.36"
66.249.66.39 - - [26/Dec/2025:19:50:02 +0000] "GET /?products/12805395 HTTP/1.1" 200 24968 "-" "Mozilla/5.0 (Linux; Android 6.0.1; Nexus 5X Build/MMB29P) AppleWebKit/537.36 (KHTML, like Gecko) Chrome/141.0.7390.122 Mobile Safari/537.36 (compatible; GoogleOther)"
170.10.164.126 - - [26/Dec/2025:19:50:09 +0000] "POST /wp-cron.php?doing_wp_cron=1766778609.2943339347839355468750 HTTP/1.1" 200 0 "-" "WordPress/6.8.3; https://alianzatejedorasdevida.org"
66.249.66.75 - - [26/Dec/2025:19:50:15 +0000] "GET /?products/15391206 HTTP/1.1" 200 24195 "-" "Mozilla/5.0 (Linux; Android 6.0.1; Nexus 5X Build/MMB29P) AppleWebKit/537.36 (KHTML, like Gecko) Chrome/141.0.7390.122 Mobile Safari/537.36 (compatible; Googlebot/2.1; +http://www.google.com/bot.html)"
66.249.66.77 - - [26/Dec/2025:19:51:28 +0000] "GET /?products/4275528 HTTP/1.1" 200 25903 "-" "Mozilla/5.0 (Linux; Android 6.0.1; Nexus 5X Build/MMB29P) AppleWebKit/537.36 (KHTML, like Gecko) Chrome/141.0.7390.122 Mobile Safari/537.36 (compatible; GoogleOther)"
66.249.66.70 - - [26/Dec/2025:19:51:41 +0000] "GET /?products/11392928 HTTP/1.1" 200 25774 "-" "Mozilla/5.0 (Linux; Android 6.0.1; Nexus 5X Build/MMB29P) AppleWebKit/537.36 (KHTML, like Gecko) Chrome/141.0.7390.122 Mobile Safari/537.36 (compatible; GoogleOther)"
195.24.236.147 - - [26/Dec/2025:19:52:20 +0000] "GET / HTTP/1.1" 401 36 "-" "-"
66.249.66.40 - - [26/Dec/2025:19:53:03 +0000] "GET /?products/26861206 HTTP/1.1" 200 24307 "-" "Mozilla/5.0 (Linux; Android 6.0.1; Nexus 5X Build/MMB29P) AppleWebKit/537.36 (KHTML, like Gecko) Chrome/141.0.7390.122 Mobile Safari/537.36 (compatible; GoogleOther)"
195.24.236.147 - - [26/Dec/2025:19:52:06 +0000] "GET / HTTP/1.1" 200 0 "-" "-"
154.47.29.25 - - [26/Dec/2025:19:55:00 +0000] "GET / HTTP/1.1" 200 54207 "-" "Mozilla/5.0 (Windows NT 10.0; Win64; x64) AppleWebKit/537.36 (KHTML, like Gecko) Chrome/137.0.0.0 Safari/537.36"
57.141.6.7 - - [26/Dec/2025:19:50:00 +0000] "GET /medium-3-historias-inspiradoras-de-mujeres-defensoras-de-derechos-humanos-en-colombia/ HTTP/2" 200 242296 "-" "meta-externalagent/1.1 (+https://developers.facebook.com/docs/sharing/webmasters/crawler)"
66.249.66.204 - - [26/Dec/2025:19:50:15 +0000] "GET /?products/29489217 HTTP/1.1" 200 24783 "-" "Mozilla/5.0 (Linux; Android 6.0.1; Nexus 5X Build/MMB29P) AppleWebKit/537.36 (KHTML, like Gecko) Chrome/141.0.7390.122 Mobile Safari/537.36 (compatible; GoogleOther)"
66.249.66.204 - - [26/Dec/2025:19:50:50 +0000] "GET /?products/16210262 HTTP/1.1" 200 25224 "-" "Mozilla/5.0 (Linux; Android 6.0.1; Nexus 5X Build/MMB29P) AppleWebKit/537.36 (KHTML, like Gecko) Chrome/141.0.7390.122 Mobile Safari/537.36 (compatible; Googlebot/2.1; +http://www.google.com/bot.html)"
195.24.236.147 - - [26/Dec/2025:19:51:39 +0000] "GET / HTTP/1.1" 403 1242 "-" "-"
66.249.66.75 - - [26/Dec/2025:19:51:39 +0000] "GET /?products/12114528 HTTP/1.1" 200 24982 "-" "Mozilla/5.0 (Linux; Android 6.0.1; Nexus 5X Build/MMB29P) AppleWebKit/537.36 (KHTML, like Gecko) Chrome/141.0.7390.122 Mobile Safari/537.36 (compatible; GoogleOther)"
5.102.173.71 - - [26/Dec/2025:19:51:44 +0000] "GET /robots.txt HTTP/1.1" 200 81 "-" "Mozilla/5.0 (compatible; MojeekBot/0.11; +https://www.mojeek.com/bot.html)"
170.10.164.126 - - [26/Dec/2025:19:51:44 +0000] "POST /wp-cron.php?doing_wp_cron=1766778704.9338359832763671875000 HTTP/1.1" 200 0 "-" "WordPress/6.8.3; https://alianzatejedorasdevida.org"
5.102.173.71 - - [26/Dec/2025:19:51:44 +0000] "GET /category/en-altavoz/page/2/ HTTP/1.1" 200 48831 "-" "Mozilla/5.0 (compatible; MojeekBot/0.11; +https://www.mojeek.com/bot.html)"
157.55.39.63 - - [26/Dec/2025:19:51:51 +0000] "GET /2024/05/17/convocatoria-para-impulsar-procesos-tecnicos-de-incidencia-y-gestion-con-el-fin-de-garantizar-y-fortalecer-la-inclusion-en-los-planes-de-desarrollo-de-ocho-entidades-territoriales-del-putumayo/feed/ HTTP/2" 200 24760 "-" "Mozilla/5.0 AppleWebKit/537.36 (KHTML, like Gecko; compatible; bingbot/2.0; +http://www.bing.com/bingbot.htm) Chrome/116.0.1938.76 Safari/537.36"
195.24.236.147 - - [26/Dec/2025:19:51:47 +0000] "GET / HTTP/1.1" 401 36 "-" "-"
195.24.236.147 - - [26/Dec/2025:19:51:41 +0000] "GET / HTTP/1.1" 200 38830 "-" "-"
66.249.66.162 - - [26/Dec/2025:19:53:12 +0000] "GET /?products/8524973 HTTP/1.1" 200 25446 "-" "Mozilla/5.0 (Linux; Android 6.0.1; Nexus 5X Build/MMB29P) AppleWebKit/537.36 (KHTML, like Gecko) Chrome/141.0.7390.122 Mobile Safari/537.36 (compatible; Googlebot/2.1; +http://www.google.com/bot.html)"
66.249.66.161 - - [26/Dec/2025:19:53:17 +0000] "GET /?products/9141384 HTTP/1.1" 200 26225 "-" "Mozilla/5.0 (Linux; Android 6.0.1; Nexus 5X Build/MMB29P) AppleWebKit/537.36 (KHTML, like Gecko) Chrome/141.0.7390.122 Mobile Safari/537.36 (compatible; GoogleOther)"
195.24.236.147 - - [26/Dec/2025:19:51:57 +0000] "GET / HTTP/1.1" 200 0 "-" "-"
195.24.236.147 - - [26/Dec/2025:19:52:11 +0000] "GET / HTTP/1.1" 200 0 "-" "-"
195.24.236.147 - - [26/Dec/2025:19:52:11 +0000] "GET / HTTP/1.1" 200 0 "-" "-"
66.249.66.13 - - [26/Dec/2025:19:55:06 +0000] "GET /?products/14746551 HTTP/1.1" 200 23912 "-" "Mozilla/5.0 (Linux; Android 6.0.1; Nexus 5X Build/MMB29P) AppleWebKit/537.36 (KHTML, like Gecko) Chrome/141.0.7390.122 Mobile Safari/537.36 (compatible; GoogleOther)"
66.249.66.204 - - [26/Dec/2025:19:55:07 +0000] "GET /?products/28009195 HTTP/1.1" 200 25486 "-" "Mozilla/5.0 (Linux; Android 6.0.1; Nexus 5X Build/MMB29P) AppleWebKit/537.36 (KHTML, like Gecko) Chrome/141.0.7390.122 Mobile Safari/537.36 (compatible; GoogleOther)"
66.249.66.192 - - [26/Dec/2025:19:55:11 +0000] "GET /?products/16352262 HTTP/1.1" 200 25322 "-" "Mozilla/5.0 (Linux; Android 6.0.1; Nexus 5X Build/MMB29P) AppleWebKit/537.36 (KHTML, like Gecko) Chrome/141.0.7390.122 Mobile Safari/537.36 (compatible; GoogleOther)"
195.24.236.147 - - [26/Dec/2025:19:52:03 +0000] "GET / HTTP/1.1" 200 0 "-" "-"
195.24.236.147 - - [26/Dec/2025:19:52:03 +0000] "GET / HTTP/1.1" 200 0 "-" "-"
66.249.66.40 - - [26/Dec/2025:19:54:05 +0000] "GET /?products/2591428 HTTP/1.1" 200 24413 "-" "Mozilla/5.0 (Linux; Android 6.0.1; Nexus 5X Build/MMB29P) AppleWebKit/537.36 (KHTML, like Gecko) Chrome/141.0.7390.122 Mobile Safari/537.36 (compatible; GoogleOther)"
66.249.66.39 - - [26/Dec/2025:19:54:13 +0000] "GET /wp-content/uploads/2017/04/Nueva-imagen.jpg HTTP/1.1" 200 21521 "-" "Googlebot-Image/1.0"
170.10.164.126 - - [26/Dec/2025:19:55:01 +0000] "POST /wp-cron.php?doing_wp_cron=1766778901.0682349205017089843750 HTTP/1.1" 200 0 "-" "WordPress/6.8.3; https://alianzatejedorasdevida.org"
66.249.66.39 - - [26/Dec/2025:19:55:32 +0000] "GET /?products/16352262 HTTP/1.1" 200 25322 "-" "Mozilla/5.0 (Linux; Android 6.0.1; Nexus 5X Build/MMB29P) AppleWebKit/537.36 (KHTML, like Gecko) Chrome/141.0.7390.122 Mobile Safari/537.36 (compatible; Googlebot/2.1; +http://www.google.com/bot.html)"
66.249.66.12 - - [26/Dec/2025:19:57:58 +0000] "GET /?products/9022828 HTTP/1.1" 200 25620 "-" "Mozilla/5.0 (Linux; Android 6.0.1; Nexus 5X Build/MMB29P) AppleWebKit/537.36 (KHTML, like Gecko) Chrome/141.0.7390.122 Mobile Safari/537.36 (compatible; Googlebot/2.1; +http://www.google.com/bot.html)"
66.249.66.39 - - [26/Dec/2025:20:01:27 +0000] "GET /?products/12468440 HTTP/1.1" 200 24251 "-" "Mozilla/5.0 (Linux; Android 6.0.1; Nexus 5X Build/MMB29P) AppleWebKit/537.36 (KHTML, like Gecko) Chrome/141.0.7390.122 Mobile Safari/537.36 (compatible; GoogleOther)"
66.249.66.162 - - [26/Dec/2025:20:02:07 +0000] "GET /?products/16860473 HTTP/1.1" 200 24196 "-" "Mozilla/5.0 (Linux; Android 6.0.1; Nexus 5X Build/MMB29P) AppleWebKit/537.36 (KHTML, like Gecko) Chrome/141.0.7390.122 Mobile Safari/537.36 (compatible; GoogleOther)"
154.47.29.25 - - [26/Dec/2025:19:55:03 +0000] "GET /favicon.ico HTTP/1.1" 404 1251 "-" "Mozilla/5.0 (Windows NT 10.0; Win64; x64) AppleWebKit/537.36 (KHTML, like Gecko) Chrome/137.0.0.0 Safari/537.36"
66.249.66.161 - - [26/Dec/2025:19:55:35 +0000] "GET /?products/25945062 HTTP/1.1" 200 25811 "-" "Mozilla/5.0 (Linux; Android 6.0.1; Nexus 5X Build/MMB29P) AppleWebKit/537.36 (KHTML, like Gecko) Chrome/141.0.7390.122 Mobile Safari/537.36 (compatible; Googlebot/2.1; +http://www.google.com/bot.html)"
66.249.66.39 - - [26/Dec/2025:19:55:51 +0000] "GET /?products/19135117 HTTP/1.1" 200 29453 "-" "Mozilla/5.0 (Linux; Android 6.0.1; Nexus 5X Build/MMB29P) AppleWebKit/537.36 (KHTML, like Gecko) Chrome/141.0.7390.122 Mobile Safari/537.36 (compatible; GoogleOther)"
170.106.113.235 - - [26/Dec/2025:19:58:56 +0000] "GET / HTTP/1.1" 200 63052 "-" "Mozilla/5.0 (iPhone; CPU iPhone OS 13_2_3 like Mac OS X) AppleWebKit/605.1.15 (KHTML, like Gecko) Version/13.0.3 Mobile/15E148 Safari/604.1"
66.249.66.64 - - [26/Dec/2025:20:00:23 +0000] "GET /?products/3563740 HTTP/1.1" 200 24883 "-" "Mozilla/5.0 (Linux; Android 6.0.1; Nexus 5X Build/MMB29P) AppleWebKit/537.36 (KHTML, like Gecko) Chrome/141.0.7390.122 Mobile Safari/537.36 (compatible; Googlebot/2.1; +http://www.google.com/bot.html)"
66.249.66.39 - - [26/Dec/2025:19:55:42 +0000] "GET /?products/7219540 HTTP/1.1" 200 26437 "-" "Mozilla/5.0 (Linux; Android 6.0.1; Nexus 5X Build/MMB29P) AppleWebKit/537.36 (KHTML, like Gecko) Chrome/141.0.7390.122 Mobile Safari/537.36 (compatible; GoogleOther)"
66.249.66.12 - - [26/Dec/2025:19:57:32 +0000] "GET /?products/21904073 HTTP/1.1" 200 26505 "-" "Mozilla/5.0 (Linux; Android 6.0.1; Nexus 5X Build/MMB29P) AppleWebKit/537.36 (KHTML, like Gecko) Chrome/141.0.7390.122 Mobile Safari/537.36 (compatible; GoogleOther)"
66.249.66.204 - - [26/Dec/2025:19:58:06 +0000] "GET /?products/17161162 HTTP/1.1" 200 28486 "-" "Mozilla/5.0 (Linux; Android 6.0.1; Nexus 5X Build/MMB29P) AppleWebKit/537.36 (KHTML, like Gecko) Chrome/141.0.7390.122 Mobile Safari/537.36 (compatible; GoogleOther)"
66.249.66.75 - - [26/Dec/2025:19:58:54 +0000] "GET /?products/9980773 HTTP/1.1" 200 24700 "-" "Mozilla/5.0 (Linux; Android 6.0.1; Nexus 5X Build/MMB29P) AppleWebKit/537.36 (KHTML, like Gecko) Chrome/141.0.7390.122 Mobile Safari/537.36 (compatible; GoogleOther)"
170.10.164.126 - - [26/Dec/2025:19:59:04 +0000] "POST /wp-cron.php?doing_wp_cron=1766779144.4931950569152832031250 HTTP/1.1" 200 0 "-" "WordPress/6.8.3; https://alianzatejedorasdevida.org"
66.249.66.77 - - [26/Dec/2025:20:00:03 +0000] "GET /?products/16949184 HTTP/1.1" 200 24936 "-" "Mozilla/5.0 (Linux; Android 6.0.1; Nexus 5X Build/MMB29P) AppleWebKit/537.36 (KHTML, like Gecko) Chrome/141.0.7390.122 Mobile Safari/537.36 (compatible; GoogleOther)"
66.249.66.39 - - [26/Dec/2025:20:00:31 +0000] "GET /?products/11835595 HTTP/1.1" 200 24296 "-" "Mozilla/5.0 (Linux; Android 6.0.1; Nexus 5X Build/MMB29P) AppleWebKit/537.36 (KHTML, like Gecko) Chrome/141.0.7390.122 Mobile Safari/537.36 (compatible; GoogleOther)"
66.249.66.40 - - [26/Dec/2025:20:03:44 +0000] "GET /?products/29141906 HTTP/1.1" 200 24446 "-" "Mozilla/5.0 (Linux; Android 6.0.1; Nexus 5X Build/MMB29P) AppleWebKit/537.36 (KHTML, like Gecko) Chrome/141.0.7390.122 Mobile Safari/537.36 (compatible; GoogleOther)"
66.249.66.39 - - [26/Dec/2025:20:05:20 +0000] "GET /?products/16909462 HTTP/1.1" 200 24953 "-" "Mozilla/5.0 (Linux; Android 6.0.1; Nexus 5X Build/MMB29P) AppleWebKit/537.36 (KHTML, like Gecko) Chrome/141.0.7390.122 Mobile Safari/537.36 (compatible; GoogleOther)"
66.249.66.161 - - [26/Dec/2025:20:05:39 +0000] "GET /?products/25350128 HTTP/1.1" 200 26460 "-" "Mozilla/5.0 (Linux; Android 6.0.1; Nexus 5X Build/MMB29P) AppleWebKit/537.36 (KHTML, like Gecko) Chrome/141.0.7390.122 Mobile Safari/537.36 (compatible; GoogleOther)"
170.10.164.126 - - [26/Dec/2025:20:05:54 +0000] "POST /wp-cron.php?doing_wp_cron=1766779554.4408280849456787109375 HTTP/1.1" 200 0 "-" "WordPress/6.8.3; https://alianzatejedorasdevida.org"
66.249.66.12 - - [26/Dec/2025:20:06:56 +0000] "GET /?products/13020373 HTTP/1.1" 200 25156 "-" "Mozilla/5.0 (Linux; Android 6.0.1; Nexus 5X Build/MMB29P) AppleWebKit/537.36 (KHTML, like Gecko) Chrome/141.0.7390.122 Mobile Safari/537.36 (compatible; GoogleOther)"
66.249.66.161 - - [26/Dec/2025:20:10:09 +0000] "GET /?products/26291795 HTTP/1.1" 200 23929 "-" "Mozilla/5.0 (Linux; Android 6.0.1; Nexus 5X Build/MMB29P) AppleWebKit/537.36 (KHTML, like Gecko) Chrome/141.0.7390.122 Mobile Safari/537.36 (compatible; GoogleOther)"
66.249.66.192 - - [26/Dec/2025:20:11:45 +0000] "GET /?products/11226039 HTTP/1.1" 200 24349 "-" "Mozilla/5.0 (Linux; Android 6.0.1; Nexus 5X Build/MMB29P) AppleWebKit/537.36 (KHTML, like Gecko) Chrome/141.0.7390.122 Mobile Safari/537.36 (compatible; GoogleOther)"
170.10.164.126 - - [26/Dec/2025:20:12:19 +0000] "POST /wp-cron.php?doing_wp_cron=1766779939.2069430351257324218750 HTTP/1.1" 200 0 "-" "WordPress/6.8.3; https://alianzatejedorasdevida.org"
159.69.28.178 - - [26/Dec/2025:20:12:15 +0000] "POST /xmlrpc.php HTTP/1.1" 200 224 "-" "Mozilla/5.0 (Windows NT 10.0; Win64; x64; rv:61.0) Gecko/20100101 Firefox/61.0"
216.244.66.246 - - [26/Dec/2025:20:12:19 +0000] "GET /robots.txt HTTP/1.1" 200 81 "-" "Mozilla/5.0 (compatible; DotBot/1.2; +https://opensiteexplorer.org/dotbot; help@moz.com)"
66.249.66.161 - - [26/Dec/2025:20:14:10 +0000] "GET /?products/23346040 HTTP/1.1" 200 24618 "-" "Mozilla/5.0 (Linux; Android 6.0.1; Nexus 5X Build/MMB29P) AppleWebKit/537.36 (KHTML, like Gecko) Chrome/141.0.7390.122 Mobile Safari/537.36 (compatible; GoogleOther)"
43.166.237.57 - - [26/Dec/2025:20:14:29 +0000] "GET /?s= HTTP/1.1" 200 57875 "-" "Mozilla/5.0 (iPhone; CPU iPhone OS 13_2_3 like Mac OS X) AppleWebKit/605.1.15 (KHTML, like Gecko) Version/13.0.3 Mobile/15E148 Safari/604.1"
66.249.66.76 - - [26/Dec/2025:20:15:03 +0000] "GET /?products/11419940 HTTP/1.1" 200 24649 "-" "Mozilla/5.0 (Linux; Android 6.0.1; Nexus 5X Build/MMB29P) AppleWebKit/537.36 (KHTML, like Gecko) Chrome/141.0.7390.122 Mobile Safari/537.36 (compatible; GoogleOther)"
66.249.66.161 - - [26/Dec/2025:20:16:28 +0000] "GET /?products/15640739 HTTP/1.1" 200 27561 "-" "Mozilla/5.0 (Linux; Android 6.0.1; Nexus 5X Build/MMB29P) AppleWebKit/537.36 (KHTML, like Gecko) Chrome/141.0.7390.122 Mobile Safari/537.36 (compatible; GoogleOther)"
66.249.66.193 - - [26/Dec/2025:20:17:01 +0000] "GET /?products/1968162 HTTP/1.1" 200 24884 "-" "Mozilla/5.0 (Linux; Android 6.0.1; Nexus 5X Build/MMB29P) AppleWebKit/537.36 (KHTML, like Gecko) Chrome/141.0.7390.122 Mobile Safari/537.36 (compatible; Googlebot/2.1; +http://www.google.com/bot.html)"
66.249.66.204 - - [26/Dec/2025:20:18:59 +0000] "GET /?products/20661117 HTTP/1.1" 200 27235 "-" "Mozilla/5.0 (Linux; Android 6.0.1; Nexus 5X Build/MMB29P) AppleWebKit/537.36 (KHTML, like Gecko) Chrome/141.0.7390.122 Mobile Safari/537.36 (compatible; GoogleOther)"
216.244.66.246 - - [26/Dec/2025:20:19:09 +0000] "GET /wp-content/uploads/2022/?MD HTTP/1.1" 200 4832 "-" "Mozilla/5.0 (compatible; DotBot/1.2; +https://opensiteexplorer.org/dotbot; help@moz.com)"
66.249.66.14 - - [26/Dec/2025:20:05:07 +0000] "GET /?products/24803484 HTTP/1.1" 200 24956 "-" "Mozilla/5.0 (Linux; Android 6.0.1; Nexus 5X Build/MMB29P) AppleWebKit/537.36 (KHTML, like Gecko) Chrome/141.0.7390.122 Mobile Safari/537.36 (compatible; Googlebot/2.1; +http://www.google.com/bot.html)"
66.249.66.192 - - [26/Dec/2025:20:07:30 +0000] "GET /?products/9443628 HTTP/1.1" 200 27848 "-" "Mozilla/5.0 (Linux; Android 6.0.1; Nexus 5X Build/MMB29P) AppleWebKit/537.36 (KHTML, like Gecko) Chrome/141.0.7390.122 Mobile Safari/537.36 (compatible; Googlebot/2.1; +http://www.google.com/bot.html)"
141.98.10.109 - - [26/Dec/2025:20:08:16 +0000] "GET /.git/config HTTP/1.1" 403 1242 "-" "Mozilla/5.0 (X11; U; SunOS i86pc; en-US; rv:1.9.1b3) Gecko/20090429 Firefox/3.1b3"
66.249.66.161 - - [26/Dec/2025:20:08:32 +0000] "GET /?products/20553151 HTTP/1.1" 200 25510 "-" "Mozilla/5.0 (Linux; Android 6.0.1; Nexus 5X Build/MMB29P) AppleWebKit/537.36 (KHTML, like Gecko) Chrome/141.0.7390.122 Mobile Safari/537.36 (compatible; GoogleOther)"
66.249.66.77 - - [26/Dec/2025:20:11:15 +0000] "GET /?products/21081995 HTTP/1.1" 200 26411 "-" "Mozilla/5.0 (Linux; Android 6.0.1; Nexus 5X Build/MMB29P) AppleWebKit/537.36 (KHTML, like Gecko) Chrome/141.0.7390.122 Mobile Safari/537.36 (compatible; GoogleOther)"
66.249.66.40 - - [26/Dec/2025:20:12:15 +0000] "GET /?products/6120639 HTTP/1.1" 200 26371 "-" "Mozilla/5.0 (Linux; Android 6.0.1; Nexus 5X Build/MMB29P) AppleWebKit/537.36 (KHTML, like Gecko) Chrome/141.0.7390.122 Mobile Safari/537.36 (compatible; Googlebot/2.1; +http://www.google.com/bot.html)"
66.249.66.39 - - [26/Dec/2025:20:12:39 +0000] "GET /?products/15957573 HTTP/1.1" 200 26200 "-" "Mozilla/5.0 (Linux; Android 6.0.1; Nexus 5X Build/MMB29P) AppleWebKit/537.36 (KHTML, like Gecko) Chrome/141.0.7390.122 Mobile Safari/537.36 (compatible; GoogleOther)"
66.249.66.161 - - [26/Dec/2025:20:14:18 +0000] "GET /?products/5672762 HTTP/1.1" 200 25678 "-" "Mozilla/5.0 (Linux; Android 6.0.1; Nexus 5X Build/MMB29P) AppleWebKit/537.36 (KHTML, like Gecko) Chrome/141.0.7390.122 Mobile Safari/537.36 (compatible; GoogleOther)"
170.10.164.126 - - [26/Dec/2025:20:14:30 +0000] "POST /wp-cron.php?doing_wp_cron=1766780070.5590519905090332031250 HTTP/1.1" 200 0 "-" "WordPress/6.8.3; https://alianzatejedorasdevida.org"
66.249.66.41 - - [26/Dec/2025:20:16:24 +0000] "GET /?products/12211839 HTTP/1.1" 200 24466 "-" "Mozilla/5.0 (Linux; Android 6.0.1; Nexus 5X Build/MMB29P) AppleWebKit/537.36 (KHTML, like Gecko) Chrome/141.0.7390.122 Mobile Safari/537.36 (compatible; GoogleOther)"
66.249.66.41 - - [26/Dec/2025:20:16:25 +0000] "GET /?products/15277239 HTTP/1.1" 200 24673 "-" "Mozilla/5.0 (Linux; Android 6.0.1; Nexus 5X Build/MMB29P) AppleWebKit/537.36 (KHTML, like Gecko) Chrome/141.0.7390.122 Mobile Safari/537.36 (compatible; GoogleOther)"
66.249.66.13 - - [26/Dec/2025:20:16:27 +0000] "GET /?products/22072217 HTTP/1.1" 200 24216 "-" "Mozilla/5.0 (Linux; Android 6.0.1; Nexus 5X Build/MMB29P) AppleWebKit/537.36 (KHTML, like Gecko) Chrome/141.0.7390.122 Mobile Safari/537.36 (compatible; GoogleOther)"
66.249.66.75 - - [26/Dec/2025:20:16:52 +0000] "GET /?products/15277239 HTTP/1.1" 200 24673 "-" "Mozilla/5.0 (Linux; Android 6.0.1; Nexus 5X Build/MMB29P) AppleWebKit/537.36 (KHTML, like Gecko) Chrome/141.0.7390.122 Mobile Safari/537.36 (compatible; Googlebot/2.1; +http://www.google.com/bot.html)"
66.249.66.161 - - [26/Dec/2025:20:18:11 +0000] "GET /?products/26390773 HTTP/1.1" 200 27823 "-" "Mozilla/5.0 (Linux; Android 6.0.1; Nexus 5X Build/MMB29P) AppleWebKit/537.36 (KHTML, like Gecko) Chrome/141.0.7390.122 Mobile Safari/537.36 (compatible; GoogleOther)"
66.249.66.75 - - [26/Dec/2025:20:18:15 +0000] "GET /?products/29688717 HTTP/1.1" 200 24966 "-" "Mozilla/5.0 (Linux; Android 6.0.1; Nexus 5X Build/MMB29P) AppleWebKit/537.36 (KHTML, like Gecko) Chrome/141.0.7390.122 Mobile Safari/537.36 (compatible; GoogleOther)"
66.249.66.40 - - [26/Dec/2025:20:02:44 +0000] "GET /?products/24223051 HTTP/1.1" 200 25745 "-" "Mozilla/5.0 (Linux; Android 6.0.1; Nexus 5X Build/MMB29P) AppleWebKit/537.36 (KHTML, like Gecko) Chrome/141.0.7390.122 Mobile Safari/537.36 (compatible; Googlebot/2.1; +http://www.google.com/bot.html)"
66.249.66.39 - - [26/Dec/2025:20:02:51 +0000] "GET /?products/9795028 HTTP/1.1" 200 25406 "-" "Mozilla/5.0 (Linux; Android 6.0.1; Nexus 5X Build/MMB29P) AppleWebKit/537.36 (KHTML, like Gecko) Chrome/141.0.7390.122 Mobile Safari/537.36 (compatible; GoogleOther)"
117.33.163.216 - - [26/Dec/2025:20:05:50 +0000] "GET / HTTP/1.1" 200 63052 "http://alianzatejedorasdevida.org" "Mozilla/5.0 (iPhone; CPU iPhone OS 13_2_3 like Mac OS X) AppleWebKit/605.1.15 (KHTML, like Gecko) Version/13.0.3 Mobile/15E148 Safari/604.1"
66.249.66.14 - - [26/Dec/2025:20:07:03 +0000] "GET /?products/26824795 HTTP/1.1" 200 28634 "-" "Mozilla/5.0 (Linux; Android 6.0.1; Nexus 5X Build/MMB29P) AppleWebKit/537.36 (KHTML, like Gecko) Chrome/141.0.7390.122 Mobile Safari/537.36 (compatible; GoogleOther)"
66.249.66.14 - - [26/Dec/2025:20:08:27 +0000] "GET /?products/12282239 HTTP/1.1" 200 25128 "-" "Mozilla/5.0 (Linux; Android 6.0.1; Nexus 5X Build/MMB29P) AppleWebKit/537.36 (KHTML, like Gecko) Chrome/141.0.7390.122 Mobile Safari/537.36 (compatible; GoogleOther)"
66.249.66.75 - - [26/Dec/2025:20:09:52 +0000] "GET /?products/4952551 HTTP/1.1" 200 25137 "-" "Mozilla/5.0 (Linux; Android 6.0.1; Nexus 5X Build/MMB29P) AppleWebKit/537.36 (KHTML, like Gecko) Chrome/141.0.7390.122 Mobile Safari/537.36 (compatible; Googlebot/2.1; +http://www.google.com/bot.html)"
66.249.66.41 - - [26/Dec/2025:20:13:22 +0000] "GET /?products/7770684 HTTP/1.1" 200 26368 "-" "Mozilla/5.0 (Linux; Android 6.0.1; Nexus 5X Build/MMB29P) AppleWebKit/537.36 (KHTML, like Gecko) Chrome/141.0.7390.122 Mobile Safari/537.36 (compatible; GoogleOther)"
66.249.66.39 - - [26/Dec/2025:20:14:38 +0000] "GET /?products/26205562 HTTP/1.1" 200 24554 "-" "Mozilla/5.0 (Linux; Android 6.0.1; Nexus 5X Build/MMB29P) AppleWebKit/537.36 (KHTML, like Gecko) Chrome/141.0.7390.122 Mobile Safari/537.36 (compatible; Googlebot/2.1; +http://www.google.com/bot.html)"
66.249.66.13 - - [26/Dec/2025:20:15:27 +0000] "GET /?products/19578284 HTTP/1.1" 200 25521 "-" "Mozilla/5.0 (Linux; Android 6.0.1; Nexus 5X Build/MMB29P) AppleWebKit/537.36 (KHTML, like Gecko) Chrome/141.0.7390.122 Mobile Safari/537.36 (compatible; GoogleOther)"
66.249.66.204 - - [26/Dec/2025:20:15:46 +0000] "GET /?products/12774562 HTTP/1.1" 200 29672 "-" "Mozilla/5.0 (Linux; Android 6.0.1; Nexus 5X Build/MMB29P) AppleWebKit/537.36 (KHTML, like Gecko) Chrome/141.0.7390.122 Mobile Safari/537.36 (compatible; GoogleOther)"
66.249.66.192 - - [26/Dec/2025:20:17:22 +0000] "GET /?products/28633028 HTTP/1.1" 200 25190 "-" "Mozilla/5.0 (Linux; Android 6.0.1; Nexus 5X Build/MMB29P) AppleWebKit/537.36 (KHTML, like Gecko) Chrome/141.0.7390.122 Mobile Safari/537.36 (compatible; GoogleOther)"
66.249.66.41 - - [26/Dec/2025:20:21:46 +0000] "GET /?products/16844695 HTTP/1.1" 200 24401 "-" "Mozilla/5.0 (Linux; Android 6.0.1; Nexus 5X Build/MMB29P) AppleWebKit/537.36 (KHTML, like Gecko) Chrome/141.0.7390.122 Mobile Safari/537.36 (compatible; Googlebot/2.1; +http://www.google.com/bot.html)"
66.249.66.162 - - [26/Dec/2025:20:22:11 +0000] "GET /?products/10686306 HTTP/1.1" 200 24989 "-" "Mozilla/5.0 (Linux; Android 6.0.1; Nexus 5X Build/MMB29P) AppleWebKit/537.36 (KHTML, like Gecko) Chrome/141.0.7390.122 Mobile Safari/537.36 (compatible; GoogleOther)"
43.164.195.17 - - [26/Dec/2025:20:23:07 +0000] "GET /wp-json/oembed/1.0/embed?url=https%3A%2F%2Falianzatejedorasdevida.org%2F HTTP/1.1" 200 1270 "-" "Mozilla/5.0 (iPhone; CPU iPhone OS 13_2_3 like Mac OS X) AppleWebKit/605.1.15 (KHTML, like Gecko) Version/13.0.3 Mobile/15E148 Safari/604.1"
66.249.66.75 - - [26/Dec/2025:20:19:24 +0000] "GET /?products/8726295 HTTP/1.1" 200 25324 "-" "Mozilla/5.0 (Linux; Android 6.0.1; Nexus 5X Build/MMB29P) AppleWebKit/537.36 (KHTML, like Gecko) Chrome/141.0.7390.122 Mobile Safari/537.36 (compatible; Googlebot/2.1; +http://www.google.com/bot.html)"
66.249.66.162 - - [26/Dec/2025:20:20:02 +0000] "GET /?products/27515706 HTTP/1.1" 200 26733 "-" "Mozilla/5.0 (Linux; Android 6.0.1; Nexus 5X Build/MMB29P) AppleWebKit/537.36 (KHTML, like Gecko) Chrome/141.0.7390.122 Mobile Safari/537.36 (compatible; GoogleOther)"
66.249.66.40 - - [26/Dec/2025:20:20:35 +0000] "GET /?products/11377017 HTTP/1.1" 200 24720 "-" "Mozilla/5.0 (Linux; Android 6.0.1; Nexus 5X Build/MMB29P) AppleWebKit/537.36 (KHTML, like Gecko) Chrome/141.0.7390.122 Mobile Safari/537.36 (compatible; GoogleOther)"
66.249.66.76 - - [26/Dec/2025:20:21:03 +0000] "GET /?products/18976895 HTTP/1.1" 200 28386 "-" "Mozilla/5.0 (Linux; Android 6.0.1; Nexus 5X Build/MMB29P) AppleWebKit/537.36 (KHTML, like Gecko) Chrome/141.0.7390.122 Mobile Safari/537.36 (compatible; GoogleOther)"
216.244.66.246 - - [26/Dec/2025:20:21:20 +0000] "GET /2014/10/01/en-altavoz-septiembre-de-2014/?share=facebook HTTP/1.1" 403 0 "-" "Mozilla/5.0 (compatible; DotBot/1.2; +https://opensiteexplorer.org/dotbot; help@moz.com)"
66.249.66.204 - - [26/Dec/2025:20:23:51 +0000] "GET /?products/27230851 HTTP/1.1" 200 25095 "-" "Mozilla/5.0 (Linux; Android 6.0.1; Nexus 5X Build/MMB29P) AppleWebKit/537.36 (KHTML, like Gecko) Chrome/141.0.7390.122 Mobile Safari/537.36 (compatible; GoogleOther)"
66.249.66.204 - - [26/Dec/2025:20:26:55 +0000] "GET /?products/12601062 HTTP/1.1" 200 25705 "-" "Mozilla/5.0 (Linux; Android 6.0.1; Nexus 5X Build/MMB29P) AppleWebKit/537.36 (KHTML, like Gecko) Chrome/141.0.7390.122 Mobile Safari/537.36 (compatible; GoogleOther)"
66.249.66.204 - - [26/Dec/2025:20:26:59 +0000] "GET /?products/30129528 HTTP/1.1" 200 25235 "-" "Mozilla/5.0 (Linux; Android 6.0.1; Nexus 5X Build/MMB29P) AppleWebKit/537.36 (KHTML, like Gecko) Chrome/141.0.7390.122 Mobile Safari/537.36 (compatible; GoogleOther)"
66.249.66.204 - - [26/Dec/2025:20:27:01 +0000] "GET /?products/12038184 HTTP/1.1" 200 25375 "-" "Mozilla/5.0 (Linux; Android 6.0.1; Nexus 5X Build/MMB29P) AppleWebKit/537.36 (KHTML, like Gecko) Chrome/141.0.7390.122 Mobile Safari/537.36 (compatible; GoogleOther)"
66.249.66.12 - - [26/Dec/2025:20:27:04 +0000] "GET /?products/24961695 HTTP/1.1" 200 26614 "-" "Mozilla/5.0 (Linux; Android 6.0.1; Nexus 5X Build/MMB29P) AppleWebKit/537.36 (KHTML, like Gecko) Chrome/141.0.7390.122 Mobile Safari/537.36 (compatible; GoogleOther)"
66.249.66.204 - - [26/Dec/2025:20:27:08 +0000] "GET /?products/27735684 HTTP/1.1" 200 24662 "-" "Mozilla/5.0 (Linux; Android 6.0.1; Nexus 5X Build/MMB29P) AppleWebKit/537.36 (KHTML, like Gecko) Chrome/141.0.7390.122 Mobile Safari/537.36 (compatible; GoogleOther)"
66.249.66.204 - - [26/Dec/2025:20:27:14 +0000] "GET /?products/17594462 HTTP/1.1" 200 24384 "-" "Mozilla/5.0 (Linux; Android 6.0.1; Nexus 5X Build/MMB29P) AppleWebKit/537.36 (KHTML, like Gecko) Chrome/141.0.7390.122 Mobile Safari/537.36 (compatible; GoogleOther)"
66.249.66.161 - - [26/Dec/2025:20:27:28 +0000] "GET /?products/21075040 HTTP/1.1" 200 25861 "-" "Mozilla/5.0 (Linux; Android 6.0.1; Nexus 5X Build/MMB29P) AppleWebKit/537.36 (KHTML, like Gecko) Chrome/141.0.7390.122 Mobile Safari/537.36 (compatible; GoogleOther)"
66.249.66.204 - - [26/Dec/2025:20:27:38 +0000] "GET /?products/13703040 HTTP/1.1" 200 26834 "-" "Mozilla/5.0 (Linux; Android 6.0.1; Nexus 5X Build/MMB29P) AppleWebKit/537.36 (KHTML, like Gecko) Chrome/141.0.7390.122 Mobile Safari/537.36 (compatible; GoogleOther)"
66.249.66.161 - - [26/Dec/2025:20:27:48 +0000] "GET /?products/30992839 HTTP/1.1" 200 24521 "-" "Mozilla/5.0 (Linux; Android 6.0.1; Nexus 5X Build/MMB29P) AppleWebKit/537.36 (KHTML, like Gecko) Chrome/141.0.7390.122 Mobile Safari/537.36 (compatible; GoogleOther)"
66.249.66.76 - - [26/Dec/2025:20:22:27 +0000] "GET /?products/9155340 HTTP/1.1" 200 24274 "-" "Mozilla/5.0 (Linux; Android 6.0.1; Nexus 5X Build/MMB29P) AppleWebKit/537.36 (KHTML, like Gecko) Chrome/141.0.7390.122 Mobile Safari/537.36 (compatible; GoogleOther)"
