85.208.96.207 - - [27/Dec/2025:02:58:07 +0000] "GET /casosvbg/con_est_resumen_gral.php?r=86934424 HTTP/1.1" 404 1251 "-" "Mozilla/5.0 (compatible; SemrushBot/7~bl; +http://www.semrush.com/bot.html)"
185.191.171.13 - - [27/Dec/2025:02:58:09 +0000] "GET /casosvbg/con_est_resumen_prg.php?r=54626626 HTTP/1.1" 404 1251 "-" "Mozilla/5.0 (compatible; SemrushBot/7~bl; +http://www.semrush.com/bot.html)"
54.39.6.5 - - [27/Dec/2025:02:58:19 +0000] "GET /casosvbg/con_est_cruces_var.php?r=820949407 HTTP/1.1" 404 1251 "-" "Mozilla/5.0 (compatible; AhrefsBot/7.0; +http://ahrefs.com/robot/)"
185.191.171.6 - - [27/Dec/2025:02:58:30 +0000] "GET /casosvbg/con_est_resumen_gral.php?r=90877848 HTTP/1.1" 404 1251 "-" "Mozilla/5.0 (compatible; SemrushBot/7~bl; +http://www.semrush.com/bot.html)"
85.208.96.202 - - [27/Dec/2025:02:58:43 +0000] "GET /casosvbg/css/ HTTP/1.1" 200 759 "-" "Mozilla/5.0 (compatible; SemrushBot/7~bl; +http://www.semrush.com/bot.html)"
185.191.171.2 - - [27/Dec/2025:02:58:48 +0000] "GET /casosvbg/con_est_resumen_prg.php?r=20015507 HTTP/1.1" 404 1251 "-" "Mozilla/5.0 (compatible; SemrushBot/7~bl; +http://www.semrush.com/bot.html)"
185.191.171.11 - - [27/Dec/2025:02:58:51 +0000] "GET /casosvbg/con_est_resumen_prg.php?r=62859732 HTTP/1.1" 404 1251 "-" "Mozilla/5.0 (compatible; SemrushBot/7~bl; +http://www.semrush.com/bot.html)"
85.208.96.212 - - [27/Dec/2025:02:58:59 +0000] "GET /casosvbg/con_est_resumen_prg.php?r=67829296 HTTP/1.1" 404 1251 "-" "Mozilla/5.0 (compatible; SemrushBot/7~bl; +http://www.semrush.com/bot.html)"
15.235.96.232 - - [27/Dec/2025:02:59:19 +0000] "GET /casosvbg/con_est_cruces_var.php?r=1723717717 HTTP/1.1" 404 1251 "-" "Mozilla/5.0 (compatible; AhrefsBot/7.0; +http://ahrefs.com/robot/)"
101.99.88.90 - - [27/Dec/2025:02:59:25 +0000] "GET / HTTP/1.1" 200 4615 "-" "Mozilla/5.0 (compatible; Googlebot/2.1; +http://www.google.com/bot.html)"
185.191.171.14 - - [27/Dec/2025:03:00:10 +0000] "GET /casosvbg/con_est_resumen_prg.php?r=24677105 HTTP/1.1" 404 1251 "-" "Mozilla/5.0 (compatible; SemrushBot/7~bl; +http://www.semrush.com/bot.html)"
54.39.210.128 - - [27/Dec/2025:03:00:14 +0000] "GET /casosvbg/con_est_resumen_gral.php?r=1074747877 HTTP/1.1" 404 1251 "-" "Mozilla/5.0 (compatible; AhrefsBot/7.0; +http://ahrefs.com/robot/)"
185.191.171.4 - - [27/Dec/2025:03:00:16 +0000] "GET /casosvbg/con_est_resumen_gral.php?r=3068516 HTTP/1.1" 404 1251 "-" "Mozilla/5.0 (compatible; SemrushBot/7~bl; +http://www.semrush.com/bot.html)"
185.191.171.3 - - [27/Dec/2025:03:00:30 +0000] "GET /casosvbg/con_est_resumen_gral.php?r=17159772 HTTP/1.1" 404 1251 "-" "Mozilla/5.0 (compatible; SemrushBot/7~bl; +http://www.semrush.com/bot.html)"
85.208.96.195 - - [27/Dec/2025:03:00:34 +0000] "GET /casosvbg/con_est_cruces_var.php?r=21699034 HTTP/1.1" 404 1251 "-" "Mozilla/5.0 (compatible; SemrushBot/7~bl; +http://www.semrush.com/bot.html)"
185.191.171.4 - - [27/Dec/2025:03:00:35 +0000] "GET /casosvbg/con_est_cruces_var.php?r=26710941 HTTP/1.1" 404 1251 "-" "Mozilla/5.0 (compatible; SemrushBot/7~bl; +http://www.semrush.com/bot.html)"
15.235.98.143 - - [27/Dec/2025:03:00:37 +0000] "GET /casosvbg/con_est_resumen_prg.php?r=1344177507 HTTP/1.1" 404 1251 "-" "Mozilla/5.0 (compatible; AhrefsBot/7.0; +http://ahrefs.com/robot/)"
85.208.96.194 - - [27/Dec/2025:03:00:01 +0000] "GET /casosvbg/con_est_resumen_prg.php?r=74097388 HTTP/1.1" 404 1251 "-" "Mozilla/5.0 (compatible; SemrushBot/7~bl; +http://www.semrush.com/bot.html)"
185.191.171.10 - - [27/Dec/2025:03:00:04 +0000] "GET /casosvbg/con_est_resumen_gral.php?r=3500719 HTTP/1.1" 404 1251 "-" "Mozilla/5.0 (compatible; SemrushBot/7~bl; +http://www.semrush.com/bot.html)"
185.191.171.3 - - [27/Dec/2025:03:00:24 +0000] "GET /casosvbg/con_est_resumen_gral.php?r=33853113 HTTP/1.1" 404 1251 "-" "Mozilla/5.0 (compatible; SemrushBot/7~bl; +http://www.semrush.com/bot.html)"
85.208.96.198 - - [27/Dec/2025:03:00:27 +0000] "GET /casosvbg/con_est_resumen_gral.php?r=52126268 HTTP/1.1" 404 1251 "-" "Mozilla/5.0 (compatible; SemrushBot/7~bl; +http://www.semrush.com/bot.html)"
85.208.96.195 - - [27/Dec/2025:03:01:24 +0000] "GET /casosvbg/con_est_cruces_var.php?r=67232353 HTTP/1.1" 404 1251 "-" "Mozilla/5.0 (compatible; SemrushBot/7~bl; +http://www.semrush.com/bot.html)"
85.208.96.212 - - [27/Dec/2025:03:01:32 +0000] "GET /casosvbg/con_est_cruces_varloc.php?r=91056720 HTTP/1.1" 404 1251 "-" "Mozilla/5.0 (compatible; SemrushBot/7~bl; +http://www.semrush.com/bot.html)"
185.191.171.15 - - [27/Dec/2025:03:01:42 +0000] "GET /casosvbg/con_est_resumen_gral.php?r=65501596 HTTP/1.1" 404 1251 "-" "Mozilla/5.0 (compatible; SemrushBot/7~bl; +http://www.semrush.com/bot.html)"
85.208.96.210 - - [27/Dec/2025:03:02:12 +0000] "GET /casosvbg/con_est_cruces_var.php?r=92339606 HTTP/1.1" 404 1251 "-" "Mozilla/5.0 (compatible; SemrushBot/7~bl; +http://www.semrush.com/bot.html)"
85.208.96.210 - - [27/Dec/2025:03:02:14 +0000] "GET /casosvbg/con_est_resumen_prg.php?r=96928736 HTTP/1.1" 404 1251 "-" "Mozilla/5.0 (compatible; SemrushBot/7~bl; +http://www.semrush.com/bot.html)"
185.191.171.2 - - [27/Dec/2025:03:02:14 +0000] "GET /casosvbg/con_est_resumen_gral.php?r=88047361 HTTP/1.1" 404 1251 "-" "Mozilla/5.0 (compatible; SemrushBot/7~bl; +http://www.semrush.com/bot.html)"
15.235.27.138 - - [27/Dec/2025:03:02:15 +0000] "GET /casosvbg/con_est_resumen_gral.php?r=767141350 HTTP/1.1" 404 1251 "-" "Mozilla/5.0 (compatible; AhrefsBot/7.0; +http://ahrefs.com/robot/)"
185.191.171.8 - - [27/Dec/2025:03:03:12 +0000] "GET /casosvbg/con_est_resumen_prg.php?r=55510642 HTTP/1.1" 404 1251 "-" "Mozilla/5.0 (compatible; SemrushBot/7~bl; +http://www.semrush.com/bot.html)"
185.191.171.2 - - [27/Dec/2025:03:03:27 +0000] "GET /casosvbg/con_est_resumen_gral.php?r=16336348 HTTP/1.1" 404 1251 "-" "Mozilla/5.0 (compatible; SemrushBot/7~bl; +http://www.semrush.com/bot.html)"
85.208.96.194 - - [27/Dec/2025:03:03:42 +0000] "GET /casosvbg/con_est_cruces_varloc.php?r=11019397 HTTP/1.1" 404 1251 "-" "Mozilla/5.0 (compatible; SemrushBot/7~bl; +http://www.semrush.com/bot.html)"
167.114.139.44 - - [27/Dec/2025:02:59:36 +0000] "GET /casosvbg/con_est_cruces_var.php?r=472168917 HTTP/1.1" 404 1251 "-" "Mozilla/5.0 (compatible; AhrefsBot/7.0; +http://ahrefs.com/robot/)"
85.208.96.199 - - [27/Dec/2025:03:00:05 +0000] "GET /casosvbg/con_est_cruces_var.php?r=34386227 HTTP/1.1" 404 1251 "-" "Mozilla/5.0 (compatible; SemrushBot/7~bl; +http://www.semrush.com/bot.html)"
85.208.96.195 - - [27/Dec/2025:03:00:09 +0000] "GET /casosvbg/con_est_resumen_prg.php?r=69569321 HTTP/1.1" 404 1251 "-" "Mozilla/5.0 (compatible; SemrushBot/7~bl; +http://www.semrush.com/bot.html)"
185.191.171.18 - - [27/Dec/2025:03:00:39 +0000] "GET /casosvbg/con_est_resumen_gral.php?r=9544878 HTTP/1.1" 404 1251 "-" "Mozilla/5.0 (compatible; SemrushBot/7~bl; +http://www.semrush.com/bot.html)"
15.235.27.168 - - [27/Dec/2025:03:00:52 +0000] "GET /casosvbg/con_est_cruces_var.php?r=127364213 HTTP/1.1" 404 1251 "-" "Mozilla/5.0 (compatible; AhrefsBot/7.0; +http://ahrefs.com/robot/)"
142.44.220.4 - - [27/Dec/2025:03:01:08 +0000] "GET /casosvbg/con_est_cruces_var.php?r=1982268661 HTTP/1.1" 404 1251 "-" "Mozilla/5.0 (compatible; AhrefsBot/7.0; +http://ahrefs.com/robot/)"
85.208.96.210 - - [27/Dec/2025:03:01:13 +0000] "GET /casosvbg/con_est_resumen_prg.php?r=57015861 HTTP/1.1" 404 1251 "-" "Mozilla/5.0 (compatible; SemrushBot/7~bl; +http://www.semrush.com/bot.html)"
54.39.136.34 - - [27/Dec/2025:03:01:24 +0000] "GET /casosvbg/con_est_resumen_gral.php?r=431944724 HTTP/1.1" 404 1251 "-" "Mozilla/5.0 (compatible; AhrefsBot/7.0; +http://ahrefs.com/robot/)"
85.208.96.210 - - [27/Dec/2025:03:02:18 +0000] "GET /casosvbg/con_est_cruces_var.php?r=98552251 HTTP/1.1" 404 1251 "-" "Mozilla/5.0 (compatible; SemrushBot/7~bl; +http://www.semrush.com/bot.html)"
54.39.136.188 - - [27/Dec/2025:03:02:31 +0000] "GET /casosvbg/con_est_resumen_prg.php?r=363713712 HTTP/1.1" 404 1251 "-" "Mozilla/5.0 (compatible; AhrefsBot/7.0; +http://ahrefs.com/robot/)"
85.208.96.205 - - [27/Dec/2025:03:02:38 +0000] "GET /casosvbg/con_est_cruces_var.php?r=58977230 HTTP/1.1" 404 1251 "-" "Mozilla/5.0 (compatible; SemrushBot/7~bl; +http://www.semrush.com/bot.html)"
54.39.0.164 - - [27/Dec/2025:03:02:50 +0000] "GET /casosvbg/con_est_cruces_var.php?r=1370477630 HTTP/1.1" 404 1251 "-" "Mozilla/5.0 (compatible; AhrefsBot/7.0; +http://ahrefs.com/robot/)"
185.191.171.17 - - [27/Dec/2025:03:03:01 +0000] "GET /casosvbg/con_est_cruces_var.php?r=31242402 HTTP/1.1" 404 1251 "-" "Mozilla/5.0 (compatible; SemrushBot/7~bl; +http://www.semrush.com/bot.html)"
85.208.96.208 - - [27/Dec/2025:03:03:20 +0000] "GET /casosvbg/con_est_cruces_var.php?r=77991836 HTTP/1.1" 404 1251 "-" "Mozilla/5.0 (compatible; SemrushBot/7~bl; +http://www.semrush.com/bot.html)"
142.44.225.2 - - [27/Dec/2025:03:03:23 +0000] "GET /casosvbg/con_est_resumen_prg.php?r=316140506 HTTP/1.1" 404 1251 "-" "Mozilla/5.0 (compatible; AhrefsBot/7.0; +http://ahrefs.com/robot/)"
43.153.10.83 - - [27/Dec/2025:03:03:33 +0000] "GET /casosvbg/ HTTP/1.1" 200 1244 "-" "Mozilla/5.0 (iPhone; CPU iPhone OS 13_2_3 like Mac OS X) AppleWebKit/605.1.15 (KHTML, like Gecko) Version/13.0.3 Mobile/15E148 Safari/604.1"
185.191.171.8 - - [27/Dec/2025:03:01:04 +0000] "GET /casosvbg/con_est_resumen_prg.php?r=56595079 HTTP/1.1" 404 1251 "-" "Mozilla/5.0 (compatible; SemrushBot/7~bl; +http://www.semrush.com/bot.html)"
85.208.96.199 - - [27/Dec/2025:03:01:12 +0000] "GET /casosvbg/con_est_resumen_gral.php?r=56356982 HTTP/1.1" 404 1251 "-" "Mozilla/5.0 (compatible; SemrushBot/7~bl; +http://www.semrush.com/bot.html)"
185.191.171.11 - - [27/Dec/2025:03:01:33 +0000] "GET /casosvbg/con_est_resumen_prg.php?r=80335473 HTTP/1.1" 404 1251 "-" "Mozilla/5.0 (compatible; SemrushBot/7~bl; +http://www.semrush.com/bot.html)"
85.208.96.202 - - [27/Dec/2025:03:01:35 +0000] "GET /casosvbg/con_est_cruces_var.php?r=50891086 HTTP/1.1" 404 1251 "-" "Mozilla/5.0 (compatible; SemrushBot/7~bl; +http://www.semrush.com/bot.html)"
85.208.96.197 - - [27/Dec/2025:03:01:38 +0000] "GET /casosvbg/con_est_cruces_var.php?r=72395842 HTTP/1.1" 404 1251 "-" "Mozilla/5.0 (compatible; SemrushBot/7~bl; +http://www.semrush.com/bot.html)"
54.39.210.200 - - [27/Dec/2025:03:01:39 +0000] "GET /casosvbg/con_est_resumen_prg.php?r=1905466496 HTTP/1.1" 404 1251 "-" "Mozilla/5.0 (compatible; AhrefsBot/7.0; +http://ahrefs.com/robot/)"
51.161.65.174 - - [27/Dec/2025:03:01:58 +0000] "GET /casosvbg/con_est_cruces_var.php?r=50144139 HTTP/1.1" 404 1251 "-" "Mozilla/5.0 (compatible; AhrefsBot/7.0; +http://ahrefs.com/robot/)"
85.208.96.205 - - [27/Dec/2025:03:02:04 +0000] "GET /casosvbg/con_est_resumen_prg.php?r=91082588 HTTP/1.1" 404 1251 "-" "Mozilla/5.0 (compatible; SemrushBot/7~bl; +http://www.semrush.com/bot.html)"
85.208.96.208 - - [27/Dec/2025:03:02:10 +0000] "GET /casosvbg/con_est_cruces_var.php?r=56112575 HTTP/1.1" 404 1251 "-" "Mozilla/5.0 (compatible; SemrushBot/7~bl; +http://www.semrush.com/bot.html)"
85.208.96.196 - - [27/Dec/2025:03:02:21 +0000] "GET /casosvbg/con_est_resumen_prg.php?r=91567869 HTTP/1.1" 404 1251 "-" "Mozilla/5.0 (compatible; SemrushBot/7~bl; +http://www.semrush.com/bot.html)"
54.39.203.9 - - [27/Dec/2025:03:03:07 +0000] "GET /casosvbg/con_est_resumen_gral.php?r=2034348725 HTTP/1.1" 404 1251 "-" "Mozilla/5.0 (compatible; AhrefsBot/7.0; +http://ahrefs.com/robot/)"
85.208.96.198 - - [27/Dec/2025:03:03:13 +0000] "GET /casosvbg/con_est_cruces_var.php?r=93280950 HTTP/1.1" 404 1251 "-" "Mozilla/5.0 (compatible; SemrushBot/7~bl; +http://www.semrush.com/bot.html)"
185.191.171.15 - - [27/Dec/2025:03:03:32 +0000] "GET /casosvbg/con_est_resumen_prg.php?r=44512224 HTTP/1.1" 404 1251 "-" "Mozilla/5.0 (compatible; SemrushBot/7~bl; +http://www.semrush.com/bot.html)"
51.161.37.123 - - [27/Dec/2025:03:03:42 +0000] "GET /casosvbg/con_est_cruces_var.php?r=1320498048 HTTP/1.1" 404 1251 "-" "Mozilla/5.0 (compatible; AhrefsBot/7.0; +http://ahrefs.com/robot/)"
185.191.171.19 - - [27/Dec/2025:03:04:01 +0000] "GET /casosvbg/con_est_resumen_prg.php?r=54243974 HTTP/1.1" 404 1251 "-" "Mozilla/5.0 (compatible; SemrushBot/7~bl; +http://www.semrush.com/bot.html)"
185.191.171.7 - - [27/Dec/2025:03:04:19 +0000] "GET /casosvbg/con_est_resumen_prg.php?r=23469548 HTTP/1.1" 404 1251 "-" "Mozilla/5.0 (compatible; SemrushBot/7~bl; +http://www.semrush.com/bot.html)"
185.191.171.14 - - [27/Dec/2025:03:04:30 +0000] "GET /casosvbg/con_est_cruces_var.php?r=84119340 HTTP/1.1" 404 1251 "-" "Mozilla/5.0 (compatible; SemrushBot/7~bl; +http://www.semrush.com/bot.html)"
85.208.96.199 - - [27/Dec/2025:03:04:44 +0000] "GET /casosvbg/con_est_resumen_gral.php?r=80643233 HTTP/1.1" 404 1251 "-" "Mozilla/5.0 (compatible; SemrushBot/7~bl; +http://www.semrush.com/bot.html)"
147.135.212.200 - - [27/Dec/2025:03:04:50 +0000] "GET /robots.txt HTTP/1.1" 404 1251 "-" "Mozilla/5.0 (compatible; MJ12bot/v1.4.8; http://mj12bot.com/)"
147.135.212.200 - - [27/Dec/2025:03:04:52 +0000] "GET /?MD HTTP/1.1" 200 1234 "-" "Mozilla/5.0 (compatible; MJ12bot/v1.4.8; http://mj12bot.com/)"
147.135.212.200 - - [27/Dec/2025:03:04:54 +0000] "GET /?NA HTTP/1.1" 200 1235 "-" "Mozilla/5.0 (compatible; MJ12bot/v1.4.8; http://mj12bot.com/)"
147.135.212.200 - - [27/Dec/2025:03:04:55 +0000] "GET /?SD HTTP/1.1" 200 1239 "-" "Mozilla/5.0 (compatible; MJ12bot/v1.4.8; http://mj12bot.com/)"
147.135.212.200 - - [27/Dec/2025:03:04:58 +0000] "GET /casosvbg/?MA HTTP/1.1" 200 1057 "-" "Mozilla/5.0 (compatible; MJ12bot/v1.4.8; http://mj12bot.com/)"
147.135.212.200 - - [27/Dec/2025:03:05:01 +0000] "GET /casosvbg/?ND HTTP/1.1" 200 1058 "-" "Mozilla/5.0 (compatible; MJ12bot/v1.4.8; http://mj12bot.com/)"
147.135.212.200 - - [27/Dec/2025:03:05:04 +0000] "GET /casosvbg/?SA HTTP/1.1" 200 1055 "-" "Mozilla/5.0 (compatible; MJ12bot/v1.4.8; http://mj12bot.com/)"
54.39.0.142 - - [27/Dec/2025:03:05:06 +0000] "GET /casosvbg/con_est_resumen_prg.php?r=1093198759 HTTP/1.1" 404 1251 "-" "Mozilla/5.0 (compatible; AhrefsBot/7.0; +http://ahrefs.com/robot/)"
147.135.212.200 - - [27/Dec/2025:03:05:06 +0000] "GET /casosvbg/ado/ HTTP/1.1" 200 1034 "-" "Mozilla/5.0 (compatible; MJ12bot/v1.4.8; http://mj12bot.com/)"
147.135.212.200 - - [27/Dec/2025:03:05:09 +0000] "GET /casosvbg/cgi-bin/ HTTP/1.1" 200 545 "-" "Mozilla/5.0 (compatible; MJ12bot/v1.4.8; http://mj12bot.com/)"
147.135.212.200 - - [27/Dec/2025:03:05:12 +0000] "GET /casosvbg/con_est_cruces_var.php?r=1406064868 HTTP/1.1" 404 1251 "-" "Mozilla/5.0 (compatible; MJ12bot/v1.4.8; http://mj12bot.com/)"
147.135.212.200 - - [27/Dec/2025:03:05:14 +0000] "GET /casosvbg/con_est_cruces_var.php?r=481969997 HTTP/1.1" 404 1251 "-" "Mozilla/5.0 (compatible; MJ12bot/v1.4.8; http://mj12bot.com/)"
147.135.212.200 - - [27/Dec/2025:03:05:16 +0000] "GET /casosvbg/con_est_cruces_var.php?r=840041597 HTTP/1.1" 404 1251 "-" "Mozilla/5.0 (compatible; MJ12bot/v1.4.8; http://mj12bot.com/)"
147.135.212.200 - - [27/Dec/2025:03:05:18 +0000] "GET /casosvbg/con_est_cruces_var.php?r=840804021 HTTP/1.1" 404 1251 "-" "Mozilla/5.0 (compatible; MJ12bot/v1.4.8; http://mj12bot.com/)"
147.135.212.200 - - [27/Dec/2025:03:05:20 +0000] "GET /casosvbg/con_est_cruces_var.php?r=960569350 HTTP/1.1" 404 1251 "-" "Mozilla/5.0 (compatible; MJ12bot/v1.4.8; http://mj12bot.com/)"
147.135.212.200 - - [27/Dec/2025:03:05:22 +0000] "GET /casosvbg/con_est_cruces_var.php?r=961042308 HTTP/1.1" 404 1251 "-" "Mozilla/5.0 (compatible; MJ12bot/v1.4.8; http://mj12bot.com/)"
147.135.212.200 - - [27/Dec/2025:03:05:23 +0000] "GET /casosvbg/con_est_cruces_var.php?r=962401199 HTTP/1.1" 404 1251 "-" "Mozilla/5.0 (compatible; MJ12bot/v1.4.8; http://mj12bot.com/)"
147.135.212.200 - - [27/Dec/2025:03:05:25 +0000] "GET /casosvbg/con_est_cruces_var.php?r=962508521 HTTP/1.1" 404 1251 "-" "Mozilla/5.0 (compatible; MJ12bot/v1.4.8; http://mj12bot.com/)"
147.135.212.200 - - [27/Dec/2025:03:05:27 +0000] "GET /casosvbg/con_est_cruces_var.php?r=963267378 HTTP/1.1" 404 1251 "-" "Mozilla/5.0 (compatible; MJ12bot/v1.4.8; http://mj12bot.com/)"
147.135.212.200 - - [27/Dec/2025:03:05:29 +0000] "GET /casosvbg/con_est_cruces_var.php?r=963691023 HTTP/1.1" 404 1251 "-" "Mozilla/5.0 (compatible; MJ12bot/v1.4.8; http://mj12bot.com/)"
147.135.212.200 - - [27/Dec/2025:03:05:30 +0000] "GET /casosvbg/con_est_cruces_var.php?r=963760088 HTTP/1.1" 404 1251 "-" "Mozilla/5.0 (compatible; MJ12bot/v1.4.8; http://mj12bot.com/)"
147.135.212.200 - - [27/Dec/2025:03:05:32 +0000] "GET /casosvbg/con_est_cruces_var.php?r=964339566 HTTP/1.1" 404 1251 "-" "Mozilla/5.0 (compatible; MJ12bot/v1.4.8; http://mj12bot.com/)"
147.135.212.200 - - [27/Dec/2025:03:05:34 +0000] "GET /casosvbg/con_est_cruces_var.php?r=966214525 HTTP/1.1" 404 1251 "-" "Mozilla/5.0 (compatible; MJ12bot/v1.4.8; http://mj12bot.com/)"
147.135.212.200 - - [27/Dec/2025:03:05:35 +0000] "GET /casosvbg/con_est_cruces_var.php?r=966321587 HTTP/1.1" 404 1251 "-" "Mozilla/5.0 (compatible; MJ12bot/v1.4.8; http://mj12bot.com/)"
51.161.65.76 - - [27/Dec/2025:03:05:36 +0000] "GET /casosvbg/con_est_resumen_gral.php?r=1990234249 HTTP/1.1" 404 1251 "-" "Mozilla/5.0 (compatible; AhrefsBot/7.0; +http://ahrefs.com/robot/)"
147.135.212.200 - - [27/Dec/2025:03:05:37 +0000] "GET /casosvbg/con_est_cruces_var.php?r=966822286 HTTP/1.1" 404 1251 "-" "Mozilla/5.0 (compatible; MJ12bot/v1.4.8; http://mj12bot.com/)"
147.135.212.200 - - [27/Dec/2025:03:05:39 +0000] "GET /casosvbg/con_est_cruces_var.php?r=970454554 HTTP/1.1" 404 1251 "-" "Mozilla/5.0 (compatible; MJ12bot/v1.4.8; http://mj12bot.com/)"
147.135.212.200 - - [27/Dec/2025:03:05:40 +0000] "GET /casosvbg/con_est_cruces_var.php?r=971316549 HTTP/1.1" 404 1251 "-" "Mozilla/5.0 (compatible; MJ12bot/v1.4.8; http://mj12bot.com/)"
147.135.212.200 - - [27/Dec/2025:03:05:42 +0000] "GET /casosvbg/con_est_cruces_var.php?r=971358626 HTTP/1.1" 404 1251 "-" "Mozilla/5.0 (compatible; MJ12bot/v1.4.8; http://mj12bot.com/)"
185.191.171.7 - - [27/Dec/2025:03:05:42 +0000] "GET /casosvbg/con_est_resumen_prg.php?r=147622 HTTP/1.1" 404 1251 "-" "Mozilla/5.0 (compatible; SemrushBot/7~bl; +http://www.semrush.com/bot.html)"
147.135.212.200 - - [27/Dec/2025:03:05:44 +0000] "GET /casosvbg/con_est_cruces_var.php?r=971541489 HTTP/1.1" 404 1251 "-" "Mozilla/5.0 (compatible; MJ12bot/v1.4.8; http://mj12bot.com/)"
147.135.212.200 - - [27/Dec/2025:03:05:45 +0000] "GET /casosvbg/con_est_cruces_var.php?r=971692907 HTTP/1.1" 404 1251 "-" "Mozilla/5.0 (compatible; MJ12bot/v1.4.8; http://mj12bot.com/)"
147.135.212.200 - - [27/Dec/2025:03:05:47 +0000] "GET /casosvbg/con_est_cruces_var.php?r=972868059 HTTP/1.1" 404 1251 "-" "Mozilla/5.0 (compatible; MJ12bot/v1.4.8; http://mj12bot.com/)"
147.135.212.200 - - [27/Dec/2025:03:05:49 +0000] "GET /casosvbg/con_est_cruces_var.php?r=972881133 HTTP/1.1" 404 1251 "-" "Mozilla/5.0 (compatible; MJ12bot/v1.4.8; http://mj12bot.com/)"
85.208.96.193 - - [27/Dec/2025:03:05:50 +0000] "GET /casosvbg/con_est_cruces_var.php?r=89404671 HTTP/1.1" 404 1251 "-" "Mozilla/5.0 (compatible; SemrushBot/7~bl; +http://www.semrush.com/bot.html)"
147.135.212.200 - - [27/Dec/2025:03:05:50 +0000] "GET /casosvbg/con_est_cruces_var.php?r=973405041 HTTP/1.1" 404 1251 "-" "Mozilla/5.0 (compatible; MJ12bot/v1.4.8; http://mj12bot.com/)"
85.208.96.199 - - [27/Dec/2025:03:05:50 +0000] "GET /casosvbg/con_est_resumen_prg.php?r=89741647 HTTP/1.1" 404 1251 "-" "Mozilla/5.0 (compatible; SemrushBot/7~bl; +http://www.semrush.com/bot.html)"
147.135.212.200 - - [27/Dec/2025:03:05:52 +0000] "GET /casosvbg/con_est_cruces_var.php?r=974050341 HTTP/1.1" 404 1251 "-" "Mozilla/5.0 (compatible; MJ12bot/v1.4.8; http://mj12bot.com/)"
147.135.212.200 - - [27/Dec/2025:03:05:54 +0000] "GET /casosvbg/con_est_cruces_var.php?r=974188601 HTTP/1.1" 404 1251 "-" "Mozilla/5.0 (compatible; MJ12bot/v1.4.8; http://mj12bot.com/)"
147.135.212.200 - - [27/Dec/2025:03:05:55 +0000] "GET /casosvbg/con_est_cruces_var.php?r=976106023 HTTP/1.1" 404 1251 "-" "Mozilla/5.0 (compatible; MJ12bot/v1.4.8; http://mj12bot.com/)"
147.135.212.200 - - [27/Dec/2025:03:05:57 +0000] "GET /casosvbg/con_est_cruces_var.php?r=976321903 HTTP/1.1" 404 1251 "-" "Mozilla/5.0 (compatible; MJ12bot/v1.4.8; http://mj12bot.com/)"
147.135.212.200 - - [27/Dec/2025:03:05:58 +0000] "GET /casosvbg/con_est_cruces_var.php?r=976611065 HTTP/1.1" 404 1251 "-" "Mozilla/5.0 (compatible; MJ12bot/v1.4.8; http://mj12bot.com/)"
147.135.212.200 - - [27/Dec/2025:03:06:00 +0000] "GET /casosvbg/con_est_cruces_var.php?r=976810580 HTTP/1.1" 404 1251 "-" "Mozilla/5.0 (compatible; MJ12bot/v1.4.8; http://mj12bot.com/)"
147.135.212.200 - - [27/Dec/2025:03:06:01 +0000] "GET /casosvbg/con_est_cruces_var.php?r=977315408 HTTP/1.1" 404 1251 "-" "Mozilla/5.0 (compatible; MJ12bot/v1.4.8; http://mj12bot.com/)"
147.135.212.200 - - [27/Dec/2025:03:06:03 +0000] "GET /casosvbg/con_est_cruces_var.php?r=977482140 HTTP/1.1" 404 1251 "-" "Mozilla/5.0 (compatible; MJ12bot/v1.4.8; http://mj12bot.com/)"
147.135.212.200 - - [27/Dec/2025:03:06:05 +0000] "GET /casosvbg/con_est_cruces_var.php?r=977796806 HTTP/1.1" 404 1251 "-" "Mozilla/5.0 (compatible; MJ12bot/v1.4.8; http://mj12bot.com/)"
147.135.212.200 - - [27/Dec/2025:03:06:06 +0000] "GET /casosvbg/con_est_cruces_var.php?r=978382803 HTTP/1.1" 404 1251 "-" "Mozilla/5.0 (compatible; MJ12bot/v1.4.8; http://mj12bot.com/)"
147.135.212.200 - - [27/Dec/2025:03:06:08 +0000] "GET /casosvbg/con_est_cruces_var.php?r=979023461 HTTP/1.1" 404 1251 "-" "Mozilla/5.0 (compatible; MJ12bot/v1.4.8; http://mj12bot.com/)"
147.135.212.200 - - [27/Dec/2025:03:06:09 +0000] "GET /casosvbg/con_est_cruces_var.php?r=979171826 HTTP/1.1" 404 1251 "-" "Mozilla/5.0 (compatible; MJ12bot/v1.4.8; http://mj12bot.com/)"
85.208.96.200 - - [27/Dec/2025:03:06:10 +0000] "GET /casosvbg/con_est_cruces_var.php?r=23231450 HTTP/1.1" 404 1251 "-" "Mozilla/5.0 (compatible; SemrushBot/7~bl; +http://www.semrush.com/bot.html)"
142.44.228.108 - - [27/Dec/2025:03:06:10 +0000] "GET /casosvbg/con_est_cruces_var.php?r=1337924283 HTTP/1.1" 404 1251 "-" "Mozilla/5.0 (compatible; AhrefsBot/7.0; +http://ahrefs.com/robot/)"
147.135.212.200 - - [27/Dec/2025:03:06:11 +0000] "GET /casosvbg/con_est_cruces_var.php?r=97952654 HTTP/1.1" 404 1251 "-" "Mozilla/5.0 (compatible; MJ12bot/v1.4.8; http://mj12bot.com/)"
147.135.212.200 - - [27/Dec/2025:03:06:13 +0000] "GET /casosvbg/con_est_cruces_var.php?r=979563162 HTTP/1.1" 404 1251 "-" "Mozilla/5.0 (compatible; MJ12bot/v1.4.8; http://mj12bot.com/)"
147.135.212.200 - - [27/Dec/2025:03:06:14 +0000] "GET /casosvbg/con_est_cruces_var.php?r=979764230 HTTP/1.1" 404 1251 "-" "Mozilla/5.0 (compatible; MJ12bot/v1.4.8; http://mj12bot.com/)"
147.135.212.200 - - [27/Dec/2025:03:06:16 +0000] "GET /casosvbg/con_est_cruces_var.php?r=980299306 HTTP/1.1" 404 1251 "-" "Mozilla/5.0 (compatible; MJ12bot/v1.4.8; http://mj12bot.com/)"
147.135.212.200 - - [27/Dec/2025:03:06:17 +0000] "GET /casosvbg/con_est_cruces_var.php?r=98037798 HTTP/1.1" 404 1251 "-" "Mozilla/5.0 (compatible; MJ12bot/v1.4.8; http://mj12bot.com/)"
147.135.212.200 - - [27/Dec/2025:03:06:19 +0000] "GET /casosvbg/con_est_cruces_var.php?r=980685139 HTTP/1.1" 404 1251 "-" "Mozilla/5.0 (compatible; MJ12bot/v1.4.8; http://mj12bot.com/)"
147.135.212.200 - - [27/Dec/2025:03:06:20 +0000] "GET /casosvbg/con_est_cruces_var.php?r=98082380 HTTP/1.1" 404 1251 "-" "Mozilla/5.0 (compatible; MJ12bot/v1.4.8; http://mj12bot.com/)"
147.135.212.200 - - [27/Dec/2025:03:06:22 +0000] "GET /casosvbg/con_est_cruces_var.php?r=981285978 HTTP/1.1" 404 1251 "-" "Mozilla/5.0 (compatible; MJ12bot/v1.4.8; http://mj12bot.com/)"
147.135.212.200 - - [27/Dec/2025:03:06:23 +0000] "GET /casosvbg/con_est_cruces_var.php?r=981336482 HTTP/1.1" 404 1251 "-" "Mozilla/5.0 (compatible; MJ12bot/v1.4.8; http://mj12bot.com/)"
147.135.212.200 - - [27/Dec/2025:03:06:25 +0000] "GET /casosvbg/con_est_cruces_var.php?r=98175228 HTTP/1.1" 404 1251 "-" "Mozilla/5.0 (compatible; MJ12bot/v1.4.8; http://mj12bot.com/)"
147.135.212.200 - - [27/Dec/2025:03:06:26 +0000] "GET /casosvbg/con_est_cruces_var.php?r=982809893 HTTP/1.1" 404 1251 "-" "Mozilla/5.0 (compatible; MJ12bot/v1.4.8; http://mj12bot.com/)"
147.135.212.200 - - [27/Dec/2025:03:06:28 +0000] "GET /casosvbg/con_est_cruces_var.php?r=982980491 HTTP/1.1" 404 1251 "-" "Mozilla/5.0 (compatible; MJ12bot/v1.4.8; http://mj12bot.com/)"
147.135.212.200 - - [27/Dec/2025:03:06:30 +0000] "GET /casosvbg/con_est_cruces_var.php?r=983260747 HTTP/1.1" 404 1251 "-" "Mozilla/5.0 (compatible; MJ12bot/v1.4.8; http://mj12bot.com/)"
147.135.212.200 - - [27/Dec/2025:03:06:31 +0000] "GET /casosvbg/con_est_cruces_var.php?r=98488557 HTTP/1.1" 404 1251 "-" "Mozilla/5.0 (compatible; MJ12bot/v1.4.8; http://mj12bot.com/)"
147.135.212.200 - - [27/Dec/2025:03:06:33 +0000] "GET /casosvbg/con_est_cruces_var.php?r=985128621 HTTP/1.1" 404 1251 "-" "Mozilla/5.0 (compatible; MJ12bot/v1.4.8; http://mj12bot.com/)"
147.135.212.200 - - [27/Dec/2025:03:06:34 +0000] "GET /casosvbg/con_est_cruces_var.php?r=986434356 HTTP/1.1" 404 1251 "-" "Mozilla/5.0 (compatible; MJ12bot/v1.4.8; http://mj12bot.com/)"
147.135.212.200 - - [27/Dec/2025:03:06:36 +0000] "GET /casosvbg/con_est_cruces_var.php?r=986445259 HTTP/1.1" 404 1251 "-" "Mozilla/5.0 (compatible; MJ12bot/v1.4.8; http://mj12bot.com/)"
147.135.212.200 - - [27/Dec/2025:03:06:38 +0000] "GET /casosvbg/con_est_cruces_var.php?r=986485579 HTTP/1.1" 404 1251 "-" "Mozilla/5.0 (compatible; MJ12bot/v1.4.8; http://mj12bot.com/)"
147.135.212.200 - - [27/Dec/2025:03:06:39 +0000] "GET /casosvbg/con_est_cruces_var.php?r=987175979 HTTP/1.1" 404 1251 "-" "Mozilla/5.0 (compatible; MJ12bot/v1.4.8; http://mj12bot.com/)"
147.135.212.200 - - [27/Dec/2025:03:06:41 +0000] "GET /casosvbg/con_est_cruces_var.php?r=988639730 HTTP/1.1" 404 1251 "-" "Mozilla/5.0 (compatible; MJ12bot/v1.4.8; http://mj12bot.com/)"
147.135.212.200 - - [27/Dec/2025:03:06:42 +0000] "GET /casosvbg/con_est_cruces_var.php?r=989086256 HTTP/1.1" 404 1251 "-" "Mozilla/5.0 (compatible; MJ12bot/v1.4.8; http://mj12bot.com/)"
147.135.212.200 - - [27/Dec/2025:03:06:44 +0000] "GET /casosvbg/con_est_cruces_var.php?r=989303968 HTTP/1.1" 404 1251 "-" "Mozilla/5.0 (compatible; MJ12bot/v1.4.8; http://mj12bot.com/)"
147.135.212.200 - - [27/Dec/2025:03:06:45 +0000] "GET /casosvbg/con_est_cruces_var.php?r=989998586 HTTP/1.1" 404 1251 "-" "Mozilla/5.0 (compatible; MJ12bot/v1.4.8; http://mj12bot.com/)"
147.135.212.200 - - [27/Dec/2025:03:06:47 +0000] "GET /casosvbg/con_est_cruces_var.php?r=990265880 HTTP/1.1" 404 1251 "-" "Mozilla/5.0 (compatible; MJ12bot/v1.4.8; http://mj12bot.com/)"
147.135.212.200 - - [27/Dec/2025:03:06:48 +0000] "GET /casosvbg/con_est_cruces_var.php?r=99140925 HTTP/1.1" 404 1251 "-" "Mozilla/5.0 (compatible; MJ12bot/v1.4.8; http://mj12bot.com/)"
147.135.212.200 - - [27/Dec/2025:03:06:50 +0000] "GET /casosvbg/con_est_cruces_var.php?r=9915552 HTTP/1.1" 404 1251 "-" "Mozilla/5.0 (compatible; MJ12bot/v1.4.8; http://mj12bot.com/)"
147.135.212.200 - - [27/Dec/2025:03:06:51 +0000] "GET /casosvbg/con_est_cruces_var.php?r=991595511 HTTP/1.1" 404 1251 "-" "Mozilla/5.0 (compatible; MJ12bot/v1.4.8; http://mj12bot.com/)"
147.135.212.200 - - [27/Dec/2025:03:06:53 +0000] "GET /casosvbg/con_est_cruces_var.php?r=991749447 HTTP/1.1" 404 1251 "-" "Mozilla/5.0 (compatible; MJ12bot/v1.4.8; http://mj12bot.com/)"
147.135.212.200 - - [27/Dec/2025:03:06:55 +0000] "GET /casosvbg/con_est_cruces_var.php?r=992650917 HTTP/1.1" 404 1251 "-" "Mozilla/5.0 (compatible; MJ12bot/v1.4.8; http://mj12bot.com/)"
147.135.212.200 - - [27/Dec/2025:03:06:56 +0000] "GET /casosvbg/con_est_cruces_var.php?r=993050722 HTTP/1.1" 404 1251 "-" "Mozilla/5.0 (compatible; MJ12bot/v1.4.8; http://mj12bot.com/)"
147.135.212.200 - - [27/Dec/2025:03:06:58 +0000] "GET /casosvbg/con_est_cruces_var.php?r=993108665 HTTP/1.1" 404 1251 "-" "Mozilla/5.0 (compatible; MJ12bot/v1.4.8; http://mj12bot.com/)"
147.135.212.200 - - [27/Dec/2025:03:06:59 +0000] "GET /casosvbg/con_est_cruces_var.php?r=993133400 HTTP/1.1" 404 1251 "-" "Mozilla/5.0 (compatible; MJ12bot/v1.4.8; http://mj12bot.com/)"
15.235.27.196 - - [27/Dec/2025:03:03:56 +0000] "GET /casosvbg/con_est_cruces_var.php?r=187736246 HTTP/1.1" 404 1251 "-" "Mozilla/5.0 (compatible; AhrefsBot/7.0; +http://ahrefs.com/robot/)"
142.44.220.196 - - [27/Dec/2025:03:04:13 +0000] "GET /casosvbg/con_est_resumen_gral.php?r=1545108220 HTTP/1.1" 404 1251 "-" "Mozilla/5.0 (compatible; AhrefsBot/7.0; +http://ahrefs.com/robot/)"
185.191.171.19 - - [27/Dec/2025:03:04:18 +0000] "GET /casosvbg/con_est_resumen_gral.php?r=57974909 HTTP/1.1" 404 1251 "-" "Mozilla/5.0 (compatible; SemrushBot/7~bl; +http://www.semrush.com/bot.html)"
85.208.96.208 - - [27/Dec/2025:03:04:42 +0000] "GET /casosvbg/con_est_resumen_prg.php?r=22126908 HTTP/1.1" 404 1251 "-" "Mozilla/5.0 (compatible; SemrushBot/7~bl; +http://www.semrush.com/bot.html)"
142.44.228.14 - - [27/Dec/2025:03:04:50 +0000] "GET /casosvbg/con_est_cruces_var.php?r=1336325228 HTTP/1.1" 404 1251 "-" "Mozilla/5.0 (compatible; AhrefsBot/7.0; +http://ahrefs.com/robot/)"
185.191.171.3 - - [27/Dec/2025:03:05:00 +0000] "GET /casosvbg/con_est_resumen_prg.php?r=47709342 HTTP/1.1" 404 1251 "-" "Mozilla/5.0 (compatible; SemrushBot/7~bl; +http://www.semrush.com/bot.html)"
85.208.96.198 - - [27/Dec/2025:03:05:19 +0000] "GET /casosvbg/con_est_resumen_gral.php?r=26684869 HTTP/1.1" 404 1251 "-" "Mozilla/5.0 (compatible; SemrushBot/7~bl; +http://www.semrush.com/bot.html)"
185.191.171.3 - - [27/Dec/2025:03:05:21 +0000] "GET /casosvbg/con_est_cruces_varloc.php?r=859713 HTTP/1.1" 404 1251 "-" "Mozilla/5.0 (compatible; SemrushBot/7~bl; +http://www.semrush.com/bot.html)"
185.191.171.19 - - [27/Dec/2025:03:05:22 +0000] "GET /casosvbg/con_est_resumen_gral.php?r=43945587 HTTP/1.1" 404 1251 "-" "Mozilla/5.0 (compatible; SemrushBot/7~bl; +http://www.semrush.com/bot.html)"
185.191.171.11 - - [27/Dec/2025:03:05:30 +0000] "GET /casosvbg/con_est_resumen_prg.php?r=2068675 HTTP/1.1" 404 1251 "-" "Mozilla/5.0 (compatible; SemrushBot/7~bl; +http://www.semrush.com/bot.html)"
15.235.27.243 - - [27/Dec/2025:03:05:52 +0000] "GET /casosvbg/con_est_resumen_prg.php?r=1917497912 HTTP/1.1" 404 1251 "-" "Mozilla/5.0 (compatible; AhrefsBot/7.0; +http://ahrefs.com/robot/)"
185.191.171.17 - - [27/Dec/2025:03:06:04 +0000] "GET /casosvbg/con_est_resumen_prg.php?r=73171215 HTTP/1.1" 404 1251 "-" "Mozilla/5.0 (compatible; SemrushBot/7~bl; +http://www.semrush.com/bot.html)"
85.208.96.194 - - [27/Dec/2025:03:06:12 +0000] "GET /casosvbg/con_est_cruces_var.php?r=2645137 HTTP/1.1" 404 1251 "-" "Mozilla/5.0 (compatible; SemrushBot/7~bl; +http://www.semrush.com/bot.html)"
85.208.96.200 - - [27/Dec/2025:03:06:16 +0000] "GET /casosvbg/con_est_cruces_var.php?r=18051731 HTTP/1.1" 404 1251 "-" "Mozilla/5.0 (compatible; SemrushBot/7~bl; +http://www.semrush.com/bot.html)"
185.191.171.15 - - [27/Dec/2025:03:06:17 +0000] "GET /casosvbg/con_est_cruces_var.php?r=52476474 HTTP/1.1" 404 1251 "-" "Mozilla/5.0 (compatible; SemrushBot/7~bl; +http://www.semrush.com/bot.html)"
85.208.96.204 - - [27/Dec/2025:03:06:26 +0000] "GET /casosvbg/con_est_resumen_prg.php?r=38343692 HTTP/1.1" 404 1251 "-" "Mozilla/5.0 (compatible; SemrushBot/7~bl; +http://www.semrush.com/bot.html)"
167.114.139.138 - - [27/Dec/2025:03:06:29 +0000] "GET /casosvbg/con_est_cruces_var.php?r=1057673218 HTTP/1.1" 404 1251 "-" "Mozilla/5.0 (compatible; AhrefsBot/7.0; +http://ahrefs.com/robot/)"
85.208.96.208 - - [27/Dec/2025:03:07:04 +0000] "GET /casosvbg/con_est_resumen_prg.php?r=85041047 HTTP/1.1" 404 1251 "-" "Mozilla/5.0 (compatible; SemrushBot/7~bl; +http://www.semrush.com/bot.html)"
85.208.96.199 - - [27/Dec/2025:03:07:14 +0000] "GET /casosvbg/con_est_cruces_varloc.php?r=22469291 HTTP/1.1" 404 1251 "-" "Mozilla/5.0 (compatible; SemrushBot/7~bl; +http://www.semrush.com/bot.html)"
185.191.171.11 - - [27/Dec/2025:03:07:16 +0000] "GET /casosvbg/con_est_resumen_prg.php?r=55395941 HTTP/1.1" 404 1251 "-" "Mozilla/5.0 (compatible; SemrushBot/7~bl; +http://www.semrush.com/bot.html)"
147.135.212.200 - - [27/Dec/2025:03:07:01 +0000] "GET /casosvbg/con_est_cruces_var.php?r=993777671 HTTP/1.1" 404 1251 "-" "Mozilla/5.0 (compatible; MJ12bot/v1.4.8; http://mj12bot.com/)"
147.135.212.200 - - [27/Dec/2025:03:07:03 +0000] "GET /casosvbg/con_est_cruces_var.php?r=993781503 HTTP/1.1" 404 1251 "-" "Mozilla/5.0 (compatible; MJ12bot/v1.4.8; http://mj12bot.com/)"
147.135.212.200 - - [27/Dec/2025:03:07:04 +0000] "GET /casosvbg/con_est_cruces_var.php?r=993789453 HTTP/1.1" 404 1251 "-" "Mozilla/5.0 (compatible; MJ12bot/v1.4.8; http://mj12bot.com/)"
147.135.212.200 - - [27/Dec/2025:03:07:06 +0000] "GET /casosvbg/con_est_cruces_var.php?r=994438199 HTTP/1.1" 404 1251 "-" "Mozilla/5.0 (compatible; MJ12bot/v1.4.8; http://mj12bot.com/)"
147.135.212.200 - - [27/Dec/2025:03:07:07 +0000] "GET /casosvbg/con_est_cruces_var.php?r=994684666 HTTP/1.1" 404 1251 "-" "Mozilla/5.0 (compatible; MJ12bot/v1.4.8; http://mj12bot.com/)"
147.135.212.200 - - [27/Dec/2025:03:07:09 +0000] "GET /casosvbg/con_est_cruces_var.php?r=995062045 HTTP/1.1" 404 1251 "-" "Mozilla/5.0 (compatible; MJ12bot/v1.4.8; http://mj12bot.com/)"
147.135.212.200 - - [27/Dec/2025:03:07:10 +0000] "GET /casosvbg/con_est_cruces_var.php?r=995703972 HTTP/1.1" 404 1251 "-" "Mozilla/5.0 (compatible; MJ12bot/v1.4.8; http://mj12bot.com/)"
147.135.212.200 - - [27/Dec/2025:03:07:12 +0000] "GET /casosvbg/con_est_cruces_var.php?r=996601657 HTTP/1.1" 404 1251 "-" "Mozilla/5.0 (compatible; MJ12bot/v1.4.8; http://mj12bot.com/)"
147.135.212.200 - - [27/Dec/2025:03:07:13 +0000] "GET /casosvbg/con_est_cruces_var.php?r=99710040 HTTP/1.1" 404 1251 "-" "Mozilla/5.0 (compatible; MJ12bot/v1.4.8; http://mj12bot.com/)"
147.135.212.200 - - [27/Dec/2025:03:07:15 +0000] "GET /casosvbg/con_est_cruces_var.php?r=998517617 HTTP/1.1" 404 1251 "-" "Mozilla/5.0 (compatible; MJ12bot/v1.4.8; http://mj12bot.com/)"
147.135.212.200 - - [27/Dec/2025:03:07:16 +0000] "GET /casosvbg/con_est_resumen_gral.php?r=1000439303 HTTP/1.1" 404 1251 "-" "Mozilla/5.0 (compatible; MJ12bot/v1.4.8; http://mj12bot.com/)"
147.135.212.200 - - [27/Dec/2025:03:07:18 +0000] "GET /casosvbg/con_est_resumen_gral.php?r=1001591054 HTTP/1.1" 404 1251 "-" "Mozilla/5.0 (compatible; MJ12bot/v1.4.8; http://mj12bot.com/)"
147.135.212.200 - - [27/Dec/2025:03:07:19 +0000] "GET /casosvbg/con_est_resumen_gral.php?r=1002462253 HTTP/1.1" 404 1251 "-" "Mozilla/5.0 (compatible; MJ12bot/v1.4.8; http://mj12bot.com/)"
147.135.212.200 - - [27/Dec/2025:03:07:20 +0000] "GET /casosvbg/con_est_resumen_gral.php?r=1002887056 HTTP/1.1" 404 1251 "-" "Mozilla/5.0 (compatible; MJ12bot/v1.4.8; http://mj12bot.com/)"
185.191.171.17 - - [27/Dec/2025:03:07:21 +0000] "GET /casosvbg/con_est_cruces_var.php?r=60954552 HTTP/1.1" 404 1251 "-" "Mozilla/5.0 (compatible; SemrushBot/7~bl; +http://www.semrush.com/bot.html)"
147.135.212.200 - - [27/Dec/2025:03:07:22 +0000] "GET /casosvbg/con_est_resumen_gral.php?r=1004996874 HTTP/1.1" 404 1251 "-" "Mozilla/5.0 (compatible; MJ12bot/v1.4.8; http://mj12bot.com/)"
147.135.212.200 - - [27/Dec/2025:03:07:23 +0000] "GET /casosvbg/con_est_resumen_gral.php?r=1005121657 HTTP/1.1" 404 1251 "-" "Mozilla/5.0 (compatible; MJ12bot/v1.4.8; http://mj12bot.com/)"
51.161.37.254 - - [27/Dec/2025:03:07:25 +0000] "GET /casosvbg/con_est_cruces_var.php?r=1306067214 HTTP/1.1" 404 1251 "-" "Mozilla/5.0 (compatible; AhrefsBot/7.0; +http://ahrefs.com/robot/)"
147.135.212.200 - - [27/Dec/2025:03:07:25 +0000] "GET /casosvbg/con_est_resumen_gral.php?r=1005296872 HTTP/1.1" 404 1251 "-" "Mozilla/5.0 (compatible; MJ12bot/v1.4.8; http://mj12bot.com/)"
147.135.212.200 - - [27/Dec/2025:03:07:26 +0000] "GET /casosvbg/con_est_resumen_gral.php?r=1007089751 HTTP/1.1" 404 1251 "-" "Mozilla/5.0 (compatible; MJ12bot/v1.4.8; http://mj12bot.com/)"
147.135.212.200 - - [27/Dec/2025:03:07:28 +0000] "GET /casosvbg/con_est_resumen_gral.php?r=1007205611 HTTP/1.1" 404 1251 "-" "Mozilla/5.0 (compatible; MJ12bot/v1.4.8; http://mj12bot.com/)"
147.135.212.200 - - [27/Dec/2025:03:07:29 +0000] "GET /casosvbg/con_est_resumen_gral.php?r=1007767838 HTTP/1.1" 404 1251 "-" "Mozilla/5.0 (compatible; MJ12bot/v1.4.8; http://mj12bot.com/)"
147.135.212.200 - - [27/Dec/2025:03:07:31 +0000] "GET /casosvbg/con_est_resumen_gral.php?r=1008134542 HTTP/1.1" 404 1251 "-" "Mozilla/5.0 (compatible; MJ12bot/v1.4.8; http://mj12bot.com/)"
147.135.212.200 - - [27/Dec/2025:03:07:32 +0000] "GET /casosvbg/con_est_resumen_gral.php?r=1009664550 HTTP/1.1" 404 1251 "-" "Mozilla/5.0 (compatible; MJ12bot/v1.4.8; http://mj12bot.com/)"
147.135.212.200 - - [27/Dec/2025:03:07:34 +0000] "GET /casosvbg/con_est_resumen_gral.php?r=1010268397 HTTP/1.1" 404 1251 "-" "Mozilla/5.0 (compatible; MJ12bot/v1.4.8; http://mj12bot.com/)"
147.135.212.200 - - [27/Dec/2025:03:07:35 +0000] "GET /casosvbg/con_est_resumen_gral.php?r=101062250 HTTP/1.1" 404 1251 "-" "Mozilla/5.0 (compatible; MJ12bot/v1.4.8; http://mj12bot.com/)"
147.135.212.200 - - [27/Dec/2025:03:07:37 +0000] "GET /casosvbg/con_est_resumen_gral.php?r=1011392384 HTTP/1.1" 404 1251 "-" "Mozilla/5.0 (compatible; MJ12bot/v1.4.8; http://mj12bot.com/)"
147.135.212.200 - - [27/Dec/2025:03:07:38 +0000] "GET /casosvbg/con_est_resumen_gral.php?r=1011520322 HTTP/1.1" 404 1251 "-" "Mozilla/5.0 (compatible; MJ12bot/v1.4.8; http://mj12bot.com/)"
185.191.171.16 - - [27/Dec/2025:03:07:40 +0000] "GET /casosvbg/con_est_resumen_gral.php?r=47678066 HTTP/1.1" 404 1251 "-" "Mozilla/5.0 (compatible; SemrushBot/7~bl; +http://www.semrush.com/bot.html)"
147.135.212.200 - - [27/Dec/2025:03:07:40 +0000] "GET /casosvbg/con_est_resumen_gral.php?r=1013099853 HTTP/1.1" 404 1251 "-" "Mozilla/5.0 (compatible; MJ12bot/v1.4.8; http://mj12bot.com/)"
147.135.212.200 - - [27/Dec/2025:03:07:41 +0000] "GET /casosvbg/con_est_resumen_gral.php?r=1015153838 HTTP/1.1" 404 1251 "-" "Mozilla/5.0 (compatible; MJ12bot/v1.4.8; http://mj12bot.com/)"
147.135.212.200 - - [27/Dec/2025:03:07:43 +0000] "GET /casosvbg/con_est_resumen_gral.php?r=1015533293 HTTP/1.1" 404 1251 "-" "Mozilla/5.0 (compatible; MJ12bot/v1.4.8; http://mj12bot.com/)"
147.135.212.200 - - [27/Dec/2025:03:07:44 +0000] "GET /casosvbg/con_est_resumen_gral.php?r=1015603455 HTTP/1.1" 404 1251 "-" "Mozilla/5.0 (compatible; MJ12bot/v1.4.8; http://mj12bot.com/)"
147.135.212.200 - - [27/Dec/2025:03:07:46 +0000] "GET /casosvbg/con_est_resumen_gral.php?r=1016751875 HTTP/1.1" 404 1251 "-" "Mozilla/5.0 (compatible; MJ12bot/v1.4.8; http://mj12bot.com/)"
147.135.212.200 - - [27/Dec/2025:03:07:47 +0000] "GET /casosvbg/con_est_resumen_gral.php?r=1018766014 HTTP/1.1" 404 1251 "-" "Mozilla/5.0 (compatible; MJ12bot/v1.4.8; http://mj12bot.com/)"
147.135.212.200 - - [27/Dec/2025:03:07:49 +0000] "GET /casosvbg/con_est_resumen_gral.php?r=1019107211 HTTP/1.1" 404 1251 "-" "Mozilla/5.0 (compatible; MJ12bot/v1.4.8; http://mj12bot.com/)"
147.135.212.200 - - [27/Dec/2025:03:07:50 +0000] "GET /casosvbg/con_est_resumen_gral.php?r=101989834 HTTP/1.1" 404 1251 "-" "Mozilla/5.0 (compatible; MJ12bot/v1.4.8; http://mj12bot.com/)"
147.135.212.200 - - [27/Dec/2025:03:07:52 +0000] "GET /casosvbg/con_est_resumen_gral.php?r=1020516142 HTTP/1.1" 404 1251 "-" "Mozilla/5.0 (compatible; MJ12bot/v1.4.8; http://mj12bot.com/)"
147.135.212.200 - - [27/Dec/2025:03:07:53 +0000] "GET /casosvbg/con_est_resumen_gral.php?r=1021744855 HTTP/1.1" 404 1251 "-" "Mozilla/5.0 (compatible; MJ12bot/v1.4.8; http://mj12bot.com/)"
147.135.212.200 - - [27/Dec/2025:03:07:55 +0000] "GET /casosvbg/con_est_resumen_gral.php?r=1022195771 HTTP/1.1" 404 1251 "-" "Mozilla/5.0 (compatible; MJ12bot/v1.4.8; http://mj12bot.com/)"
147.135.212.200 - - [27/Dec/2025:03:07:56 +0000] "GET /casosvbg/con_est_resumen_gral.php?r=1022344147 HTTP/1.1" 404 1251 "-" "Mozilla/5.0 (compatible; MJ12bot/v1.4.8; http://mj12bot.com/)"
147.135.212.200 - - [27/Dec/2025:03:07:58 +0000] "GET /casosvbg/con_est_resumen_gral.php?r=1022431980 HTTP/1.1" 404 1251 "-" "Mozilla/5.0 (compatible; MJ12bot/v1.4.8; http://mj12bot.com/)"
147.135.212.200 - - [27/Dec/2025:03:08:00 +0000] "GET /casosvbg/con_est_resumen_gral.php?r=1023699809 HTTP/1.1" 404 1251 "-" "Mozilla/5.0 (compatible; MJ12bot/v1.4.8; http://mj12bot.com/)"
147.135.212.200 - - [27/Dec/2025:03:08:01 +0000] "GET /casosvbg/con_est_resumen_gral.php?r=1023751290 HTTP/1.1" 404 1251 "-" "Mozilla/5.0 (compatible; MJ12bot/v1.4.8; http://mj12bot.com/)"
147.135.212.200 - - [27/Dec/2025:03:08:03 +0000] "GET /casosvbg/con_est_resumen_gral.php?r=1024426042 HTTP/1.1" 404 1251 "-" "Mozilla/5.0 (compatible; MJ12bot/v1.4.8; http://mj12bot.com/)"
185.191.171.11 - - [27/Dec/2025:03:08:03 +0000] "GET /casosvbg/con_est_resumen_gral.php?r=19421829 HTTP/1.1" 404 1251 "-" "Mozilla/5.0 (compatible; SemrushBot/7~bl; +http://www.semrush.com/bot.html)"
147.135.212.200 - - [27/Dec/2025:03:08:04 +0000] "GET /casosvbg/con_est_resumen_gral.php?r=1024952515 HTTP/1.1" 404 1251 "-" "Mozilla/5.0 (compatible; MJ12bot/v1.4.8; http://mj12bot.com/)"
147.135.212.200 - - [27/Dec/2025:03:08:05 +0000] "GET /casosvbg/con_est_resumen_gral.php?r=1026942621 HTTP/1.1" 404 1251 "-" "Mozilla/5.0 (compatible; MJ12bot/v1.4.8; http://mj12bot.com/)"
147.135.212.200 - - [27/Dec/2025:03:08:07 +0000] "GET /casosvbg/con_est_resumen_gral.php?r=1028527301 HTTP/1.1" 404 1251 "-" "Mozilla/5.0 (compatible; MJ12bot/v1.4.8; http://mj12bot.com/)"
147.135.212.200 - - [27/Dec/2025:03:08:09 +0000] "GET /casosvbg/con_est_resumen_gral.php?r=1028605815 HTTP/1.1" 404 1251 "-" "Mozilla/5.0 (compatible; MJ12bot/v1.4.8; http://mj12bot.com/)"
147.135.212.200 - - [27/Dec/2025:03:08:10 +0000] "GET /casosvbg/con_est_resumen_gral.php?r=1041813608 HTTP/1.1" 404 1251 "-" "Mozilla/5.0 (compatible; MJ12bot/v1.4.8; http://mj12bot.com/)"
147.135.212.200 - - [27/Dec/2025:03:08:12 +0000] "GET /casosvbg/con_est_resumen_gral.php?r=1042572798 HTTP/1.1" 404 1251 "-" "Mozilla/5.0 (compatible; MJ12bot/v1.4.8; http://mj12bot.com/)"
147.135.212.200 - - [27/Dec/2025:03:08:13 +0000] "GET /casosvbg/con_est_resumen_gral.php?r=104353462 HTTP/1.1" 404 1251 "-" "Mozilla/5.0 (compatible; MJ12bot/v1.4.8; http://mj12bot.com/)"
147.135.212.200 - - [27/Dec/2025:03:08:14 +0000] "GET /casosvbg/con_est_resumen_gral.php?r=1043797599 HTTP/1.1" 404 1251 "-" "Mozilla/5.0 (compatible; MJ12bot/v1.4.8; http://mj12bot.com/)"
147.135.212.200 - - [27/Dec/2025:03:08:16 +0000] "GET /casosvbg/con_est_resumen_gral.php?r=1058159100 HTTP/1.1" 404 1251 "-" "Mozilla/5.0 (compatible; MJ12bot/v1.4.8; http://mj12bot.com/)"
147.135.212.200 - - [27/Dec/2025:03:08:17 +0000] "GET /casosvbg/con_est_resumen_gral.php?r=1096334594 HTTP/1.1" 404 1251 "-" "Mozilla/5.0 (compatible; MJ12bot/v1.4.8; http://mj12bot.com/)"
147.135.212.200 - - [27/Dec/2025:03:08:19 +0000] "GET /casosvbg/con_est_resumen_gral.php?r=1107846781 HTTP/1.1" 404 1251 "-" "Mozilla/5.0 (compatible; MJ12bot/v1.4.8; http://mj12bot.com/)"
147.135.212.200 - - [27/Dec/2025:03:08:20 +0000] "GET /casosvbg/con_est_resumen_gral.php?r=1108107796 HTTP/1.1" 404 1251 "-" "Mozilla/5.0 (compatible; MJ12bot/v1.4.8; http://mj12bot.com/)"
147.135.212.200 - - [27/Dec/2025:03:08:22 +0000] "GET /casosvbg/con_est_resumen_gral.php?r=1108209812 HTTP/1.1" 404 1251 "-" "Mozilla/5.0 (compatible; MJ12bot/v1.4.8; http://mj12bot.com/)"
147.135.212.200 - - [27/Dec/2025:03:08:23 +0000] "GET /casosvbg/con_est_resumen_gral.php?r=1108735883 HTTP/1.1" 404 1251 "-" "Mozilla/5.0 (compatible; MJ12bot/v1.4.8; http://mj12bot.com/)"
147.135.212.200 - - [27/Dec/2025:03:08:25 +0000] "GET /casosvbg/con_est_resumen_gral.php?r=1109038769 HTTP/1.1" 404 1251 "-" "Mozilla/5.0 (compatible; MJ12bot/v1.4.8; http://mj12bot.com/)"
147.135.212.200 - - [27/Dec/2025:03:08:26 +0000] "GET /casosvbg/con_est_resumen_gral.php?r=1109656397 HTTP/1.1" 404 1251 "-" "Mozilla/5.0 (compatible; MJ12bot/v1.4.8; http://mj12bot.com/)"
147.135.212.200 - - [27/Dec/2025:03:08:28 +0000] "GET /casosvbg/con_est_resumen_gral.php?r=1110570893 HTTP/1.1" 404 1251 "-" "Mozilla/5.0 (compatible; MJ12bot/v1.4.8; http://mj12bot.com/)"
147.135.212.200 - - [27/Dec/2025:03:08:29 +0000] "GET /casosvbg/con_est_resumen_gral.php?r=1110686253 HTTP/1.1" 404 1251 "-" "Mozilla/5.0 (compatible; MJ12bot/v1.4.8; http://mj12bot.com/)"
147.135.212.200 - - [27/Dec/2025:03:08:31 +0000] "GET /casosvbg/con_est_resumen_gral.php?r=1110927387 HTTP/1.1" 404 1251 "-" "Mozilla/5.0 (compatible; MJ12bot/v1.4.8; http://mj12bot.com/)"
147.135.212.200 - - [27/Dec/2025:03:08:32 +0000] "GET /casosvbg/con_est_resumen_gral.php?r=1112170034 HTTP/1.1" 404 1251 "-" "Mozilla/5.0 (compatible; MJ12bot/v1.4.8; http://mj12bot.com/)"
185.191.171.16 - - [27/Dec/2025:03:08:33 +0000] "GET /casosvbg/con_est_resumen_gral.php?r=36951424 HTTP/1.1" 404 1251 "-" "Mozilla/5.0 (compatible; SemrushBot/7~bl; +http://www.semrush.com/bot.html)"
147.135.212.200 - - [27/Dec/2025:03:08:34 +0000] "GET /casosvbg/con_est_resumen_gral.php?r=1112521081 HTTP/1.1" 404 1251 "-" "Mozilla/5.0 (compatible; MJ12bot/v1.4.8; http://mj12bot.com/)"
147.135.212.200 - - [27/Dec/2025:03:08:35 +0000] "GET /casosvbg/con_est_resumen_gral.php?r=1112832963 HTTP/1.1" 404 1251 "-" "Mozilla/5.0 (compatible; MJ12bot/v1.4.8; http://mj12bot.com/)"
185.191.171.16 - - [27/Dec/2025:03:08:35 +0000] "GET /casosvbg/con_est_cruces_var.php?r=39069594 HTTP/1.1" 404 1251 "-" "Mozilla/5.0 (compatible; SemrushBot/7~bl; +http://www.semrush.com/bot.html)"
147.135.212.200 - - [27/Dec/2025:03:08:37 +0000] "GET /casosvbg/con_est_resumen_gral.php?r=1113304749 HTTP/1.1" 404 1251 "-" "Mozilla/5.0 (compatible; MJ12bot/v1.4.8; http://mj12bot.com/)"
147.135.212.200 - - [27/Dec/2025:03:08:38 +0000] "GET /casosvbg/con_est_resumen_gral.php?r=1114255621 HTTP/1.1" 404 1251 "-" "Mozilla/5.0 (compatible; MJ12bot/v1.4.8; http://mj12bot.com/)"
147.135.212.200 - - [27/Dec/2025:03:08:40 +0000] "GET /casosvbg/con_est_resumen_gral.php?r=1114799217 HTTP/1.1" 404 1251 "-" "Mozilla/5.0 (compatible; MJ12bot/v1.4.8; http://mj12bot.com/)"
147.135.212.200 - - [27/Dec/2025:03:08:41 +0000] "GET /casosvbg/con_est_resumen_gral.php?r=1115525226 HTTP/1.1" 404 1251 "-" "Mozilla/5.0 (compatible; MJ12bot/v1.4.8; http://mj12bot.com/)"
147.135.212.200 - - [27/Dec/2025:03:08:43 +0000] "GET /casosvbg/con_est_resumen_gral.php?r=1115552459 HTTP/1.1" 404 1251 "-" "Mozilla/5.0 (compatible; MJ12bot/v1.4.8; http://mj12bot.com/)"
147.135.212.200 - - [27/Dec/2025:03:08:44 +0000] "GET /casosvbg/con_est_resumen_gral.php?r=1115732871 HTTP/1.1" 404 1251 "-" "Mozilla/5.0 (compatible; MJ12bot/v1.4.8; http://mj12bot.com/)"
147.135.212.200 - - [27/Dec/2025:03:08:45 +0000] "GET /casosvbg/con_est_resumen_gral.php?r=1117453105 HTTP/1.1" 404 1251 "-" "Mozilla/5.0 (compatible; MJ12bot/v1.4.8; http://mj12bot.com/)"
147.135.212.200 - - [27/Dec/2025:03:08:47 +0000] "GET /casosvbg/con_est_resumen_gral.php?r=1117819705 HTTP/1.1" 404 1251 "-" "Mozilla/5.0 (compatible; MJ12bot/v1.4.8; http://mj12bot.com/)"
147.135.212.200 - - [27/Dec/2025:03:08:49 +0000] "GET /casosvbg/con_est_resumen_gral.php?r=1118421561 HTTP/1.1" 404 1251 "-" "Mozilla/5.0 (compatible; MJ12bot/v1.4.8; http://mj12bot.com/)"
147.135.212.200 - - [27/Dec/2025:03:08:50 +0000] "GET /casosvbg/con_est_resumen_gral.php?r=11184490 HTTP/1.1" 404 1251 "-" "Mozilla/5.0 (compatible; MJ12bot/v1.4.8; http://mj12bot.com/)"
147.135.212.200 - - [27/Dec/2025:03:08:52 +0000] "GET /casosvbg/con_est_resumen_gral.php?r=1119013436 HTTP/1.1" 404 1251 "-" "Mozilla/5.0 (compatible; MJ12bot/v1.4.8; http://mj12bot.com/)"
147.135.212.200 - - [27/Dec/2025:03:08:53 +0000] "GET /casosvbg/con_est_resumen_gral.php?r=1121144084 HTTP/1.1" 404 1251 "-" "Mozilla/5.0 (compatible; MJ12bot/v1.4.8; http://mj12bot.com/)"
147.135.212.200 - - [27/Dec/2025:03:08:55 +0000] "GET /casosvbg/con_est_resumen_gral.php?r=1121681484 HTTP/1.1" 404 1251 "-" "Mozilla/5.0 (compatible; MJ12bot/v1.4.8; http://mj12bot.com/)"
147.135.212.200 - - [27/Dec/2025:03:08:56 +0000] "GET /casosvbg/con_est_resumen_gral.php?r=1121984540 HTTP/1.1" 404 1251 "-" "Mozilla/5.0 (compatible; MJ12bot/v1.4.8; http://mj12bot.com/)"
185.191.171.14 - - [27/Dec/2025:03:03:56 +0000] "GET /casosvbg/con_est_resumen_gral.php?r=59283679 HTTP/1.1" 404 1251 "-" "Mozilla/5.0 (compatible; SemrushBot/7~bl; +http://www.semrush.com/bot.html)"
185.191.171.2 - - [27/Dec/2025:03:04:17 +0000] "GET /casosvbg/con_est_cruces_var.php?r=4871404 HTTP/1.1" 404 1251 "-" "Mozilla/5.0 (compatible; SemrushBot/7~bl; +http://www.semrush.com/bot.html)"
101.99.88.90 - - [27/Dec/2025:03:04:29 +0000] "GET / HTTP/1.1" 200 4615 "-" "Mozilla/5.0 (compatible; Googlebot/2.1; +http://www.google.com/bot.html)"
51.222.95.99 - - [27/Dec/2025:03:04:31 +0000] "GET /casosvbg/con_est_resumen_prg.php?r=2060726965 HTTP/1.1" 404 1251 "-" "Mozilla/5.0 (compatible; AhrefsBot/7.0; +http://ahrefs.com/robot/)"
142.44.233.115 - - [27/Dec/2025:03:05:23 +0000] "GET /casosvbg/con_est_cruces_var.php?r=1699073909 HTTP/1.1" 404 1251 "-" "Mozilla/5.0 (compatible; AhrefsBot/7.0; +http://ahrefs.com/robot/)"
185.191.171.7 - - [27/Dec/2025:03:05:26 +0000] "GET /casosvbg/con_est_cruces_var.php?r=78713231 HTTP/1.1" 404 1251 "-" "Mozilla/5.0 (compatible; SemrushBot/7~bl; +http://www.semrush.com/bot.html)"
85.208.96.199 - - [27/Dec/2025:03:05:47 +0000] "GET /casosvbg/con_est_resumen_prg.php?r=36445040 HTTP/1.1" 404 1251 "-" "Mozilla/5.0 (compatible; SemrushBot/7~bl; +http://www.semrush.com/bot.html)"
85.208.96.193 - - [27/Dec/2025:03:06:31 +0000] "GET /casosvbg/con_est_resumen_prg.php?r=17949874 HTTP/1.1" 404 1251 "-" "Mozilla/5.0 (compatible; SemrushBot/7~bl; +http://www.semrush.com/bot.html)"
185.191.171.13 - - [27/Dec/2025:03:06:43 +0000] "GET /casosvbg/con_est_resumen_gral.php?r=45865197 HTTP/1.1" 404 1251 "-" "Mozilla/5.0 (compatible; SemrushBot/7~bl; +http://www.semrush.com/bot.html)"
51.222.95.19 - - [27/Dec/2025:03:06:47 +0000] "GET /casosvbg/con_est_resumen_gral.php?r=776478633 HTTP/1.1" 404 1251 "-" "Mozilla/5.0 (compatible; AhrefsBot/7.0; +http://ahrefs.com/robot/)"
54.39.6.50 - - [27/Dec/2025:03:07:05 +0000] "GET /casosvbg/con_est_resumen_prg.php?r=1844269099 HTTP/1.1" 404 1251 "-" "Mozilla/5.0 (compatible; AhrefsBot/7.0; +http://ahrefs.com/robot/)"
