85.208.96.206 - - [26/Dec/2025:16:17:34 +0000] "GET /casosvbg/con_est_cruces_var.php?r=11442827 HTTP/1.1" 404 1251 "-" "Mozilla/5.0 (compatible; SemrushBot/7~bl; +http://www.semrush.com/bot.html)"
85.208.96.200 - - [26/Dec/2025:16:14:09 +0000] "GET /casosvbg/con_est_cruces_var.php?r=15751919 HTTP/1.1" 404 1251 "-" "Mozilla/5.0 (compatible; SemrushBot/7~bl; +http://www.semrush.com/bot.html)"
85.208.96.202 - - [26/Dec/2025:16:14:42 +0000] "GET /casosvbg/con_est_cruces_var.php?r=87003550 HTTP/1.1" 404 1251 "-" "Mozilla/5.0 (compatible; SemrushBot/7~bl; +http://www.semrush.com/bot.html)"
85.208.96.201 - - [26/Dec/2025:16:14:48 +0000] "GET /casosvbg/con_est_cruces_var.php?r=77042469 HTTP/1.1" 404 1251 "-" "Mozilla/5.0 (compatible; SemrushBot/7~bl; +http://www.semrush.com/bot.html)"
85.208.96.203 - - [26/Dec/2025:16:14:54 +0000] "GET /casosvbg/con_est_cruces_var.php?r=27172738 HTTP/1.1" 404 1251 "-" "Mozilla/5.0 (compatible; SemrushBot/7~bl; +http://www.semrush.com/bot.html)"
185.191.171.6 - - [26/Dec/2025:16:15:09 +0000] "GET /casosvbg/con_est_cruces_var.php?r=39784462 HTTP/1.1" 404 1251 "-" "Mozilla/5.0 (compatible; SemrushBot/7~bl; +http://www.semrush.com/bot.html)"
85.208.96.207 - - [26/Dec/2025:16:15:29 +0000] "GET /casosvbg/con_est_cruces_var.php?r=40200702 HTTP/1.1" 404 1251 "-" "Mozilla/5.0 (compatible; SemrushBot/7~bl; +http://www.semrush.com/bot.html)"
85.208.96.206 - - [26/Dec/2025:16:15:45 +0000] "GET /robots.txt HTTP/1.1" 404 1251 "-" "Mozilla/5.0 (compatible; SemrushBot/7~bl; +http://www.semrush.com/bot.html)"
185.191.171.18 - - [26/Dec/2025:16:16:05 +0000] "GET /casosvbg/con_est_resumen_gral.php?r=8166802 HTTP/1.1" 404 1251 "-" "Mozilla/5.0 (compatible; SemrushBot/7~bl; +http://www.semrush.com/bot.html)"
85.208.96.201 - - [26/Dec/2025:16:16:35 +0000] "GET /casosvbg/con_est_resumen_gral.php?r=61066264 HTTP/1.1" 404 1251 "-" "Mozilla/5.0 (compatible; SemrushBot/7~bl; +http://www.semrush.com/bot.html)"
85.208.96.207 - - [26/Dec/2025:16:16:40 +0000] "GET /casosvbg/con_est_resumen_gral.php?r=92449060 HTTP/1.1" 404 1251 "-" "Mozilla/5.0 (compatible; SemrushBot/7~bl; +http://www.semrush.com/bot.html)"
170.106.84.136 - - [26/Dec/2025:16:16:44 +0000] "GET /?ND HTTP/1.1" 200 1447 "-" "Mozilla/5.0 (iPhone; CPU iPhone OS 13_2_3 like Mac OS X) AppleWebKit/605.1.15 (KHTML, like Gecko) Version/13.0.3 Mobile/15E148 Safari/604.1"
85.208.96.199 - - [26/Dec/2025:16:16:48 +0000] "GET /casosvbg/con_est_resumen_gral.php?r=40994507 HTTP/1.1" 404 1251 "-" "Mozilla/5.0 (compatible; SemrushBot/7~bl; +http://www.semrush.com/bot.html)"
185.191.171.8 - - [26/Dec/2025:16:17:38 +0000] "GET /casosvbg/con_est_cruces_var.php?r=37442474 HTTP/1.1" 404 1251 "-" "Mozilla/5.0 (compatible; SemrushBot/7~bl; +http://www.semrush.com/bot.html)"
38.255.51.144 - - [26/Dec/2025:16:19:08 +0000] "GET /.env HTTP/1.1" 404 1251 "-" "Mozilla/5.0 (Linux; U; Android 4.4.2; en-US; HM NOTE 1W Build/KOT49H) AppleWebKit/534.30 (KHTML, like Gecko) Version/4.0 UCBrowser/11.0.5.850 U3/0.8.0 Mobile Safari/534.30"
85.208.96.202 - - [26/Dec/2025:16:19:29 +0000] "GET /casosvbg/con_est_resumen_gral.php?r=49956127 HTTP/1.1" 404 1251 "-" "Mozilla/5.0 (compatible; SemrushBot/7~bl; +http://www.semrush.com/bot.html)"
85.208.96.193 - - [26/Dec/2025:16:19:45 +0000] "GET /casosvbg/con_est_cruces_var.php?r=83761613 HTTP/1.1" 404 1251 "-" "Mozilla/5.0 (compatible; SemrushBot/7~bl; +http://www.semrush.com/bot.html)"
85.208.96.206 - - [26/Dec/2025:16:20:31 +0000] "GET /casosvbg/con_est_cruces_var.php?r=59019457 HTTP/1.1" 404 1251 "-" "Mozilla/5.0 (compatible; SemrushBot/7~bl; +http://www.semrush.com/bot.html)"
85.208.96.206 - - [26/Dec/2025:16:20:37 +0000] "GET /casosvbg/con_est_resumen_gral.php?r=5037287 HTTP/1.1" 404 1251 "-" "Mozilla/5.0 (compatible; SemrushBot/7~bl; +http://www.semrush.com/bot.html)"
185.191.171.5 - - [26/Dec/2025:16:20:39 +0000] "GET /casosvbg/con_est_resumen_gral.php?r=37171152 HTTP/1.1" 404 1251 "-" "Mozilla/5.0 (compatible; SemrushBot/7~bl; +http://www.semrush.com/bot.html)"
185.191.171.15 - - [26/Dec/2025:16:20:40 +0000] "GET /casosvbg/con_est_resumen_prg.php?r=74371702 HTTP/1.1" 404 1251 "-" "Mozilla/5.0 (compatible; SemrushBot/7~bl; +http://www.semrush.com/bot.html)"
85.208.96.210 - - [26/Dec/2025:16:16:56 +0000] "GET /casosvbg/con_est_resumen_prg.php?r=46766639 HTTP/1.1" 404 1251 "-" "Mozilla/5.0 (compatible; SemrushBot/7~bl; +http://www.semrush.com/bot.html)"
185.191.171.11 - - [26/Dec/2025:16:16:59 +0000] "GET /casosvbg/con_est_resumen_prg.php?r=43818331 HTTP/1.1" 404 1251 "-" "Mozilla/5.0 (compatible; SemrushBot/7~bl; +http://www.semrush.com/bot.html)"
85.208.96.200 - - [26/Dec/2025:16:17:13 +0000] "GET /casosvbg/con_est_cruces_var.php?r=7172472 HTTP/1.1" 404 1251 "-" "Mozilla/5.0 (compatible; SemrushBot/7~bl; +http://www.semrush.com/bot.html)"
85.208.96.203 - - [26/Dec/2025:16:17:15 +0000] "GET /casosvbg/con_est_resumen_gral.php?r=72919175 HTTP/1.1" 404 1251 "-" "Mozilla/5.0 (compatible; SemrushBot/7~bl; +http://www.semrush.com/bot.html)"
85.208.96.207 - - [26/Dec/2025:16:17:24 +0000] "GET /casosvbg/con_est_resumen_prg.php?r=91878583 HTTP/1.1" 404 1251 "-" "Mozilla/5.0 (compatible; SemrushBot/7~bl; +http://www.semrush.com/bot.html)"
85.208.96.194 - - [26/Dec/2025:16:17:25 +0000] "GET /casosvbg/con_est_resumen_gral.php?r=31032796 HTTP/1.1" 404 1251 "-" "Mozilla/5.0 (compatible; SemrushBot/7~bl; +http://www.semrush.com/bot.html)"
185.191.171.4 - - [26/Dec/2025:16:17:43 +0000] "GET /casosvbg/con_est_resumen_prg.php?r=6373838 HTTP/1.1" 404 1251 "-" "Mozilla/5.0 (compatible; SemrushBot/7~bl; +http://www.semrush.com/bot.html)"
85.208.96.208 - - [26/Dec/2025:16:17:49 +0000] "GET /casosvbg/con_est_resumen_gral.php?r=51050673 HTTP/1.1" 404 1251 "-" "Mozilla/5.0 (compatible; SemrushBot/7~bl; +http://www.semrush.com/bot.html)"
38.255.51.144 - - [26/Dec/2025:16:19:08 +0000] "POST / HTTP/1.1" 200 1455 "-" "Mozilla/5.0 (Linux; U; Android 4.4.2; en-US; HM NOTE 1W Build/KOT49H) AppleWebKit/534.30 (KHTML, like Gecko) Version/4.0 UCBrowser/11.0.5.850 U3/0.8.0 Mobile Safari/534.30"
85.208.96.212 - - [26/Dec/2025:16:19:10 +0000] "GET /casosvbg/con_est_resumen_gral.php?r=76821610 HTTP/1.1" 404 1251 "-" "Mozilla/5.0 (compatible; SemrushBot/7~bl; +http://www.semrush.com/bot.html)"
185.191.171.14 - - [26/Dec/2025:16:19:35 +0000] "GET /casosvbg/con_est_resumen_gral.php?r=13744014 HTTP/1.1" 404 1251 "-" "Mozilla/5.0 (compatible; SemrushBot/7~bl; +http://www.semrush.com/bot.html)"
185.191.171.8 - - [26/Dec/2025:16:19:47 +0000] "GET /casosvbg/con_est_resumen_gral.php?r=70185195 HTTP/1.1" 404 1251 "-" "Mozilla/5.0 (compatible; SemrushBot/7~bl; +http://www.semrush.com/bot.html)"
185.191.171.8 - - [26/Dec/2025:16:20:26 +0000] "GET /casosvbg/con_est_resumen_prg.php?r=29138135 HTTP/1.1" 404 1251 "-" "Mozilla/5.0 (compatible; SemrushBot/7~bl; +http://www.semrush.com/bot.html)"
85.208.96.210 - - [26/Dec/2025:16:20:46 +0000] "GET /casosvbg/con_est_resumen_gral.php?r=77135179 HTTP/1.1" 404 1251 "-" "Mozilla/5.0 (compatible; SemrushBot/7~bl; +http://www.semrush.com/bot.html)"
85.208.96.198 - - [26/Dec/2025:16:20:54 +0000] "GET /casosvbg/con_est_resumen_prg.php?r=52852807 HTTP/1.1" 404 1251 "-" "Mozilla/5.0 (compatible; SemrushBot/7~bl; +http://www.semrush.com/bot.html)"
85.208.96.207 - - [26/Dec/2025:16:20:56 +0000] "GET /casosvbg/con_est_resumen_gral.php?r=69455884 HTTP/1.1" 404 1251 "-" "Mozilla/5.0 (compatible; SemrushBot/7~bl; +http://www.semrush.com/bot.html)"
85.208.96.208 - - [26/Dec/2025:16:21:12 +0000] "GET /casosvbg/con_est_cruces_var.php?r=72211512 HTTP/1.1" 404 1251 "-" "Mozilla/5.0 (compatible; SemrushBot/7~bl; +http://www.semrush.com/bot.html)"
185.191.171.1 - - [26/Dec/2025:16:21:21 +0000] "GET /casosvbg/con_est_resumen_gral.php?r=49722886 HTTP/1.1" 404 1251 "-" "Mozilla/5.0 (compatible; SemrushBot/7~bl; +http://www.semrush.com/bot.html)"
85.208.96.207 - - [26/Dec/2025:16:21:44 +0000] "GET /casosvbg/con_est_resumen_gral.php?r=97798794 HTTP/1.1" 404 1251 "-" "Mozilla/5.0 (compatible; SemrushBot/7~bl; +http://www.semrush.com/bot.html)"
85.208.96.210 - - [26/Dec/2025:16:21:48 +0000] "GET /casosvbg/con_est_cruces_var.php?r=45359918 HTTP/1.1" 404 1251 "-" "Mozilla/5.0 (compatible; SemrushBot/7~bl; +http://www.semrush.com/bot.html)"
185.191.171.2 - - [26/Dec/2025:16:18:33 +0000] "GET /casosvbg/con_est_cruces_var.php?r=27258701 HTTP/1.1" 404 1251 "-" "Mozilla/5.0 (compatible; SemrushBot/7~bl; +http://www.semrush.com/bot.html)"
85.208.96.200 - - [26/Dec/2025:16:18:40 +0000] "GET /casosvbg/con_est_resumen_prg.php?r=6645453 HTTP/1.1" 404 1251 "-" "Mozilla/5.0 (compatible; SemrushBot/7~bl; +http://www.semrush.com/bot.html)"
85.208.96.212 - - [26/Dec/2025:16:18:43 +0000] "GET /casosvbg/con_est_resumen_gral.php?r=36787081 HTTP/1.1" 404 1251 "-" "Mozilla/5.0 (compatible; SemrushBot/7~bl; +http://www.semrush.com/bot.html)"
85.208.96.212 - - [26/Dec/2025:16:18:48 +0000] "GET /casosvbg/con_est_resumen_prg.php?r=64991961 HTTP/1.1" 404 1251 "-" "Mozilla/5.0 (compatible; SemrushBot/7~bl; +http://www.semrush.com/bot.html)"
185.191.171.15 - - [26/Dec/2025:16:18:49 +0000] "GET /casosvbg/con_est_cruces_var.php?r=75747071 HTTP/1.1" 404 1251 "-" "Mozilla/5.0 (compatible; SemrushBot/7~bl; +http://www.semrush.com/bot.html)"
85.208.96.212 - - [26/Dec/2025:16:18:56 +0000] "GET /casosvbg/con_est_cruces_var.php?r=47926299 HTTP/1.1" 404 1251 "-" "Mozilla/5.0 (compatible; SemrushBot/7~bl; +http://www.semrush.com/bot.html)"
85.208.96.199 - - [26/Dec/2025:16:19:01 +0000] "GET /casosvbg/con_est_resumen_gral.php?r=55848811 HTTP/1.1" 404 1251 "-" "Mozilla/5.0 (compatible; SemrushBot/7~bl; +http://www.semrush.com/bot.html)"
38.255.51.144 - - [26/Dec/2025:16:19:11 +0000] "GET /vendor/phpunit/phpunit/src/Util/PHP/eval-stdin.php HTTP/1.1" 404 1251 "-" "python-requests/2.32.5"
85.208.96.207 - - [26/Dec/2025:16:19:16 +0000] "GET /casosvbg/con_est_resumen_prg.php?r=4828763 HTTP/1.1" 404 1251 "-" "Mozilla/5.0 (compatible; SemrushBot/7~bl; +http://www.semrush.com/bot.html)"
85.208.96.212 - - [26/Dec/2025:16:19:28 +0000] "GET /casosvbg/con_est_resumen_prg.php?r=53428834 HTTP/1.1" 404 1251 "-" "Mozilla/5.0 (compatible; SemrushBot/7~bl; +http://www.semrush.com/bot.html)"
185.191.171.1 - - [26/Dec/2025:16:20:05 +0000] "GET /casosvbg/con_est_cruces_var.php?r=46352013 HTTP/1.1" 404 1251 "-" "Mozilla/5.0 (compatible; SemrushBot/7~bl; +http://www.semrush.com/bot.html)"
85.208.96.201 - - [26/Dec/2025:16:21:06 +0000] "GET /casosvbg/con_est_cruces_var.php?r=99705996 HTTP/1.1" 404 1251 "-" "Mozilla/5.0 (compatible; SemrushBot/7~bl; +http://www.semrush.com/bot.html)"
85.208.96.204 - - [26/Dec/2025:16:21:07 +0000] "GET /casosvbg/con_est_resumen_prg.php?r=68586075 HTTP/1.1" 404 1251 "-" "Mozilla/5.0 (compatible; SemrushBot/7~bl; +http://www.semrush.com/bot.html)"
85.208.96.210 - - [26/Dec/2025:16:21:29 +0000] "GET /casosvbg/con_est_resumen_gral.php?r=32377990 HTTP/1.1" 404 1251 "-" "Mozilla/5.0 (compatible; SemrushBot/7~bl; +http://www.semrush.com/bot.html)"
85.208.96.206 - - [26/Dec/2025:16:21:32 +0000] "GET /casosvbg/con_est_cruces_var.php?r=23130780 HTTP/1.1" 404 1251 "-" "Mozilla/5.0 (compatible; SemrushBot/7~bl; +http://www.semrush.com/bot.html)"
85.208.96.206 - - [26/Dec/2025:16:21:34 +0000] "GET /casosvbg/con_est_cruces_var.php?r=56984371 HTTP/1.1" 404 1251 "-" "Mozilla/5.0 (compatible; SemrushBot/7~bl; +http://www.semrush.com/bot.html)"
85.208.96.210 - - [26/Dec/2025:16:21:36 +0000] "GET /casosvbg/con_est_resumen_prg.php?r=57533433 HTTP/1.1" 404 1251 "-" "Mozilla/5.0 (compatible; SemrushBot/7~bl; +http://www.semrush.com/bot.html)"
85.208.96.200 - - [26/Dec/2025:16:21:40 +0000] "GET /casosvbg/con_est_cruces_varloc.php?r=73408774 HTTP/1.1" 404 1251 "-" "Mozilla/5.0 (compatible; SemrushBot/7~bl; +http://www.semrush.com/bot.html)"
185.191.171.17 - - [26/Dec/2025:16:22:09 +0000] "GET /casosvbg/con_est_cruces_var.php?r=35446610 HTTP/1.1" 404 1251 "-" "Mozilla/5.0 (compatible; SemrushBot/7~bl; +http://www.semrush.com/bot.html)"
85.208.96.194 - - [26/Dec/2025:16:22:55 +0000] "GET /casosvbg/con_est_cruces_var.php?r=17641181 HTTP/1.1" 404 1251 "-" "Mozilla/5.0 (compatible; SemrushBot/7~bl; +http://www.semrush.com/bot.html)"
43.157.82.252 - - [26/Dec/2025:16:23:17 +0000] "GET /wp-includes/ HTTP/1.1" 200 1689 "-" "Mozilla/5.0 (iPhone; CPU iPhone OS 13_2_3 like Mac OS X) AppleWebKit/605.1.15 (KHTML, like Gecko) Version/13.0.3 Mobile/15E148 Safari/604.1"
160.30.137.9 - - [26/Dec/2025:16:23:50 +0000] "GET /wp-login.php HTTP/1.1" 404 1251 "https://wordpress.org/" "Mozilla/5.0 (Macintosh; Intel Mac OS X 13_6_1; rv:121.0) Gecko/20100101 Firefox/121.0"
85.208.96.206 - - [26/Dec/2025:16:23:54 +0000] "GET /casosvbg/con_est_resumen_gral.php?r=46033095 HTTP/1.1" 404 1251 "-" "Mozilla/5.0 (compatible; SemrushBot/7~bl; +http://www.semrush.com/bot.html)"
85.208.96.193 - - [26/Dec/2025:16:23:56 +0000] "GET /casosvbg/con_est_resumen_gral.php?r=35827987 HTTP/1.1" 404 1251 "-" "Mozilla/5.0 (compatible; SemrushBot/7~bl; +http://www.semrush.com/bot.html)"
185.191.171.11 - - [26/Dec/2025:16:24:16 +0000] "GET /casosvbg/con_est_cruces_varloc.php?r=82335022 HTTP/1.1" 404 1251 "-" "Mozilla/5.0 (compatible; SemrushBot/7~bl; +http://www.semrush.com/bot.html)"
185.191.171.17 - - [26/Dec/2025:16:24:40 +0000] "GET /casosvbg/con_est_resumen_prg.php?r=27792187 HTTP/1.1" 404 1251 "-" "Mozilla/5.0 (compatible; SemrushBot/7~bl; +http://www.semrush.com/bot.html)"
185.191.171.6 - - [26/Dec/2025:16:24:55 +0000] "GET /casosvbg/con_est_cruces_var.php?r=11705141 HTTP/1.1" 404 1251 "-" "Mozilla/5.0 (compatible; SemrushBot/7~bl; +http://www.semrush.com/bot.html)"
185.191.171.16 - - [26/Dec/2025:16:25:06 +0000] "GET /casosvbg/con_est_cruces_varloc.php?r=57582626 HTTP/1.1" 404 1251 "-" "Mozilla/5.0 (compatible; SemrushBot/7~bl; +http://www.semrush.com/bot.html)"
185.191.171.5 - - [26/Dec/2025:16:25:22 +0000] "GET /casosvbg/con_est_cruces_var.php?r=18343163 HTTP/1.1" 404 1251 "-" "Mozilla/5.0 (compatible; SemrushBot/7~bl; +http://www.semrush.com/bot.html)"
185.191.171.12 - - [26/Dec/2025:16:25:36 +0000] "GET /casosvbg/con_est_resumen_prg.php?r=36338507 HTTP/1.1" 404 1251 "-" "Mozilla/5.0 (compatible; SemrushBot/7~bl; +http://www.semrush.com/bot.html)"
85.208.96.207 - - [26/Dec/2025:16:25:44 +0000] "GET /casosvbg/con_est_resumen_gral.php?r=99768303 HTTP/1.1" 404 1251 "-" "Mozilla/5.0 (compatible; SemrushBot/7~bl; +http://www.semrush.com/bot.html)"
185.191.171.11 - - [26/Dec/2025:16:26:03 +0000] "GET /casosvbg/con_est_cruces_var.php?r=83330036 HTTP/1.1" 404 1251 "-" "Mozilla/5.0 (compatible; SemrushBot/7~bl; +http://www.semrush.com/bot.html)"
185.191.171.1 - - [26/Dec/2025:16:26:07 +0000] "GET /casosvbg/con_est_resumen_gral.php?r=30972998 HTTP/1.1" 404 1251 "-" "Mozilla/5.0 (compatible; SemrushBot/7~bl; +http://www.semrush.com/bot.html)"
185.191.171.4 - - [26/Dec/2025:16:26:20 +0000] "GET /casosvbg/con_est_resumen_gral.php?r=5735421 HTTP/1.1" 404 1251 "-" "Mozilla/5.0 (compatible; SemrushBot/7~bl; +http://www.semrush.com/bot.html)"
85.208.96.193 - - [26/Dec/2025:16:27:23 +0000] "GET /casosvbg/con_est_cruces_var.php?r=17228122 HTTP/1.1" 404 1251 "-" "Mozilla/5.0 (compatible; SemrushBot/7~bl; +http://www.semrush.com/bot.html)"
85.208.96.208 - - [26/Dec/2025:16:27:24 +0000] "GET /casosvbg/con_est_cruces_var.php?r=72066532 HTTP/1.1" 404 1251 "-" "Mozilla/5.0 (compatible; SemrushBot/7~bl; +http://www.semrush.com/bot.html)"
85.208.96.205 - - [26/Dec/2025:16:27:29 +0000] "GET /casosvbg/con_est_resumen_prg.php?r=73755756 HTTP/1.1" 404 1251 "-" "Mozilla/5.0 (compatible; SemrushBot/7~bl; +http://www.semrush.com/bot.html)"
85.208.96.208 - - [26/Dec/2025:16:28:04 +0000] "GET /casosvbg/con_est_cruces_var.php?r=18265018 HTTP/1.1" 404 1251 "-" "Mozilla/5.0 (compatible; SemrushBot/7~bl; +http://www.semrush.com/bot.html)"
85.208.96.203 - - [26/Dec/2025:16:28:07 +0000] "GET /casosvbg/con_est_resumen_gral.php?r=91645001 HTTP/1.1" 404 1251 "-" "Mozilla/5.0 (compatible; SemrushBot/7~bl; +http://www.semrush.com/bot.html)"
185.191.171.8 - - [26/Dec/2025:16:28:49 +0000] "GET /casosvbg/con_est_cruces_var.php?r=48236698 HTTP/1.1" 404 1251 "-" "Mozilla/5.0 (compatible; SemrushBot/7~bl; +http://www.semrush.com/bot.html)"
85.208.96.205 - - [26/Dec/2025:16:20:50 +0000] "GET /casosvbg/con_est_resumen_prg.php?r=59610587 HTTP/1.1" 404 1251 "-" "Mozilla/5.0 (compatible; SemrushBot/7~bl; +http://www.semrush.com/bot.html)"
85.208.96.206 - - [26/Dec/2025:16:20:55 +0000] "GET /casosvbg/con_est_resumen_prg.php?r=76231547 HTTP/1.1" 404 1251 "-" "Mozilla/5.0 (compatible; SemrushBot/7~bl; +http://www.semrush.com/bot.html)"
185.191.171.1 - - [26/Dec/2025:16:22:04 +0000] "GET /casosvbg/con_est_resumen_prg.php?r=95196583 HTTP/1.1" 404 1251 "-" "Mozilla/5.0 (compatible; SemrushBot/7~bl; +http://www.semrush.com/bot.html)"
185.191.171.3 - - [26/Dec/2025:16:22:50 +0000] "GET /casosvbg/con_est_resumen_gral.php?r=11220848 HTTP/1.1" 404 1251 "-" "Mozilla/5.0 (compatible; SemrushBot/7~bl; +http://www.semrush.com/bot.html)"
185.191.171.12 - - [26/Dec/2025:16:22:53 +0000] "GET /casosvbg/con_est_resumen_gral.php?r=4412134 HTTP/1.1" 404 1251 "-" "Mozilla/5.0 (compatible; SemrushBot/7~bl; +http://www.semrush.com/bot.html)"
85.208.96.201 - - [26/Dec/2025:16:23:07 +0000] "GET /casosvbg/con_est_resumen_gral.php?r=17621177 HTTP/1.1" 404 1251 "-" "Mozilla/5.0 (compatible; SemrushBot/7~bl; +http://www.semrush.com/bot.html)"
185.191.171.10 - - [26/Dec/2025:16:23:14 +0000] "GET /casosvbg/con_est_resumen_gral.php?r=35577136 HTTP/1.1" 404 1251 "-" "Mozilla/5.0 (compatible; SemrushBot/7~bl; +http://www.semrush.com/bot.html)"
185.191.171.18 - - [26/Dec/2025:16:23:26 +0000] "GET /casosvbg/con_est_resumen_prg.php?r=83272092 HTTP/1.1" 404 1251 "-" "Mozilla/5.0 (compatible; SemrushBot/7~bl; +http://www.semrush.com/bot.html)"
185.191.171.16 - - [26/Dec/2025:16:23:28 +0000] "GET /casosvbg/con_est_cruces_var.php?r=10964750 HTTP/1.1" 404 1251 "-" "Mozilla/5.0 (compatible; SemrushBot/7~bl; +http://www.semrush.com/bot.html)"
185.191.171.12 - - [26/Dec/2025:16:23:59 +0000] "GET /casosvbg/con_est_resumen_prg.php?r=78987391 HTTP/1.1" 404 1251 "-" "Mozilla/5.0 (compatible; SemrushBot/7~bl; +http://www.semrush.com/bot.html)"
185.191.171.1 - - [26/Dec/2025:16:24:01 +0000] "GET /casosvbg/con_est_resumen_prg.php?r=22068038 HTTP/1.1" 404 1251 "-" "Mozilla/5.0 (compatible; SemrushBot/7~bl; +http://www.semrush.com/bot.html)"
185.191.171.12 - - [26/Dec/2025:16:24:38 +0000] "GET /casosvbg/con_est_resumen_gral.php?r=44422392 HTTP/1.1" 404 1251 "-" "Mozilla/5.0 (compatible; SemrushBot/7~bl; +http://www.semrush.com/bot.html)"
85.208.96.198 - - [26/Dec/2025:16:24:39 +0000] "GET /casosvbg/con_est_resumen_prg.php?r=28469989 HTTP/1.1" 404 1251 "-" "Mozilla/5.0 (compatible; SemrushBot/7~bl; +http://www.semrush.com/bot.html)"
185.191.171.15 - - [26/Dec/2025:16:25:00 +0000] "GET /casosvbg/con_est_resumen_gral.php?r=43041500 HTTP/1.1" 404 1251 "-" "Mozilla/5.0 (compatible; SemrushBot/7~bl; +http://www.semrush.com/bot.html)"
185.191.171.14 - - [26/Dec/2025:16:26:47 +0000] "GET /casosvbg/con_est_resumen_prg.php?r=47589696 HTTP/1.1" 404 1251 "-" "Mozilla/5.0 (compatible; SemrushBot/7~bl; +http://www.semrush.com/bot.html)"
185.191.171.8 - - [26/Dec/2025:16:26:53 +0000] "GET /casosvbg/con_est_cruces_var.php?r=6451062 HTTP/1.1" 404 1251 "-" "Mozilla/5.0 (compatible; SemrushBot/7~bl; +http://www.semrush.com/bot.html)"
185.191.171.3 - - [26/Dec/2025:16:27:02 +0000] "GET /casosvbg/con_est_cruces_var.php?r=51307037 HTTP/1.1" 404 1251 "-" "Mozilla/5.0 (compatible; SemrushBot/7~bl; +http://www.semrush.com/bot.html)"
85.208.96.202 - - [26/Dec/2025:16:27:09 +0000] "GET /casosvbg/con_est_cruces_var.php?r=46315628 HTTP/1.1" 404 1251 "-" "Mozilla/5.0 (compatible; SemrushBot/7~bl; +http://www.semrush.com/bot.html)"
85.208.96.204 - - [26/Dec/2025:16:27:29 +0000] "GET /casosvbg/con_est_cruces_var.php?r=67627166 HTTP/1.1" 404 1251 "-" "Mozilla/5.0 (compatible; SemrushBot/7~bl; +http://www.semrush.com/bot.html)"
85.208.96.201 - - [26/Dec/2025:16:28:52 +0000] "GET /casosvbg/con_est_resumen_prg.php?r=25550703 HTTP/1.1" 404 1251 "-" "Mozilla/5.0 (compatible; SemrushBot/7~bl; +http://www.semrush.com/bot.html)"
66.249.66.33 - - [26/Dec/2025:16:22:21 +0000] "GET /casosvbg/soporte.php HTTP/1.1" 404 1251 "-" "Mozilla/5.0 (Linux; Android 6.0.1; Nexus 5X Build/MMB29P) AppleWebKit/537.36 (KHTML, like Gecko) Chrome/141.0.7390.122 Mobile Safari/537.36 (compatible; Googlebot/2.1; +http://www.google.com/bot.html)"
185.191.171.17 - - [26/Dec/2025:16:22:53 +0000] "GET /casosvbg/con_est_resumen_prg.php?r=30316027 HTTP/1.1" 404 1251 "-" "Mozilla/5.0 (compatible; SemrushBot/7~bl; +http://www.semrush.com/bot.html)"
185.191.171.2 - - [26/Dec/2025:16:22:54 +0000] "GET /casosvbg/con_est_cruces_var.php?r=50587679 HTTP/1.1" 404 1251 "-" "Mozilla/5.0 (compatible; SemrushBot/7~bl; +http://www.semrush.com/bot.html)"
185.191.171.13 - - [26/Dec/2025:16:22:57 +0000] "GET /casosvbg/con_est_resumen_gral.php?r=93909054 HTTP/1.1" 404 1251 "-" "Mozilla/5.0 (compatible; SemrushBot/7~bl; +http://www.semrush.com/bot.html)"
185.191.171.12 - - [26/Dec/2025:16:23:18 +0000] "GET /casosvbg/con_est_resumen_gral.php?r=29446788 HTTP/1.1" 404 1251 "-" "Mozilla/5.0 (compatible; SemrushBot/7~bl; +http://www.semrush.com/bot.html)"
85.208.96.212 - - [26/Dec/2025:16:23:46 +0000] "GET /casosvbg/con_est_resumen_prg.php?r=21975288 HTTP/1.1" 404 1251 "-" "Mozilla/5.0 (compatible; SemrushBot/7~bl; +http://www.semrush.com/bot.html)"
85.208.96.208 - - [26/Dec/2025:16:24:39 +0000] "GET /casosvbg/con_est_cruces_varloc.php?r=85726941 HTTP/1.1" 404 1251 "-" "Mozilla/5.0 (compatible; SemrushBot/7~bl; +http://www.semrush.com/bot.html)"
185.191.171.10 - - [26/Dec/2025:16:24:41 +0000] "GET /casosvbg/con_est_cruces_var.php?r=9904008 HTTP/1.1" 404 1251 "-" "Mozilla/5.0 (compatible; SemrushBot/7~bl; +http://www.semrush.com/bot.html)"
85.208.96.198 - - [26/Dec/2025:16:25:01 +0000] "GET /casosvbg/con_est_cruces_var.php?r=4979129 HTTP/1.1" 404 1251 "-" "Mozilla/5.0 (compatible; SemrushBot/7~bl; +http://www.semrush.com/bot.html)"
185.191.171.12 - - [26/Dec/2025:16:25:08 +0000] "GET /casosvbg/con_est_cruces_var.php?r=44695214 HTTP/1.1" 404 1251 "-" "Mozilla/5.0 (compatible; SemrushBot/7~bl; +http://www.semrush.com/bot.html)"
185.191.171.14 - - [26/Dec/2025:16:25:11 +0000] "GET /casosvbg/con_est_cruces_var.php?r=8513612 HTTP/1.1" 404 1251 "-" "Mozilla/5.0 (compatible; SemrushBot/7~bl; +http://www.semrush.com/bot.html)"
85.208.96.208 - - [26/Dec/2025:16:25:46 +0000] "GET /casosvbg/con_est_cruces_var.php?r=15314860 HTTP/1.1" 404 1251 "-" "Mozilla/5.0 (compatible; SemrushBot/7~bl; +http://www.semrush.com/bot.html)"
85.208.96.206 - - [26/Dec/2025:16:25:51 +0000] "GET /casosvbg/con_est_resumen_gral.php?r=52510971 HTTP/1.1" 404 1251 "-" "Mozilla/5.0 (compatible; SemrushBot/7~bl; +http://www.semrush.com/bot.html)"
85.208.96.198 - - [26/Dec/2025:16:25:52 +0000] "GET /casosvbg/con_est_resumen_prg.php?r=9726975 HTTP/1.1" 404 1251 "-" "Mozilla/5.0 (compatible; SemrushBot/7~bl; +http://www.semrush.com/bot.html)"
185.191.171.14 - - [26/Dec/2025:16:26:54 +0000] "GET /casosvbg/con_est_resumen_gral.php?r=11698758 HTTP/1.1" 404 1251 "-" "Mozilla/5.0 (compatible; SemrushBot/7~bl; +http://www.semrush.com/bot.html)"
93.158.90.74 - - [26/Dec/2025:16:27:31 +0000] "GET / HTTP/1.1" 200 1456 "-" "Mozilla/5.0 (Android 14; Mobile; rv:123.0) Gecko/123.0 Firefox/123"
85.208.96.211 - - [26/Dec/2025:16:28:07 +0000] "GET /casosvbg/con_est_resumen_gral.php?r=51674951 HTTP/1.1" 404 1251 "-" "Mozilla/5.0 (compatible; SemrushBot/7~bl; +http://www.semrush.com/bot.html)"
185.191.171.2 - - [26/Dec/2025:16:28:42 +0000] "GET /casosvbg/con_est_resumen_prg.php?r=482702188 HTTP/1.1" 404 1251 "-" "Mozilla/5.0 (compatible; SemrushBot/7~bl; +http://www.semrush.com/bot.html)"
185.191.171.8 - - [26/Dec/2025:16:28:48 +0000] "GET /casosvbg/con_est_cruces_var.php?r=18380787 HTTP/1.1" 404 1251 "-" "Mozilla/5.0 (compatible; SemrushBot/7~bl; +http://www.semrush.com/bot.html)"
185.191.171.8 - - [26/Dec/2025:16:28:59 +0000] "GET /casosvbg/con_est_resumen_prg.php?r=81539136 HTTP/1.1" 404 1251 "-" "Mozilla/5.0 (compatible; SemrushBot/7~bl; +http://www.semrush.com/bot.html)"
85.208.96.198 - - [26/Dec/2025:16:29:08 +0000] "GET /casosvbg/con_est_cruces_var.php?r=22439315 HTTP/1.1" 404 1251 "-" "Mozilla/5.0 (compatible; SemrushBot/7~bl; +http://www.semrush.com/bot.html)"
85.208.96.201 - - [26/Dec/2025:16:29:09 +0000] "GET /casosvbg/con_est_resumen_gral.php?r=91482179 HTTP/1.1" 404 1251 "-" "Mozilla/5.0 (compatible; SemrushBot/7~bl; +http://www.semrush.com/bot.html)"
85.208.96.208 - - [26/Dec/2025:16:29:16 +0000] "GET /casosvbg/con_est_resumen_prg.php?r=2948895 HTTP/1.1" 404 1251 "-" "Mozilla/5.0 (compatible; SemrushBot/7~bl; +http://www.semrush.com/bot.html)"
185.191.171.6 - - [26/Dec/2025:16:29:17 +0000] "GET /casosvbg/con_est_cruces_varloc.php?r=74310875 HTTP/1.1" 404 1251 "-" "Mozilla/5.0 (compatible; SemrushBot/7~bl; +http://www.semrush.com/bot.html)"
85.208.96.207 - - [26/Dec/2025:16:29:31 +0000] "GET /casosvbg/con_est_resumen_prg.php?r=42249844 HTTP/1.1" 404 1251 "-" "Mozilla/5.0 (compatible; SemrushBot/7~bl; +http://www.semrush.com/bot.html)"
85.208.96.207 - - [26/Dec/2025:16:29:39 +0000] "GET /casosvbg/con_est_resumen_gral.php?r=1590222 HTTP/1.1" 404 1251 "-" "Mozilla/5.0 (compatible; SemrushBot/7~bl; +http://www.semrush.com/bot.html)"
185.191.171.13 - - [26/Dec/2025:16:29:52 +0000] "GET /casosvbg/con_est_cruces_varloc.php?r=99166008 HTTP/1.1" 404 1251 "-" "Mozilla/5.0 (compatible; SemrushBot/7~bl; +http://www.semrush.com/bot.html)"
85.208.96.199 - - [26/Dec/2025:16:30:13 +0000] "GET /casosvbg/con_est_resumen_gral.php?r=75180460 HTTP/1.1" 404 1251 "-" "Mozilla/5.0 (compatible; SemrushBot/7~bl; +http://www.semrush.com/bot.html)"
85.208.96.203 - - [26/Dec/2025:16:30:53 +0000] "GET /casosvbg/con_est_resumen_prg.php?r=93602144 HTTP/1.1" 404 1251 "-" "Mozilla/5.0 (compatible; SemrushBot/7~bl; +http://www.semrush.com/bot.html)"
85.208.96.199 - - [26/Dec/2025:16:31:00 +0000] "GET /casosvbg/con_est_resumen_prg.php?r=27774966 HTTP/1.1" 404 1251 "-" "Mozilla/5.0 (compatible; SemrushBot/7~bl; +http://www.semrush.com/bot.html)"
185.191.171.7 - - [26/Dec/2025:16:31:30 +0000] "GET /casosvbg/con_est_resumen_gral.php?r=39874918 HTTP/1.1" 404 1251 "-" "Mozilla/5.0 (compatible; SemrushBot/7~bl; +http://www.semrush.com/bot.html)"
185.191.171.4 - - [26/Dec/2025:16:31:39 +0000] "GET /casosvbg/con_est_resumen_gral.php?r=94674813 HTTP/1.1" 404 1251 "-" "Mozilla/5.0 (compatible; SemrushBot/7~bl; +http://www.semrush.com/bot.html)"
85.208.96.202 - - [26/Dec/2025:16:32:51 +0000] "GET /casosvbg/con_est_cruces_var.php?r=17064004 HTTP/1.1" 404 1251 "-" "Mozilla/5.0 (compatible; SemrushBot/7~bl; +http://www.semrush.com/bot.html)"
85.208.96.200 - - [26/Dec/2025:16:32:58 +0000] "GET /casosvbg/con_est_cruces_var.php?r=29427929 HTTP/1.1" 404 1251 "-" "Mozilla/5.0 (compatible; SemrushBot/7~bl; +http://www.semrush.com/bot.html)"
85.208.96.196 - - [26/Dec/2025:16:33:06 +0000] "GET /casosvbg/con_est_cruces_var.php?r=9666155 HTTP/1.1" 404 1251 "-" "Mozilla/5.0 (compatible; SemrushBot/7~bl; +http://www.semrush.com/bot.html)"
185.191.171.7 - - [26/Dec/2025:16:33:13 +0000] "GET /casosvbg/con_est_cruces_varloc.php?r=38637748 HTTP/1.1" 404 1251 "-" "Mozilla/5.0 (compatible; SemrushBot/7~bl; +http://www.semrush.com/bot.html)"
85.208.96.199 - - [26/Dec/2025:16:33:17 +0000] "GET /casosvbg/con_est_cruces_var.php?r=44694294 HTTP/1.1" 404 1251 "-" "Mozilla/5.0 (compatible; SemrushBot/7~bl; +http://www.semrush.com/bot.html)"
185.191.171.17 - - [26/Dec/2025:16:33:38 +0000] "GET /casosvbg/con_est_resumen_gral.php?r=30171984 HTTP/1.1" 404 1251 "-" "Mozilla/5.0 (compatible; SemrushBot/7~bl; +http://www.semrush.com/bot.html)"
185.191.171.17 - - [26/Dec/2025:16:33:50 +0000] "GET /casosvbg/con_est_resumen_prg.php?r=10168593 HTTP/1.1" 404 1251 "-" "Mozilla/5.0 (compatible; SemrushBot/7~bl; +http://www.semrush.com/bot.html)"
85.208.96.210 - - [26/Dec/2025:16:34:07 +0000] "GET /casosvbg/con_est_resumen_prg.php?r=80844091 HTTP/1.1" 404 1251 "-" "Mozilla/5.0 (compatible; SemrushBot/7~bl; +http://www.semrush.com/bot.html)"
85.208.96.193 - - [26/Dec/2025:16:29:04 +0000] "GET /casosvbg/con_est_cruces_var.php?r=60426292 HTTP/1.1" 404 1251 "-" "Mozilla/5.0 (compatible; SemrushBot/7~bl; +http://www.semrush.com/bot.html)"
85.208.96.196 - - [26/Dec/2025:16:29:15 +0000] "GET /casosvbg/con_est_cruces_varloc.php?r=63704718 HTTP/1.1" 404 1251 "-" "Mozilla/5.0 (compatible; SemrushBot/7~bl; +http://www.semrush.com/bot.html)"
185.191.171.19 - - [26/Dec/2025:16:29:45 +0000] "GET /casosvbg/con_est_resumen_gral.php?r=97686362 HTTP/1.1" 404 1251 "-" "Mozilla/5.0 (compatible; SemrushBot/7~bl; +http://www.semrush.com/bot.html)"
185.191.171.10 - - [26/Dec/2025:16:29:57 +0000] "GET /casosvbg/con_est_resumen_prg.php?r=15750887 HTTP/1.1" 404 1251 "-" "Mozilla/5.0 (compatible; SemrushBot/7~bl; +http://www.semrush.com/bot.html)"
85.208.96.204 - - [26/Dec/2025:16:30:16 +0000] "GET /casosvbg/con_est_cruces_var.php?r=25590219 HTTP/1.1" 404 1251 "-" "Mozilla/5.0 (compatible; SemrushBot/7~bl; +http://www.semrush.com/bot.html)"
85.208.96.199 - - [26/Dec/2025:16:30:57 +0000] "GET /casosvbg/con_est_resumen_gral.php?r=10499790 HTTP/1.1" 404 1251 "-" "Mozilla/5.0 (compatible; SemrushBot/7~bl; +http://www.semrush.com/bot.html)"
185.191.171.13 - - [26/Dec/2025:16:31:39 +0000] "GET /casosvbg/con_est_resumen_gral.php?r=40629388 HTTP/1.1" 404 1251 "-" "Mozilla/5.0 (compatible; SemrushBot/7~bl; +http://www.semrush.com/bot.html)"
85.208.96.201 - - [26/Dec/2025:16:31:41 +0000] "GET /casosvbg/con_est_cruces_varloc.php?r=3686510 HTTP/1.1" 404 1251 "-" "Mozilla/5.0 (compatible; SemrushBot/7~bl; +http://www.semrush.com/bot.html)"
185.191.171.3 - - [26/Dec/2025:16:32:10 +0000] "GET /casosvbg/con_est_resumen_gral.php?r=10037170 HTTP/1.1" 404 1251 "-" "Mozilla/5.0 (compatible; SemrushBot/7~bl; +http://www.semrush.com/bot.html)"
185.191.171.10 - - [26/Dec/2025:16:32:17 +0000] "GET /casosvbg/con_est_resumen_prg.php?r=332786408 HTTP/1.1" 404 1251 "-" "Mozilla/5.0 (compatible; SemrushBot/7~bl; +http://www.semrush.com/bot.html)"
85.208.96.197 - - [26/Dec/2025:16:32:28 +0000] "GET /casosvbg/con_est_resumen_gral.php?r=73974641 HTTP/1.1" 404 1251 "-" "Mozilla/5.0 (compatible; SemrushBot/7~bl; +http://www.semrush.com/bot.html)"
185.191.171.18 - - [26/Dec/2025:16:32:42 +0000] "GET /casosvbg/con_est_cruces_varloc.php?r=67613220 HTTP/1.1" 404 1251 "-" "Mozilla/5.0 (compatible; SemrushBot/7~bl; +http://www.semrush.com/bot.html)"
185.191.171.11 - - [26/Dec/2025:16:33:22 +0000] "GET /casosvbg/con_est_resumen_gral.php?r=97436647 HTTP/1.1" 404 1251 "-" "Mozilla/5.0 (compatible; SemrushBot/7~bl; +http://www.semrush.com/bot.html)"
66.249.66.2 - - [26/Dec/2025:16:33:28 +0000] "GET /2020/esta-cuarentena-no-estas-sola/feed/ HTTP/1.1" 404 1251 "-" "Mozilla/5.0 (Linux; Android 6.0.1; Nexus 5X Build/MMB29P) AppleWebKit/537.36 (KHTML, like Gecko) Chrome/141.0.7390.122 Mobile Safari/537.36 (compatible; Googlebot/2.1; +http://www.google.com/bot.html)"
185.191.171.13 - - [26/Dec/2025:16:33:30 +0000] "GET /casosvbg/con_est_resumen_gral.php?r=71252009 HTTP/1.1" 404 1251 "-" "Mozilla/5.0 (compatible; SemrushBot/7~bl; +http://www.semrush.com/bot.html)"
85.208.96.199 - - [26/Dec/2025:16:33:49 +0000] "GET /casosvbg/con_est_cruces_var.php?r=64189658 HTTP/1.1" 404 1251 "-" "Mozilla/5.0 (compatible; SemrushBot/7~bl; +http://www.semrush.com/bot.html)"
85.208.96.207 - - [26/Dec/2025:16:33:55 +0000] "GET /casosvbg/con_est_cruces_var.php?r=21619096 HTTP/1.1" 404 1251 "-" "Mozilla/5.0 (compatible; SemrushBot/7~bl; +http://www.semrush.com/bot.html)"
85.208.96.201 - - [26/Dec/2025:16:34:01 +0000] "GET /casosvbg/con_est_resumen_gral.php?r=62163805 HTTP/1.1" 404 1251 "-" "Mozilla/5.0 (compatible; SemrushBot/7~bl; +http://www.semrush.com/bot.html)"
185.191.171.17 - - [26/Dec/2025:16:34:17 +0000] "GET /casosvbg/con_est_resumen_prg.php?r=56784193 HTTP/1.1" 404 1251 "-" "Mozilla/5.0 (compatible; SemrushBot/7~bl; +http://www.semrush.com/bot.html)"
185.191.171.8 - - [26/Dec/2025:16:28:51 +0000] "GET /casosvbg/con_est_resumen_prg.php?r=86835795 HTTP/1.1" 404 1251 "-" "Mozilla/5.0 (compatible; SemrushBot/7~bl; +http://www.semrush.com/bot.html)"
185.191.171.14 - - [26/Dec/2025:16:29:12 +0000] "GET /casosvbg/con_est_resumen_gral.php?r=31328764 HTTP/1.1" 404 1251 "-" "Mozilla/5.0 (compatible; SemrushBot/7~bl; +http://www.semrush.com/bot.html)"
85.208.96.196 - - [26/Dec/2025:16:29:19 +0000] "GET /casosvbg/con_est_resumen_gral.php?r=35250664 HTTP/1.1" 404 1251 "-" "Mozilla/5.0 (compatible; SemrushBot/7~bl; +http://www.semrush.com/bot.html)"
85.208.96.199 - - [26/Dec/2025:16:29:30 +0000] "GET /casosvbg/con_est_cruces_varloc.php?r=78993623 HTTP/1.1" 404 1251 "-" "Mozilla/5.0 (compatible; SemrushBot/7~bl; +http://www.semrush.com/bot.html)"
85.208.96.199 - - [26/Dec/2025:16:29:55 +0000] "GET /casosvbg/con_est_cruces_var.php?r=71426349 HTTP/1.1" 404 1251 "-" "Mozilla/5.0 (compatible; SemrushBot/7~bl; +http://www.semrush.com/bot.html)"
185.191.171.12 - - [26/Dec/2025:16:30:16 +0000] "GET /casosvbg/con_est_resumen_prg.php?r=69681821 HTTP/1.1" 404 1251 "-" "Mozilla/5.0 (compatible; SemrushBot/7~bl; +http://www.semrush.com/bot.html)"
85.208.96.210 - - [26/Dec/2025:16:30:24 +0000] "GET /casosvbg/con_est_resumen_gral.php?r=86322503 HTTP/1.1" 404 1251 "-" "Mozilla/5.0 (compatible; SemrushBot/7~bl; +http://www.semrush.com/bot.html)"
185.191.171.9 - - [26/Dec/2025:16:30:56 +0000] "GET /casosvbg/con_est_resumen_gral.php?r=33682511 HTTP/1.1" 404 1251 "-" "Mozilla/5.0 (compatible; SemrushBot/7~bl; +http://www.semrush.com/bot.html)"
85.208.96.208 - - [26/Dec/2025:16:31:05 +0000] "GET /casosvbg/con_est_cruces_var.php?r=58484364 HTTP/1.1" 404 1251 "-" "Mozilla/5.0 (compatible; SemrushBot/7~bl; +http://www.semrush.com/bot.html)"
85.208.96.211 - - [26/Dec/2025:16:32:03 +0000] "GET /casosvbg/con_est_resumen_gral.php?r=92666765 HTTP/1.1" 404 1251 "-" "Mozilla/5.0 (compatible; SemrushBot/7~bl; +http://www.semrush.com/bot.html)"
185.191.171.18 - - [26/Dec/2025:16:32:56 +0000] "GET /casosvbg/con_est_cruces_var.php?r=55872761 HTTP/1.1" 404 1251 "-" "Mozilla/5.0 (compatible; SemrushBot/7~bl; +http://www.semrush.com/bot.html)"
85.208.96.199 - - [26/Dec/2025:16:33:15 +0000] "GET /casosvbg/con_est_cruces_var.php?r=10803878 HTTP/1.1" 404 1251 "-" "Mozilla/5.0 (compatible; SemrushBot/7~bl; +http://www.semrush.com/bot.html)"
185.191.171.11 - - [26/Dec/2025:16:33:17 +0000] "GET /casosvbg/con_est_resumen_gral.php?r=51408336 HTTP/1.1" 404 1251 "-" "Mozilla/5.0 (compatible; SemrushBot/7~bl; +http://www.semrush.com/bot.html)"
185.191.171.13 - - [26/Dec/2025:16:33:28 +0000] "GET /casosvbg/con_est_cruces_var.php?r=77407140 HTTP/1.1" 404 1251 "-" "Mozilla/5.0 (compatible; SemrushBot/7~bl; +http://www.semrush.com/bot.html)"
185.191.171.13 - - [26/Dec/2025:16:33:34 +0000] "GET /casosvbg/con_est_resumen_gral.php?r=1846006 HTTP/1.1" 404 1251 "-" "Mozilla/5.0 (compatible; SemrushBot/7~bl; +http://www.semrush.com/bot.html)"
185.191.171.12 - - [26/Dec/2025:16:34:02 +0000] "GET /casosvbg/con_est_resumen_prg.php?r=82616017 HTTP/1.1" 404 1251 "-" "Mozilla/5.0 (compatible; SemrushBot/7~bl; +http://www.semrush.com/bot.html)"
185.191.171.13 - - [26/Dec/2025:16:34:17 +0000] "GET /casosvbg/con_est_cruces_var.php?r=4493078 HTTP/1.1" 404 1251 "-" "Mozilla/5.0 (compatible; SemrushBot/7~bl; +http://www.semrush.com/bot.html)"
85.208.96.195 - - [26/Dec/2025:16:34:34 +0000] "GET /casosvbg/con_est_cruces_var.php?r=73408349 HTTP/1.1" 404 1251 "-" "Mozilla/5.0 (compatible; SemrushBot/7~bl; +http://www.semrush.com/bot.html)"
185.191.171.7 - - [26/Dec/2025:16:34:34 +0000] "GET /casosvbg/con_est_resumen_prg.php?r=28748256 HTTP/1.1" 404 1251 "-" "Mozilla/5.0 (compatible; SemrushBot/7~bl; +http://www.semrush.com/bot.html)"
144.76.32.117 - - [26/Dec/2025:16:34:46 +0000] "GET /casosvbg/con_est_cruces_var.php?r=346936625 HTTP/1.1" 404 1251 "-" "Mozilla/5.0 (compatible; SERankingBacklinksBot/1.0; +https://seranking.com/backlinks-crawler)"
185.191.171.7 - - [26/Dec/2025:16:34:59 +0000] "GET /casosvbg/con_est_resumen_prg.php?r=61819857 HTTP/1.1" 404 1251 "-" "Mozilla/5.0 (compatible; SemrushBot/7~bl; +http://www.semrush.com/bot.html)"
185.191.171.10 - - [26/Dec/2025:16:35:08 +0000] "GET /casosvbg/con_est_cruces_var.php?r=18522815 HTTP/1.1" 404 1251 "-" "Mozilla/5.0 (compatible; SemrushBot/7~bl; +http://www.semrush.com/bot.html)"
85.208.96.202 - - [26/Dec/2025:16:35:47 +0000] "GET /casosvbg/con_est_resumen_gral.php?r=85151813 HTTP/1.1" 404 1251 "-" "Mozilla/5.0 (compatible; SemrushBot/7~bl; +http://www.semrush.com/bot.html)"
85.208.96.210 - - [26/Dec/2025:16:36:18 +0000] "GET /casosvbg/con_est_cruces_varloc.php?r=42162326 HTTP/1.1" 404 1251 "-" "Mozilla/5.0 (compatible; SemrushBot/7~bl; +http://www.semrush.com/bot.html)"
85.208.96.205 - - [26/Dec/2025:16:37:11 +0000] "GET /casosvbg/con_est_resumen_prg.php?r=46694150 HTTP/1.1" 404 1251 "-" "Mozilla/5.0 (compatible; SemrushBot/7~bl; +http://www.semrush.com/bot.html)"
85.208.96.208 - - [26/Dec/2025:16:37:24 +0000] "GET /casosvbg/con_est_resumen_prg.php?r=82995282 HTTP/1.1" 404 1251 "-" "Mozilla/5.0 (compatible; SemrushBot/7~bl; +http://www.semrush.com/bot.html)"
85.208.96.212 - - [26/Dec/2025:16:37:30 +0000] "GET /casosvbg/con_est_cruces_var.php?r=18175013 HTTP/1.1" 404 1251 "-" "Mozilla/5.0 (compatible; SemrushBot/7~bl; +http://www.semrush.com/bot.html)"
185.191.171.10 - - [26/Dec/2025:16:37:31 +0000] "GET /casosvbg/con_est_cruces_var.php?r=54599748 HTTP/1.1" 404 1251 "-" "Mozilla/5.0 (compatible; SemrushBot/7~bl; +http://www.semrush.com/bot.html)"
85.208.96.195 - - [26/Dec/2025:16:37:37 +0000] "GET /casosvbg/con_est_resumen_gral.php?r=83657096 HTTP/1.1" 404 1251 "-" "Mozilla/5.0 (compatible; SemrushBot/7~bl; +http://www.semrush.com/bot.html)"
85.208.96.210 - - [26/Dec/2025:16:37:45 +0000] "GET /casosvbg/con_est_cruces_var.php?r=60769866 HTTP/1.1" 404 1251 "-" "Mozilla/5.0 (compatible; SemrushBot/7~bl; +http://www.semrush.com/bot.html)"
85.208.96.208 - - [26/Dec/2025:16:37:56 +0000] "GET /casosvbg/con_est_resumen_gral.php?r=58684364 HTTP/1.1" 404 1251 "-" "Mozilla/5.0 (compatible; SemrushBot/7~bl; +http://www.semrush.com/bot.html)"
85.208.96.208 - - [26/Dec/2025:16:38:08 +0000] "GET /casosvbg/con_est_cruces_var.php?r=56071333 HTTP/1.1" 404 1251 "-" "Mozilla/5.0 (compatible; SemrushBot/7~bl; +http://www.semrush.com/bot.html)"
85.208.96.210 - - [26/Dec/2025:16:38:20 +0000] "GET /casosvbg/con_est_resumen_prg.php?r=44973873 HTTP/1.1" 404 1251 "-" "Mozilla/5.0 (compatible; SemrushBot/7~bl; +http://www.semrush.com/bot.html)"
85.208.96.208 - - [26/Dec/2025:16:39:08 +0000] "GET /casosvbg/con_est_resumen_prg.php?r=62818240 HTTP/1.1" 404 1251 "-" "Mozilla/5.0 (compatible; SemrushBot/7~bl; +http://www.semrush.com/bot.html)"
85.208.96.206 - - [26/Dec/2025:16:39:12 +0000] "GET /casosvbg/con_est_resumen_gral.php?r=42118369 HTTP/1.1" 404 1251 "-" "Mozilla/5.0 (compatible; SemrushBot/7~bl; +http://www.semrush.com/bot.html)"
185.191.171.10 - - [26/Dec/2025:16:39:39 +0000] "GET /casosvbg/con_est_cruces_varloc.php?r=8904833 HTTP/1.1" 404 1251 "-" "Mozilla/5.0 (compatible; SemrushBot/7~bl; +http://www.semrush.com/bot.html)"
185.191.171.9 - - [26/Dec/2025:16:39:48 +0000] "GET /casosvbg/con_est_resumen_prg.php?r=53864392 HTTP/1.1" 404 1251 "-" "Mozilla/5.0 (compatible; SemrushBot/7~bl; +http://www.semrush.com/bot.html)"
85.208.96.211 - - [26/Dec/2025:16:39:57 +0000] "GET /casosvbg/con_est_cruces_var.php?r=75610971 HTTP/1.1" 404 1251 "-" "Mozilla/5.0 (compatible; SemrushBot/7~bl; +http://www.semrush.com/bot.html)"
185.191.171.15 - - [26/Dec/2025:16:40:01 +0000] "GET /casosvbg/con_est_resumen_prg.php?r=17294086 HTTP/1.1" 404 1251 "-" "Mozilla/5.0 (compatible; SemrushBot/7~bl; +http://www.semrush.com/bot.html)"
85.208.96.199 - - [26/Dec/2025:16:40:49 +0000] "GET /casosvbg/con_est_resumen_prg.php?r=40522882 HTTP/1.1" 404 1251 "-" "Mozilla/5.0 (compatible; SemrushBot/7~bl; +http://www.semrush.com/bot.html)"
85.208.96.193 - - [26/Dec/2025:16:35:18 +0000] "GET /casosvbg/con_est_resumen_gral.php?r=57079208 HTTP/1.1" 404 1251 "-" "Mozilla/5.0 (compatible; SemrushBot/7~bl; +http://www.semrush.com/bot.html)"
185.191.171.18 - - [26/Dec/2025:16:35:46 +0000] "GET /robots.txt HTTP/1.1" 404 1251 "-" "Mozilla/5.0 (compatible; SemrushBot/7~bl; +http://www.semrush.com/bot.html)"
85.208.96.195 - - [26/Dec/2025:16:35:50 +0000] "GET /casosvbg/con_est_resumen_prg.php?r=4546486 HTTP/1.1" 404 1251 "-" "Mozilla/5.0 (compatible; SemrushBot/7~bl; +http://www.semrush.com/bot.html)"
185.191.171.2 - - [26/Dec/2025:16:36:11 +0000] "GET /casosvbg/con_est_cruces_var.php?r=68769903 HTTP/1.1" 404 1251 "-" "Mozilla/5.0 (compatible; SemrushBot/7~bl; +http://www.semrush.com/bot.html)"
185.191.171.12 - - [26/Dec/2025:16:36:43 +0000] "GET /casosvbg/con_est_cruces_var.php?r=80518225 HTTP/1.1" 404 1251 "-" "Mozilla/5.0 (compatible; SemrushBot/7~bl; +http://www.semrush.com/bot.html)"
185.191.171.18 - - [26/Dec/2025:16:36:44 +0000] "GET /casosvbg/con_est_resumen_gral.php?r=68123468 HTTP/1.1" 404 1251 "-" "Mozilla/5.0 (compatible; SemrushBot/7~bl; +http://www.semrush.com/bot.html)"
85.208.96.210 - - [26/Dec/2025:16:37:04 +0000] "GET /casosvbg/con_est_cruces_var.php?r=38098723 HTTP/1.1" 404 1251 "-" "Mozilla/5.0 (compatible; SemrushBot/7~bl; +http://www.semrush.com/bot.html)"
85.208.96.193 - - [26/Dec/2025:16:37:05 +0000] "GET /robots.txt HTTP/1.1" 404 1251 "-" "Mozilla/5.0 (compatible; SemrushBot/7~bl; +http://www.semrush.com/bot.html)"
185.191.171.15 - - [26/Dec/2025:16:37:06 +0000] "GET /casosvbg/con_est_resumen_gral.php?r=18023432 HTTP/1.1" 404 1251 "-" "Mozilla/5.0 (compatible; SemrushBot/7~bl; +http://www.semrush.com/bot.html)"
185.191.171.14 - - [26/Dec/2025:16:37:07 +0000] "GET /casosvbg/con_est_resumen_prg.php?r=90328121 HTTP/1.1" 404 1251 "-" "Mozilla/5.0 (compatible; SemrushBot/7~bl; +http://www.semrush.com/bot.html)"
85.208.96.197 - - [26/Dec/2025:16:37:18 +0000] "GET /casosvbg/con_est_resumen_gral.php?r=44252240 HTTP/1.1" 404 1251 "-" "Mozilla/5.0 (compatible; SemrushBot/7~bl; +http://www.semrush.com/bot.html)"
85.208.96.198 - - [26/Dec/2025:16:37:27 +0000] "GET /casosvbg/con_est_resumen_prg.php?r=96311685 HTTP/1.1" 404 1251 "-" "Mozilla/5.0 (compatible; SemrushBot/7~bl; +http://www.semrush.com/bot.html)"
85.208.96.210 - - [26/Dec/2025:16:37:45 +0000] "GET /casosvbg/con_est_cruces_var.php?r=67418632 HTTP/1.1" 404 1251 "-" "Mozilla/5.0 (compatible; SemrushBot/7~bl; +http://www.semrush.com/bot.html)"
85.208.96.197 - - [26/Dec/2025:16:37:55 +0000] "GET /casosvbg/con_est_resumen_prg.php?r=29278022 HTTP/1.1" 404 1251 "-" "Mozilla/5.0 (compatible; SemrushBot/7~bl; +http://www.semrush.com/bot.html)"
85.208.96.211 - - [26/Dec/2025:16:38:05 +0000] "GET /casosvbg/con_est_cruces_varloc.php?r=91188790 HTTP/1.1" 404 1251 "-" "Mozilla/5.0 (compatible; SemrushBot/7~bl; +http://www.semrush.com/bot.html)"
185.191.171.10 - - [26/Dec/2025:16:38:59 +0000] "GET /casosvbg/con_est_resumen_prg.php?r=21775051 HTTP/1.1" 404 1251 "-" "Mozilla/5.0 (compatible; SemrushBot/7~bl; +http://www.semrush.com/bot.html)"
85.208.96.200 - - [26/Dec/2025:16:40:04 +0000] "GET /casosvbg/con_est_resumen_gral.php?r=31510169 HTTP/1.1" 404 1251 "-" "Mozilla/5.0 (compatible; SemrushBot/7~bl; +http://www.semrush.com/bot.html)"
85.208.96.201 - - [26/Dec/2025:16:40:14 +0000] "GET /casosvbg/con_est_cruces_var.php?r=77938477 HTTP/1.1" 404 1251 "-" "Mozilla/5.0 (compatible; SemrushBot/7~bl; +http://www.semrush.com/bot.html)"
185.191.171.10 - - [26/Dec/2025:16:40:56 +0000] "GET /casosvbg/con_est_cruces_varloc.php?r=99204569 HTTP/1.1" 404 1251 "-" "Mozilla/5.0 (compatible; SemrushBot/7~bl; +http://www.semrush.com/bot.html)"
85.208.96.201 - - [26/Dec/2025:16:41:21 +0000] "GET /casosvbg/con_est_cruces_var.php?r=27694992 HTTP/1.1" 404 1251 "-" "Mozilla/5.0 (compatible; SemrushBot/7~bl; +http://www.semrush.com/bot.html)"
185.191.171.13 - - [26/Dec/2025:16:35:04 +0000] "GET /casosvbg/con_est_resumen_gral.php?r=44317316 HTTP/1.1" 404 1251 "-" "Mozilla/5.0 (compatible; SemrushBot/7~bl; +http://www.semrush.com/bot.html)"
185.191.171.7 - - [26/Dec/2025:16:35:22 +0000] "GET /casosvbg/con_est_resumen_prg.php?r=10339375 HTTP/1.1" 404 1251 "-" "Mozilla/5.0 (compatible; SemrushBot/7~bl; +http://www.semrush.com/bot.html)"
85.208.96.201 - - [26/Dec/2025:16:35:48 +0000] "GET /casosvbg/con_est_cruces_var.php?r=45081175 HTTP/1.1" 404 1251 "-" "Mozilla/5.0 (compatible; SemrushBot/7~bl; +http://www.semrush.com/bot.html)"
185.191.171.19 - - [26/Dec/2025:16:36:14 +0000] "GET /casosvbg/con_est_cruces_var.php?r=65552314 HTTP/1.1" 404 1251 "-" "Mozilla/5.0 (compatible; SemrushBot/7~bl; +http://www.semrush.com/bot.html)"
185.191.171.7 - - [26/Dec/2025:16:37:38 +0000] "GET /casosvbg/con_est_resumen_gral.php?r=25940881 HTTP/1.1" 404 1251 "-" "Mozilla/5.0 (compatible; SemrushBot/7~bl; +http://www.semrush.com/bot.html)"
85.208.96.197 - - [26/Dec/2025:16:38:06 +0000] "GET /casosvbg/con_est_cruces_var.php?r=5846110 HTTP/1.1" 404 1251 "-" "Mozilla/5.0 (compatible; SemrushBot/7~bl; +http://www.semrush.com/bot.html)"
85.208.96.208 - - [26/Dec/2025:16:38:33 +0000] "GET /casosvbg/con_est_cruces_varloc.php?r=12745707 HTTP/1.1" 404 1251 "-" "Mozilla/5.0 (compatible; SemrushBot/7~bl; +http://www.semrush.com/bot.html)"
185.191.171.14 - - [26/Dec/2025:16:38:34 +0000] "GET /casosvbg/con_est_resumen_gral.php?r=52642602 HTTP/1.1" 404 1251 "-" "Mozilla/5.0 (compatible; SemrushBot/7~bl; +http://www.semrush.com/bot.html)"
85.208.96.207 - - [26/Dec/2025:16:38:44 +0000] "GET /casosvbg/con_est_cruces_var.php?r=40948883 HTTP/1.1" 404 1251 "-" "Mozilla/5.0 (compatible; SemrushBot/7~bl; +http://www.semrush.com/bot.html)"
85.208.96.207 - - [26/Dec/2025:16:39:25 +0000] "GET /casosvbg/con_est_resumen_prg.php?r=25398806 HTTP/1.1" 404 1251 "-" "Mozilla/5.0 (compatible; SemrushBot/7~bl; +http://www.semrush.com/bot.html)"
185.191.171.14 - - [26/Dec/2025:16:39:33 +0000] "GET /casosvbg/con_est_resumen_gral.php?r=84693612 HTTP/1.1" 404 1251 "-" "Mozilla/5.0 (compatible; SemrushBot/7~bl; +http://www.semrush.com/bot.html)"
185.191.171.17 - - [26/Dec/2025:16:39:53 +0000] "GET /casosvbg/con_est_cruces_var.php?r=66936600 HTTP/1.1" 404 1251 "-" "Mozilla/5.0 (compatible; SemrushBot/7~bl; +http://www.semrush.com/bot.html)"
85.208.96.211 - - [26/Dec/2025:16:40:24 +0000] "GET /casosvbg/con_est_resumen_gral.php?r=28696513 HTTP/1.1" 404 1251 "-" "Mozilla/5.0 (compatible; SemrushBot/7~bl; +http://www.semrush.com/bot.html)"
85.208.96.208 - - [26/Dec/2025:16:41:04 +0000] "GET /casosvbg/con_est_cruces_var.php?r=71771920 HTTP/1.1" 404 1251 "-" "Mozilla/5.0 (compatible; SemrushBot/7~bl; +http://www.semrush.com/bot.html)"
185.191.171.9 - - [26/Dec/2025:16:41:05 +0000] "GET /casosvbg/con_est_cruces_varloc.php?r=11897502 HTTP/1.1" 404 1251 "-" "Mozilla/5.0 (compatible; SemrushBot/7~bl; +http://www.semrush.com/bot.html)"
185.191.171.6 - - [26/Dec/2025:16:41:14 +0000] "GET /casosvbg/con_est_resumen_gral.php?r=82102753 HTTP/1.1" 404 1251 "-" "Mozilla/5.0 (compatible; SemrushBot/7~bl; +http://www.semrush.com/bot.html)"
85.208.96.211 - - [26/Dec/2025:16:41:20 +0000] "GET /casosvbg/con_est_cruces_var.php?r=98189998 HTTP/1.1" 404 1251 "-" "Mozilla/5.0 (compatible; SemrushBot/7~bl; +http://www.semrush.com/bot.html)"
85.208.96.206 - - [26/Dec/2025:16:41:26 +0000] "GET /casosvbg/con_est_resumen_prg.php?r=98908886 HTTP/1.1" 404 1251 "-" "Mozilla/5.0 (compatible; SemrushBot/7~bl; +http://www.semrush.com/bot.html)"
185.191.171.9 - - [26/Dec/2025:16:41:52 +0000] "GET /casosvbg/con_est_cruces_var.php?r=22197574 HTTP/1.1" 404 1251 "-" "Mozilla/5.0 (compatible; SemrushBot/7~bl; +http://www.semrush.com/bot.html)"
85.208.96.203 - - [26/Dec/2025:16:42:10 +0000] "GET /casosvbg/con_est_cruces_var.php?r=25026663 HTTP/1.1" 404 1251 "-" "Mozilla/5.0 (compatible; SemrushBot/7~bl; +http://www.semrush.com/bot.html)"
85.208.96.208 - - [26/Dec/2025:16:41:43 +0000] "GET /casosvbg/con_est_resumen_prg.php?r=40298927 HTTP/1.1" 404 1251 "-" "Mozilla/5.0 (compatible; SemrushBot/7~bl; +http://www.semrush.com/bot.html)"
85.208.96.202 - - [26/Dec/2025:16:41:47 +0000] "GET /casosvbg/con_est_resumen_prg.php?r=76024556 HTTP/1.1" 404 1251 "-" "Mozilla/5.0 (compatible; SemrushBot/7~bl; +http://www.semrush.com/bot.html)"
85.208.96.194 - - [26/Dec/2025:16:41:47 +0000] "GET /casosvbg/con_est_resumen_prg.php?r=20723056 HTTP/1.1" 404 1251 "-" "Mozilla/5.0 (compatible; SemrushBot/7~bl; +http://www.semrush.com/bot.html)"
85.208.96.206 - - [26/Dec/2025:16:41:59 +0000] "GET /casosvbg/con_est_cruces_var.php?r=48749577 HTTP/1.1" 404 1251 "-" "Mozilla/5.0 (compatible; SemrushBot/7~bl; +http://www.semrush.com/bot.html)"
85.208.96.196 - - [26/Dec/2025:16:41:59 +0000] "GET /casosvbg/con_est_cruces_var.php?r=45734538 HTTP/1.1" 404 1251 "-" "Mozilla/5.0 (compatible; SemrushBot/7~bl; +http://www.semrush.com/bot.html)"
85.208.96.194 - - [26/Dec/2025:16:42:11 +0000] "GET /casosvbg/con_est_resumen_gral.php?r=97910494 HTTP/1.1" 404 1251 "-" "Mozilla/5.0 (compatible; SemrushBot/7~bl; +http://www.semrush.com/bot.html)"
185.191.171.19 - - [26/Dec/2025:16:42:13 +0000] "GET /casosvbg/con_est_resumen_gral.php?r=27103730 HTTP/1.1" 404 1251 "-" "Mozilla/5.0 (compatible; SemrushBot/7~bl; +http://www.semrush.com/bot.html)"
185.191.171.5 - - [26/Dec/2025:16:42:19 +0000] "GET /casosvbg/con_est_cruces_var.php?r=17250292 HTTP/1.1" 404 1251 "-" "Mozilla/5.0 (compatible; SemrushBot/7~bl; +http://www.semrush.com/bot.html)"
185.191.171.13 - - [26/Dec/2025:16:42:44 +0000] "GET /casosvbg/con_est_resumen_gral.php?r=86673289 HTTP/1.1" 404 1251 "-" "Mozilla/5.0 (compatible; SemrushBot/7~bl; +http://www.semrush.com/bot.html)"
185.191.171.11 - - [26/Dec/2025:16:42:47 +0000] "GET /casosvbg/con_est_resumen_prg.php?r=50325445 HTTP/1.1" 404 1251 "-" "Mozilla/5.0 (compatible; SemrushBot/7~bl; +http://www.semrush.com/bot.html)"
185.191.171.12 - - [26/Dec/2025:16:42:59 +0000] "GET /casosvbg/con_est_resumen_prg.php?r=44931273 HTTP/1.1" 404 1251 "-" "Mozilla/5.0 (compatible; SemrushBot/7~bl; +http://www.semrush.com/bot.html)"
