85.208.96.206 - - [27/Dec/2025:01:09:14 +0000] "GET /casosvbg/con_est_resumen_gral.php?r=83491094 HTTP/1.1" 404 1251 "-" "Mozilla/5.0 (compatible; SemrushBot/7~bl; +http://www.semrush.com/bot.html)"
185.191.171.2 - - [27/Dec/2025:01:09:34 +0000] "GET /casosvbg/con_est_resumen_prg.php?r=66753628 HTTP/1.1" 404 1251 "-" "Mozilla/5.0 (compatible; SemrushBot/7~bl; +http://www.semrush.com/bot.html)"
185.191.171.10 - - [27/Dec/2025:01:09:57 +0000] "GET /casosvbg/con_est_resumen_prg.php?r=50185223 HTTP/1.1" 404 1251 "-" "Mozilla/5.0 (compatible; SemrushBot/7~bl; +http://www.semrush.com/bot.html)"
85.208.96.198 - - [27/Dec/2025:01:05:58 +0000] "GET /casosvbg/con_est_cruces_varloc.php?r=1325859 HTTP/1.1" 404 1251 "-" "Mozilla/5.0 (compatible; SemrushBot/7~bl; +http://www.semrush.com/bot.html)"
167.114.139.19 - - [27/Dec/2025:01:06:17 +0000] "GET /casosvbg/con_est_cruces_var.php?r=1285834840 HTTP/1.1" 404 1251 "-" "Mozilla/5.0 (compatible; AhrefsBot/7.0; +http://ahrefs.com/robot/)"
185.191.171.10 - - [27/Dec/2025:01:06:17 +0000] "GET /casosvbg/con_est_cruces_var.php?r=86461091 HTTP/1.1" 404 1251 "-" "Mozilla/5.0 (compatible; SemrushBot/7~bl; +http://www.semrush.com/bot.html)"
185.191.171.18 - - [27/Dec/2025:01:06:48 +0000] "GET /casosvbg/con_est_cruces_var.php?r=29503042 HTTP/1.1" 404 1251 "-" "Mozilla/5.0 (compatible; SemrushBot/7~bl; +http://www.semrush.com/bot.html)"
101.99.88.90 - - [27/Dec/2025:01:07:37 +0000] "GET / HTTP/1.1" 200 4615 "-" "Mozilla/5.0 (compatible; Googlebot/2.1; +http://www.google.com/bot.html)"
51.161.37.85 - - [27/Dec/2025:01:07:48 +0000] "GET /casosvbg/con_est_resumen_gral.php?r=334899816 HTTP/1.1" 404 1251 "-" "Mozilla/5.0 (compatible; AhrefsBot/7.0; +http://ahrefs.com/robot/)"
85.208.96.199 - - [27/Dec/2025:01:08:10 +0000] "GET /casosvbg/con_est_resumen_prg.php?r=13033678 HTTP/1.1" 404 1251 "-" "Mozilla/5.0 (compatible; SemrushBot/7~bl; +http://www.semrush.com/bot.html)"
85.208.96.210 - - [27/Dec/2025:01:08:13 +0000] "GET /casosvbg/con_est_resumen_gral.php?r=13916577 HTTP/1.1" 404 1251 "-" "Mozilla/5.0 (compatible; SemrushBot/7~bl; +http://www.semrush.com/bot.html)"
15.235.96.102 - - [27/Dec/2025:01:08:22 +0000] "GET /casosvbg/con_est_resumen_gral.php?r=1578419329 HTTP/1.1" 404 1251 "-" "Mozilla/5.0 (compatible; AhrefsBot/7.0; +http://ahrefs.com/robot/)"
85.208.96.202 - - [27/Dec/2025:01:09:07 +0000] "GET /casosvbg/con_est_resumen_gral.php?r=28318482 HTTP/1.1" 404 1251 "-" "Mozilla/5.0 (compatible; SemrushBot/7~bl; +http://www.semrush.com/bot.html)"
185.191.171.14 - - [27/Dec/2025:01:09:08 +0000] "GET /casosvbg/con_est_resumen_gral.php?r=52344374 HTTP/1.1" 404 1251 "-" "Mozilla/5.0 (compatible; SemrushBot/7~bl; +http://www.semrush.com/bot.html)"
85.208.96.207 - - [27/Dec/2025:01:09:09 +0000] "GET /casosvbg/con_est_cruces_var.php?r=78302981 HTTP/1.1" 404 1251 "-" "Mozilla/5.0 (compatible; SemrushBot/7~bl; +http://www.semrush.com/bot.html)"
51.161.65.67 - - [27/Dec/2025:01:09:30 +0000] "GET /casosvbg/con_est_cruces_var.php?r=1740712749 HTTP/1.1" 404 1251 "-" "Mozilla/5.0 (compatible; AhrefsBot/7.0; +http://ahrefs.com/robot/)"
185.191.171.16 - - [27/Dec/2025:01:09:31 +0000] "GET /casosvbg/con_est_resumen_gral.php?r=72183637 HTTP/1.1" 404 1251 "-" "Mozilla/5.0 (compatible; SemrushBot/7~bl; +http://www.semrush.com/bot.html)"
85.208.96.206 - - [27/Dec/2025:01:09:41 +0000] "GET /casosvbg/con_est_cruces_varloc.php?r=97053619 HTTP/1.1" 404 1251 "-" "Mozilla/5.0 (compatible; SemrushBot/7~bl; +http://www.semrush.com/bot.html)"
85.208.96.202 - - [27/Dec/2025:01:09:43 +0000] "GET /casosvbg/con_est_resumen_gral.php?r=36486258 HTTP/1.1" 404 1251 "-" "Mozilla/5.0 (compatible; SemrushBot/7~bl; +http://www.semrush.com/bot.html)"
51.222.95.180 - - [27/Dec/2025:01:09:48 +0000] "GET /casosvbg/con_est_resumen_gral.php?r=1187804693 HTTP/1.1" 404 1251 "-" "Mozilla/5.0 (compatible; AhrefsBot/7.0; +http://ahrefs.com/robot/)"
185.191.171.12 - - [27/Dec/2025:01:09:50 +0000] "GET /casosvbg/con_est_resumen_prg.php?r=46527133 HTTP/1.1" 404 1251 "-" "Mozilla/5.0 (compatible; SemrushBot/7~bl; +http://www.semrush.com/bot.html)"
85.208.96.202 - - [27/Dec/2025:01:09:53 +0000] "GET /casosvbg/con_est_resumen_gral.php?r=38969811 HTTP/1.1" 404 1251 "-" "Mozilla/5.0 (compatible; SemrushBot/7~bl; +http://www.semrush.com/bot.html)"
54.39.203.255 - - [27/Dec/2025:01:10:03 +0000] "GET /casosvbg/con_est_resumen_prg.php?r=1834320842 HTTP/1.1" 404 1251 "-" "Mozilla/5.0 (compatible; AhrefsBot/7.0; +http://ahrefs.com/robot/)"
85.208.96.198 - - [27/Dec/2025:01:10:08 +0000] "GET /casosvbg/con_est_resumen_gral.php?r=35635015 HTTP/1.1" 404 1251 "-" "Mozilla/5.0 (compatible; SemrushBot/7~bl; +http://www.semrush.com/bot.html)"
85.208.96.206 - - [27/Dec/2025:01:05:23 +0000] "GET /casosvbg/con_est_resumen_prg.php?r=85909160 HTTP/1.1" 404 1251 "-" "Mozilla/5.0 (compatible; SemrushBot/7~bl; +http://www.semrush.com/bot.html)"
85.208.96.206 - - [27/Dec/2025:01:05:54 +0000] "GET /casosvbg/con_est_cruces_varloc.php?r=13854887 HTTP/1.1" 404 1251 "-" "Mozilla/5.0 (compatible; SemrushBot/7~bl; +http://www.semrush.com/bot.html)"
85.208.96.194 - - [27/Dec/2025:01:06:31 +0000] "GET /casosvbg/con_est_resumen_prg.php?r=32869420 HTTP/1.1" 404 1251 "-" "Mozilla/5.0 (compatible; SemrushBot/7~bl; +http://www.semrush.com/bot.html)"
51.222.168.26 - - [27/Dec/2025:01:06:35 +0000] "GET /casosvbg/con_est_resumen_gral.php?r=1289499641 HTTP/1.1" 404 1251 "-" "Mozilla/5.0 (compatible; AhrefsBot/7.0; +http://ahrefs.com/robot/)"
85.208.96.198 - - [27/Dec/2025:01:06:43 +0000] "GET /casosvbg/con_est_resumen_prg.php?r=70477597 HTTP/1.1" 404 1251 "-" "Mozilla/5.0 (compatible; SemrushBot/7~bl; +http://www.semrush.com/bot.html)"
54.39.203.0 - - [27/Dec/2025:01:06:56 +0000] "GET /casosvbg/con_est_resumen_prg.php?r=773577004 HTTP/1.1" 404 1251 "-" "Mozilla/5.0 (compatible; AhrefsBot/7.0; +http://ahrefs.com/robot/)"
85.208.96.212 - - [27/Dec/2025:01:07:14 +0000] "GET /casosvbg/con_est_resumen_gral.php?r=28930056 HTTP/1.1" 404 1251 "-" "Mozilla/5.0 (compatible; SemrushBot/7~bl; +http://www.semrush.com/bot.html)"
85.208.96.194 - - [27/Dec/2025:01:07:17 +0000] "GET /casosvbg/con_est_resumen_gral.php?r=36091563 HTTP/1.1" 404 1251 "-" "Mozilla/5.0 (compatible; SemrushBot/7~bl; +http://www.semrush.com/bot.html)"
185.191.171.7 - - [27/Dec/2025:01:07:26 +0000] "GET /casosvbg/con_est_cruces_var.php?r=58032037 HTTP/1.1" 404 1251 "-" "Mozilla/5.0 (compatible; SemrushBot/7~bl; +http://www.semrush.com/bot.html)"
185.191.171.7 - - [27/Dec/2025:01:07:55 +0000] "GET /casosvbg/con_est_cruces_varloc.php?r=1935108 HTTP/1.1" 404 1251 "-" "Mozilla/5.0 (compatible; SemrushBot/7~bl; +http://www.semrush.com/bot.html)"
51.161.37.2 - - [27/Dec/2025:01:08:06 +0000] "GET /casosvbg/con_est_cruces_var.php?r=1808991193 HTTP/1.1" 404 1251 "-" "Mozilla/5.0 (compatible; AhrefsBot/7.0; +http://ahrefs.com/robot/)"
54.39.6.62 - - [27/Dec/2025:01:08:56 +0000] "GET /casosvbg/con_est_cruces_var.php?r=612539643 HTTP/1.1" 404 1251 "-" "Mozilla/5.0 (compatible; AhrefsBot/7.0; +http://ahrefs.com/robot/)"
85.208.96.194 - - [27/Dec/2025:01:08:59 +0000] "GET /robots.txt HTTP/1.1" 404 1251 "-" "Mozilla/5.0 (compatible; SemrushBot/7~bl; +http://www.semrush.com/bot.html)"
85.208.96.202 - - [27/Dec/2025:01:09:00 +0000] "GET /casosvbg/con_est_resumen_prg.php?r=38283668 HTTP/1.1" 404 1251 "-" "Mozilla/5.0 (compatible; SemrushBot/7~bl; +http://www.semrush.com/bot.html)"
85.208.96.194 - - [27/Dec/2025:01:09:45 +0000] "GET /casosvbg/con_est_resumen_prg.php?r=65815742 HTTP/1.1" 404 1251 "-" "Mozilla/5.0 (compatible; SemrushBot/7~bl; +http://www.semrush.com/bot.html)"
145.239.195.38 - - [27/Dec/2025:01:10:12 +0000] "GET /robots.txt HTTP/1.1" 404 1251 "-" "Mozilla/5.0 (compatible; MJ12bot/v1.4.8; http://mj12bot.com/)"
145.239.195.38 - - [27/Dec/2025:01:10:14 +0000] "GET /casosvbg/con_est_cruces_var.php?r=1462083718 HTTP/1.1" 404 1251 "-" "Mozilla/5.0 (compatible; MJ12bot/v1.4.8; http://mj12bot.com/)"
145.239.195.38 - - [27/Dec/2025:01:10:15 +0000] "GET /casosvbg/con_est_cruces_var.php?r=1764376432 HTTP/1.1" 404 1251 "-" "Mozilla/5.0 (compatible; MJ12bot/v1.4.8; http://mj12bot.com/)"
145.239.195.38 - - [27/Dec/2025:01:10:17 +0000] "GET /casosvbg/con_est_cruces_var.php?r=953786917 HTTP/1.1" 404 1251 "-" "Mozilla/5.0 (compatible; MJ12bot/v1.4.8; http://mj12bot.com/)"
145.239.195.38 - - [27/Dec/2025:01:10:18 +0000] "GET /casosvbg/con_est_resumen_gral.php?r=1669345919 HTTP/1.1" 404 1251 "-" "Mozilla/5.0 (compatible; MJ12bot/v1.4.8; http://mj12bot.com/)"
145.239.195.38 - - [27/Dec/2025:01:10:20 +0000] "GET /casosvbg/con_est_resumen_prg.php?r=1389152919 HTTP/1.1" 404 1251 "-" "Mozilla/5.0 (compatible; MJ12bot/v1.4.8; http://mj12bot.com/)"
85.208.96.201 - - [27/Dec/2025:01:10:01 +0000] "GET /casosvbg/con_est_resumen_prg.php?r=93516413 HTTP/1.1" 404 1251 "-" "Mozilla/5.0 (compatible; SemrushBot/7~bl; +http://www.semrush.com/bot.html)"
185.191.171.6 - - [27/Dec/2025:01:10:09 +0000] "GET /casosvbg/con_est_resumen_gral.php?r=15387776 HTTP/1.1" 404 1251 "-" "Mozilla/5.0 (compatible; SemrushBot/7~bl; +http://www.semrush.com/bot.html)"
145.239.195.38 - - [27/Dec/2025:01:10:21 +0000] "GET /robots.txt HTTP/1.1" 404 1251 "-" "Mozilla/5.0 (compatible; MJ12bot/v1.4.8; http://mj12bot.com/)"
145.239.195.38 - - [27/Dec/2025:01:10:22 +0000] "GET /?MA HTTP/1.1" 200 1246 "-" "Mozilla/5.0 (compatible; MJ12bot/v1.4.8; http://mj12bot.com/)"
145.239.195.38 - - [27/Dec/2025:01:10:23 +0000] "GET /?ND HTTP/1.1" 200 1240 "-" "Mozilla/5.0 (compatible; MJ12bot/v1.4.8; http://mj12bot.com/)"
145.239.195.38 - - [27/Dec/2025:01:10:25 +0000] "GET /?SA HTTP/1.1" 200 1246 "-" "Mozilla/5.0 (compatible; MJ12bot/v1.4.8; http://mj12bot.com/)"
145.239.195.38 - - [27/Dec/2025:01:10:26 +0000] "GET /casosvbg/ HTTP/1.1" 200 1054 "-" "Mozilla/5.0 (compatible; MJ12bot/v1.4.8; http://mj12bot.com/)"
145.239.195.38 - - [27/Dec/2025:01:10:28 +0000] "GET /casosvbg/con_est_cruces_var.php?r=996013484 HTTP/1.1" 404 1251 "-" "Mozilla/5.0 (compatible; MJ12bot/v1.4.8; http://mj12bot.com/)"
145.239.195.38 - - [27/Dec/2025:01:10:29 +0000] "GET /casosvbg/con_est_cruces_var.php?r=996572050 HTTP/1.1" 404 1251 "-" "Mozilla/5.0 (compatible; MJ12bot/v1.4.8; http://mj12bot.com/)"
145.239.195.38 - - [27/Dec/2025:01:10:31 +0000] "GET /casosvbg/con_est_resumen_gral.php?r=101197930 HTTP/1.1" 404 1251 "-" "Mozilla/5.0 (compatible; MJ12bot/v1.4.8; http://mj12bot.com/)"
145.239.195.38 - - [27/Dec/2025:01:10:32 +0000] "GET /casosvbg/con_est_resumen_gral.php?r=1013054990 HTTP/1.1" 404 1251 "-" "Mozilla/5.0 (compatible; MJ12bot/v1.4.8; http://mj12bot.com/)"
185.191.171.6 - - [27/Dec/2025:01:10:33 +0000] "GET /casosvbg/con_est_cruces_var.php?r=11147045 HTTP/1.1" 404 1251 "-" "Mozilla/5.0 (compatible; SemrushBot/7~bl; +http://www.semrush.com/bot.html)"
145.239.195.38 - - [27/Dec/2025:01:10:34 +0000] "GET /casosvbg/con_est_resumen_gral.php?r=1013676817 HTTP/1.1" 404 1251 "-" "Mozilla/5.0 (compatible; MJ12bot/v1.4.8; http://mj12bot.com/)"
145.239.195.38 - - [27/Dec/2025:01:10:36 +0000] "GET /casosvbg/con_est_resumen_gral.php?r=1025044371 HTTP/1.1" 404 1251 "-" "Mozilla/5.0 (compatible; MJ12bot/v1.4.8; http://mj12bot.com/)"
145.239.195.38 - - [27/Dec/2025:01:10:37 +0000] "GET /casosvbg/con_est_resumen_gral.php?r=1025354844 HTTP/1.1" 404 1251 "-" "Mozilla/5.0 (compatible; MJ12bot/v1.4.8; http://mj12bot.com/)"
145.239.195.38 - - [27/Dec/2025:01:10:39 +0000] "GET /casosvbg/con_est_resumen_gral.php?r=1025470801 HTTP/1.1" 404 1251 "-" "Mozilla/5.0 (compatible; MJ12bot/v1.4.8; http://mj12bot.com/)"
145.239.195.38 - - [27/Dec/2025:01:10:40 +0000] "GET /casosvbg/con_est_resumen_gral.php?r=1025714579 HTTP/1.1" 404 1251 "-" "Mozilla/5.0 (compatible; MJ12bot/v1.4.8; http://mj12bot.com/)"
145.239.195.38 - - [27/Dec/2025:01:10:42 +0000] "GET /casosvbg/con_est_resumen_gral.php?r=1026408728 HTTP/1.1" 404 1251 "-" "Mozilla/5.0 (compatible; MJ12bot/v1.4.8; http://mj12bot.com/)"
145.239.195.38 - - [27/Dec/2025:01:10:43 +0000] "GET /casosvbg/con_est_resumen_gral.php?r=1029266669 HTTP/1.1" 404 1251 "-" "Mozilla/5.0 (compatible; MJ12bot/v1.4.8; http://mj12bot.com/)"
145.239.195.38 - - [27/Dec/2025:01:10:45 +0000] "GET /casosvbg/con_est_resumen_gral.php?r=1030461200 HTTP/1.1" 404 1251 "-" "Mozilla/5.0 (compatible; MJ12bot/v1.4.8; http://mj12bot.com/)"
145.239.195.38 - - [27/Dec/2025:01:10:46 +0000] "GET /casosvbg/con_est_resumen_gral.php?r=1030725508 HTTP/1.1" 404 1251 "-" "Mozilla/5.0 (compatible; MJ12bot/v1.4.8; http://mj12bot.com/)"
145.239.195.38 - - [27/Dec/2025:01:10:48 +0000] "GET /casosvbg/con_est_resumen_gral.php?r=1031149520 HTTP/1.1" 404 1251 "-" "Mozilla/5.0 (compatible; MJ12bot/v1.4.8; http://mj12bot.com/)"
145.239.195.38 - - [27/Dec/2025:01:10:49 +0000] "GET /casosvbg/con_est_resumen_gral.php?r=1033480150 HTTP/1.1" 404 1251 "-" "Mozilla/5.0 (compatible; MJ12bot/v1.4.8; http://mj12bot.com/)"
145.239.195.38 - - [27/Dec/2025:01:10:51 +0000] "GET /casosvbg/con_est_resumen_gral.php?r=1033881303 HTTP/1.1" 404 1251 "-" "Mozilla/5.0 (compatible; MJ12bot/v1.4.8; http://mj12bot.com/)"
145.239.195.38 - - [27/Dec/2025:01:10:52 +0000] "GET /casosvbg/con_est_resumen_gral.php?r=1034140960 HTTP/1.1" 404 1251 "-" "Mozilla/5.0 (compatible; MJ12bot/v1.4.8; http://mj12bot.com/)"
145.239.195.38 - - [27/Dec/2025:01:10:54 +0000] "GET /casosvbg/con_est_resumen_gral.php?r=1035376033 HTTP/1.1" 404 1251 "-" "Mozilla/5.0 (compatible; MJ12bot/v1.4.8; http://mj12bot.com/)"
145.239.195.38 - - [27/Dec/2025:01:10:55 +0000] "GET /casosvbg/con_est_resumen_gral.php?r=1035961714 HTTP/1.1" 404 1251 "-" "Mozilla/5.0 (compatible; MJ12bot/v1.4.8; http://mj12bot.com/)"
145.239.195.38 - - [27/Dec/2025:01:10:57 +0000] "GET /casosvbg/con_est_resumen_gral.php?r=1037250061 HTTP/1.1" 404 1251 "-" "Mozilla/5.0 (compatible; MJ12bot/v1.4.8; http://mj12bot.com/)"
145.239.195.38 - - [27/Dec/2025:01:10:58 +0000] "GET /casosvbg/con_est_resumen_gral.php?r=1037392796 HTTP/1.1" 404 1251 "-" "Mozilla/5.0 (compatible; MJ12bot/v1.4.8; http://mj12bot.com/)"
145.239.195.38 - - [27/Dec/2025:01:11:00 +0000] "GET /casosvbg/con_est_resumen_gral.php?r=1037395015 HTTP/1.1" 404 1251 "-" "Mozilla/5.0 (compatible; MJ12bot/v1.4.8; http://mj12bot.com/)"
145.239.195.38 - - [27/Dec/2025:01:11:01 +0000] "GET /casosvbg/con_est_resumen_gral.php?r=1037669214 HTTP/1.1" 404 1251 "-" "Mozilla/5.0 (compatible; MJ12bot/v1.4.8; http://mj12bot.com/)"
145.239.195.38 - - [27/Dec/2025:01:11:03 +0000] "GET /casosvbg/con_est_resumen_gral.php?r=1038167572 HTTP/1.1" 404 1251 "-" "Mozilla/5.0 (compatible; MJ12bot/v1.4.8; http://mj12bot.com/)"
145.239.195.38 - - [27/Dec/2025:01:11:04 +0000] "GET /casosvbg/con_est_resumen_gral.php?r=1038387702 HTTP/1.1" 404 1251 "-" "Mozilla/5.0 (compatible; MJ12bot/v1.4.8; http://mj12bot.com/)"
145.239.195.38 - - [27/Dec/2025:01:11:06 +0000] "GET /casosvbg/con_est_resumen_gral.php?r=103931368 HTTP/1.1" 404 1251 "-" "Mozilla/5.0 (compatible; MJ12bot/v1.4.8; http://mj12bot.com/)"
145.239.195.38 - - [27/Dec/2025:01:11:07 +0000] "GET /casosvbg/con_est_resumen_gral.php?r=1039429329 HTTP/1.1" 404 1251 "-" "Mozilla/5.0 (compatible; MJ12bot/v1.4.8; http://mj12bot.com/)"
145.239.195.38 - - [27/Dec/2025:01:11:09 +0000] "GET /casosvbg/con_est_resumen_gral.php?r=1039654047 HTTP/1.1" 404 1251 "-" "Mozilla/5.0 (compatible; MJ12bot/v1.4.8; http://mj12bot.com/)"
85.208.96.202 - - [27/Dec/2025:01:11:10 +0000] "GET /casosvbg/con_est_resumen_gral.php?r=80542174 HTTP/1.1" 404 1251 "-" "Mozilla/5.0 (compatible; SemrushBot/7~bl; +http://www.semrush.com/bot.html)"
145.239.195.38 - - [27/Dec/2025:01:11:10 +0000] "GET /casosvbg/con_est_resumen_gral.php?r=1040084496 HTTP/1.1" 404 1251 "-" "Mozilla/5.0 (compatible; MJ12bot/v1.4.8; http://mj12bot.com/)"
145.239.195.38 - - [27/Dec/2025:01:11:12 +0000] "GET /casosvbg/con_est_resumen_gral.php?r=1040619290 HTTP/1.1" 404 1251 "-" "Mozilla/5.0 (compatible; MJ12bot/v1.4.8; http://mj12bot.com/)"
145.239.195.38 - - [27/Dec/2025:01:11:13 +0000] "GET /casosvbg/con_est_resumen_gral.php?r=1041311294 HTTP/1.1" 404 1251 "-" "Mozilla/5.0 (compatible; MJ12bot/v1.4.8; http://mj12bot.com/)"
145.239.195.38 - - [27/Dec/2025:01:11:15 +0000] "GET /casosvbg/con_est_resumen_gral.php?r=1043668518 HTTP/1.1" 404 1251 "-" "Mozilla/5.0 (compatible; MJ12bot/v1.4.8; http://mj12bot.com/)"
145.239.195.38 - - [27/Dec/2025:01:11:16 +0000] "GET /casosvbg/con_est_resumen_gral.php?r=1044185954 HTTP/1.1" 404 1251 "-" "Mozilla/5.0 (compatible; MJ12bot/v1.4.8; http://mj12bot.com/)"
145.239.195.38 - - [27/Dec/2025:01:11:18 +0000] "GET /casosvbg/con_est_resumen_gral.php?r=1044935636 HTTP/1.1" 404 1251 "-" "Mozilla/5.0 (compatible; MJ12bot/v1.4.8; http://mj12bot.com/)"
142.44.228.69 - - [27/Dec/2025:01:11:18 +0000] "GET /casosvbg/con_est_resumen_prg.php?r=58986267 HTTP/1.1" 404 1251 "-" "Mozilla/5.0 (compatible; AhrefsBot/7.0; +http://ahrefs.com/robot/)"
145.239.195.38 - - [27/Dec/2025:01:11:19 +0000] "GET /casosvbg/con_est_resumen_gral.php?r=1045521429 HTTP/1.1" 404 1251 "-" "Mozilla/5.0 (compatible; MJ12bot/v1.4.8; http://mj12bot.com/)"
145.239.195.38 - - [27/Dec/2025:01:11:21 +0000] "GET /casosvbg/con_est_resumen_gral.php?r=1045611045 HTTP/1.1" 404 1251 "-" "Mozilla/5.0 (compatible; MJ12bot/v1.4.8; http://mj12bot.com/)"
145.239.195.38 - - [27/Dec/2025:01:11:22 +0000] "GET /casosvbg/con_est_resumen_gral.php?r=1046560302 HTTP/1.1" 404 1251 "-" "Mozilla/5.0 (compatible; MJ12bot/v1.4.8; http://mj12bot.com/)"
145.239.195.38 - - [27/Dec/2025:01:11:24 +0000] "GET /casosvbg/con_est_resumen_gral.php?r=1046607953 HTTP/1.1" 404 1251 "-" "Mozilla/5.0 (compatible; MJ12bot/v1.4.8; http://mj12bot.com/)"
85.208.96.193 - - [27/Dec/2025:01:11:24 +0000] "GET /casosvbg/con_est_resumen_prg.php?r=37454020 HTTP/1.1" 404 1251 "-" "Mozilla/5.0 (compatible; SemrushBot/7~bl; +http://www.semrush.com/bot.html)"
145.239.195.38 - - [27/Dec/2025:01:11:25 +0000] "GET /casosvbg/con_est_resumen_gral.php?r=1046662634 HTTP/1.1" 404 1251 "-" "Mozilla/5.0 (compatible; MJ12bot/v1.4.8; http://mj12bot.com/)"
145.239.195.38 - - [27/Dec/2025:01:11:27 +0000] "GET /casosvbg/con_est_resumen_gral.php?r=1046762819 HTTP/1.1" 404 1251 "-" "Mozilla/5.0 (compatible; MJ12bot/v1.4.8; http://mj12bot.com/)"
145.239.195.38 - - [27/Dec/2025:01:11:28 +0000] "GET /casosvbg/con_est_resumen_gral.php?r=1047362859 HTTP/1.1" 404 1251 "-" "Mozilla/5.0 (compatible; MJ12bot/v1.4.8; http://mj12bot.com/)"
145.239.195.38 - - [27/Dec/2025:01:11:30 +0000] "GET /casosvbg/con_est_resumen_gral.php?r=1047392060 HTTP/1.1" 404 1251 "-" "Mozilla/5.0 (compatible; MJ12bot/v1.4.8; http://mj12bot.com/)"
145.239.195.38 - - [27/Dec/2025:01:11:31 +0000] "GET /casosvbg/con_est_resumen_gral.php?r=1048036302 HTTP/1.1" 404 1251 "-" "Mozilla/5.0 (compatible; MJ12bot/v1.4.8; http://mj12bot.com/)"
145.239.195.38 - - [27/Dec/2025:01:11:33 +0000] "GET /casosvbg/con_est_resumen_gral.php?r=1048116161 HTTP/1.1" 404 1251 "-" "Mozilla/5.0 (compatible; MJ12bot/v1.4.8; http://mj12bot.com/)"
145.239.195.38 - - [27/Dec/2025:01:11:34 +0000] "GET /casosvbg/con_est_resumen_gral.php?r=1048153581 HTTP/1.1" 404 1251 "-" "Mozilla/5.0 (compatible; MJ12bot/v1.4.8; http://mj12bot.com/)"
145.239.195.38 - - [27/Dec/2025:01:11:36 +0000] "GET /casosvbg/con_est_resumen_gral.php?r=1048854341 HTTP/1.1" 404 1251 "-" "Mozilla/5.0 (compatible; MJ12bot/v1.4.8; http://mj12bot.com/)"
54.39.0.49 - - [27/Dec/2025:01:11:37 +0000] "GET /casosvbg/con_est_cruces_var.php?r=419461957 HTTP/1.1" 404 1251 "-" "Mozilla/5.0 (compatible; AhrefsBot/7.0; +http://ahrefs.com/robot/)"
145.239.195.38 - - [27/Dec/2025:01:11:37 +0000] "GET /casosvbg/con_est_resumen_gral.php?r=1050010140 HTTP/1.1" 404 1251 "-" "Mozilla/5.0 (compatible; MJ12bot/v1.4.8; http://mj12bot.com/)"
145.239.195.38 - - [27/Dec/2025:01:11:39 +0000] "GET /casosvbg/con_est_resumen_gral.php?r=1050575343 HTTP/1.1" 404 1251 "-" "Mozilla/5.0 (compatible; MJ12bot/v1.4.8; http://mj12bot.com/)"
145.239.195.38 - - [27/Dec/2025:01:11:40 +0000] "GET /casosvbg/con_est_resumen_gral.php?r=1050897520 HTTP/1.1" 404 1251 "-" "Mozilla/5.0 (compatible; MJ12bot/v1.4.8; http://mj12bot.com/)"
145.239.195.38 - - [27/Dec/2025:01:11:42 +0000] "GET /casosvbg/con_est_resumen_gral.php?r=1051426887 HTTP/1.1" 404 1251 "-" "Mozilla/5.0 (compatible; MJ12bot/v1.4.8; http://mj12bot.com/)"
145.239.195.38 - - [27/Dec/2025:01:11:43 +0000] "GET /casosvbg/con_est_resumen_gral.php?r=1053976810 HTTP/1.1" 404 1251 "-" "Mozilla/5.0 (compatible; MJ12bot/v1.4.8; http://mj12bot.com/)"
145.239.195.38 - - [27/Dec/2025:01:11:45 +0000] "GET /casosvbg/con_est_resumen_gral.php?r=1055062351 HTTP/1.1" 404 1251 "-" "Mozilla/5.0 (compatible; MJ12bot/v1.4.8; http://mj12bot.com/)"
145.239.195.38 - - [27/Dec/2025:01:11:46 +0000] "GET /casosvbg/con_est_resumen_gral.php?r=1055643363 HTTP/1.1" 404 1251 "-" "Mozilla/5.0 (compatible; MJ12bot/v1.4.8; http://mj12bot.com/)"
145.239.195.38 - - [27/Dec/2025:01:11:47 +0000] "GET /casosvbg/con_est_resumen_gral.php?r=1056796309 HTTP/1.1" 404 1251 "-" "Mozilla/5.0 (compatible; MJ12bot/v1.4.8; http://mj12bot.com/)"
145.239.195.38 - - [27/Dec/2025:01:11:49 +0000] "GET /casosvbg/con_est_resumen_gral.php?r=105712910 HTTP/1.1" 404 1251 "-" "Mozilla/5.0 (compatible; MJ12bot/v1.4.8; http://mj12bot.com/)"
145.239.195.38 - - [27/Dec/2025:01:11:50 +0000] "GET /casosvbg/con_est_resumen_gral.php?r=1057623204 HTTP/1.1" 404 1251 "-" "Mozilla/5.0 (compatible; MJ12bot/v1.4.8; http://mj12bot.com/)"
145.239.195.38 - - [27/Dec/2025:01:11:52 +0000] "GET /casosvbg/con_est_resumen_gral.php?r=1058416503 HTTP/1.1" 404 1251 "-" "Mozilla/5.0 (compatible; MJ12bot/v1.4.8; http://mj12bot.com/)"
145.239.195.38 - - [27/Dec/2025:01:11:53 +0000] "GET /casosvbg/con_est_resumen_gral.php?r=1058559684 HTTP/1.1" 404 1251 "-" "Mozilla/5.0 (compatible; MJ12bot/v1.4.8; http://mj12bot.com/)"
145.239.195.38 - - [27/Dec/2025:01:11:55 +0000] "GET /casosvbg/con_est_resumen_gral.php?r=1059506146 HTTP/1.1" 404 1251 "-" "Mozilla/5.0 (compatible; MJ12bot/v1.4.8; http://mj12bot.com/)"
51.222.168.120 - - [27/Dec/2025:01:11:56 +0000] "GET /casosvbg/con_est_cruces_var.php?r=916554803 HTTP/1.1" 404 1251 "-" "Mozilla/5.0 (compatible; AhrefsBot/7.0; +http://ahrefs.com/robot/)"
145.239.195.38 - - [27/Dec/2025:01:11:56 +0000] "GET /casosvbg/con_est_resumen_gral.php?r=105960259 HTTP/1.1" 404 1251 "-" "Mozilla/5.0 (compatible; MJ12bot/v1.4.8; http://mj12bot.com/)"
145.239.195.38 - - [27/Dec/2025:01:11:58 +0000] "GET /casosvbg/con_est_resumen_gral.php?r=1061843369 HTTP/1.1" 404 1251 "-" "Mozilla/5.0 (compatible; MJ12bot/v1.4.8; http://mj12bot.com/)"
145.239.195.38 - - [27/Dec/2025:01:11:59 +0000] "GET /casosvbg/con_est_resumen_gral.php?r=1061936998 HTTP/1.1" 404 1251 "-" "Mozilla/5.0 (compatible; MJ12bot/v1.4.8; http://mj12bot.com/)"
145.239.195.38 - - [27/Dec/2025:01:12:01 +0000] "GET /casosvbg/con_est_resumen_gral.php?r=1061999044 HTTP/1.1" 404 1251 "-" "Mozilla/5.0 (compatible; MJ12bot/v1.4.8; http://mj12bot.com/)"
145.239.195.38 - - [27/Dec/2025:01:12:02 +0000] "GET /casosvbg/con_est_resumen_gral.php?r=1062180232 HTTP/1.1" 404 1251 "-" "Mozilla/5.0 (compatible; MJ12bot/v1.4.8; http://mj12bot.com/)"
145.239.195.38 - - [27/Dec/2025:01:12:04 +0000] "GET /casosvbg/con_est_resumen_gral.php?r=1062387309 HTTP/1.1" 404 1251 "-" "Mozilla/5.0 (compatible; MJ12bot/v1.4.8; http://mj12bot.com/)"
145.239.195.38 - - [27/Dec/2025:01:12:05 +0000] "GET /casosvbg/con_est_resumen_gral.php?r=1063554791 HTTP/1.1" 404 1251 "-" "Mozilla/5.0 (compatible; MJ12bot/v1.4.8; http://mj12bot.com/)"
145.239.195.38 - - [27/Dec/2025:01:12:06 +0000] "GET /casosvbg/con_est_resumen_gral.php?r=1063763734 HTTP/1.1" 404 1251 "-" "Mozilla/5.0 (compatible; MJ12bot/v1.4.8; http://mj12bot.com/)"
145.239.195.38 - - [27/Dec/2025:01:12:08 +0000] "GET /casosvbg/con_est_resumen_gral.php?r=1064276853 HTTP/1.1" 404 1251 "-" "Mozilla/5.0 (compatible; MJ12bot/v1.4.8; http://mj12bot.com/)"
145.239.195.38 - - [27/Dec/2025:01:12:09 +0000] "GET /casosvbg/con_est_resumen_gral.php?r=1064307531 HTTP/1.1" 404 1251 "-" "Mozilla/5.0 (compatible; MJ12bot/v1.4.8; http://mj12bot.com/)"
145.239.195.38 - - [27/Dec/2025:01:12:11 +0000] "GET /casosvbg/con_est_resumen_gral.php?r=1064789572 HTTP/1.1" 404 1251 "-" "Mozilla/5.0 (compatible; MJ12bot/v1.4.8; http://mj12bot.com/)"
145.239.195.38 - - [27/Dec/2025:01:12:12 +0000] "GET /casosvbg/con_est_resumen_gral.php?r=1065341127 HTTP/1.1" 404 1251 "-" "Mozilla/5.0 (compatible; MJ12bot/v1.4.8; http://mj12bot.com/)"
145.239.195.38 - - [27/Dec/2025:01:12:14 +0000] "GET /casosvbg/con_est_resumen_gral.php?r=1065483454 HTTP/1.1" 404 1251 "-" "Mozilla/5.0 (compatible; MJ12bot/v1.4.8; http://mj12bot.com/)"
145.239.195.38 - - [27/Dec/2025:01:12:15 +0000] "GET /casosvbg/con_est_resumen_gral.php?r=1065755463 HTTP/1.1" 404 1251 "-" "Mozilla/5.0 (compatible; MJ12bot/v1.4.8; http://mj12bot.com/)"
145.239.195.38 - - [27/Dec/2025:01:12:16 +0000] "GET /casosvbg/con_est_resumen_gral.php?r=1065761529 HTTP/1.1" 404 1251 "-" "Mozilla/5.0 (compatible; MJ12bot/v1.4.8; http://mj12bot.com/)"
145.239.195.38 - - [27/Dec/2025:01:12:18 +0000] "GET /casosvbg/con_est_resumen_gral.php?r=1065818315 HTTP/1.1" 404 1251 "-" "Mozilla/5.0 (compatible; MJ12bot/v1.4.8; http://mj12bot.com/)"
145.239.195.38 - - [27/Dec/2025:01:12:19 +0000] "GET /casosvbg/con_est_resumen_gral.php?r=1066215791 HTTP/1.1" 404 1251 "-" "Mozilla/5.0 (compatible; MJ12bot/v1.4.8; http://mj12bot.com/)"
145.239.195.38 - - [27/Dec/2025:01:12:21 +0000] "GET /casosvbg/con_est_resumen_gral.php?r=1067707011 HTTP/1.1" 404 1251 "-" "Mozilla/5.0 (compatible; MJ12bot/v1.4.8; http://mj12bot.com/)"
145.239.195.38 - - [27/Dec/2025:01:12:22 +0000] "GET /casosvbg/con_est_resumen_gral.php?r=1068005856 HTTP/1.1" 404 1251 "-" "Mozilla/5.0 (compatible; MJ12bot/v1.4.8; http://mj12bot.com/)"
145.239.195.38 - - [27/Dec/2025:01:12:24 +0000] "GET /casosvbg/con_est_resumen_gral.php?r=106802902 HTTP/1.1" 404 1251 "-" "Mozilla/5.0 (compatible; MJ12bot/v1.4.8; http://mj12bot.com/)"
145.239.195.38 - - [27/Dec/2025:01:12:25 +0000] "GET /casosvbg/con_est_resumen_gral.php?r=1068281753 HTTP/1.1" 404 1251 "-" "Mozilla/5.0 (compatible; MJ12bot/v1.4.8; http://mj12bot.com/)"
145.239.195.38 - - [27/Dec/2025:01:12:27 +0000] "GET /casosvbg/con_est_resumen_gral.php?r=107024987 HTTP/1.1" 404 1251 "-" "Mozilla/5.0 (compatible; MJ12bot/v1.4.8; http://mj12bot.com/)"
145.239.195.38 - - [27/Dec/2025:01:12:28 +0000] "GET /casosvbg/con_est_resumen_gral.php?r=1070509530 HTTP/1.1" 404 1251 "-" "Mozilla/5.0 (compatible; MJ12bot/v1.4.8; http://mj12bot.com/)"
145.239.195.38 - - [27/Dec/2025:01:12:30 +0000] "GET /casosvbg/con_est_resumen_gral.php?r=1071234232 HTTP/1.1" 404 1251 "-" "Mozilla/5.0 (compatible; MJ12bot/v1.4.8; http://mj12bot.com/)"
145.239.195.38 - - [27/Dec/2025:01:12:31 +0000] "GET /casosvbg/con_est_resumen_gral.php?r=1071678634 HTTP/1.1" 404 1251 "-" "Mozilla/5.0 (compatible; MJ12bot/v1.4.8; http://mj12bot.com/)"
145.239.195.38 - - [27/Dec/2025:01:12:33 +0000] "GET /casosvbg/con_est_resumen_gral.php?r=1073231044 HTTP/1.1" 404 1251 "-" "Mozilla/5.0 (compatible; MJ12bot/v1.4.8; http://mj12bot.com/)"
145.239.195.38 - - [27/Dec/2025:01:12:35 +0000] "GET /casosvbg/con_est_resumen_gral.php?r=1073417442 HTTP/1.1" 404 1251 "-" "Mozilla/5.0 (compatible; MJ12bot/v1.4.8; http://mj12bot.com/)"
145.239.195.38 - - [27/Dec/2025:01:12:36 +0000] "GET /casosvbg/con_est_resumen_gral.php?r=1074204406 HTTP/1.1" 404 1251 "-" "Mozilla/5.0 (compatible; MJ12bot/v1.4.8; http://mj12bot.com/)"
145.239.195.38 - - [27/Dec/2025:01:12:37 +0000] "GET /casosvbg/con_est_resumen_gral.php?r=1074269921 HTTP/1.1" 404 1251 "-" "Mozilla/5.0 (compatible; MJ12bot/v1.4.8; http://mj12bot.com/)"
145.239.195.38 - - [27/Dec/2025:01:12:39 +0000] "GET /casosvbg/con_est_resumen_gral.php?r=1075467707 HTTP/1.1" 404 1251 "-" "Mozilla/5.0 (compatible; MJ12bot/v1.4.8; http://mj12bot.com/)"
145.239.195.38 - - [27/Dec/2025:01:12:41 +0000] "GET /casosvbg/con_est_resumen_gral.php?r=1075909335 HTTP/1.1" 404 1251 "-" "Mozilla/5.0 (compatible; MJ12bot/v1.4.8; http://mj12bot.com/)"
145.239.195.38 - - [27/Dec/2025:01:12:42 +0000] "GET /casosvbg/con_est_resumen_gral.php?r=1076749553 HTTP/1.1" 404 1251 "-" "Mozilla/5.0 (compatible; MJ12bot/v1.4.8; http://mj12bot.com/)"
145.239.195.38 - - [27/Dec/2025:01:12:44 +0000] "GET /casosvbg/con_est_resumen_gral.php?r=107692837 HTTP/1.1" 404 1251 "-" "Mozilla/5.0 (compatible; MJ12bot/v1.4.8; http://mj12bot.com/)"
145.239.195.38 - - [27/Dec/2025:01:12:45 +0000] "GET /casosvbg/con_est_resumen_gral.php?r=1078260565 HTTP/1.1" 404 1251 "-" "Mozilla/5.0 (compatible; MJ12bot/v1.4.8; http://mj12bot.com/)"
145.239.195.38 - - [27/Dec/2025:01:12:47 +0000] "GET /casosvbg/con_est_resumen_gral.php?r=1078876521 HTTP/1.1" 404 1251 "-" "Mozilla/5.0 (compatible; MJ12bot/v1.4.8; http://mj12bot.com/)"
145.239.195.38 - - [27/Dec/2025:01:12:49 +0000] "GET /casosvbg/con_est_resumen_gral.php?r=1079487638 HTTP/1.1" 404 1251 "-" "Mozilla/5.0 (compatible; MJ12bot/v1.4.8; http://mj12bot.com/)"
54.39.89.86 - - [27/Dec/2025:01:12:50 +0000] "GET /casosvbg/con_est_cruces_var.php?r=1740256367 HTTP/1.1" 404 1251 "-" "Mozilla/5.0 (compatible; AhrefsBot/7.0; +http://ahrefs.com/robot/)"
145.239.195.38 - - [27/Dec/2025:01:12:50 +0000] "GET /casosvbg/con_est_resumen_gral.php?r=1079989481 HTTP/1.1" 404 1251 "-" "Mozilla/5.0 (compatible; MJ12bot/v1.4.8; http://mj12bot.com/)"
145.239.195.38 - - [27/Dec/2025:01:12:52 +0000] "GET /casosvbg/con_est_resumen_gral.php?r=1080109651 HTTP/1.1" 404 1251 "-" "Mozilla/5.0 (compatible; MJ12bot/v1.4.8; http://mj12bot.com/)"
145.239.195.38 - - [27/Dec/2025:01:12:53 +0000] "GET /casosvbg/con_est_resumen_gral.php?r=1080755108 HTTP/1.1" 404 1251 "-" "Mozilla/5.0 (compatible; MJ12bot/v1.4.8; http://mj12bot.com/)"
145.239.195.38 - - [27/Dec/2025:01:12:55 +0000] "GET /casosvbg/con_est_resumen_gral.php?r=1080840546 HTTP/1.1" 404 1251 "-" "Mozilla/5.0 (compatible; MJ12bot/v1.4.8; http://mj12bot.com/)"
145.239.195.38 - - [27/Dec/2025:01:12:56 +0000] "GET /casosvbg/con_est_resumen_gral.php?r=1082833156 HTTP/1.1" 404 1251 "-" "Mozilla/5.0 (compatible; MJ12bot/v1.4.8; http://mj12bot.com/)"
145.239.195.38 - - [27/Dec/2025:01:12:58 +0000] "GET /casosvbg/con_est_resumen_gral.php?r=1083237604 HTTP/1.1" 404 1251 "-" "Mozilla/5.0 (compatible; MJ12bot/v1.4.8; http://mj12bot.com/)"
145.239.195.38 - - [27/Dec/2025:01:12:59 +0000] "GET /casosvbg/con_est_resumen_gral.php?r=1083923467 HTTP/1.1" 404 1251 "-" "Mozilla/5.0 (compatible; MJ12bot/v1.4.8; http://mj12bot.com/)"
145.239.195.38 - - [27/Dec/2025:01:13:01 +0000] "GET /casosvbg/con_est_resumen_gral.php?r=1083998405 HTTP/1.1" 404 1251 "-" "Mozilla/5.0 (compatible; MJ12bot/v1.4.8; http://mj12bot.com/)"
145.239.195.38 - - [27/Dec/2025:01:13:02 +0000] "GET /casosvbg/con_est_resumen_gral.php?r=1084158117 HTTP/1.1" 404 1251 "-" "Mozilla/5.0 (compatible; MJ12bot/v1.4.8; http://mj12bot.com/)"
145.239.195.38 - - [27/Dec/2025:01:13:04 +0000] "GET /casosvbg/con_est_resumen_gral.php?r=108419763 HTTP/1.1" 404 1251 "-" "Mozilla/5.0 (compatible; MJ12bot/v1.4.8; http://mj12bot.com/)"
145.239.195.38 - - [27/Dec/2025:01:13:05 +0000] "GET /casosvbg/con_est_resumen_gral.php?r=1084796627 HTTP/1.1" 404 1251 "-" "Mozilla/5.0 (compatible; MJ12bot/v1.4.8; http://mj12bot.com/)"
145.239.195.38 - - [27/Dec/2025:01:13:07 +0000] "GET /casosvbg/con_est_resumen_gral.php?r=1084813028 HTTP/1.1" 404 1251 "-" "Mozilla/5.0 (compatible; MJ12bot/v1.4.8; http://mj12bot.com/)"
145.239.195.38 - - [27/Dec/2025:01:13:08 +0000] "GET /casosvbg/con_est_resumen_gral.php?r=1085133661 HTTP/1.1" 404 1251 "-" "Mozilla/5.0 (compatible; MJ12bot/v1.4.8; http://mj12bot.com/)"
145.239.195.38 - - [27/Dec/2025:01:13:10 +0000] "GET /casosvbg/con_est_resumen_gral.php?r=1086065752 HTTP/1.1" 404 1251 "-" "Mozilla/5.0 (compatible; MJ12bot/v1.4.8; http://mj12bot.com/)"
145.239.195.38 - - [27/Dec/2025:01:13:11 +0000] "GET /casosvbg/con_est_resumen_gral.php?r=1086578415 HTTP/1.1" 404 1251 "-" "Mozilla/5.0 (compatible; MJ12bot/v1.4.8; http://mj12bot.com/)"
145.239.195.38 - - [27/Dec/2025:01:13:13 +0000] "GET /casosvbg/con_est_resumen_gral.php?r=1088290542 HTTP/1.1" 404 1251 "-" "Mozilla/5.0 (compatible; MJ12bot/v1.4.8; http://mj12bot.com/)"
145.239.195.38 - - [27/Dec/2025:01:13:14 +0000] "GET /casosvbg/con_est_resumen_gral.php?r=1088830066 HTTP/1.1" 404 1251 "-" "Mozilla/5.0 (compatible; MJ12bot/v1.4.8; http://mj12bot.com/)"
145.239.195.38 - - [27/Dec/2025:01:13:16 +0000] "GET /casosvbg/con_est_resumen_gral.php?r=1089168617 HTTP/1.1" 404 1251 "-" "Mozilla/5.0 (compatible; MJ12bot/v1.4.8; http://mj12bot.com/)"
51.161.65.116 - - [27/Dec/2025:01:10:22 +0000] "GET /casosvbg/con_est_cruces_var.php?r=842054604 HTTP/1.1" 404 1251 "-" "Mozilla/5.0 (compatible; AhrefsBot/7.0; +http://ahrefs.com/robot/)"
85.208.96.195 - - [27/Dec/2025:01:10:52 +0000] "GET /casosvbg/con_est_resumen_prg.php?r=92706805 HTTP/1.1" 404 1251 "-" "Mozilla/5.0 (compatible; SemrushBot/7~bl; +http://www.semrush.com/bot.html)"
85.208.96.195 - - [27/Dec/2025:01:10:54 +0000] "GET /casosvbg/con_est_resumen_prg.php?r=27145041 HTTP/1.1" 404 1251 "-" "Mozilla/5.0 (compatible; SemrushBot/7~bl; +http://www.semrush.com/bot.html)"
85.208.96.202 - - [27/Dec/2025:01:10:56 +0000] "GET /casosvbg/con_est_cruces_var.php?r=48669199 HTTP/1.1" 404 1251 "-" "Mozilla/5.0 (compatible; SemrushBot/7~bl; +http://www.semrush.com/bot.html)"
85.208.96.203 - - [27/Dec/2025:01:11:20 +0000] "GET /casosvbg/con_est_resumen_prg.php?r=66026949 HTTP/1.1" 404 1251 "-" "Mozilla/5.0 (compatible; SemrushBot/7~bl; +http://www.semrush.com/bot.html)"
85.208.96.195 - - [27/Dec/2025:01:11:27 +0000] "GET /casosvbg/con_est_resumen_prg.php?r=74136310 HTTP/1.1" 404 1251 "-" "Mozilla/5.0 (compatible; SemrushBot/7~bl; +http://www.semrush.com/bot.html)"
185.191.171.16 - - [27/Dec/2025:01:11:42 +0000] "GET /casosvbg/con_est_resumen_gral.php?r=72373171 HTTP/1.1" 404 1251 "-" "Mozilla/5.0 (compatible; SemrushBot/7~bl; +http://www.semrush.com/bot.html)"
185.191.171.16 - - [27/Dec/2025:01:11:46 +0000] "GET /casosvbg/con_est_cruces_var.php?r=42881920 HTTP/1.1" 404 1251 "-" "Mozilla/5.0 (compatible; SemrushBot/7~bl; +http://www.semrush.com/bot.html)"
85.208.96.199 - - [27/Dec/2025:01:12:12 +0000] "GET /casosvbg/con_est_cruces_var.php?r=87319797 HTTP/1.1" 404 1251 "-" "Mozilla/5.0 (compatible; SemrushBot/7~bl; +http://www.semrush.com/bot.html)"
142.44.228.67 - - [27/Dec/2025:01:12:14 +0000] "GET /casosvbg/con_est_cruces_var.php?r=799779891 HTTP/1.1" 404 1251 "-" "Mozilla/5.0 (compatible; AhrefsBot/7.0; +http://ahrefs.com/robot/)"
85.208.96.206 - - [27/Dec/2025:01:12:31 +0000] "GET /casosvbg/con_est_resumen_prg.php?r=443929 HTTP/1.1" 404 1251 "-" "Mozilla/5.0 (compatible; SemrushBot/7~bl; +http://www.semrush.com/bot.html)"
185.191.171.9 - - [27/Dec/2025:01:12:59 +0000] "GET /casosvbg/con_est_resumen_gral.php?r=89074919 HTTP/1.1" 404 1251 "-" "Mozilla/5.0 (compatible; SemrushBot/7~bl; +http://www.semrush.com/bot.html)"
85.208.96.205 - - [27/Dec/2025:01:13:26 +0000] "GET /casosvbg/con_est_cruces_var.php?r=1786454 HTTP/1.1" 404 1251 "-" "Mozilla/5.0 (compatible; SemrushBot/7~bl; +http://www.semrush.com/bot.html)"
85.208.96.205 - - [27/Dec/2025:01:13:16 +0000] "GET /casosvbg/con_est_resumen_prg.php?r=64790587 HTTP/1.1" 404 1251 "-" "Mozilla/5.0 (compatible; SemrushBot/7~bl; +http://www.semrush.com/bot.html)"
145.239.195.38 - - [27/Dec/2025:01:13:17 +0000] "GET /casosvbg/con_est_resumen_gral.php?r=1089290415 HTTP/1.1" 404 1251 "-" "Mozilla/5.0 (compatible; MJ12bot/v1.4.8; http://mj12bot.com/)"
145.239.195.38 - - [27/Dec/2025:01:13:19 +0000] "GET /casosvbg/con_est_resumen_gral.php?r=1089391962 HTTP/1.1" 404 1251 "-" "Mozilla/5.0 (compatible; MJ12bot/v1.4.8; http://mj12bot.com/)"
145.239.195.38 - - [27/Dec/2025:01:13:20 +0000] "GET /casosvbg/con_est_resumen_gral.php?r=1091028487 HTTP/1.1" 404 1251 "-" "Mozilla/5.0 (compatible; MJ12bot/v1.4.8; http://mj12bot.com/)"
15.235.27.116 - - [27/Dec/2025:01:13:21 +0000] "GET /casosvbg/con_est_cruces_var.php?r=937234579 HTTP/1.1" 404 1251 "-" "Mozilla/5.0 (compatible; AhrefsBot/7.0; +http://ahrefs.com/robot/)"
145.239.195.38 - - [27/Dec/2025:01:13:22 +0000] "GET /casosvbg/con_est_resumen_gral.php?r=1091849228 HTTP/1.1" 404 1251 "-" "Mozilla/5.0 (compatible; MJ12bot/v1.4.8; http://mj12bot.com/)"
145.239.195.38 - - [27/Dec/2025:01:13:23 +0000] "GET /casosvbg/con_est_resumen_gral.php?r=1091949132 HTTP/1.1" 404 1251 "-" "Mozilla/5.0 (compatible; MJ12bot/v1.4.8; http://mj12bot.com/)"
145.239.195.38 - - [27/Dec/2025:01:13:25 +0000] "GET /casosvbg/con_est_resumen_gral.php?r=1092213515 HTTP/1.1" 404 1251 "-" "Mozilla/5.0 (compatible; MJ12bot/v1.4.8; http://mj12bot.com/)"
185.191.171.18 - - [27/Dec/2025:01:10:10 +0000] "GET /casosvbg/con_est_resumen_gral.php?r=43186043 HTTP/1.1" 404 1251 "-" "Mozilla/5.0 (compatible; SemrushBot/7~bl; +http://www.semrush.com/bot.html)"
204.12.208.18 - - [27/Dec/2025:01:10:12 +0000] "GET /wp-blog.php HTTP/1.1" 404 1251 "http://noestassola.com.co/wp-blog.php" "Mozilla/5.0 (Macintosh; U; Intel Mac OS X 10_6_3; ja-jp) AppleWebKit/531.21.11 (KHTML, like Gecko) Version/4.0.4 Safari/531.21.10"
85.208.96.199 - - [27/Dec/2025:01:10:41 +0000] "GET /casosvbg/con_est_resumen_prg.php?r=41914543 HTTP/1.1" 404 1251 "-" "Mozilla/5.0 (compatible; SemrushBot/7~bl; +http://www.semrush.com/bot.html)"
54.39.210.97 - - [27/Dec/2025:01:10:41 +0000] "GET /casosvbg/con_est_cruces_var.php?r=1437455592 HTTP/1.1" 404 1251 "-" "Mozilla/5.0 (compatible; AhrefsBot/7.0; +http://ahrefs.com/robot/)"
185.191.171.3 - - [27/Dec/2025:01:10:47 +0000] "GET /casosvbg/con_est_resumen_gral.php?r=61762251 HTTP/1.1" 404 1251 "-" "Mozilla/5.0 (compatible; SemrushBot/7~bl; +http://www.semrush.com/bot.html)"
185.191.171.3 - - [27/Dec/2025:01:10:53 +0000] "GET /casosvbg/con_est_cruces_var.php?r=37410155 HTTP/1.1" 404 1251 "-" "Mozilla/5.0 (compatible; SemrushBot/7~bl; +http://www.semrush.com/bot.html)"
142.44.220.152 - - [27/Dec/2025:01:10:57 +0000] "GET /casosvbg/con_est_resumen_gral.php?r=2043432974 HTTP/1.1" 404 1251 "-" "Mozilla/5.0 (compatible; AhrefsBot/7.0; +http://ahrefs.com/robot/)"
185.191.171.16 - - [27/Dec/2025:01:11:43 +0000] "GET /casosvbg/con_est_resumen_prg.php?r=98658055 HTTP/1.1" 404 1251 "-" "Mozilla/5.0 (compatible; SemrushBot/7~bl; +http://www.semrush.com/bot.html)"
15.235.27.16 - - [27/Dec/2025:01:12:32 +0000] "GET /casosvbg/con_est_cruces_var.php?r=370749895 HTTP/1.1" 404 1251 "-" "Mozilla/5.0 (compatible; AhrefsBot/7.0; +http://ahrefs.com/robot/)"
54.39.203.219 - - [27/Dec/2025:01:13:06 +0000] "GET /casosvbg/con_est_cruces_var.php?r=493890179 HTTP/1.1" 404 1251 "-" "Mozilla/5.0 (compatible; AhrefsBot/7.0; +http://ahrefs.com/robot/)"
185.191.171.9 - - [27/Dec/2025:01:13:11 +0000] "GET /casosvbg/con_est_resumen_gral.php?r=33624326 HTTP/1.1" 404 1251 "-" "Mozilla/5.0 (compatible; SemrushBot/7~bl; +http://www.semrush.com/bot.html)"
85.208.96.195 - - [27/Dec/2025:01:13:25 +0000] "GET /casosvbg/con_est_resumen_gral.php?r=43707474 HTTP/1.1" 404 1251 "-" "Mozilla/5.0 (compatible; SemrushBot/7~bl; +http://www.semrush.com/bot.html)"
185.191.171.3 - - [27/Dec/2025:01:13:25 +0000] "GET /robots.txt HTTP/1.1" 404 1251 "-" "Mozilla/5.0 (compatible; SemrushBot/7~bl; +http://www.semrush.com/bot.html)"
145.239.195.38 - - [27/Dec/2025:01:13:26 +0000] "GET /casosvbg/con_est_resumen_gral.php?r=1092469736 HTTP/1.1" 404 1251 "-" "Mozilla/5.0 (compatible; MJ12bot/v1.4.8; http://mj12bot.com/)"
145.239.195.38 - - [27/Dec/2025:01:13:28 +0000] "GET /casosvbg/con_est_resumen_gral.php?r=1092701142 HTTP/1.1" 404 1251 "-" "Mozilla/5.0 (compatible; MJ12bot/v1.4.8; http://mj12bot.com/)"
145.239.195.38 - - [27/Dec/2025:01:13:29 +0000] "GET /casosvbg/con_est_resumen_gral.php?r=109317512 HTTP/1.1" 404 1251 "-" "Mozilla/5.0 (compatible; MJ12bot/v1.4.8; http://mj12bot.com/)"
145.239.195.38 - - [27/Dec/2025:01:13:31 +0000] "GET /casosvbg/con_est_resumen_gral.php?r=1093418779 HTTP/1.1" 404 1251 "-" "Mozilla/5.0 (compatible; MJ12bot/v1.4.8; http://mj12bot.com/)"
145.239.195.38 - - [27/Dec/2025:01:13:32 +0000] "GET /casosvbg/con_est_resumen_gral.php?r=1093462475 HTTP/1.1" 404 1251 "-" "Mozilla/5.0 (compatible; MJ12bot/v1.4.8; http://mj12bot.com/)"
145.239.195.38 - - [27/Dec/2025:01:13:34 +0000] "GET /casosvbg/con_est_resumen_gral.php?r=1093907210 HTTP/1.1" 404 1251 "-" "Mozilla/5.0 (compatible; MJ12bot/v1.4.8; http://mj12bot.com/)"
145.239.195.38 - - [27/Dec/2025:01:13:35 +0000] "GET /casosvbg/con_est_resumen_gral.php?r=1094005967 HTTP/1.1" 404 1251 "-" "Mozilla/5.0 (compatible; MJ12bot/v1.4.8; http://mj12bot.com/)"
145.239.195.38 - - [27/Dec/2025:01:13:37 +0000] "GET /casosvbg/con_est_resumen_gral.php?r=1094547287 HTTP/1.1" 404 1251 "-" "Mozilla/5.0 (compatible; MJ12bot/v1.4.8; http://mj12bot.com/)"
142.44.220.102 - - [27/Dec/2025:01:13:38 +0000] "GET /casosvbg/con_est_cruces_var.php?r=856243207 HTTP/1.1" 404 1251 "-" "Mozilla/5.0 (compatible; AhrefsBot/7.0; +http://ahrefs.com/robot/)"
145.239.195.38 - - [27/Dec/2025:01:13:38 +0000] "GET /casosvbg/con_est_resumen_gral.php?r=1094615990 HTTP/1.1" 404 1251 "-" "Mozilla/5.0 (compatible; MJ12bot/v1.4.8; http://mj12bot.com/)"
145.239.195.38 - - [27/Dec/2025:01:13:40 +0000] "GET /casosvbg/con_est_resumen_gral.php?r=1095975914 HTTP/1.1" 404 1251 "-" "Mozilla/5.0 (compatible; MJ12bot/v1.4.8; http://mj12bot.com/)"
145.239.195.38 - - [27/Dec/2025:01:13:41 +0000] "GET /casosvbg/con_est_resumen_gral.php?r=1097104528 HTTP/1.1" 404 1251 "-" "Mozilla/5.0 (compatible; MJ12bot/v1.4.8; http://mj12bot.com/)"
145.239.195.38 - - [27/Dec/2025:01:13:43 +0000] "GET /casosvbg/con_est_resumen_gral.php?r=1097396802 HTTP/1.1" 404 1251 "-" "Mozilla/5.0 (compatible; MJ12bot/v1.4.8; http://mj12bot.com/)"
145.239.195.38 - - [27/Dec/2025:01:13:44 +0000] "GET /casosvbg/con_est_resumen_gral.php?r=109745673 HTTP/1.1" 404 1251 "-" "Mozilla/5.0 (compatible; MJ12bot/v1.4.8; http://mj12bot.com/)"
145.239.195.38 - - [27/Dec/2025:01:13:46 +0000] "GET /casosvbg/con_est_resumen_gral.php?r=1098220701 HTTP/1.1" 404 1251 "-" "Mozilla/5.0 (compatible; MJ12bot/v1.4.8; http://mj12bot.com/)"
145.239.195.38 - - [27/Dec/2025:01:13:47 +0000] "GET /casosvbg/con_est_resumen_gral.php?r=1099640618 HTTP/1.1" 404 1251 "-" "Mozilla/5.0 (compatible; MJ12bot/v1.4.8; http://mj12bot.com/)"
145.239.195.38 - - [27/Dec/2025:01:13:49 +0000] "GET /casosvbg/con_est_resumen_gral.php?r=1100039350 HTTP/1.1" 404 1251 "-" "Mozilla/5.0 (compatible; MJ12bot/v1.4.8; http://mj12bot.com/)"
145.239.195.38 - - [27/Dec/2025:01:13:50 +0000] "GET /casosvbg/con_est_resumen_gral.php?r=1100246344 HTTP/1.1" 404 1251 "-" "Mozilla/5.0 (compatible; MJ12bot/v1.4.8; http://mj12bot.com/)"
145.239.195.38 - - [27/Dec/2025:01:13:52 +0000] "GET /casosvbg/con_est_resumen_gral.php?r=1101363111 HTTP/1.1" 404 1251 "-" "Mozilla/5.0 (compatible; MJ12bot/v1.4.8; http://mj12bot.com/)"
145.239.195.38 - - [27/Dec/2025:01:13:53 +0000] "GET /casosvbg/con_est_resumen_gral.php?r=1101730117 HTTP/1.1" 404 1251 "-" "Mozilla/5.0 (compatible; MJ12bot/v1.4.8; http://mj12bot.com/)"
145.239.195.38 - - [27/Dec/2025:01:13:55 +0000] "GET /casosvbg/con_est_resumen_gral.php?r=1101853364 HTTP/1.1" 404 1251 "-" "Mozilla/5.0 (compatible; MJ12bot/v1.4.8; http://mj12bot.com/)"
185.191.171.4 - - [27/Dec/2025:01:13:56 +0000] "GET /casosvbg/con_est_resumen_gral.php?r=1079493 HTTP/1.1" 404 1251 "-" "Mozilla/5.0 (compatible; SemrushBot/7~bl; +http://www.semrush.com/bot.html)"
145.239.195.38 - - [27/Dec/2025:01:13:57 +0000] "GET /casosvbg/con_est_resumen_gral.php?r=1101932997 HTTP/1.1" 404 1251 "-" "Mozilla/5.0 (compatible; MJ12bot/v1.4.8; http://mj12bot.com/)"
145.239.195.38 - - [27/Dec/2025:01:13:58 +0000] "GET /casosvbg/con_est_resumen_gral.php?r=110201791 HTTP/1.1" 404 1251 "-" "Mozilla/5.0 (compatible; MJ12bot/v1.4.8; http://mj12bot.com/)"
145.239.195.38 - - [27/Dec/2025:01:14:00 +0000] "GET /casosvbg/con_est_resumen_gral.php?r=1102231224 HTTP/1.1" 404 1251 "-" "Mozilla/5.0 (compatible; MJ12bot/v1.4.8; http://mj12bot.com/)"
145.239.195.38 - - [27/Dec/2025:01:14:01 +0000] "GET /casosvbg/con_est_resumen_gral.php?r=1102326187 HTTP/1.1" 404 1251 "-" "Mozilla/5.0 (compatible; MJ12bot/v1.4.8; http://mj12bot.com/)"
145.239.195.38 - - [27/Dec/2025:01:14:02 +0000] "GET /casosvbg/con_est_resumen_gral.php?r=1102749706 HTTP/1.1" 404 1251 "-" "Mozilla/5.0 (compatible; MJ12bot/v1.4.8; http://mj12bot.com/)"
145.239.195.38 - - [27/Dec/2025:01:14:04 +0000] "GET /casosvbg/con_est_resumen_gral.php?r=1102764910 HTTP/1.1" 404 1251 "-" "Mozilla/5.0 (compatible; MJ12bot/v1.4.8; http://mj12bot.com/)"
145.239.195.38 - - [27/Dec/2025:01:14:06 +0000] "GET /casosvbg/con_est_resumen_gral.php?r=1103010281 HTTP/1.1" 404 1251 "-" "Mozilla/5.0 (compatible; MJ12bot/v1.4.8; http://mj12bot.com/)"
145.239.195.38 - - [27/Dec/2025:01:14:07 +0000] "GET /casosvbg/con_est_resumen_gral.php?r=1103734372 HTTP/1.1" 404 1251 "-" "Mozilla/5.0 (compatible; MJ12bot/v1.4.8; http://mj12bot.com/)"
145.239.195.38 - - [27/Dec/2025:01:14:09 +0000] "GET /casosvbg/con_est_resumen_gral.php?r=1104264014 HTTP/1.1" 404 1251 "-" "Mozilla/5.0 (compatible; MJ12bot/v1.4.8; http://mj12bot.com/)"
145.239.195.38 - - [27/Dec/2025:01:14:10 +0000] "GET /casosvbg/con_est_resumen_gral.php?r=1105095959 HTTP/1.1" 404 1251 "-" "Mozilla/5.0 (compatible; MJ12bot/v1.4.8; http://mj12bot.com/)"
145.239.195.38 - - [27/Dec/2025:01:14:12 +0000] "GET /casosvbg/con_est_resumen_gral.php?r=110668347 HTTP/1.1" 404 1251 "-" "Mozilla/5.0 (compatible; MJ12bot/v1.4.8; http://mj12bot.com/)"
145.239.195.38 - - [27/Dec/2025:01:14:13 +0000] "GET /casosvbg/con_est_resumen_gral.php?r=110682297 HTTP/1.1" 404 1251 "-" "Mozilla/5.0 (compatible; MJ12bot/v1.4.8; http://mj12bot.com/)"
145.239.195.38 - - [27/Dec/2025:01:14:15 +0000] "GET /casosvbg/con_est_resumen_gral.php?r=1107806488 HTTP/1.1" 404 1251 "-" "Mozilla/5.0 (compatible; MJ12bot/v1.4.8; http://mj12bot.com/)"
145.239.195.38 - - [27/Dec/2025:01:14:16 +0000] "GET /cgi-bin/ HTTP/1.1" 403 1242 "-" "Mozilla/5.0 (compatible; MJ12bot/v1.4.8; http://mj12bot.com/)"
145.239.195.38 - - [27/Dec/2025:01:14:18 +0000] "GET /eos.txt HTTP/1.1" 200 1 "-" "Mozilla/5.0 (compatible; MJ12bot/v1.4.8; http://mj12bot.com/)"
145.239.195.38 - - [27/Dec/2025:01:14:19 +0000] "GET /error_log HTTP/1.1" 403 1242 "-" "Mozilla/5.0 (compatible; MJ12bot/v1.4.8; http://mj12bot.com/)"
85.208.96.200 - - [27/Dec/2025:01:14:19 +0000] "GET /casosvbg/con_est_cruces_varloc.php?r=1874973 HTTP/1.1" 404 1251 "-" "Mozilla/5.0 (compatible; SemrushBot/7~bl; +http://www.semrush.com/bot.html)"
145.239.195.38 - - [27/Dec/2025:01:14:21 +0000] "GET /txets.php HTTP/1.1" 200 15 "-" "Mozilla/5.0 (compatible; MJ12bot/v1.4.8; http://mj12bot.com/)"
145.239.195.38 - - [27/Dec/2025:01:14:22 +0000] "GET /wp-blog-header.php HTTP/1.1" 500 0 "-" "Mozilla/5.0 (compatible; MJ12bot/v1.4.8; http://mj12bot.com/)"
145.239.195.38 - - [27/Dec/2025:01:14:24 +0000] "GET /wp-config-sample.php HTTP/1.1" 500 0 "-" "Mozilla/5.0 (compatible; MJ12bot/v1.4.8; http://mj12bot.com/)"
145.239.195.38 - - [27/Dec/2025:01:14:25 +0000] "GET /wp-content/ HTTP/1.1" 200 15 "-" "Mozilla/5.0 (compatible; MJ12bot/v1.4.8; http://mj12bot.com/)"
145.239.195.38 - - [27/Dec/2025:01:14:27 +0000] "GET /wp-includes/ HTTP/1.1" 200 1432 "-" "Mozilla/5.0 (compatible; MJ12bot/v1.4.8; http://mj12bot.com/)"
85.208.96.204 - - [27/Dec/2025:01:13:36 +0000] "GET /casosvbg/con_est_resumen_gral.php?r=27599477 HTTP/1.1" 404 1251 "-" "Mozilla/5.0 (compatible; SemrushBot/7~bl; +http://www.semrush.com/bot.html)"
85.208.96.200 - - [27/Dec/2025:01:13:37 +0000] "GET /casosvbg/con_est_resumen_gral.php?r=65072795 HTTP/1.1" 404 1251 "-" "Mozilla/5.0 (compatible; SemrushBot/7~bl; +http://www.semrush.com/bot.html)"
85.208.96.203 - - [27/Dec/2025:01:13:39 +0000] "GET /casosvbg/con_est_resumen_prg.php?r=18714190 HTTP/1.1" 404 1251 "-" "Mozilla/5.0 (compatible; SemrushBot/7~bl; +http://www.semrush.com/bot.html)"
85.208.96.211 - - [27/Dec/2025:01:13:39 +0000] "GET /casosvbg/con_est_resumen_gral.php?r=75597947 HTTP/1.1" 404 1251 "-" "Mozilla/5.0 (compatible; SemrushBot/7~bl; +http://www.semrush.com/bot.html)"
85.208.96.209 - - [27/Dec/2025:01:13:43 +0000] "GET /casosvbg/con_est_resumen_prg.php?r=11623889 HTTP/1.1" 404 1251 "-" "Mozilla/5.0 (compatible; SemrushBot/7~bl; +http://www.semrush.com/bot.html)"
85.208.96.204 - - [27/Dec/2025:01:13:57 +0000] "GET /casosvbg/con_est_cruces_var.php?r=34261769 HTTP/1.1" 404 1251 "-" "Mozilla/5.0 (compatible; SemrushBot/7~bl; +http://www.semrush.com/bot.html)"
15.235.27.251 - - [27/Dec/2025:01:14:13 +0000] "GET /casosvbg/con_est_resumen_prg.php?r=615955988 HTTP/1.1" 404 1251 "-" "Mozilla/5.0 (compatible; AhrefsBot/7.0; +http://ahrefs.com/robot/)"
85.208.96.194 - - [27/Dec/2025:01:14:55 +0000] "GET /casosvbg/con_est_resumen_prg.php?r=19698547 HTTP/1.1" 404 1251 "-" "Mozilla/5.0 (compatible; SemrushBot/7~bl; +http://www.semrush.com/bot.html)"
54.39.0.2 - - [27/Dec/2025:01:15:02 +0000] "GET /casosvbg/con_est_resumen_prg.php?r=600922755 HTTP/1.1" 404 1251 "-" "Mozilla/5.0 (compatible; AhrefsBot/7.0; +http://ahrefs.com/robot/)"
185.191.171.4 - - [27/Dec/2025:01:15:04 +0000] "GET /casosvbg/con_est_resumen_prg.php?r=22804025 HTTP/1.1" 404 1251 "-" "Mozilla/5.0 (compatible; SemrushBot/7~bl; +http://www.semrush.com/bot.html)"
85.208.96.194 - - [27/Dec/2025:01:15:09 +0000] "GET /casosvbg/con_est_resumen_prg.php?r=90678459 HTTP/1.1" 404 1251 "-" "Mozilla/5.0 (compatible; SemrushBot/7~bl; +http://www.semrush.com/bot.html)"
15.235.27.234 - - [27/Dec/2025:01:15:18 +0000] "GET /casosvbg/con_est_resumen_gral.php?r=559060930 HTTP/1.1" 404 1251 "-" "Mozilla/5.0 (compatible; AhrefsBot/7.0; +http://ahrefs.com/robot/)"
185.191.171.17 - - [27/Dec/2025:01:15:25 +0000] "GET /casosvbg/con_est_cruces_var.php?r=76948283 HTTP/1.1" 404 1251 "-" "Mozilla/5.0 (compatible; SemrushBot/7~bl; +http://www.semrush.com/bot.html)"
148.113.130.85 - - [27/Dec/2025:01:15:34 +0000] "GET /casosvbg/con_est_cruces_var.php?r=729684595 HTTP/1.1" 404 1251 "-" "Mozilla/5.0 (compatible; AhrefsBot/7.0; +http://ahrefs.com/robot/)"
185.191.171.8 - - [27/Dec/2025:01:15:45 +0000] "GET /casosvbg/con_est_cruces_var.php?r=3514902 HTTP/1.1" 404 1251 "-" "Mozilla/5.0 (compatible; SemrushBot/7~bl; +http://www.semrush.com/bot.html)"
