85.208.96.210 - - [27/Dec/2025:00:16:41 +0000] "GET /casosvbg/con_est_cruces_varloc.php?r=3945683 HTTP/1.1" 404 1251 "-" "Mozilla/5.0 (compatible; SemrushBot/7~bl; +http://www.semrush.com/bot.html)"
142.44.225.110 - - [27/Dec/2025:00:17:25 +0000] "GET /casosvbg/con_est_cruces_var.php?r=1759305843 HTTP/1.1" 404 1251 "-" "Mozilla/5.0 (compatible; AhrefsBot/7.0; +http://ahrefs.com/robot/)"
85.208.96.200 - - [27/Dec/2025:00:17:54 +0000] "GET /casosvbg/con_est_cruces_varloc.php?r=95579745 HTTP/1.1" 404 1251 "-" "Mozilla/5.0 (compatible; SemrushBot/7~bl; +http://www.semrush.com/bot.html)"
15.235.27.110 - - [27/Dec/2025:00:18:05 +0000] "GET /casosvbg/con_est_resumen_prg.php?r=1267743278 HTTP/1.1" 404 1251 "-" "Mozilla/5.0 (compatible; AhrefsBot/7.0; +http://ahrefs.com/robot/)"
51.161.37.149 - - [27/Dec/2025:00:18:51 +0000] "GET /casosvbg/con_est_cruces_var.php?r=249532306 HTTP/1.1" 404 1251 "-" "Mozilla/5.0 (compatible; AhrefsBot/7.0; +http://ahrefs.com/robot/)"
185.191.171.15 - - [27/Dec/2025:00:19:36 +0000] "GET /casosvbg/con_est_resumen_prg.php?r=85948945 HTTP/1.1" 404 1251 "-" "Mozilla/5.0 (compatible; SemrushBot/7~bl; +http://www.semrush.com/bot.html)"
185.191.171.15 - - [27/Dec/2025:00:19:43 +0000] "GET /casosvbg/con_est_cruces_var.php?r=34261769 HTTP/1.1" 404 1251 "-" "Mozilla/5.0 (compatible; SemrushBot/7~bl; +http://www.semrush.com/bot.html)"
85.208.96.210 - - [27/Dec/2025:00:19:44 +0000] "GET /casosvbg/con_est_resumen_prg.php?r=8452014 HTTP/1.1" 404 1251 "-" "Mozilla/5.0 (compatible; SemrushBot/7~bl; +http://www.semrush.com/bot.html)"
185.191.171.18 - - [27/Dec/2025:00:19:49 +0000] "GET /casosvbg/con_est_cruces_var.php?r=71597179 HTTP/1.1" 404 1251 "-" "Mozilla/5.0 (compatible; SemrushBot/7~bl; +http://www.semrush.com/bot.html)"
185.191.171.15 - - [27/Dec/2025:00:19:50 +0000] "GET /casosvbg/con_est_resumen_gral.php?r=98017045 HTTP/1.1" 404 1251 "-" "Mozilla/5.0 (compatible; SemrushBot/7~bl; +http://www.semrush.com/bot.html)"
185.191.171.12 - - [27/Dec/2025:00:19:58 +0000] "GET /casosvbg/con_est_cruces_var.php?r=42518887 HTTP/1.1" 404 1251 "-" "Mozilla/5.0 (compatible; SemrushBot/7~bl; +http://www.semrush.com/bot.html)"
142.44.225.27 - - [27/Dec/2025:00:20:00 +0000] "GET /casosvbg/con_est_cruces_var.php?r=726865152 HTTP/1.1" 404 1251 "-" "Mozilla/5.0 (compatible; AhrefsBot/7.0; +http://ahrefs.com/robot/)"
185.191.171.8 - - [27/Dec/2025:00:20:36 +0000] "GET /casosvbg/con_est_cruces_var.php?r=81262092 HTTP/1.1" 404 1251 "-" "Mozilla/5.0 (compatible; SemrushBot/7~bl; +http://www.semrush.com/bot.html)"
185.191.171.3 - - [27/Dec/2025:00:20:45 +0000] "GET /casosvbg/con_est_resumen_gral.php?r=49206655 HTTP/1.1" 404 1251 "-" "Mozilla/5.0 (compatible; SemrushBot/7~bl; +http://www.semrush.com/bot.html)"
185.191.171.14 - - [27/Dec/2025:00:20:53 +0000] "GET /casosvbg/con_est_cruces_var.php?r=27844267 HTTP/1.1" 404 1251 "-" "Mozilla/5.0 (compatible; SemrushBot/7~bl; +http://www.semrush.com/bot.html)"
185.191.171.7 - - [27/Dec/2025:00:17:52 +0000] "GET /casosvbg/con_est_resumen_prg.php?r=61638240 HTTP/1.1" 404 1251 "-" "Mozilla/5.0 (compatible; SemrushBot/7~bl; +http://www.semrush.com/bot.html)"
185.191.171.16 - - [27/Dec/2025:00:17:56 +0000] "GET /casosvbg/con_est_resumen_prg.php?r=60104932 HTTP/1.1" 404 1251 "-" "Mozilla/5.0 (compatible; SemrushBot/7~bl; +http://www.semrush.com/bot.html)"
85.208.96.202 - - [27/Dec/2025:00:17:59 +0000] "GET /casosvbg/con_est_resumen_prg.php?r=81027970 HTTP/1.1" 404 1251 "-" "Mozilla/5.0 (compatible; SemrushBot/7~bl; +http://www.semrush.com/bot.html)"
85.208.96.203 - - [27/Dec/2025:00:18:02 +0000] "GET /casosvbg/con_est_resumen_prg.php?r=73244370 HTTP/1.1" 404 1251 "-" "Mozilla/5.0 (compatible; SemrushBot/7~bl; +http://www.semrush.com/bot.html)"
185.191.171.10 - - [27/Dec/2025:00:18:03 +0000] "GET /casosvbg/con_est_resumen_gral.php?r=8280990 HTTP/1.1" 404 1251 "-" "Mozilla/5.0 (compatible; SemrushBot/7~bl; +http://www.semrush.com/bot.html)"
51.161.65.224 - - [27/Dec/2025:00:18:30 +0000] "GET /casosvbg/con_est_cruces_var.php?r=1093113830 HTTP/1.1" 404 1251 "-" "Mozilla/5.0 (compatible; AhrefsBot/7.0; +http://ahrefs.com/robot/)"
85.208.96.196 - - [27/Dec/2025:00:18:38 +0000] "GET /casosvbg/con_est_resumen_prg.php?r=16520108 HTTP/1.1" 404 1251 "-" "Mozilla/5.0 (compatible; SemrushBot/7~bl; +http://www.semrush.com/bot.html)"
15.235.27.160 - - [27/Dec/2025:00:19:12 +0000] "GET /casosvbg/con_est_cruces_var.php?r=151985155 HTTP/1.1" 404 1251 "-" "Mozilla/5.0 (compatible; AhrefsBot/7.0; +http://ahrefs.com/robot/)"
185.191.171.9 - - [27/Dec/2025:00:19:21 +0000] "GET /casosvbg/con_est_resumen_prg.php?r=28750493 HTTP/1.1" 404 1251 "-" "Mozilla/5.0 (compatible; SemrushBot/7~bl; +http://www.semrush.com/bot.html)"
85.208.96.203 - - [27/Dec/2025:00:19:29 +0000] "GET /casosvbg/con_est_resumen_gral.php?r=53469212 HTTP/1.1" 404 1251 "-" "Mozilla/5.0 (compatible; SemrushBot/7~bl; +http://www.semrush.com/bot.html)"
185.191.171.17 - - [27/Dec/2025:00:19:48 +0000] "GET /casosvbg/con_est_cruces_var.php?r=42882791 HTTP/1.1" 404 1251 "-" "Mozilla/5.0 (compatible; SemrushBot/7~bl; +http://www.semrush.com/bot.html)"
185.191.171.15 - - [27/Dec/2025:00:19:58 +0000] "GET /casosvbg/con_est_resumen_gral.php?r=20642729 HTTP/1.1" 404 1251 "-" "Mozilla/5.0 (compatible; SemrushBot/7~bl; +http://www.semrush.com/bot.html)"
85.208.96.200 - - [27/Dec/2025:00:20:06 +0000] "GET /casosvbg/con_est_cruces_var.php?r=61644708 HTTP/1.1" 404 1251 "-" "Mozilla/5.0 (compatible; SemrushBot/7~bl; +http://www.semrush.com/bot.html)"
185.191.171.9 - - [27/Dec/2025:00:20:18 +0000] "GET /casosvbg/con_est_resumen_prg.php?r=63543937 HTTP/1.1" 404 1251 "-" "Mozilla/5.0 (compatible; SemrushBot/7~bl; +http://www.semrush.com/bot.html)"
142.44.225.86 - - [27/Dec/2025:00:20:21 +0000] "GET /casosvbg/con_est_resumen_gral.php?r=1758506015 HTTP/1.1" 404 1251 "-" "Mozilla/5.0 (compatible; AhrefsBot/7.0; +http://ahrefs.com/robot/)"
85.208.96.205 - - [27/Dec/2025:00:20:30 +0000] "GET /casosvbg/con_est_cruces_var.php?r=46363862 HTTP/1.1" 404 1251 "-" "Mozilla/5.0 (compatible; SemrushBot/7~bl; +http://www.semrush.com/bot.html)"
85.208.96.202 - - [27/Dec/2025:00:20:31 +0000] "GET /casosvbg/con_est_cruces_varloc.php?r=83618314 HTTP/1.1" 404 1251 "-" "Mozilla/5.0 (compatible; SemrushBot/7~bl; +http://www.semrush.com/bot.html)"
185.191.171.2 - - [27/Dec/2025:00:20:42 +0000] "GET /casosvbg/con_est_resumen_prg.php?r=13406600 HTTP/1.1" 404 1251 "-" "Mozilla/5.0 (compatible; SemrushBot/7~bl; +http://www.semrush.com/bot.html)"
85.208.96.201 - - [27/Dec/2025:00:16:09 +0000] "GET /casosvbg/con_est_cruces_var.php?r=26272798 HTTP/1.1" 404 1251 "-" "Mozilla/5.0 (compatible; SemrushBot/7~bl; +http://www.semrush.com/bot.html)"
185.191.171.5 - - [27/Dec/2025:00:16:26 +0000] "GET /casosvbg/con_est_cruces_var.php?r=29411428 HTTP/1.1" 404 1251 "-" "Mozilla/5.0 (compatible; SemrushBot/7~bl; +http://www.semrush.com/bot.html)"
185.191.171.2 - - [27/Dec/2025:00:16:33 +0000] "GET /casosvbg/con_est_cruces_var.php?r=53571258 HTTP/1.1" 404 1251 "-" "Mozilla/5.0 (compatible; SemrushBot/7~bl; +http://www.semrush.com/bot.html)"
15.235.96.190 - - [27/Dec/2025:00:16:45 +0000] "GET /casosvbg/con_est_cruces_var.php?r=935398764 HTTP/1.1" 404 1251 "-" "Mozilla/5.0 (compatible; AhrefsBot/7.0; +http://ahrefs.com/robot/)"
54.39.6.30 - - [27/Dec/2025:00:17:05 +0000] "GET /casosvbg/con_est_cruces_var.php?r=435124089 HTTP/1.1" 404 1251 "-" "Mozilla/5.0 (compatible; AhrefsBot/7.0; +http://ahrefs.com/robot/)"
142.44.228.168 - - [27/Dec/2025:00:17:44 +0000] "GET /casosvbg/con_est_resumen_gral.php?r=218045005 HTTP/1.1" 404 1251 "-" "Mozilla/5.0 (compatible; AhrefsBot/7.0; +http://ahrefs.com/robot/)"
185.191.171.19 - - [27/Dec/2025:00:17:46 +0000] "GET /casosvbg/con_est_resumen_gral.php?r=54591507 HTTP/1.1" 404 1251 "-" "Mozilla/5.0 (compatible; SemrushBot/7~bl; +http://www.semrush.com/bot.html)"
185.191.171.15 - - [27/Dec/2025:00:18:17 +0000] "GET /casosvbg/con_est_resumen_gral.php?r=74994493 HTTP/1.1" 404 1251 "-" "Mozilla/5.0 (compatible; SemrushBot/7~bl; +http://www.semrush.com/bot.html)"
185.191.171.15 - - [27/Dec/2025:00:18:56 +0000] "GET /casosvbg/con_est_cruces_var.php?r=24268474 HTTP/1.1" 404 1251 "-" "Mozilla/5.0 (compatible; SemrushBot/7~bl; +http://www.semrush.com/bot.html)"
185.191.171.13 - - [27/Dec/2025:00:19:00 +0000] "GET /casosvbg/con_est_resumen_prg.php?r=50131002 HTTP/1.1" 404 1251 "-" "Mozilla/5.0 (compatible; SemrushBot/7~bl; +http://www.semrush.com/bot.html)"
185.191.171.3 - - [27/Dec/2025:00:19:21 +0000] "GET /casosvbg/con_est_resumen_prg.php?r=9780671 HTTP/1.1" 404 1251 "-" "Mozilla/5.0 (compatible; SemrushBot/7~bl; +http://www.semrush.com/bot.html)"
85.208.96.206 - - [27/Dec/2025:00:19:22 +0000] "GET /casosvbg/con_est_cruces_var.php?r=78104261 HTTP/1.1" 404 1251 "-" "Mozilla/5.0 (compatible; SemrushBot/7~bl; +http://www.semrush.com/bot.html)"
54.39.6.109 - - [27/Dec/2025:00:19:34 +0000] "GET /casosvbg/con_est_cruces_var.php?r=2058896281 HTTP/1.1" 404 1251 "-" "Mozilla/5.0 (compatible; AhrefsBot/7.0; +http://ahrefs.com/robot/)"
85.208.96.198 - - [27/Dec/2025:00:19:59 +0000] "GET /casosvbg/con_est_cruces_var.php?r=29679052 HTTP/1.1" 404 1251 "-" "Mozilla/5.0 (compatible; SemrushBot/7~bl; +http://www.semrush.com/bot.html)"
185.191.171.9 - - [27/Dec/2025:00:20:17 +0000] "GET /casosvbg/con_est_resumen_gral.php?r=96143939 HTTP/1.1" 404 1251 "-" "Mozilla/5.0 (compatible; SemrushBot/7~bl; +http://www.semrush.com/bot.html)"
85.208.96.212 - - [27/Dec/2025:00:20:28 +0000] "GET /casosvbg/con_est_resumen_prg.php?r=38257514 HTTP/1.1" 404 1251 "-" "Mozilla/5.0 (compatible; SemrushBot/7~bl; +http://www.semrush.com/bot.html)"
185.191.171.3 - - [27/Dec/2025:00:20:34 +0000] "GET /casosvbg/con_est_resumen_gral.php?r=30822283 HTTP/1.1" 404 1251 "-" "Mozilla/5.0 (compatible; SemrushBot/7~bl; +http://www.semrush.com/bot.html)"
15.235.27.204 - - [27/Dec/2025:00:20:46 +0000] "GET /casosvbg/con_est_resumen_gral.php?r=107457372 HTTP/1.1" 404 1251 "-" "Mozilla/5.0 (compatible; AhrefsBot/7.0; +http://ahrefs.com/robot/)"
185.191.171.6 - - [27/Dec/2025:00:20:47 +0000] "GET /casosvbg/con_est_cruces_varloc.php?r=34601564 HTTP/1.1" 404 1251 "-" "Mozilla/5.0 (compatible; SemrushBot/7~bl; +http://www.semrush.com/bot.html)"
85.208.96.199 - - [27/Dec/2025:00:21:41 +0000] "GET /casosvbg/con_est_cruces_var.php?r=17333485 HTTP/1.1" 404 1251 "-" "Mozilla/5.0 (compatible; SemrushBot/7~bl; +http://www.semrush.com/bot.html)"
167.114.139.200 - - [27/Dec/2025:00:21:50 +0000] "GET /casosvbg/con_est_resumen_prg.php?r=875744218 HTTP/1.1" 404 1251 "-" "Mozilla/5.0 (compatible; AhrefsBot/7.0; +http://ahrefs.com/robot/)"
85.208.96.204 - - [27/Dec/2025:00:22:00 +0000] "GET /casosvbg/con_est_resumen_prg.php?r=90898388 HTTP/1.1" 404 1251 "-" "Mozilla/5.0 (compatible; SemrushBot/7~bl; +http://www.semrush.com/bot.html)"
51.161.65.67 - - [27/Dec/2025:00:21:29 +0000] "GET /casosvbg/con_est_resumen_gral.php?r=550601155 HTTP/1.1" 404 1251 "-" "Mozilla/5.0 (compatible; AhrefsBot/7.0; +http://ahrefs.com/robot/)"
85.208.96.196 - - [27/Dec/2025:00:21:33 +0000] "GET /casosvbg/con_est_cruces_var.php?r=50116090 HTTP/1.1" 404 1251 "-" "Mozilla/5.0 (compatible; SemrushBot/7~bl; +http://www.semrush.com/bot.html)"
185.191.171.6 - - [27/Dec/2025:00:21:59 +0000] "GET /casosvbg/con_est_resumen_gral.php?r=27795163 HTTP/1.1" 404 1251 "-" "Mozilla/5.0 (compatible; SemrushBot/7~bl; +http://www.semrush.com/bot.html)"
185.191.171.6 - - [27/Dec/2025:00:22:01 +0000] "GET /casosvbg/con_est_cruces_var.php?r=26290452 HTTP/1.1" 404 1251 "-" "Mozilla/5.0 (compatible; SemrushBot/7~bl; +http://www.semrush.com/bot.html)"
54.39.0.20 - - [27/Dec/2025:00:21:08 +0000] "GET /casosvbg/con_est_resumen_prg.php?r=1384883102 HTTP/1.1" 404 1251 "-" "Mozilla/5.0 (compatible; AhrefsBot/7.0; +http://ahrefs.com/robot/)"
85.208.96.199 - - [27/Dec/2025:00:21:23 +0000] "GET /casosvbg/con_est_cruces_var.php?r=72732740 HTTP/1.1" 404 1251 "-" "Mozilla/5.0 (compatible; SemrushBot/7~bl; +http://www.semrush.com/bot.html)"
85.208.96.200 - - [27/Dec/2025:00:21:39 +0000] "GET /casosvbg/con_est_resumen_prg.php?r=76097024 HTTP/1.1" 404 1251 "-" "Mozilla/5.0 (compatible; SemrushBot/7~bl; +http://www.semrush.com/bot.html)"
185.191.171.10 - - [27/Dec/2025:00:21:45 +0000] "GET /casosvbg/con_est_cruces_varloc.php?r=8356290 HTTP/1.1" 404 1251 "-" "Mozilla/5.0 (compatible; SemrushBot/7~bl; +http://www.semrush.com/bot.html)"
185.191.171.15 - - [27/Dec/2025:00:21:58 +0000] "GET /casosvbg/con_est_cruces_var.php?r=46353824 HTTP/1.1" 404 1251 "-" "Mozilla/5.0 (compatible; SemrushBot/7~bl; +http://www.semrush.com/bot.html)"
185.191.171.19 - - [27/Dec/2025:00:22:22 +0000] "GET /casosvbg/con_est_resumen_gral.php?r=51042315 HTTP/1.1" 404 1251 "-" "Mozilla/5.0 (compatible; SemrushBot/7~bl; +http://www.semrush.com/bot.html)"
85.208.96.199 - - [27/Dec/2025:00:22:30 +0000] "GET /casosvbg/con_est_resumen_prg.php?r=87172671 HTTP/1.1" 404 1251 "-" "Mozilla/5.0 (compatible; SemrushBot/7~bl; +http://www.semrush.com/bot.html)"
51.161.65.179 - - [27/Dec/2025:00:22:32 +0000] "GET /casosvbg/con_est_cruces_var.php?r=1101079051 HTTP/1.1" 404 1251 "-" "Mozilla/5.0 (compatible; AhrefsBot/7.0; +http://ahrefs.com/robot/)"
85.208.96.206 - - [27/Dec/2025:00:22:50 +0000] "GET /casosvbg/con_est_cruces_var.php?r=20281782 HTTP/1.1" 404 1251 "-" "Mozilla/5.0 (compatible; SemrushBot/7~bl; +http://www.semrush.com/bot.html)"
185.191.171.7 - - [27/Dec/2025:00:23:33 +0000] "GET /casosvbg/con_est_cruces_varloc.php?r=29858325 HTTP/1.1" 404 1251 "-" "Mozilla/5.0 (compatible; SemrushBot/7~bl; +http://www.semrush.com/bot.html)"
85.208.96.199 - - [27/Dec/2025:00:23:48 +0000] "GET /casosvbg/con_est_cruces_var.php?r=73318082 HTTP/1.1" 404 1251 "-" "Mozilla/5.0 (compatible; SemrushBot/7~bl; +http://www.semrush.com/bot.html)"
185.191.171.12 - - [27/Dec/2025:00:23:56 +0000] "GET /casosvbg/con_est_cruces_varloc.php?r=15736371 HTTP/1.1" 404 1251 "-" "Mozilla/5.0 (compatible; SemrushBot/7~bl; +http://www.semrush.com/bot.html)"
85.208.96.200 - - [27/Dec/2025:00:23:58 +0000] "GET /casosvbg/con_est_resumen_gral.php?r=83552515 HTTP/1.1" 404 1251 "-" "Mozilla/5.0 (compatible; SemrushBot/7~bl; +http://www.semrush.com/bot.html)"
85.208.96.206 - - [27/Dec/2025:00:24:15 +0000] "GET /casosvbg/con_est_resumen_gral.php?r=14490919 HTTP/1.1" 404 1251 "-" "Mozilla/5.0 (compatible; SemrushBot/7~bl; +http://www.semrush.com/bot.html)"
185.191.171.10 - - [27/Dec/2025:00:24:17 +0000] "GET /casosvbg/con_est_resumen_prg.php?r=58842333 HTTP/1.1" 404 1251 "-" "Mozilla/5.0 (compatible; SemrushBot/7~bl; +http://www.semrush.com/bot.html)"
51.222.168.195 - - [27/Dec/2025:00:24:33 +0000] "GET /casosvbg/con_est_cruces_var.php?r=1739043059 HTTP/1.1" 404 1251 "-" "Mozilla/5.0 (compatible; AhrefsBot/7.0; +http://ahrefs.com/robot/)"
185.191.171.14 - - [27/Dec/2025:00:24:50 +0000] "GET /casosvbg/con_est_cruces_var.php?r=75140535 HTTP/1.1" 404 1251 "-" "Mozilla/5.0 (compatible; SemrushBot/7~bl; +http://www.semrush.com/bot.html)"
85.208.96.199 - - [27/Dec/2025:00:24:50 +0000] "GET /casosvbg/con_est_cruces_var.php?r=82496535 HTTP/1.1" 404 1251 "-" "Mozilla/5.0 (compatible; SemrushBot/7~bl; +http://www.semrush.com/bot.html)"
85.208.96.204 - - [27/Dec/2025:00:24:54 +0000] "GET /casosvbg/con_est_resumen_gral.php?r=80026706 HTTP/1.1" 404 1251 "-" "Mozilla/5.0 (compatible; SemrushBot/7~bl; +http://www.semrush.com/bot.html)"
177.191.118.251 - - [27/Dec/2025:00:25:02 +0000] "GET http://noestassola.com.co/casosvbg/con_est_resumen_prg.php?r=822592930 HTTP/1.1" 404 1251 "-" "Mozilla/5.0 (Windows NT 10.0; Win64; x64) AppleWebKit/537.36 (KHTML, like Gecko) Chrome/122.0.0.0 Safari/537.36"
85.208.96.196 - - [27/Dec/2025:00:25:36 +0000] "GET /casosvbg/con_est_resumen_gral.php?r=46365017 HTTP/1.1" 404 1251 "-" "Mozilla/5.0 (compatible; SemrushBot/7~bl; +http://www.semrush.com/bot.html)"
185.191.171.11 - - [27/Dec/2025:00:25:55 +0000] "GET /casosvbg/con_est_cruces_var.php?r=71235904 HTTP/1.1" 404 1251 "-" "Mozilla/5.0 (compatible; SemrushBot/7~bl; +http://www.semrush.com/bot.html)"
85.208.96.197 - - [27/Dec/2025:00:26:17 +0000] "GET /robots.txt HTTP/1.1" 404 1251 "-" "Mozilla/5.0 (compatible; SemrushBot/7~bl; +http://www.semrush.com/bot.html)"
51.161.65.24 - - [27/Dec/2025:00:26:31 +0000] "GET /casosvbg/con_est_resumen_gral.php?r=384046116 HTTP/1.1" 404 1251 "-" "Mozilla/5.0 (compatible; AhrefsBot/7.0; +http://ahrefs.com/robot/)"
54.39.136.70 - - [27/Dec/2025:00:26:51 +0000] "GET /casosvbg/con_est_resumen_prg.php?r=1881165370 HTTP/1.1" 404 1251 "-" "Mozilla/5.0 (compatible; AhrefsBot/7.0; +http://ahrefs.com/robot/)"
185.191.171.16 - - [27/Dec/2025:00:22:58 +0000] "GET /casosvbg/con_est_resumen_gral.php?r=89503401 HTTP/1.1" 404 1251 "-" "Mozilla/5.0 (compatible; SemrushBot/7~bl; +http://www.semrush.com/bot.html)"
54.39.89.100 - - [27/Dec/2025:00:23:13 +0000] "GET /casosvbg/con_est_resumen_prg.php?r=791250402 HTTP/1.1" 404 1251 "-" "Mozilla/5.0 (compatible; AhrefsBot/7.0; +http://ahrefs.com/robot/)"
185.191.171.17 - - [27/Dec/2025:00:23:35 +0000] "GET /casosvbg/con_est_resumen_gral.php?r=49389147 HTTP/1.1" 404 1251 "-" "Mozilla/5.0 (compatible; SemrushBot/7~bl; +http://www.semrush.com/bot.html)"
142.44.225.105 - - [27/Dec/2025:00:23:36 +0000] "GET /casosvbg/con_est_resumen_gral.php?r=856719951 HTTP/1.1" 404 1251 "-" "Mozilla/5.0 (compatible; AhrefsBot/7.0; +http://ahrefs.com/robot/)"
51.222.168.191 - - [27/Dec/2025:00:24:13 +0000] "GET /casosvbg/con_est_cruces_var.php?r=1697006438 HTTP/1.1" 404 1251 "-" "Mozilla/5.0 (compatible; AhrefsBot/7.0; +http://ahrefs.com/robot/)"
185.191.171.13 - - [27/Dec/2025:00:24:13 +0000] "GET /casosvbg/con_est_cruces_var.php?r=12229363 HTTP/1.1" 404 1251 "-" "Mozilla/5.0 (compatible; SemrushBot/7~bl; +http://www.semrush.com/bot.html)"
185.191.171.7 - - [27/Dec/2025:00:24:18 +0000] "GET /casosvbg/con_est_resumen_prg.php?r=56826944 HTTP/1.1" 404 1251 "-" "Mozilla/5.0 (compatible; SemrushBot/7~bl; +http://www.semrush.com/bot.html)"
85.208.96.203 - - [27/Dec/2025:00:24:20 +0000] "GET /casosvbg/con_est_resumen_gral.php?r=22751746 HTTP/1.1" 404 1251 "-" "Mozilla/5.0 (compatible; SemrushBot/7~bl; +http://www.semrush.com/bot.html)"
185.191.171.4 - - [27/Dec/2025:00:24:40 +0000] "GET /casosvbg/con_est_resumen_prg.php?r=49012217 HTTP/1.1" 404 1251 "-" "Mozilla/5.0 (compatible; SemrushBot/7~bl; +http://www.semrush.com/bot.html)"
85.208.96.196 - - [27/Dec/2025:00:24:41 +0000] "GET /casosvbg/con_est_cruces_var.php?r=84548751 HTTP/1.1" 404 1251 "-" "Mozilla/5.0 (compatible; SemrushBot/7~bl; +http://www.semrush.com/bot.html)"
148.113.130.61 - - [27/Dec/2025:00:24:54 +0000] "GET /casosvbg/con_est_resumen_gral.php?r=1704342147 HTTP/1.1" 404 1251 "-" "Mozilla/5.0 (compatible; AhrefsBot/7.0; +http://ahrefs.com/robot/)"
148.113.128.193 - - [27/Dec/2025:00:25:19 +0000] "GET /casosvbg/con_est_resumen_prg.php?r=2038780052 HTTP/1.1" 404 1251 "-" "Mozilla/5.0 (compatible; AhrefsBot/7.0; +http://ahrefs.com/robot/)"
185.191.171.19 - - [27/Dec/2025:00:25:37 +0000] "GET /casosvbg/con_est_resumen_prg.php?r=70790397 HTTP/1.1" 404 1251 "-" "Mozilla/5.0 (compatible; SemrushBot/7~bl; +http://www.semrush.com/bot.html)"
185.191.171.9 - - [27/Dec/2025:00:25:58 +0000] "GET /casosvbg/con_est_resumen_prg.php?r=32951447 HTTP/1.1" 404 1251 "-" "Mozilla/5.0 (compatible; SemrushBot/7~bl; +http://www.semrush.com/bot.html)"
54.39.0.213 - - [27/Dec/2025:00:26:05 +0000] "GET /casosvbg/con_est_cruces_var.php?r=2109883405 HTTP/1.1" 404 1251 "-" "Mozilla/5.0 (compatible; AhrefsBot/7.0; +http://ahrefs.com/robot/)"
85.208.96.196 - - [27/Dec/2025:00:26:16 +0000] "GET /casosvbg/con_est_resumen_gral.php?r=9514719 HTTP/1.1" 404 1251 "-" "Mozilla/5.0 (compatible; SemrushBot/7~bl; +http://www.semrush.com/bot.html)"
185.191.171.11 - - [27/Dec/2025:00:26:17 +0000] "GET /casosvbg/con_est_cruces_var.php?r=72108084 HTTP/1.1" 404 1251 "-" "Mozilla/5.0 (compatible; SemrushBot/7~bl; +http://www.semrush.com/bot.html)"
185.191.171.11 - - [27/Dec/2025:00:26:20 +0000] "GET /casosvbg/con_est_resumen_prg.php?r=29884584 HTTP/1.1" 404 1251 "-" "Mozilla/5.0 (compatible; SemrushBot/7~bl; +http://www.semrush.com/bot.html)"
185.191.171.8 - - [27/Dec/2025:00:26:24 +0000] "GET /casosvbg/con_est_resumen_gral.php?r=74528918 HTTP/1.1" 404 1251 "-" "Mozilla/5.0 (compatible; SemrushBot/7~bl; +http://www.semrush.com/bot.html)"
85.208.96.198 - - [27/Dec/2025:00:26:52 +0000] "GET /casosvbg/con_est_cruces_varloc.php?r=23851291 HTTP/1.1" 404 1251 "-" "Mozilla/5.0 (compatible; SemrushBot/7~bl; +http://www.semrush.com/bot.html)"
148.113.130.90 - - [27/Dec/2025:00:22:09 +0000] "GET /casosvbg/con_est_cruces_var.php?r=875832395 HTTP/1.1" 404 1251 "-" "Mozilla/5.0 (compatible; AhrefsBot/7.0; +http://ahrefs.com/robot/)"
142.44.225.227 - - [27/Dec/2025:00:22:52 +0000] "GET /casosvbg/con_est_resumen_gral.php?r=1239730957 HTTP/1.1" 404 1251 "-" "Mozilla/5.0 (compatible; AhrefsBot/7.0; +http://ahrefs.com/robot/)"
85.208.96.205 - - [27/Dec/2025:00:23:36 +0000] "GET /casosvbg/con_est_cruces_var.php?r=57444859 HTTP/1.1" 404 1251 "-" "Mozilla/5.0 (compatible; SemrushBot/7~bl; +http://www.semrush.com/bot.html)"
185.191.171.11 - - [27/Dec/2025:00:23:38 +0000] "GET /casosvbg/con_est_resumen_prg.php?r=25280235 HTTP/1.1" 404 1251 "-" "Mozilla/5.0 (compatible; SemrushBot/7~bl; +http://www.semrush.com/bot.html)"
148.113.128.41 - - [27/Dec/2025:00:23:54 +0000] "GET /casosvbg/con_est_resumen_prg.php?r=1658183056 HTTP/1.1" 404 1251 "-" "Mozilla/5.0 (compatible; AhrefsBot/7.0; +http://ahrefs.com/robot/)"
85.208.96.195 - - [27/Dec/2025:00:24:10 +0000] "GET /casosvbg/con_est_cruces_var.php?r=2166211 HTTP/1.1" 404 1251 "-" "Mozilla/5.0 (compatible; SemrushBot/7~bl; +http://www.semrush.com/bot.html)"
185.191.171.10 - - [27/Dec/2025:00:24:12 +0000] "GET /casosvbg/con_est_resumen_prg.php?r=66895595 HTTP/1.1" 404 1251 "-" "Mozilla/5.0 (compatible; SemrushBot/7~bl; +http://www.semrush.com/bot.html)"
85.208.96.194 - - [27/Dec/2025:00:24:32 +0000] "GET /casosvbg/con_est_resumen_prg.php?r=83284688 HTTP/1.1" 404 1251 "-" "Mozilla/5.0 (compatible; SemrushBot/7~bl; +http://www.semrush.com/bot.html)"
185.191.171.14 - - [27/Dec/2025:00:24:48 +0000] "GET /casosvbg/con_est_resumen_prg.php?r=7192300 HTTP/1.1" 404 1251 "-" "Mozilla/5.0 (compatible; SemrushBot/7~bl; +http://www.semrush.com/bot.html)"
85.208.96.197 - - [27/Dec/2025:00:24:48 +0000] "GET /casosvbg/con_est_resumen_prg.php?r=16663109 HTTP/1.1" 404 1251 "-" "Mozilla/5.0 (compatible; SemrushBot/7~bl; +http://www.semrush.com/bot.html)"
185.191.171.3 - - [27/Dec/2025:00:24:55 +0000] "GET /casosvbg/con_est_cruces_var.php?r=30540974 HTTP/1.1" 404 1251 "-" "Mozilla/5.0 (compatible; SemrushBot/7~bl; +http://www.semrush.com/bot.html)"
54.39.89.168 - - [27/Dec/2025:00:25:41 +0000] "GET /casosvbg/con_est_cruces_var.php?r=913594148 HTTP/1.1" 404 1251 "-" "Mozilla/5.0 (compatible; AhrefsBot/7.0; +http://ahrefs.com/robot/)"
185.191.171.5 - - [27/Dec/2025:00:26:11 +0000] "GET /casosvbg/con_est_resumen_gral.php?r=34166958 HTTP/1.1" 404 1251 "-" "Mozilla/5.0 (compatible; SemrushBot/7~bl; +http://www.semrush.com/bot.html)"
185.191.171.16 - - [27/Dec/2025:00:26:15 +0000] "GET /casosvbg/con_est_resumen_prg.php?r=22724657 HTTP/1.1" 404 1251 "-" "Mozilla/5.0 (compatible; SemrushBot/7~bl; +http://www.semrush.com/bot.html)"
185.191.171.14 - - [27/Dec/2025:00:26:18 +0000] "GET /casosvbg/con_est_resumen_prg.php?r=81077389 HTTP/1.1" 404 1251 "-" "Mozilla/5.0 (compatible; SemrushBot/7~bl; +http://www.semrush.com/bot.html)"
85.208.96.200 - - [27/Dec/2025:00:26:41 +0000] "GET /casosvbg/con_est_resumen_gral.php?r=88679627 HTTP/1.1" 404 1251 "-" "Mozilla/5.0 (compatible; SemrushBot/7~bl; +http://www.semrush.com/bot.html)"
142.44.228.19 - - [27/Dec/2025:00:27:13 +0000] "GET /casosvbg/con_est_cruces_var.php?r=925821255 HTTP/1.1" 404 1251 "-" "Mozilla/5.0 (compatible; AhrefsBot/7.0; +http://ahrefs.com/robot/)"
85.208.96.208 - - [27/Dec/2025:00:27:40 +0000] "GET /casosvbg/con_est_cruces_var.php?r=43373978 HTTP/1.1" 404 1251 "-" "Mozilla/5.0 (compatible; SemrushBot/7~bl; +http://www.semrush.com/bot.html)"
185.191.171.15 - - [27/Dec/2025:00:27:51 +0000] "GET /casosvbg/con_est_resumen_prg.php?r=3569679 HTTP/1.1" 404 1251 "-" "Mozilla/5.0 (compatible; SemrushBot/7~bl; +http://www.semrush.com/bot.html)"
185.191.171.8 - - [27/Dec/2025:00:28:05 +0000] "GET /casosvbg/con_est_resumen_prg.php?r=79689180 HTTP/1.1" 404 1251 "-" "Mozilla/5.0 (compatible; SemrushBot/7~bl; +http://www.semrush.com/bot.html)"
185.191.171.14 - - [27/Dec/2025:00:26:58 +0000] "GET /casosvbg/con_est_resumen_prg.php?r=39940169 HTTP/1.1" 404 1251 "-" "Mozilla/5.0 (compatible; SemrushBot/7~bl; +http://www.semrush.com/bot.html)"
148.113.128.186 - - [27/Dec/2025:00:27:39 +0000] "GET /casosvbg/con_est_cruces_var.php?r=990776284 HTTP/1.1" 404 1251 "-" "Mozilla/5.0 (compatible; AhrefsBot/7.0; +http://ahrefs.com/robot/)"
185.191.171.3 - - [27/Dec/2025:00:27:44 +0000] "GET /casosvbg/con_est_resumen_gral.php?r=21505687 HTTP/1.1" 404 1251 "-" "Mozilla/5.0 (compatible; SemrushBot/7~bl; +http://www.semrush.com/bot.html)"
85.208.96.195 - - [27/Dec/2025:00:27:48 +0000] "GET /casosvbg/con_est_resumen_gral.php?r=42668994 HTTP/1.1" 404 1251 "-" "Mozilla/5.0 (compatible; SemrushBot/7~bl; +http://www.semrush.com/bot.html)"
185.191.171.16 - - [27/Dec/2025:00:27:52 +0000] "GET /casosvbg/con_est_cruces_var.php?r=37118116 HTTP/1.1" 404 1251 "-" "Mozilla/5.0 (compatible; SemrushBot/7~bl; +http://www.semrush.com/bot.html)"
185.191.171.7 - - [27/Dec/2025:00:28:22 +0000] "GET /casosvbg/con_est_resumen_prg.php?r=17881080 HTTP/1.1" 404 1251 "-" "Mozilla/5.0 (compatible; SemrushBot/7~bl; +http://www.semrush.com/bot.html)"
4.194.147.153 - - [27/Dec/2025:00:28:28 +0000] "GET /.well-known/index.php HTTP/1.1" 404 1251 "https://duckduckgo.com/" "Mozilla/5.0 (Linux; Android 14; Pixel 8 Pro) AppleWebKit/537.36 (KHTML, like Gecko) Chrome/119.0.0.0 Mobile Safari/537.36"
4.194.147.153 - - [27/Dec/2025:00:28:28 +0000] "GET /404.php HTTP/1.1" 404 1251 "https://www.google.de/" "Mozilla/5.0 (Linux; Android 14; Pixel 8 Pro) AppleWebKit/537.36 (KHTML, like Gecko) Chrome/119.0.0.0 Mobile Safari/537.36"
4.194.147.153 - - [27/Dec/2025:00:28:28 +0000] "GET /aa.php HTTP/1.1" 404 1251 "https://www.google.co.uk/" "Mozilla/5.0 (iPhone; CPU iPhone OS 17_1 like Mac OS X) AppleWebKit/605.1.15 (KHTML, like Gecko) CriOS/119.0.6045.109 Mobile/15E148 Safari/604.1"
4.194.147.153 - - [27/Dec/2025:00:28:29 +0000] "GET /abcd.php HTTP/1.1" 404 1251 "https://www.yahoo.com/" "Mozilla/5.0 (Linux; Android 13; M2101K6G) AppleWebKit/537.36 (KHTML, like Gecko) Chrome/116.0.0.0 Mobile Safari/537.36"
4.194.147.153 - - [27/Dec/2025:00:28:29 +0000] "GET /admin.php HTTP/1.1" 404 1251 "https://www.bing.com/" "Mozilla/5.0 (Linux; Android 13; SM-S908E) AppleWebKit/537.36 (KHTML, like Gecko) Chrome/116.0.0.0 Mobile Safari/537.36"
4.194.147.153 - - [27/Dec/2025:00:28:29 +0000] "GET /adminfuns.php HTTP/1.1" 404 1251 "https://www.google.com/" "Mozilla/5.0 (iPhone; CPU iPhone OS 16_0 like Mac OS X) AppleWebKit/605.1.15 (KHTML, like Gecko) FxiOS/118.0 Mobile/15E148 Safari/605.1.15"
4.194.147.153 - - [27/Dec/2025:00:28:29 +0000] "GET /ahax.php HTTP/1.1" 404 1251 "https://www.google.de/" "Mozilla/5.0 (Linux; Android 14; Pixel 8 Pro) AppleWebKit/537.36 (KHTML, like Gecko) Chrome/119.0.0.0 Mobile Safari/537.36"
4.194.147.153 - - [27/Dec/2025:00:28:29 +0000] "GET /akcc.php HTTP/1.1" 404 1251 "https://duckduckgo.com/" "Mozilla/5.0 (Linux; Android 12; 2201116SG) AppleWebKit/537.36 (KHTML, like Gecko) Chrome/116.0.0.0 Mobile Safari/537.36"
4.194.147.153 - - [27/Dec/2025:00:28:30 +0000] "GET /alfa.php HTTP/1.1" 404 1251 "https://duckduckgo.com/" "Mozilla/5.0 (Linux; Android 13; SM-G991U) AppleWebKit/537.36 (KHTML, like Gecko) Chrome/117.0.0.0 Mobile Safari/537.36"
4.194.147.153 - - [27/Dec/2025:00:28:30 +0000] "GET /assets/images/ HTTP/1.1" 404 1251 "https://www.bing.com/" "Mozilla/5.0 (Linux; Android 10; K) AppleWebKit/537.36 (KHTML, like Gecko) Chrome/117.0.0.0 Mobile Safari/537.36"
4.194.147.153 - - [27/Dec/2025:00:28:30 +0000] "GET /autoload_classmap/function.php HTTP/1.1" 404 1251 "https://www.google.co.uk/" "Mozilla/5.g (Linux; Android 13; Pixel 7) AppleWebKit/537.36 (KHTML, like Gecko) Chrome/116.0.0.0 Mobile Safari/537.36"
4.194.147.153 - - [27/Dec/2025:00:28:30 +0000] "GET /av.php HTTP/1.1" 404 1251 "https://www.yahoo.com/" "Mozilla/5.0 (Linux; Android 11; CPH2251) AppleWebKit/537.36 (KHTML, like Gecko) Chrome/116.0.0.0 Mobile Safari/537.36"
4.194.147.153 - - [27/Dec/2025:00:28:31 +0000] "GET /bless.php HTTP/1.1" 404 1251 "https://www.google.de/" "Mozilla/5.0 (Linux; Android 10; K) AppleWebKit/537.36 (KHTML, like Gecko) Chrome/117.0.0.0 Mobile Safari/537.36"
4.194.147.153 - - [27/Dec/2025:00:28:31 +0000] "GET /bolt.php HTTP/1.1" 404 1251 "https://www.google.com/" "Mozilla/5.0 (Linux; Android 12; V2134) AppleWebKit/537.36 (KHTML, like Gecko) Chrome/116.0.0.0 Mobile Safari/537.36"
4.194.147.153 - - [27/Dec/2025:00:28:31 +0000] "GET /buy.php HTTP/1.1" 404 1251 "https://www.google.de/" "Mozilla/5.0 (iPhone; CPU iPhone OS 16_6_1 like Mac OS X) AppleWebKit/605.1.15 (KHTML, like Gecko) Version/16.6 Mobile/15E148 Safari/604.1"
4.194.147.153 - - [27/Dec/2025:00:28:31 +0000] "GET /cgi-bin/file.php HTTP/1.1" 404 1251 "https://www.google.com/" "Mozilla/5.0 (iPhone; CPU iPhone OS 16_0 like Mac OS X) AppleWebKit/605.1.15 (KHTML, like Gecko) FxiOS/118.0 Mobile/15E148 Safari/605.1.15"
4.194.147.153 - - [27/Dec/2025:00:28:31 +0000] "GET /cgi-bin/index.php HTTP/1.1" 404 1251 "https://www.yahoo.com/" "Mozilla/5.0 (Linux; Android 13; SM-G991U) AppleWebKit/537.36 (KHTML, like Gecko) Chrome/117.0.0.0 Mobile Safari/537.36"
4.194.147.153 - - [27/Dec/2025:00:28:32 +0000] "GET /chosen.php HTTP/1.1" 404 1251 "https://www.bing.com/" "Mozilla/5.0 (iPhone; CPU iPhone OS 17_0_3 like Mac OS X) AppleWebKit/605.1.15 (KHTML, like Gecko) Version/17.0.1 Mobile/15E148 Safari/604.1"
4.194.147.153 - - [27/Dec/2025:00:28:32 +0000] "GET /classwithtostring.php HTTP/1.1" 404 1251 "https://duckduckgo.com/" "Mozilla/5.0 (iPhone; CPU iPhone OS 17_1 like Mac OS X) AppleWebKit/605.1.15 (KHTML, like Gecko) CriOS/119.0.6045.109 Mobile/15E148 Safari/604.1"
4.194.147.153 - - [27/Dec/2025:00:28:32 +0000] "GET /edit.php HTTP/1.1" 404 1251 "https://www.bing.com/" "Mozilla/5.0 (Linux; Android 13; SM-G991U) AppleWebKit/537.36 (KHTML, like Gecko) Chrome/117.0.0.0 Mobile Safari/537.36"
4.194.147.153 - - [27/Dec/2025:00:28:32 +0000] "GET /elp.php HTTP/1.1" 404 1251 "https://www.google.co.uk/" "Mozilla/5.0 (Linux; Android 13; M2101K6G) AppleWebKit/537.36 (KHTML, like Gecko) Chrome/116.0.0.0 Mobile Safari/537.36"
4.194.147.153 - - [27/Dec/2025:00:28:33 +0000] "GET /file.php HTTP/1.1" 404 1251 "https://www.google.fr/" "Mozilla/5.0 (iPhone; CPU iPhone OS 17_1 like Mac OS X) AppleWebKit/605.1.15 (KHTML, like Gecko) CriOS/119.0.6045.109 Mobile/15E148 Safari/604.1"
4.194.147.153 - - [27/Dec/2025:00:28:33 +0000] "GET /files/ HTTP/1.1" 404 1251 "https://www.bing.com/" "Mozilla/5.0 (Linux; Android 13; SM-S908E) AppleWebKit/537.36 (KHTML, like Gecko) Chrome/116.0.0.0 Mobile Safari/537.36"
4.194.147.153 - - [27/Dec/2025:00:28:33 +0000] "GET /gg.php HTTP/1.1" 404 1251 "https://www.google.fr/" "Mozilla/5.0 (iPhone; CPU iPhone OS 17_0_3 like Mac OS X) AppleWebKit/605.1.15 (KHTML, like Gecko) Version/17.0.1 Mobile/15E148 Safari/604.1"
4.194.147.153 - - [27/Dec/2025:00:28:33 +0000] "GET /goods.php HTTP/1.1" 404 1251 "https://www.google.com/" "Mozilla/5.0 (Linux; Android 13; M2101K6G) AppleWebKit/537.36 (KHTML, like Gecko) Chrome/116.0.0.0 Mobile Safari/537.36"
4.194.147.153 - - [27/Dec/2025:00:28:33 +0000] "GET /images/ HTTP/1.1" 404 1251 "https://www.google.co.uk/" "Mozilla/5.0 (Linux; Android 11; CPH2251) AppleWebKit/537.36 (KHTML, like Gecko) Chrome/116.0.0.0 Mobile Safari/537.36"
4.194.147.153 - - [27/Dec/2025:00:28:34 +0000] "GET /images/install.php HTTP/1.1" 404 1251 "https://www.google.de/" "Mozilla/5.0 (Linux; Android 12; V2134) AppleWebKit/537.36 (KHTML, like Gecko) Chrome/116.0.0.0 Mobile Safari/537.36"
4.194.147.153 - - [27/Dec/2025:00:28:34 +0000] "GET /info.php HTTP/1.1" 404 1251 "https://www.yahoo.com/" "Mozilla/5.0 (Linux; Android 11; 21081111RG) AppleWebKit/537.36 (KHTML, like Gecko) Chrome/116.0.0.0 Mobile Safari/537.36"
4.194.147.153 - - [27/Dec/2025:00:28:34 +0000] "GET /ioxi-o.php HTTP/1.1" 404 1251 "https://duckduckgo.com/" "Mozilla/5.0 (Linux; Android 12; V2134) AppleWebKit/537.36 (KHTML, like Gecko) Chrome/116.0.0.0 Mobile Safari/537.36"
4.194.147.153 - - [27/Dec/2025:00:28:34 +0000] "GET /k.php HTTP/1.1" 404 1251 "https://www.google.de/" "Mozilla/5.0 (iPad; CPU OS 16_7_2 like Mac OS X) AppleWebKit/605.1.15 (KHTML, like Gecko) Version/16.6 Mobile/15E148 Safari/604.1"
4.194.147.153 - - [27/Dec/2025:00:28:34 +0000] "GET /mah.php HTTP/1.1" 404 1251 "https://www.yahoo.com/" "Mozilla/5.0 (iPhone; CPU iPhone OS 16_6_1 like Mac OS X) AppleWebKit/605.1.15 (KHTML, like Gecko) Version/16.6 Mobile/15E148 Safari/604.1"
4.194.147.153 - - [27/Dec/2025:00:28:35 +0000] "GET /mah/function.php HTTP/1.1" 404 1251 "https://www.google.de/" "Mozilla/5.g (Linux; Android 13; Pixel 7) AppleWebKit/537.36 (KHTML, like Gecko) Chrome/116.0.0.0 Mobile Safari/537.36"
4.194.147.153 - - [27/Dec/2025:00:28:35 +0000] "GET /manager.php HTTP/1.1" 404 1251 "https://www.google.fr/" "Mozilla/5.0 (iPhone; CPU iPhone OS 17_1 like Mac OS X) AppleWebKit/605.1.15 (KHTML, like Gecko) CriOS/119.0.6045.109 Mobile/15E148 Safari/604.1"
4.194.147.153 - - [27/Dec/2025:00:28:35 +0000] "GET /mini HTTP/1.1" 404 1251 "https://www.yahoo.com/" "Mozilla/5.0 (Linux; Android 14; Pixel 8 Pro) AppleWebKit/537.36 (KHTML, like Gecko) Chrome/119.0.0.0 Mobile Safari/537.36"
4.194.147.153 - - [27/Dec/2025:00:28:35 +0000] "GET /modules/mod_simplefileuploadv1.3/elements/index.php HTTP/1.1" 404 1251 "https://www.google.com/" "Mozilla/5.0 (Linux; Android 10; K) AppleWebKit/537.36 (KHTML, like Gecko) Chrome/117.0.0.0 Mobile Safari/537.36"
4.194.147.153 - - [27/Dec/2025:00:28:35 +0000] "GET /new.php HTTP/1.1" 404 1251 "https://www.google.de/" "Mozilla/5.0 (iPhone; CPU iPhone OS 17_1_1 like Mac OS X) AppleWebKit/605.1.15 (KHTML, like Gecko) Version/17.1 Mobile/15E148 Safari/604.1"
4.194.147.153 - - [27/Dec/2025:00:28:36 +0000] "GET /public/files/index.php HTTP/1.1" 404 1251 "https://www.google.co.uk/" "Mozilla/5.0 (Linux; Android 13; SM-S908E) AppleWebKit/537.36 (KHTML, like Gecko) Chrome/116.0.0.0 Mobile Safari/537.36"
4.194.147.153 - - [27/Dec/2025:00:28:36 +0000] "GET /public/wp-content/index.php HTTP/1.1" 404 1251 "https://www.google.co.uk/" "Mozilla/5.0 (Linux; Android 10; LM-Q720) AppleWebKit/537.36 (KHTML, like Gecko) Chrome/116.0.0.0 Mobile Safari/537.36"
4.194.147.153 - - [27/Dec/2025:00:28:36 +0000] "GET /radio.php HTTP/1.1" 404 1251 "https://www.bing.com/" "Mozilla/5.0 (iPad; CPU OS 17_0_3 like Mac OS X) AppleWebKit/605.1.15 (KHTML, like Gecko) Version/17.0.1 Mobile/15E148 Safari/604.1"
4.194.147.153 - - [27/Dec/2025:00:28:36 +0000] "GET /themes.php HTTP/1.1" 404 1251 "https://www.google.co.uk/" "Mozilla/5.0 (Linux; Android 12; 2201116SG) AppleWebKit/537.36 (KHTML, like Gecko) Chrome/116.0.0.0 Mobile Safari/537.36"
4.194.147.153 - - [27/Dec/2025:00:28:37 +0000] "GET /uploads/index.php HTTP/1.1" 404 1251 "https://www.google.fr/" "Mozilla/5.0 (Linux; Android 10; K) AppleWebKit/537.36 (KHTML, like Gecko) Chrome/117.0.0.0 Mobile Safari/537.36"
4.194.147.153 - - [27/Dec/2025:00:28:37 +0000] "GET /wp-admin/ HTTP/1.1" 200 3566 "https://www.google.fr/" "Mozilla/5.0 (iPhone; CPU iPhone OS 16_6_1 like Mac OS X) AppleWebKit/605.1.15 (KHTML, like Gecko) Version/16.6 Mobile/15E148 Safari/604.1"
4.194.147.153 - - [27/Dec/2025:00:28:37 +0000] "GET /wp-admin/classwithtostring.php HTTP/1.1" 404 1251 "https://www.google.de/" "Mozilla/5.0 (iPhone; CPU iPhone OS 17_1 like Mac OS X) AppleWebKit/605.1.15 (KHTML, like Gecko) CriOS/119.0.6045.109 Mobile/15E148 Safari/604.1"
4.194.147.153 - - [27/Dec/2025:00:28:37 +0000] "GET /wp-admin/css/ HTTP/1.1" 200 1584 "https://duckduckgo.com/" "Mozilla/5.0 (Linux; Android 11; CPH2251) AppleWebKit/537.36 (KHTML, like Gecko) Chrome/116.0.0.0 Mobile Safari/537.36"
4.194.147.153 - - [27/Dec/2025:00:28:37 +0000] "GET /wp-admin/css/about.php HTTP/1.1" 404 1251 "https://www.google.de/" "Mozilla/5.0 (Linux; Android 13; SM-G991U) AppleWebKit/537.36 (KHTML, like Gecko) Chrome/117.0.0.0 Mobile Safari/537.36"
4.194.147.153 - - [27/Dec/2025:00:28:38 +0000] "GET /wp-admin/css/colors/blue/ HTTP/1.1" 200 1385 "https://duckduckgo.com/" "Mozilla/5.0 (Linux; Android 11; CPH2251) AppleWebKit/537.36 (KHTML, like Gecko) Chrome/116.0.0.0 Mobile Safari/537.36"
4.194.147.153 - - [27/Dec/2025:00:28:38 +0000] "GET /wp-admin/images/index.php HTTP/1.1" 404 1251 "https://www.google.com/" "Mozilla/5.0 (Linux; Android 12; 2201116SG) AppleWebKit/537.36 (KHTML, like Gecko) Chrome/116.0.0.0 Mobile Safari/537.36"
4.194.147.153 - - [27/Dec/2025:00:28:38 +0000] "GET /wp-admin/includes/colour.php HTTP/1.1" 404 1251 "https://www.google.fr/" "Mozilla/5.0 (iPhone; CPU iPhone OS 17_1 like Mac OS X) AppleWebKit/605.1.15 (KHTML, like Gecko) CriOS/119.0.6045.109 Mobile/15E148 Safari/604.1"
4.194.147.153 - - [27/Dec/2025:00:28:38 +0000] "GET /wp-admin/includes/index.php HTTP/1.1" 404 1251 "https://www.google.de/" "Mozilla/5.0 (Linux; Android 11; CPH2251) AppleWebKit/537.36 (KHTML, like Gecko) Chrome/116.0.0.0 Mobile Safari/537.36"
4.194.147.153 - - [27/Dec/2025:00:28:38 +0000] "GET /wp-admin/index.php HTTP/1.1" 404 1251 "https://www.google.com/" "Mozilla/5.0 (Linux; Android 11; CPH2251) AppleWebKit/537.36 (KHTML, like Gecko) Chrome/116.0.0.0 Mobile Safari/537.36"
4.194.147.153 - - [27/Dec/2025:00:28:39 +0000] "GET /wp-admin/js/ HTTP/1.1" 200 1584 "https://www.google.com/" "Mozilla/5.0 (iPhone; CPU iPhone OS 16_0 like Mac OS X) AppleWebKit/605.1.15 (KHTML, like Gecko) FxiOS/118.0 Mobile/15E148 Safari/605.1.15"
4.194.147.153 - - [27/Dec/2025:00:28:39 +0000] "GET /wp-admin/js/index.php HTTP/1.1" 404 1251 "https://www.google.de/" "Mozilla/5.0 (Linux; Android 13; M2101K6G) AppleWebKit/537.36 (KHTML, like Gecko) Chrome/116.0.0.0 Mobile Safari/537.36"
4.194.147.153 - - [27/Dec/2025:00:28:39 +0000] "GET /wp-admin/js/widgets/ HTTP/1.1" 200 1367 "https://www.google.fr/" "Mozilla/5.0 (Linux; Android 12; V2134) AppleWebKit/537.36 (KHTML, like Gecko) Chrome/116.0.0.0 Mobile Safari/537.36"
4.194.147.153 - - [27/Dec/2025:00:28:39 +0000] "GET /wp-admin/network/admin.php HTTP/1.1" 404 1251 "https://www.google.fr/" "Mozilla/5.0 (iPad; CPU OS 16_7_2 like Mac OS X) AppleWebKit/605.1.15 (KHTML, like Gecko) Version/16.6 Mobile/15E148 Safari/604.1"
4.194.147.153 - - [27/Dec/2025:00:28:40 +0000] "GET /wp-admin/wp-admins.php HTTP/1.1" 404 1251 "https://duckduckgo.com/" "Mozilla/5.0 (iPhone; CPU iPhone OS 15_7_9 like Mac OS X) AppleWebKit/605.1.15 (KHTML, like Gecko) Version/15.6.5 Mobile/15E148 Safari/604.1"
4.194.147.153 - - [27/Dec/2025:00:28:40 +0000] "GET /wp-blog.php HTTP/1.1" 404 1251 "https://www.google.fr/" "Mozilla/5.0 (Linux; Android 13; M2101K6G) AppleWebKit/537.36 (KHTML, like Gecko) Chrome/116.0.0.0 Mobile Safari/537.36"
4.194.147.153 - - [27/Dec/2025:00:28:40 +0000] "GET /wp-conflg/function.php HTTP/1.1" 404 1251 "https://www.google.fr/" "Mozilla/5.0 (Linux; Android 13; SM-G991U) AppleWebKit/537.36 (KHTML, like Gecko) Chrome/117.0.0.0 Mobile Safari/537.36"
4.194.147.153 - - [27/Dec/2025:00:28:40 +0000] "GET /wp-content/admin-header.php HTTP/1.1" 404 1251 "https://www.google.com/" "Mozilla/5.0 (Linux; Android 12; V2134) AppleWebKit/537.36 (KHTML, like Gecko) Chrome/116.0.0.0 Mobile Safari/537.36"
4.194.147.153 - - [27/Dec/2025:00:28:40 +0000] "GET /wp-content/admin.php HTTP/1.1" 404 1251 "https://www.google.co.uk/" "Mozilla/5.0 (Linux; Android 12; 2201116SG) AppleWebKit/537.36 (KHTML, like Gecko) Chrome/116.0.0.0 Mobile Safari/537.36"
4.194.147.153 - - [27/Dec/2025:00:28:41 +0000] "GET /wp-content/autoload_classmap.php HTTP/1.1" 404 1251 "https://www.google.co.uk/" "Mozilla/5.0 (Linux; Android 12; SM-A525F) AppleWebKit/537.36 (KHTML, like Gecko) Chrome/117.0.0.0 Mobile Safari/537.36"
4.194.147.153 - - [27/Dec/2025:00:28:41 +0000] "GET /wp-content/backups-dup-lite/ HTTP/1.1" 404 1251 "https://www.google.fr/" "Mozilla/5.0 (Linux; Android 11; 21081111RG) AppleWebKit/537.36 (KHTML, like Gecko) Chrome/116.0.0.0 Mobile Safari/537.36"
4.194.147.153 - - [27/Dec/2025:00:28:41 +0000] "GET /wp-content/index.php HTTP/1.1" 200 11 "https://www.google.co.uk/" "Mozilla/5.g (Linux; Android 13; Pixel 7) AppleWebKit/537.36 (KHTML, like Gecko) Chrome/116.0.0.0 Mobile Safari/537.36"
4.194.147.153 - - [27/Dec/2025:00:28:41 +0000] "GET /wp-content/languages/ HTTP/1.1" 200 1855 "https://www.google.de/" "Mozilla/5.0 (Linux; Android 13; M2101K6G) AppleWebKit/537.36 (KHTML, like Gecko) Chrome/116.0.0.0 Mobile Safari/537.36"
85.208.96.204 - - [27/Dec/2025:00:28:41 +0000] "GET /casosvbg/con_est_cruces_varloc.php?r=7108825 HTTP/1.1" 404 1251 "-" "Mozilla/5.0 (compatible; SemrushBot/7~bl; +http://www.semrush.com/bot.html)"
4.194.147.153 - - [27/Dec/2025:00:28:41 +0000] "GET /wp-content/languages/index.php HTTP/1.1" 404 1251 "https://www.bing.com/" "Mozilla/5.0 (iPhone; CPU iPhone OS 16_6_1 like Mac OS X) AppleWebKit/605.1.15 (KHTML, like Gecko) Version/16.6 Mobile/15E148 Safari/604.1"
4.194.147.153 - - [27/Dec/2025:00:28:42 +0000] "GET /wp-content/plugins/admin.php HTTP/1.1" 404 1251 "https://www.bing.com/" "Mozilla/5.0 (Linux; Android 11; 21081111RG) AppleWebKit/537.36 (KHTML, like Gecko) Chrome/116.0.0.0 Mobile Safari/537.36"
4.194.147.153 - - [27/Dec/2025:00:28:42 +0000] "GET /wp-content/plugins/pwnd/as.php HTTP/1.1" 404 1251 "https://www.bing.com/" "Mozilla/5.0 (Linux; Android 13; SM-G991U) AppleWebKit/537.36 (KHTML, like Gecko) Chrome/117.0.0.0 Mobile Safari/537.36"
4.194.147.153 - - [27/Dec/2025:00:28:42 +0000] "GET /wp-content/themes/ HTTP/1.1" 200 4899 "https://duckduckgo.com/" "Mozilla/5.0 (iPhone; CPU iPhone OS 17_1 like Mac OS X) AppleWebKit/605.1.15 (KHTML, like Gecko) CriOS/119.0.6045.109 Mobile/15E148 Safari/604.1"
4.194.147.153 - - [27/Dec/2025:00:28:42 +0000] "GET /wp-content/themes/about.php HTTP/1.1" 404 1251 "https://www.bing.com/" "Mozilla/5.0 (Linux; Android 10; K) AppleWebKit/537.36 (KHTML, like Gecko) Chrome/117.0.0.0 Mobile Safari/537.36"
4.194.147.153 - - [27/Dec/2025:00:28:42 +0000] "GET /wp-content/themes/admin.php HTTP/1.1" 404 1251 "https://www.bing.com/" "Mozilla/5.0 (Linux; Android 12; 2201116SG) AppleWebKit/537.36 (KHTML, like Gecko) Chrome/116.0.0.0 Mobile Safari/537.36"
4.194.147.153 - - [27/Dec/2025:00:28:43 +0000] "GET /wp-content/upgrade/index.php HTTP/1.1" 404 1251 "https://www.google.de/" "Mozilla/5.0 (iPhone; CPU iPhone OS 15_7_9 like Mac OS X) AppleWebKit/605.1.15 (KHTML, like Gecko) Version/15.6.5 Mobile/15E148 Safari/604.1"
4.194.147.153 - - [27/Dec/2025:00:28:43 +0000] "GET /wp-content/uploads/ HTTP/1.1" 200 132183 "https://www.google.co.uk/" "Mozilla/5.0 (Linux; Android 14; Pixel 8 Pro) AppleWebKit/537.36 (KHTML, like Gecko) Chrome/119.0.0.0 Mobile Safari/537.36"
4.194.147.153 - - [27/Dec/2025:00:28:44 +0000] "GET /wp-content/uploads/2025/ HTTP/1.1" 404 1251 "https://www.yahoo.com/" "Mozilla/5.0 (Linux; Android 13; M2101K6G) AppleWebKit/537.36 (KHTML, like Gecko) Chrome/116.0.0.0 Mobile Safari/537.36"
4.194.147.153 - - [27/Dec/2025:00:28:44 +0000] "GET /wp-content/uploads/index.php HTTP/1.1" 404 1251 "https://www.bing.com/" "Mozilla/5.g (Linux; Android 13; Pixel 7) AppleWebKit/537.36 (KHTML, like Gecko) Chrome/116.0.0.0 Mobile Safari/537.36"
4.194.147.153 - - [27/Dec/2025:00:28:44 +0000] "GET /wp-good.php HTTP/1.1" 404 1251 "https://www.bing.com/" "Mozilla/5.0 (Linux; Android 11; 21081111RG) AppleWebKit/537.36 (KHTML, like Gecko) Chrome/116.0.0.0 Mobile Safari/537.36"
4.194.147.153 - - [27/Dec/2025:00:28:44 +0000] "GET /wp-includes/ID3/ HTTP/1.1" 200 1605 "https://www.google.de/" "Mozilla/5.0 (Linux; Android 11; CPH2251) AppleWebKit/537.36 (KHTML, like Gecko) Chrome/116.0.0.0 Mobile Safari/537.36"
185.191.171.3 - - [27/Dec/2025:00:28:45 +0000] "GET /casosvbg/con_est_resumen_gral.php?r=5306111 HTTP/1.1" 404 1251 "-" "Mozilla/5.0 (compatible; SemrushBot/7~bl; +http://www.semrush.com/bot.html)"
4.194.147.153 - - [27/Dec/2025:00:28:45 +0000] "GET /wp-includes/ID3/simi.php HTTP/1.1" 404 1251 "https://www.google.co.uk/" "Mozilla/5.0 (iPhone; CPU iPhone OS 16_0 like Mac OS X) AppleWebKit/605.1.15 (KHTML, like Gecko) FxiOS/118.0 Mobile/15E148 Safari/605.1.15"
4.194.147.153 - - [27/Dec/2025:00:28:45 +0000] "GET /wp-includes/IXR/ HTTP/1.1" 200 1359 "https://www.bing.com/" "Mozilla/5.0 (Linux; Android 11; CPH2251) AppleWebKit/537.36 (KHTML, like Gecko) Chrome/116.0.0.0 Mobile Safari/537.36"
4.194.147.153 - - [27/Dec/2025:00:28:45 +0000] "GET /wp-includes/PHPMailer/index.php HTTP/1.1" 404 1251 "https://www.google.com/" "Mozilla/5.0 (Linux; Android 12; V2134) AppleWebKit/537.36 (KHTML, like Gecko) Chrome/116.0.0.0 Mobile Safari/537.36"
4.194.147.153 - - [27/Dec/2025:00:28:45 +0000] "GET /wp-includes/Requests/index.php HTTP/1.1" 404 1251 "https://www.google.co.uk/" "Mozilla/5.g (Linux; Android 13; Pixel 7) AppleWebKit/537.36 (KHTML, like Gecko) Chrome/116.0.0.0 Mobile Safari/537.36"
4.194.147.153 - - [27/Dec/2025:00:28:45 +0000] "GET /wp-includes/SimplePie/autoload_classmap.php HTTP/1.1" 404 1251 "https://www.google.co.uk/" "Mozilla/5.0 (Linux; Android 12; 2201116SG) AppleWebKit/537.36 (KHTML, like Gecko) Chrome/116.0.0.0 Mobile Safari/537.36"
4.194.147.153 - - [27/Dec/2025:00:28:46 +0000] "GET /wp-includes/SimplePie/index.php HTTP/1.1" 404 1251 "https://www.google.fr/" "Mozilla/5.0 (Linux; Android 12; SM-A525F) AppleWebKit/537.36 (KHTML, like Gecko) Chrome/117.0.0.0 Mobile Safari/537.36"
4.194.147.153 - - [27/Dec/2025:00:28:46 +0000] "GET /wp-includes/Text/ HTTP/1.1" 200 1593 "https://www.google.de/" "Mozilla/5.0 (Linux; Android 13; SM-S908E) AppleWebKit/537.36 (KHTML, like Gecko) Chrome/116.0.0.0 Mobile Safari/537.36"
4.194.147.153 - - [27/Dec/2025:00:28:46 +0000] "GET /wp-includes/Text/Diff/Engine/ HTTP/1.1" 200 1395 "https://duckduckgo.com/" "Mozilla/5.0 (Linux; Android 10; LM-Q720) AppleWebKit/537.36 (KHTML, like Gecko) Chrome/116.0.0.0 Mobile Safari/537.36"
4.194.147.153 - - [27/Dec/2025:00:28:46 +0000] "GET /wp-includes/Text/Diff/Renderer/index.php HTTP/1.1" 404 1251 "https://www.bing.com/" "Mozilla/5.g (Linux; Android 13; Pixel 7) AppleWebKit/537.36 (KHTML, like Gecko) Chrome/116.0.0.0 Mobile Safari/537.36"
4.194.147.153 - - [27/Dec/2025:00:28:47 +0000] "GET /wp-includes/assets/autoload_classmap.php HTTP/1.1" 404 1251 "https://www.google.co.uk/" "Mozilla/5.0 (iPhone; CPU iPhone OS 16_0 like Mac OS X) AppleWebKit/605.1.15 (KHTML, like Gecko) FxiOS/118.0 Mobile/15E148 Safari/605.1.15"
4.194.147.153 - - [27/Dec/2025:00:28:47 +0000] "GET /wp-includes/bk/index.php HTTP/1.1" 404 1251 "https://www.bing.com/" "Mozilla/5.0 (Linux; Android 12; V2134) AppleWebKit/537.36 (KHTML, like Gecko) Chrome/116.0.0.0 Mobile Safari/537.36"
4.194.147.153 - - [27/Dec/2025:00:28:47 +0000] "GET /wp-includes/block-bindings/ HTTP/1.1" 200 1381 "https://www.bing.com/" "Mozilla/5.0 (iPad; CPU OS 16_7_2 like Mac OS X) AppleWebKit/605.1.15 (KHTML, like Gecko) Version/16.6 Mobile/15E148 Safari/604.1"
4.194.147.153 - - [27/Dec/2025:00:28:47 +0000] "GET /wp-includes/block-supports/ HTTP/1.1" 200 1623 "https://www.bing.com/" "Mozilla/5.0 (Linux; Android 12; SM-A525F) AppleWebKit/537.36 (KHTML, like Gecko) Chrome/117.0.0.0 Mobile Safari/537.36"
4.194.147.153 - - [27/Dec/2025:00:28:47 +0000] "GET /wp-includes/blocks/code/ HTTP/1.1" 200 1382 "https://www.yahoo.com/" "Mozilla/5.0 (Linux; Android 10; LM-Q720) AppleWebKit/537.36 (KHTML, like Gecko) Chrome/116.0.0.0 Mobile Safari/537.36"
4.194.147.153 - - [27/Dec/2025:00:28:48 +0000] "GET /wp-includes/certificates/ HTTP/1.1" 200 1647 "https://www.google.com/" "Mozilla/5.0 (iPhone; CPU iPhone OS 15_7_9 like Mac OS X) AppleWebKit/605.1.15 (KHTML, like Gecko) Version/15.6.5 Mobile/15E148 Safari/604.1"
4.194.147.153 - - [27/Dec/2025:00:28:48 +0000] "GET /wp-includes/css/autoload_classmap.php HTTP/1.1" 404 1251 "https://www.yahoo.com/" "Mozilla/5.0 (Linux; Android 10; LM-Q720) AppleWebKit/537.36 (KHTML, like Gecko) Chrome/116.0.0.0 Mobile Safari/537.36"
4.194.147.153 - - [27/Dec/2025:00:28:48 +0000] "GET /wp-includes/customize/chosen.php HTTP/1.1" 404 1251 "https://www.google.de/" "Mozilla/5.0 (Linux; Android 10; K) AppleWebKit/537.36 (KHTML, like Gecko) Chrome/117.0.0.0 Mobile Safari/537.36"
4.194.147.153 - - [27/Dec/2025:00:28:48 +0000] "GET /wp-includes/html-api/index.php HTTP/1.1" 404 1251 "https://www.bing.com/" "Mozilla/5.0 (Linux; Android 10; K) AppleWebKit/537.36 (KHTML, like Gecko) Chrome/117.0.0.0 Mobile Safari/537.36"
4.194.147.153 - - [27/Dec/2025:00:28:48 +0000] "GET /wp-includes/images/ HTTP/1.1" 200 2088 "https://www.google.co.uk/" "Mozilla/5.0 (iPhone; CPU iPhone OS 17_0_3 like Mac OS X) AppleWebKit/605.1.15 (KHTML, like Gecko) Version/17.0.1 Mobile/15E148 Safari/604.1"
4.194.147.153 - - [27/Dec/2025:00:28:49 +0000] "GET /wp-includes/index.php HTTP/1.1" 404 1251 "https://www.google.com/" "Mozilla/5.0 (Linux; Android 12; SM-A525F) AppleWebKit/537.36 (KHTML, like Gecko) Chrome/117.0.0.0 Mobile Safari/537.36"
4.194.147.153 - - [27/Dec/2025:00:28:49 +0000] "GET /wp-includes/js/codemirror/index.php HTTP/1.1" 404 1251 "https://www.google.de/" "Mozilla/5.g (Linux; Android 13; Pixel 7) AppleWebKit/537.36 (KHTML, like Gecko) Chrome/116.0.0.0 Mobile Safari/537.36"
4.194.147.153 - - [27/Dec/2025:00:28:49 +0000] "GET /wp-includes/js/crop/ HTTP/1.1" 200 1370 "https://duckduckgo.com/" "Mozilla/5.0 (iPad; CPU OS 17_0_3 like Mac OS X) AppleWebKit/605.1.15 (KHTML, like Gecko) Version/17.0.1 Mobile/15E148 Safari/604.1"
4.194.147.153 - - [27/Dec/2025:00:28:49 +0000] "GET /wp-includes/js/dist/ HTTP/1.1" 200 2132 "https://www.google.com/" "Mozilla/5.0 (Linux; Android 13; SM-G991U) AppleWebKit/537.36 (KHTML, like Gecko) Chrome/117.0.0.0 Mobile Safari/537.36"
