185.191.171.6 - - [26/Dec/2025:17:36:15 +0000] "GET /casosvbg/con_est_resumen_gral.php?r=1034748 HTTP/1.1" 404 1251 "-" "Mozilla/5.0 (compatible; SemrushBot/7~bl; +http://www.semrush.com/bot.html)"
85.208.96.197 - - [26/Dec/2025:17:36:17 +0000] "GET /casosvbg/con_est_resumen_prg.php?r=35899664 HTTP/1.1" 404 1251 "-" "Mozilla/5.0 (compatible; SemrushBot/7~bl; +http://www.semrush.com/bot.html)"
85.208.96.197 - - [26/Dec/2025:17:36:18 +0000] "GET /casosvbg/con_est_resumen_gral.php?r=54654134 HTTP/1.1" 404 1251 "-" "Mozilla/5.0 (compatible; SemrushBot/7~bl; +http://www.semrush.com/bot.html)"
85.208.96.199 - - [26/Dec/2025:17:36:19 +0000] "GET /casosvbg/con_est_resumen_gral.php?r=75313535 HTTP/1.1" 404 1251 "-" "Mozilla/5.0 (compatible; SemrushBot/7~bl; +http://www.semrush.com/bot.html)"
185.191.171.1 - - [26/Dec/2025:17:31:16 +0000] "GET /casosvbg/con_est_resumen_gral.php?r=33513678 HTTP/1.1" 404 1251 "-" "Mozilla/5.0 (compatible; SemrushBot/7~bl; +http://www.semrush.com/bot.html)"
85.208.96.211 - - [26/Dec/2025:17:31:39 +0000] "GET /casosvbg/con_est_cruces_var.php?r=61753611 HTTP/1.1" 404 1251 "-" "Mozilla/5.0 (compatible; SemrushBot/7~bl; +http://www.semrush.com/bot.html)"
185.191.171.11 - - [26/Dec/2025:17:31:50 +0000] "GET /casosvbg/con_est_resumen_gral.php?r=38613929 HTTP/1.1" 404 1251 "-" "Mozilla/5.0 (compatible; SemrushBot/7~bl; +http://www.semrush.com/bot.html)"
85.208.96.211 - - [26/Dec/2025:17:32:09 +0000] "GET /casosvbg/con_est_cruces_varloc.php?r=70004433 HTTP/1.1" 404 1251 "-" "Mozilla/5.0 (compatible; SemrushBot/7~bl; +http://www.semrush.com/bot.html)"
185.191.171.8 - - [26/Dec/2025:17:32:46 +0000] "GET /casosvbg/con_est_resumen_gral.php?r=25007714 HTTP/1.1" 404 1251 "-" "Mozilla/5.0 (compatible; SemrushBot/7~bl; +http://www.semrush.com/bot.html)"
185.191.171.18 - - [26/Dec/2025:17:32:51 +0000] "GET /casosvbg/con_est_cruces_var.php?r=38999268 HTTP/1.1" 404 1251 "-" "Mozilla/5.0 (compatible; SemrushBot/7~bl; +http://www.semrush.com/bot.html)"
185.191.171.17 - - [26/Dec/2025:17:33:02 +0000] "GET /casosvbg/con_est_resumen_gral.php?r=32614526 HTTP/1.1" 404 1251 "-" "Mozilla/5.0 (compatible; SemrushBot/7~bl; +http://www.semrush.com/bot.html)"
85.208.96.211 - - [26/Dec/2025:17:33:05 +0000] "GET /casosvbg/con_est_resumen_gral.php?r=93341871 HTTP/1.1" 404 1251 "-" "Mozilla/5.0 (compatible; SemrushBot/7~bl; +http://www.semrush.com/bot.html)"
85.208.96.193 - - [26/Dec/2025:17:33:22 +0000] "GET /casosvbg/con_est_cruces_var.php?r=84862866 HTTP/1.1" 404 1251 "-" "Mozilla/5.0 (compatible; SemrushBot/7~bl; +http://www.semrush.com/bot.html)"
185.191.171.18 - - [26/Dec/2025:17:33:35 +0000] "GET /casosvbg/con_est_resumen_gral.php?r=7942983 HTTP/1.1" 404 1251 "-" "Mozilla/5.0 (compatible; SemrushBot/7~bl; +http://www.semrush.com/bot.html)"
180.149.234.217 - - [26/Dec/2025:17:33:56 +0000] "GET /wp-blog.php HTTP/1.1" 404 1251 "-" "Mozilla/5.0"
185.191.171.14 - - [26/Dec/2025:17:34:21 +0000] "GET /casosvbg/con_est_cruces_varloc.php?r=27265632 HTTP/1.1" 404 1251 "-" "Mozilla/5.0 (compatible; SemrushBot/7~bl; +http://www.semrush.com/bot.html)"
85.208.96.202 - - [26/Dec/2025:17:34:24 +0000] "GET /casosvbg/con_est_resumen_prg.php?r=77846075 HTTP/1.1" 404 1251 "-" "Mozilla/5.0 (compatible; SemrushBot/7~bl; +http://www.semrush.com/bot.html)"
85.208.96.201 - - [26/Dec/2025:17:34:55 +0000] "GET /casosvbg/con_est_resumen_gral.php?r=58845202 HTTP/1.1" 404 1251 "-" "Mozilla/5.0 (compatible; SemrushBot/7~bl; +http://www.semrush.com/bot.html)"
85.208.96.197 - - [26/Dec/2025:17:36:22 +0000] "GET /casosvbg/con_est_resumen_gral.php?r=63830358 HTTP/1.1" 404 1251 "-" "Mozilla/5.0 (compatible; SemrushBot/7~bl; +http://www.semrush.com/bot.html)"
185.191.171.9 - - [26/Dec/2025:17:36:27 +0000] "GET /casosvbg/con_est_resumen_prg.php?r=89883611 HTTP/1.1" 404 1251 "-" "Mozilla/5.0 (compatible; SemrushBot/7~bl; +http://www.semrush.com/bot.html)"
85.208.96.202 - - [26/Dec/2025:17:36:33 +0000] "GET /casosvbg/con_est_resumen_prg.php?r=95730499 HTTP/1.1" 404 1251 "-" "Mozilla/5.0 (compatible; SemrushBot/7~bl; +http://www.semrush.com/bot.html)"
85.208.96.202 - - [26/Dec/2025:17:37:17 +0000] "GET /casosvbg/con_est_resumen_prg.php?r=64682740 HTTP/1.1" 404 1251 "-" "Mozilla/5.0 (compatible; SemrushBot/7~bl; +http://www.semrush.com/bot.html)"
185.191.171.15 - - [26/Dec/2025:17:37:20 +0000] "GET /casosvbg/con_est_resumen_gral.php?r=47720253 HTTP/1.1" 404 1251 "-" "Mozilla/5.0 (compatible; SemrushBot/7~bl; +http://www.semrush.com/bot.html)"
185.191.171.8 - - [26/Dec/2025:17:38:44 +0000] "GET /casosvbg/con_est_cruces_var.php?r=99619221 HTTP/1.1" 404 1251 "-" "Mozilla/5.0 (compatible; SemrushBot/7~bl; +http://www.semrush.com/bot.html)"
185.191.171.16 - - [26/Dec/2025:17:38:51 +0000] "GET /casosvbg/con_est_cruces_varloc.php?r=6513776 HTTP/1.1" 404 1251 "-" "Mozilla/5.0 (compatible; SemrushBot/7~bl; +http://www.semrush.com/bot.html)"
85.208.96.197 - - [26/Dec/2025:17:35:14 +0000] "GET /casosvbg/con_est_resumen_gral.php?r=82387694 HTTP/1.1" 404 1251 "-" "Mozilla/5.0 (compatible; SemrushBot/7~bl; +http://www.semrush.com/bot.html)"
85.208.96.197 - - [26/Dec/2025:17:35:33 +0000] "GET /casosvbg/con_est_cruces_var.php?r=20069480 HTTP/1.1" 404 1251 "-" "Mozilla/5.0 (compatible; SemrushBot/7~bl; +http://www.semrush.com/bot.html)"
85.208.96.198 - - [26/Dec/2025:17:35:45 +0000] "GET /casosvbg/con_est_resumen_prg.php?r=79373982 HTTP/1.1" 404 1251 "-" "Mozilla/5.0 (compatible; SemrushBot/7~bl; +http://www.semrush.com/bot.html)"
85.208.96.202 - - [26/Dec/2025:17:36:34 +0000] "GET /casosvbg/con_est_resumen_prg.php?r=18175013 HTTP/1.1" 404 1251 "-" "Mozilla/5.0 (compatible; SemrushBot/7~bl; +http://www.semrush.com/bot.html)"
185.191.171.19 - - [26/Dec/2025:17:36:43 +0000] "GET /casosvbg/con_est_resumen_gral.php?r=62111683 HTTP/1.1" 404 1251 "-" "Mozilla/5.0 (compatible; SemrushBot/7~bl; +http://www.semrush.com/bot.html)"
85.208.96.194 - - [26/Dec/2025:17:37:15 +0000] "GET /casosvbg/con_est_resumen_gral.php?r=64659921 HTTP/1.1" 404 1251 "-" "Mozilla/5.0 (compatible; SemrushBot/7~bl; +http://www.semrush.com/bot.html)"
185.191.171.11 - - [26/Dec/2025:17:37:26 +0000] "GET /casosvbg/con_est_cruces_varloc.php?r=32432264 HTTP/1.1" 404 1251 "-" "Mozilla/5.0 (compatible; SemrushBot/7~bl; +http://www.semrush.com/bot.html)"
185.191.171.19 - - [26/Dec/2025:17:37:37 +0000] "GET /casosvbg/con_est_cruces_var.php?r=51635066 HTTP/1.1" 404 1251 "-" "Mozilla/5.0 (compatible; SemrushBot/7~bl; +http://www.semrush.com/bot.html)"
185.191.171.7 - - [26/Dec/2025:17:39:03 +0000] "GET /casosvbg/con_est_resumen_prg.php?r=11238341 HTTP/1.1" 404 1251 "-" "Mozilla/5.0 (compatible; SemrushBot/7~bl; +http://www.semrush.com/bot.html)"
185.191.171.4 - - [26/Dec/2025:17:39:04 +0000] "GET /casosvbg/con_est_cruces_varloc.php?r=13996807 HTTP/1.1" 404 1251 "-" "Mozilla/5.0 (compatible; SemrushBot/7~bl; +http://www.semrush.com/bot.html)"
185.191.171.11 - - [26/Dec/2025:17:39:37 +0000] "GET /casosvbg/con_est_resumen_prg.php?r=68197295 HTTP/1.1" 404 1251 "-" "Mozilla/5.0 (compatible; SemrushBot/7~bl; +http://www.semrush.com/bot.html)"
85.208.96.210 - - [26/Dec/2025:17:39:44 +0000] "GET /casosvbg/con_est_cruces_var.php?r=81810571 HTTP/1.1" 404 1251 "-" "Mozilla/5.0 (compatible; SemrushBot/7~bl; +http://www.semrush.com/bot.html)"
185.191.171.16 - - [26/Dec/2025:17:39:58 +0000] "GET /casosvbg/con_est_resumen_gral.php?r=26414918 HTTP/1.1" 404 1251 "-" "Mozilla/5.0 (compatible; SemrushBot/7~bl; +http://www.semrush.com/bot.html)"
85.208.96.196 - - [26/Dec/2025:17:40:08 +0000] "GET /casosvbg/con_est_resumen_prg.php?r=10706857 HTTP/1.1" 404 1251 "-" "Mozilla/5.0 (compatible; SemrushBot/7~bl; +http://www.semrush.com/bot.html)"
85.208.96.201 - - [26/Dec/2025:17:40:19 +0000] "GET /casosvbg/con_est_resumen_prg.php?r=19426034 HTTP/1.1" 404 1251 "-" "Mozilla/5.0 (compatible; SemrushBot/7~bl; +http://www.semrush.com/bot.html)"
85.208.96.193 - - [26/Dec/2025:17:40:29 +0000] "GET /casosvbg/con_est_cruces_var.php?r=71887093 HTTP/1.1" 404 1251 "-" "Mozilla/5.0 (compatible; SemrushBot/7~bl; +http://www.semrush.com/bot.html)"
185.191.171.4 - - [26/Dec/2025:17:40:31 +0000] "GET /casosvbg/con_est_resumen_gral.php?r=97761412 HTTP/1.1" 404 1251 "-" "Mozilla/5.0 (compatible; SemrushBot/7~bl; +http://www.semrush.com/bot.html)"
85.208.96.196 - - [26/Dec/2025:17:40:48 +0000] "GET /casosvbg/con_est_cruces_var.php?r=6845220 HTTP/1.1" 404 1251 "-" "Mozilla/5.0 (compatible; SemrushBot/7~bl; +http://www.semrush.com/bot.html)"
185.191.171.7 - - [26/Dec/2025:17:40:50 +0000] "GET /casosvbg/con_est_resumen_prg.php?r=26463153 HTTP/1.1" 404 1251 "-" "Mozilla/5.0 (compatible; SemrushBot/7~bl; +http://www.semrush.com/bot.html)"
85.208.96.205 - - [26/Dec/2025:17:41:18 +0000] "GET /casosvbg/con_est_resumen_gral.php?r=98213788 HTTP/1.1" 404 1251 "-" "Mozilla/5.0 (compatible; SemrushBot/7~bl; +http://www.semrush.com/bot.html)"
85.208.96.206 - - [26/Dec/2025:17:36:22 +0000] "GET /casosvbg/con_est_resumen_gral.php?r=74121053 HTTP/1.1" 404 1251 "-" "Mozilla/5.0 (compatible; SemrushBot/7~bl; +http://www.semrush.com/bot.html)"
185.191.171.5 - - [26/Dec/2025:17:36:59 +0000] "GET /casosvbg/con_est_cruces_var.php?r=49795115 HTTP/1.1" 404 1251 "-" "Mozilla/5.0 (compatible; SemrushBot/7~bl; +http://www.semrush.com/bot.html)"
85.208.96.206 - - [26/Dec/2025:17:37:12 +0000] "GET /casosvbg/con_est_resumen_prg.php?r=323512046 HTTP/1.1" 404 1251 "-" "Mozilla/5.0 (compatible; SemrushBot/7~bl; +http://www.semrush.com/bot.html)"
185.191.171.12 - - [26/Dec/2025:17:37:42 +0000] "GET /casosvbg/con_est_resumen_gral.php?r=5679470 HTTP/1.1" 404 1251 "-" "Mozilla/5.0 (compatible; SemrushBot/7~bl; +http://www.semrush.com/bot.html)"
85.208.96.202 - - [26/Dec/2025:17:38:22 +0000] "GET /casosvbg/con_est_resumen_prg.php?r=55957423 HTTP/1.1" 404 1251 "-" "Mozilla/5.0 (compatible; SemrushBot/7~bl; +http://www.semrush.com/bot.html)"
85.208.96.210 - - [26/Dec/2025:17:38:39 +0000] "GET /casosvbg/con_est_resumen_gral.php?r=40810594 HTTP/1.1" 404 1251 "-" "Mozilla/5.0 (compatible; SemrushBot/7~bl; +http://www.semrush.com/bot.html)"
185.191.171.4 - - [26/Dec/2025:17:38:42 +0000] "GET /casosvbg/con_est_cruces_var.php?r=73391467 HTTP/1.1" 404 1251 "-" "Mozilla/5.0 (compatible; SemrushBot/7~bl; +http://www.semrush.com/bot.html)"
185.191.171.18 - - [26/Dec/2025:17:38:54 +0000] "GET /casosvbg/con_est_cruces_varloc.php?r=1815904 HTTP/1.1" 404 1251 "-" "Mozilla/5.0 (compatible; SemrushBot/7~bl; +http://www.semrush.com/bot.html)"
85.208.96.211 - - [26/Dec/2025:17:40:00 +0000] "GET /casosvbg/con_est_cruces_var.php?r=31199830 HTTP/1.1" 404 1251 "-" "Mozilla/5.0 (compatible; SemrushBot/7~bl; +http://www.semrush.com/bot.html)"
185.191.171.14 - - [26/Dec/2025:17:40:07 +0000] "GET /casosvbg/con_est_resumen_gral.php?r=7802886 HTTP/1.1" 404 1251 "-" "Mozilla/5.0 (compatible; SemrushBot/7~bl; +http://www.semrush.com/bot.html)"
185.191.171.9 - - [26/Dec/2025:17:40:28 +0000] "GET /robots.txt HTTP/1.1" 404 1251 "-" "Mozilla/5.0 (compatible; SemrushBot/7~bl; +http://www.semrush.com/bot.html)"
85.208.96.200 - - [26/Dec/2025:17:40:28 +0000] "GET /casosvbg/con_est_resumen_prg.php?r=2411052 HTTP/1.1" 404 1251 "-" "Mozilla/5.0 (compatible; SemrushBot/7~bl; +http://www.semrush.com/bot.html)"
85.208.96.207 - - [26/Dec/2025:17:40:30 +0000] "GET /casosvbg/con_est_cruces_varloc.php?r=17951828 HTTP/1.1" 404 1251 "-" "Mozilla/5.0 (compatible; SemrushBot/7~bl; +http://www.semrush.com/bot.html)"
85.208.96.206 - - [26/Dec/2025:17:40:56 +0000] "GET /casosvbg/con_est_resumen_gral.php?r=24591493 HTTP/1.1" 404 1251 "-" "Mozilla/5.0 (compatible; SemrushBot/7~bl; +http://www.semrush.com/bot.html)"
85.208.96.196 - - [26/Dec/2025:17:40:58 +0000] "GET /casosvbg/con_est_cruces_var.php?r=36404179 HTTP/1.1" 404 1251 "-" "Mozilla/5.0 (compatible; SemrushBot/7~bl; +http://www.semrush.com/bot.html)"
85.208.96.205 - - [26/Dec/2025:17:41:14 +0000] "GET /casosvbg/con_est_resumen_prg.php?r=41429912 HTTP/1.1" 404 1251 "-" "Mozilla/5.0 (compatible; SemrushBot/7~bl; +http://www.semrush.com/bot.html)"
185.191.171.12 - - [26/Dec/2025:17:41:28 +0000] "GET /casosvbg/con_est_cruces_var.php?r=42321396 HTTP/1.1" 404 1251 "-" "Mozilla/5.0 (compatible; SemrushBot/7~bl; +http://www.semrush.com/bot.html)"
85.208.96.199 - - [26/Dec/2025:17:41:41 +0000] "GET /casosvbg/con_est_cruces_varloc.php?r=38100212 HTTP/1.1" 404 1251 "-" "Mozilla/5.0 (compatible; SemrushBot/7~bl; +http://www.semrush.com/bot.html)"
85.208.96.211 - - [26/Dec/2025:17:42:37 +0000] "GET /casosvbg/con_est_cruces_var.php?r=5703035 HTTP/1.1" 404 1251 "-" "Mozilla/5.0 (compatible; SemrushBot/7~bl; +http://www.semrush.com/bot.html)"
185.191.171.15 - - [26/Dec/2025:17:42:45 +0000] "GET /casosvbg/con_est_resumen_gral.php?r=4390908 HTTP/1.1" 404 1251 "-" "Mozilla/5.0 (compatible; SemrushBot/7~bl; +http://www.semrush.com/bot.html)"
185.191.171.11 - - [26/Dec/2025:17:39:07 +0000] "GET /casosvbg/con_est_resumen_prg.php?r=99186460 HTTP/1.1" 404 1251 "-" "Mozilla/5.0 (compatible; SemrushBot/7~bl; +http://www.semrush.com/bot.html)"
185.191.171.11 - - [26/Dec/2025:17:39:51 +0000] "GET /casosvbg/con_est_resumen_prg.php?r=10509270 HTTP/1.1" 404 1251 "-" "Mozilla/5.0 (compatible; SemrushBot/7~bl; +http://www.semrush.com/bot.html)"
85.208.96.204 - - [26/Dec/2025:17:40:31 +0000] "GET /casosvbg/con_est_resumen_prg.php?r=99076064 HTTP/1.1" 404 1251 "-" "Mozilla/5.0 (compatible; SemrushBot/7~bl; +http://www.semrush.com/bot.html)"
185.191.171.7 - - [26/Dec/2025:17:40:33 +0000] "GET /casosvbg/con_est_resumen_prg.php?r=2998580 HTTP/1.1" 404 1251 "-" "Mozilla/5.0 (compatible; SemrushBot/7~bl; +http://www.semrush.com/bot.html)"
85.208.96.211 - - [26/Dec/2025:17:41:54 +0000] "GET /casosvbg/con_est_cruces_var.php?r=42488495 HTTP/1.1" 404 1251 "-" "Mozilla/5.0 (compatible; SemrushBot/7~bl; +http://www.semrush.com/bot.html)"
185.191.171.12 - - [26/Dec/2025:17:43:20 +0000] "GET /casosvbg/con_est_resumen_gral.php?r=28423174 HTTP/1.1" 404 1251 "-" "Mozilla/5.0 (compatible; SemrushBot/7~bl; +http://www.semrush.com/bot.html)"
185.191.171.11 - - [26/Dec/2025:17:43:35 +0000] "GET /casosvbg/con_est_resumen_gral.php?r=90845115 HTTP/1.1" 404 1251 "-" "Mozilla/5.0 (compatible; SemrushBot/7~bl; +http://www.semrush.com/bot.html)"
85.208.96.202 - - [26/Dec/2025:17:43:49 +0000] "GET /casosvbg/con_est_cruces_var.php?r=5860251 HTTP/1.1" 404 1251 "-" "Mozilla/5.0 (compatible; SemrushBot/7~bl; +http://www.semrush.com/bot.html)"
85.208.96.200 - - [26/Dec/2025:17:44:03 +0000] "GET /casosvbg/con_est_resumen_prg.php?r=6124809 HTTP/1.1" 404 1251 "-" "Mozilla/5.0 (compatible; SemrushBot/7~bl; +http://www.semrush.com/bot.html)"
85.208.96.200 - - [26/Dec/2025:17:44:24 +0000] "GET /casosvbg/con_est_resumen_prg.php?r=35300134 HTTP/1.1" 404 1251 "-" "Mozilla/5.0 (compatible; SemrushBot/7~bl; +http://www.semrush.com/bot.html)"
85.208.96.193 - - [26/Dec/2025:17:44:31 +0000] "GET /casosvbg/con_est_resumen_prg.php?r=37793473 HTTP/1.1" 404 1251 "-" "Mozilla/5.0 (compatible; SemrushBot/7~bl; +http://www.semrush.com/bot.html)"
85.208.96.193 - - [26/Dec/2025:17:44:34 +0000] "GET /casosvbg/con_est_resumen_gral.php?r=6024311 HTTP/1.1" 404 1251 "-" "Mozilla/5.0 (compatible; SemrushBot/7~bl; +http://www.semrush.com/bot.html)"
185.191.171.5 - - [26/Dec/2025:17:44:46 +0000] "GET /casosvbg/con_est_cruces_var.php?r=18646424 HTTP/1.1" 404 1251 "-" "Mozilla/5.0 (compatible; SemrushBot/7~bl; +http://www.semrush.com/bot.html)"
85.208.96.202 - - [26/Dec/2025:17:45:32 +0000] "GET /casosvbg/con_est_cruces_var.php?r=47257095 HTTP/1.1" 404 1251 "-" "Mozilla/5.0 (compatible; SemrushBot/7~bl; +http://www.semrush.com/bot.html)"
85.208.96.196 - - [26/Dec/2025:17:45:36 +0000] "GET /casosvbg/con_est_resumen_gral.php?r=1507839 HTTP/1.1" 404 1251 "-" "Mozilla/5.0 (compatible; SemrushBot/7~bl; +http://www.semrush.com/bot.html)"
185.191.171.17 - - [26/Dec/2025:17:45:44 +0000] "GET /casosvbg/con_est_resumen_prg.php?r=83915431 HTTP/1.1" 404 1251 "-" "Mozilla/5.0 (compatible; SemrushBot/7~bl; +http://www.semrush.com/bot.html)"
185.191.171.17 - - [26/Dec/2025:17:45:44 +0000] "GET /casosvbg/con_est_cruces_var.php?r=36137501 HTTP/1.1" 404 1251 "-" "Mozilla/5.0 (compatible; SemrushBot/7~bl; +http://www.semrush.com/bot.html)"
85.208.96.204 - - [26/Dec/2025:17:46:15 +0000] "GET /casosvbg/con_est_resumen_gral.php?r=22399007 HTTP/1.1" 404 1251 "-" "Mozilla/5.0 (compatible; SemrushBot/7~bl; +http://www.semrush.com/bot.html)"
85.208.96.204 - - [26/Dec/2025:17:46:48 +0000] "GET /casosvbg/con_est_resumen_prg.php?r=47190142 HTTP/1.1" 404 1251 "-" "Mozilla/5.0 (compatible; SemrushBot/7~bl; +http://www.semrush.com/bot.html)"
185.191.171.18 - - [26/Dec/2025:17:46:50 +0000] "GET /casosvbg/con_est_resumen_gral.php?r=96453325 HTTP/1.1" 404 1251 "-" "Mozilla/5.0 (compatible; SemrushBot/7~bl; +http://www.semrush.com/bot.html)"
185.191.171.1 - - [26/Dec/2025:17:41:26 +0000] "GET /casosvbg/con_est_resumen_gral.php?r=22263083 HTTP/1.1" 404 1251 "-" "Mozilla/5.0 (compatible; SemrushBot/7~bl; +http://www.semrush.com/bot.html)"
45.190.78.71 - - [26/Dec/2025:17:41:54 +0000] "GET /wp-content/uploads/2020/01/Kit-Circulos-de-poder.pdf HTTP/1.1" 200 225400 "-" "Mozilla/5.0 (Macintosh; Intel Mac OS X 10_15_7) AppleWebKit/605.1.15 (KHTML, like Gecko) Version/17.6 Safari/605.1.15"
185.191.171.10 - - [26/Dec/2025:17:41:58 +0000] "GET /casosvbg/con_est_resumen_gral.php?r=87978393 HTTP/1.1" 404 1251 "-" "Mozilla/5.0 (compatible; SemrushBot/7~bl; +http://www.semrush.com/bot.html)"
185.191.171.4 - - [26/Dec/2025:17:42:07 +0000] "GET /casosvbg/con_est_resumen_prg.php?r=77749416 HTTP/1.1" 404 1251 "-" "Mozilla/5.0 (compatible; SemrushBot/7~bl; +http://www.semrush.com/bot.html)"
185.191.171.7 - - [26/Dec/2025:17:42:44 +0000] "GET /casosvbg/con_est_cruces_var.php?r=82270423 HTTP/1.1" 404 1251 "-" "Mozilla/5.0 (compatible; SemrushBot/7~bl; +http://www.semrush.com/bot.html)"
85.208.96.200 - - [26/Dec/2025:17:42:50 +0000] "GET /casosvbg/con_est_cruces_var.php?r=43117181 HTTP/1.1" 404 1251 "-" "Mozilla/5.0 (compatible; SemrushBot/7~bl; +http://www.semrush.com/bot.html)"
85.208.96.211 - - [26/Dec/2025:17:42:56 +0000] "GET /casosvbg/con_est_cruces_var.php?r=58753230 HTTP/1.1" 404 1251 "-" "Mozilla/5.0 (compatible; SemrushBot/7~bl; +http://www.semrush.com/bot.html)"
85.208.96.205 - - [26/Dec/2025:17:43:15 +0000] "GET /casosvbg/con_est_resumen_gral.php?r=69203134 HTTP/1.1" 404 1251 "-" "Mozilla/5.0 (compatible; SemrushBot/7~bl; +http://www.semrush.com/bot.html)"
194.61.40.122 - - [26/Dec/2025:17:43:40 +0000] "GET /wp-blog.php HTTP/1.1" 404 1251 "-" "Mozilla/5.0"
185.191.171.3 - - [26/Dec/2025:17:44:22 +0000] "GET /casosvbg/con_est_cruces_var.php?r=30425881 HTTP/1.1" 404 1251 "-" "Mozilla/5.0 (compatible; SemrushBot/7~bl; +http://www.semrush.com/bot.html)"
85.208.96.197 - - [26/Dec/2025:17:44:29 +0000] "GET /casosvbg/con_est_resumen_gral.php?r=45970388 HTTP/1.1" 404 1251 "-" "Mozilla/5.0 (compatible; SemrushBot/7~bl; +http://www.semrush.com/bot.html)"
185.191.171.10 - - [26/Dec/2025:17:44:40 +0000] "GET /casosvbg/con_est_resumen_gral.php?r=14952962 HTTP/1.1" 404 1251 "-" "Mozilla/5.0 (compatible; SemrushBot/7~bl; +http://www.semrush.com/bot.html)"
185.191.171.7 - - [26/Dec/2025:17:44:58 +0000] "GET /casosvbg/con_est_resumen_prg.php?r=89030888 HTTP/1.1" 404 1251 "-" "Mozilla/5.0 (compatible; SemrushBot/7~bl; +http://www.semrush.com/bot.html)"
85.208.96.210 - - [26/Dec/2025:17:45:03 +0000] "GET /casosvbg/con_est_cruces_varloc.php?r=66985254 HTTP/1.1" 404 1251 "-" "Mozilla/5.0 (compatible; SemrushBot/7~bl; +http://www.semrush.com/bot.html)"
185.191.171.5 - - [26/Dec/2025:17:45:35 +0000] "GET /casosvbg/con_est_resumen_prg.php?r=3937211 HTTP/1.1" 404 1251 "-" "Mozilla/5.0 (compatible; SemrushBot/7~bl; +http://www.semrush.com/bot.html)"
85.208.96.199 - - [26/Dec/2025:17:45:45 +0000] "GET /casosvbg/con_est_resumen_prg.php?r=44276880 HTTP/1.1" 404 1251 "-" "Mozilla/5.0 (compatible; SemrushBot/7~bl; +http://www.semrush.com/bot.html)"
185.191.171.12 - - [26/Dec/2025:17:46:14 +0000] "GET /casosvbg/con_est_cruces_var.php?r=94290201 HTTP/1.1" 404 1251 "-" "Mozilla/5.0 (compatible; SemrushBot/7~bl; +http://www.semrush.com/bot.html)"
85.208.96.206 - - [26/Dec/2025:17:46:44 +0000] "GET /casosvbg/con_est_resumen_prg.php?r=33855506 HTTP/1.1" 404 1251 "-" "Mozilla/5.0 (compatible; SemrushBot/7~bl; +http://www.semrush.com/bot.html)"
185.191.171.12 - - [26/Dec/2025:17:46:58 +0000] "GET /casosvbg/con_est_cruces_var.php?r=46998981 HTTP/1.1" 404 1251 "-" "Mozilla/5.0 (compatible; SemrushBot/7~bl; +http://www.semrush.com/bot.html)"
185.191.171.11 - - [26/Dec/2025:17:47:29 +0000] "GET /casosvbg/con_est_resumen_gral.php?r=70160381 HTTP/1.1" 404 1251 "-" "Mozilla/5.0 (compatible; SemrushBot/7~bl; +http://www.semrush.com/bot.html)"
85.208.96.193 - - [26/Dec/2025:17:42:49 +0000] "GET /casosvbg/con_est_resumen_prg.php?r=91166337 HTTP/1.1" 404 1251 "-" "Mozilla/5.0 (compatible; SemrushBot/7~bl; +http://www.semrush.com/bot.html)"
185.191.171.10 - - [26/Dec/2025:17:42:59 +0000] "GET /casosvbg/con_est_cruces_varloc.php?r=78530588 HTTP/1.1" 404 1251 "-" "Mozilla/5.0 (compatible; SemrushBot/7~bl; +http://www.semrush.com/bot.html)"
185.191.171.14 - - [26/Dec/2025:17:43:48 +0000] "GET /casosvbg/con_est_resumen_gral.php?r=25116791 HTTP/1.1" 404 1251 "-" "Mozilla/5.0 (compatible; SemrushBot/7~bl; +http://www.semrush.com/bot.html)"
85.208.96.205 - - [26/Dec/2025:17:44:11 +0000] "GET /casosvbg/con_est_resumen_prg.php?r=79477126 HTTP/1.1" 404 1251 "-" "Mozilla/5.0 (compatible; SemrushBot/7~bl; +http://www.semrush.com/bot.html)"
185.191.171.3 - - [26/Dec/2025:17:44:14 +0000] "GET /casosvbg/con_est_resumen_prg.php?r=99843870 HTTP/1.1" 404 1251 "-" "Mozilla/5.0 (compatible; SemrushBot/7~bl; +http://www.semrush.com/bot.html)"
185.191.171.14 - - [26/Dec/2025:17:44:44 +0000] "GET /casosvbg/con_est_resumen_prg.php?r=30395598 HTTP/1.1" 404 1251 "-" "Mozilla/5.0 (compatible; SemrushBot/7~bl; +http://www.semrush.com/bot.html)"
85.208.96.196 - - [26/Dec/2025:17:44:47 +0000] "GET /casosvbg/con_est_cruces_varloc.php?r=5794598 HTTP/1.1" 404 1251 "-" "Mozilla/5.0 (compatible; SemrushBot/7~bl; +http://www.semrush.com/bot.html)"
66.249.66.162 - - [26/Dec/2025:17:46:30 +0000] "GET /2020/como-prevenir-el-abuso-sexual-infantil/feed/ HTTP/1.1" 404 1251 "-" "Mozilla/5.0 (Linux; Android 6.0.1; Nexus 5X Build/MMB29P) AppleWebKit/537.36 (KHTML, like Gecko) Chrome/141.0.7390.122 Mobile Safari/537.36 (compatible; Googlebot/2.1; +http://www.google.com/bot.html)"
85.208.96.198 - - [26/Dec/2025:17:46:49 +0000] "GET /casosvbg/con_est_resumen_prg.php?r=4306908 HTTP/1.1" 404 1251 "-" "Mozilla/5.0 (compatible; SemrushBot/7~bl; +http://www.semrush.com/bot.html)"
85.208.96.201 - - [26/Dec/2025:17:47:03 +0000] "GET /casosvbg/con_est_cruces_var.php?r=81265300 HTTP/1.1" 404 1251 "-" "Mozilla/5.0 (compatible; SemrushBot/7~bl; +http://www.semrush.com/bot.html)"
85.208.96.199 - - [26/Dec/2025:17:47:42 +0000] "GET /casosvbg/con_est_cruces_var.php?r=89144276 HTTP/1.1" 404 1251 "-" "Mozilla/5.0 (compatible; SemrushBot/7~bl; +http://www.semrush.com/bot.html)"
185.191.171.9 - - [26/Dec/2025:17:48:06 +0000] "GET /casosvbg/con_est_cruces_varloc.php?r=9191363 HTTP/1.1" 404 1251 "-" "Mozilla/5.0 (compatible; SemrushBot/7~bl; +http://www.semrush.com/bot.html)"
85.208.96.196 - - [26/Dec/2025:17:48:15 +0000] "GET /casosvbg/con_est_cruces_var.php?r=67643078 HTTP/1.1" 404 1251 "-" "Mozilla/5.0 (compatible; SemrushBot/7~bl; +http://www.semrush.com/bot.html)"
85.208.96.201 - - [26/Dec/2025:17:48:27 +0000] "GET /casosvbg/con_est_resumen_prg.php?r=29369013 HTTP/1.1" 404 1251 "-" "Mozilla/5.0 (compatible; SemrushBot/7~bl; +http://www.semrush.com/bot.html)"
85.208.96.212 - - [26/Dec/2025:17:48:29 +0000] "GET /casosvbg/con_est_cruces_var.php?r=85437599 HTTP/1.1" 404 1251 "-" "Mozilla/5.0 (compatible; SemrushBot/7~bl; +http://www.semrush.com/bot.html)"
185.191.171.12 - - [26/Dec/2025:17:48:46 +0000] "GET /casosvbg/con_est_cruces_var.php?r=29740560 HTTP/1.1" 404 1251 "-" "Mozilla/5.0 (compatible; SemrushBot/7~bl; +http://www.semrush.com/bot.html)"
85.208.96.199 - - [26/Dec/2025:17:48:53 +0000] "GET /casosvbg/con_est_resumen_prg.php?r=68417854 HTTP/1.1" 404 1251 "-" "Mozilla/5.0 (compatible; SemrushBot/7~bl; +http://www.semrush.com/bot.html)"
85.208.96.212 - - [26/Dec/2025:17:48:59 +0000] "GET /casosvbg/con_est_resumen_gral.php?r=34980837 HTTP/1.1" 404 1251 "-" "Mozilla/5.0 (compatible; SemrushBot/7~bl; +http://www.semrush.com/bot.html)"
85.208.96.204 - - [26/Dec/2025:17:48:59 +0000] "GET /casosvbg/con_est_resumen_gral.php?r=88026134 HTTP/1.1" 404 1251 "-" "Mozilla/5.0 (compatible; SemrushBot/7~bl; +http://www.semrush.com/bot.html)"
85.208.96.208 - - [26/Dec/2025:17:49:02 +0000] "GET /casosvbg/con_est_cruces_varloc.php?r=6170789 HTTP/1.1" 404 1251 "-" "Mozilla/5.0 (compatible; SemrushBot/7~bl; +http://www.semrush.com/bot.html)"
185.191.171.14 - - [26/Dec/2025:17:49:04 +0000] "GET /casosvbg/con_est_cruces_var.php?r=37970726 HTTP/1.1" 404 1251 "-" "Mozilla/5.0 (compatible; SemrushBot/7~bl; +http://www.semrush.com/bot.html)"
185.191.171.5 - - [26/Dec/2025:17:49:35 +0000] "GET /casosvbg/con_est_resumen_prg.php?r=31686284 HTTP/1.1" 404 1251 "-" "Mozilla/5.0 (compatible; SemrushBot/7~bl; +http://www.semrush.com/bot.html)"
85.208.96.208 - - [26/Dec/2025:17:50:16 +0000] "GET /casosvbg/con_est_cruces_var.php?r=44935369 HTTP/1.1" 404 1251 "-" "Mozilla/5.0 (compatible; SemrushBot/7~bl; +http://www.semrush.com/bot.html)"
85.208.96.208 - - [26/Dec/2025:17:50:59 +0000] "GET /casosvbg/con_est_resumen_prg.php?r=7555740 HTTP/1.1" 404 1251 "-" "Mozilla/5.0 (compatible; SemrushBot/7~bl; +http://www.semrush.com/bot.html)"
85.208.96.208 - - [26/Dec/2025:17:51:01 +0000] "GET /casosvbg/con_est_resumen_gral.php?r=78743711 HTTP/1.1" 404 1251 "-" "Mozilla/5.0 (compatible; SemrushBot/7~bl; +http://www.semrush.com/bot.html)"
185.191.171.1 - - [26/Dec/2025:17:51:11 +0000] "GET /casosvbg/con_est_cruces_var.php?r=6944552 HTTP/1.1" 404 1251 "-" "Mozilla/5.0 (compatible; SemrushBot/7~bl; +http://www.semrush.com/bot.html)"
185.191.171.18 - - [26/Dec/2025:17:51:28 +0000] "GET /casosvbg/con_est_resumen_gral.php?r=39794707 HTTP/1.1" 404 1251 "-" "Mozilla/5.0 (compatible; SemrushBot/7~bl; +http://www.semrush.com/bot.html)"
185.191.171.1 - - [26/Dec/2025:17:51:32 +0000] "GET /casosvbg/con_est_cruces_varloc.php?r=98361226 HTTP/1.1" 404 1251 "-" "Mozilla/5.0 (compatible; SemrushBot/7~bl; +http://www.semrush.com/bot.html)"
85.208.96.199 - - [26/Dec/2025:17:51:44 +0000] "GET /casosvbg/con_est_resumen_gral.php?r=28567237 HTTP/1.1" 404 1251 "-" "Mozilla/5.0 (compatible; SemrushBot/7~bl; +http://www.semrush.com/bot.html)"
185.191.171.16 - - [26/Dec/2025:17:52:35 +0000] "GET /casosvbg/con_est_cruces_varloc.php?r=18835675 HTTP/1.1" 404 1251 "-" "Mozilla/5.0 (compatible; SemrushBot/7~bl; +http://www.semrush.com/bot.html)"
185.191.171.16 - - [26/Dec/2025:17:52:39 +0000] "GET /casosvbg/con_est_resumen_gral.php?r=24557977 HTTP/1.1" 404 1251 "-" "Mozilla/5.0 (compatible; SemrushBot/7~bl; +http://www.semrush.com/bot.html)"
85.208.96.209 - - [26/Dec/2025:17:52:43 +0000] "GET /casosvbg/con_est_resumen_prg.php?r=8739657 HTTP/1.1" 404 1251 "-" "Mozilla/5.0 (compatible; SemrushBot/7~bl; +http://www.semrush.com/bot.html)"
85.208.96.200 - - [26/Dec/2025:17:52:48 +0000] "GET /casosvbg/con_est_resumen_gral.php?r=87472321 HTTP/1.1" 404 1251 "-" "Mozilla/5.0 (compatible; SemrushBot/7~bl; +http://www.semrush.com/bot.html)"
185.191.171.4 - - [26/Dec/2025:17:53:05 +0000] "GET /casosvbg/con_est_resumen_prg.php?r=29844602 HTTP/1.1" 404 1251 "-" "Mozilla/5.0 (compatible; SemrushBot/7~bl; +http://www.semrush.com/bot.html)"
85.208.96.204 - - [26/Dec/2025:17:53:07 +0000] "GET /casosvbg/con_est_resumen_gral.php?r=26863626 HTTP/1.1" 404 1251 "-" "Mozilla/5.0 (compatible; SemrushBot/7~bl; +http://www.semrush.com/bot.html)"
185.191.171.15 - - [26/Dec/2025:17:53:10 +0000] "GET /casosvbg/con_est_cruces_varloc.php?r=23618568 HTTP/1.1" 404 1251 "-" "Mozilla/5.0 (compatible; SemrushBot/7~bl; +http://www.semrush.com/bot.html)"
185.191.171.12 - - [26/Dec/2025:17:53:25 +0000] "GET /casosvbg/con_est_cruces_var.php?r=95970025 HTTP/1.1" 404 1251 "-" "Mozilla/5.0 (compatible; SemrushBot/7~bl; +http://www.semrush.com/bot.html)"
85.208.96.203 - - [26/Dec/2025:17:53:48 +0000] "GET /casosvbg/con_est_cruces_varloc.php?r=5395728 HTTP/1.1" 404 1251 "-" "Mozilla/5.0 (compatible; SemrushBot/7~bl; +http://www.semrush.com/bot.html)"
85.208.96.207 - - [26/Dec/2025:17:53:49 +0000] "GET /casosvbg/con_est_resumen_prg.php?r=94572375 HTTP/1.1" 404 1251 "-" "Mozilla/5.0 (compatible; SemrushBot/7~bl; +http://www.semrush.com/bot.html)"
185.191.171.14 - - [26/Dec/2025:17:47:30 +0000] "GET /casosvbg/con_est_resumen_prg.php?r=80207117 HTTP/1.1" 404 1251 "-" "Mozilla/5.0 (compatible; SemrushBot/7~bl; +http://www.semrush.com/bot.html)"
85.208.96.197 - - [26/Dec/2025:17:47:32 +0000] "GET /casosvbg/con_est_cruces_varloc.php?r=14031803 HTTP/1.1" 404 1251 "-" "Mozilla/5.0 (compatible; SemrushBot/7~bl; +http://www.semrush.com/bot.html)"
185.191.171.11 - - [26/Dec/2025:17:48:06 +0000] "GET /casosvbg/con_est_cruces_varloc.php?r=1726589 HTTP/1.1" 404 1251 "-" "Mozilla/5.0 (compatible; SemrushBot/7~bl; +http://www.semrush.com/bot.html)"
85.208.96.205 - - [26/Dec/2025:17:48:25 +0000] "GET /casosvbg/con_est_resumen_gral.php?r=22070432 HTTP/1.1" 404 1251 "-" "Mozilla/5.0 (compatible; SemrushBot/7~bl; +http://www.semrush.com/bot.html)"
85.208.96.212 - - [26/Dec/2025:17:48:33 +0000] "GET /casosvbg/con_est_resumen_prg.php?r=21159646 HTTP/1.1" 404 1251 "-" "Mozilla/5.0 (compatible; SemrushBot/7~bl; +http://www.semrush.com/bot.html)"
85.208.96.198 - - [26/Dec/2025:17:49:03 +0000] "GET /casosvbg/con_est_resumen_prg.php?r=84808496 HTTP/1.1" 404 1251 "-" "Mozilla/5.0 (compatible; SemrushBot/7~bl; +http://www.semrush.com/bot.html)"
85.208.96.197 - - [26/Dec/2025:17:49:05 +0000] "GET /casosvbg/con_est_cruces_varloc.php?r=87357758 HTTP/1.1" 404 1251 "-" "Mozilla/5.0 (compatible; SemrushBot/7~bl; +http://www.semrush.com/bot.html)"
85.208.96.196 - - [26/Dec/2025:17:49:13 +0000] "GET /casosvbg/con_est_cruces_var.php?r=12190194 HTTP/1.1" 404 1251 "-" "Mozilla/5.0 (compatible; SemrushBot/7~bl; +http://www.semrush.com/bot.html)"
85.208.96.201 - - [26/Dec/2025:17:49:35 +0000] "GET /casosvbg/con_est_resumen_prg.php?r=36722369 HTTP/1.1" 404 1251 "-" "Mozilla/5.0 (compatible; SemrushBot/7~bl; +http://www.semrush.com/bot.html)"
185.191.171.11 - - [26/Dec/2025:17:49:43 +0000] "GET /casosvbg/con_est_cruces_var.php?r=79884724 HTTP/1.1" 404 1251 "-" "Mozilla/5.0 (compatible; SemrushBot/7~bl; +http://www.semrush.com/bot.html)"
85.208.96.212 - - [26/Dec/2025:17:49:54 +0000] "GET /casosvbg/con_est_cruces_var.php?r=89731774 HTTP/1.1" 404 1251 "-" "Mozilla/5.0 (compatible; SemrushBot/7~bl; +http://www.semrush.com/bot.html)"
85.208.96.193 - - [26/Dec/2025:17:51:13 +0000] "GET /casosvbg/con_est_resumen_gral.php?r=34297172 HTTP/1.1" 404 1251 "-" "Mozilla/5.0 (compatible; SemrushBot/7~bl; +http://www.semrush.com/bot.html)"
85.208.96.195 - - [26/Dec/2025:17:51:41 +0000] "GET /casosvbg/con_est_cruces_var.php?r=72595578 HTTP/1.1" 404 1251 "-" "Mozilla/5.0 (compatible; SemrushBot/7~bl; +http://www.semrush.com/bot.html)"
85.208.96.205 - - [26/Dec/2025:17:52:16 +0000] "GET /casosvbg/con_est_cruces_varloc.php?r=6506884 HTTP/1.1" 404 1251 "-" "Mozilla/5.0 (compatible; SemrushBot/7~bl; +http://www.semrush.com/bot.html)"
85.208.96.196 - - [26/Dec/2025:17:52:27 +0000] "GET /casosvbg/con_est_cruces_var.php?r=97523009 HTTP/1.1" 404 1251 "-" "Mozilla/5.0 (compatible; SemrushBot/7~bl; +http://www.semrush.com/bot.html)"
185.191.171.13 - - [26/Dec/2025:17:52:42 +0000] "GET /casosvbg/con_est_cruces_varloc.php?r=81914906 HTTP/1.1" 404 1251 "-" "Mozilla/5.0 (compatible; SemrushBot/7~bl; +http://www.semrush.com/bot.html)"
185.191.171.4 - - [26/Dec/2025:17:52:55 +0000] "GET /casosvbg/con_est_resumen_gral.php?r=46522205 HTTP/1.1" 404 1251 "-" "Mozilla/5.0 (compatible; SemrushBot/7~bl; +http://www.semrush.com/bot.html)"
185.191.171.19 - - [26/Dec/2025:17:53:03 +0000] "GET /casosvbg/con_est_cruces_var.php?r=77872873 HTTP/1.1" 404 1251 "-" "Mozilla/5.0 (compatible; SemrushBot/7~bl; +http://www.semrush.com/bot.html)"
185.191.171.3 - - [26/Dec/2025:17:53:35 +0000] "GET /casosvbg/con_est_resumen_prg.php?r=3948845 HTTP/1.1" 404 1251 "-" "Mozilla/5.0 (compatible; SemrushBot/7~bl; +http://www.semrush.com/bot.html)"
185.191.171.13 - - [26/Dec/2025:17:54:26 +0000] "GET /casosvbg/con_est_resumen_prg.php?r=41933261 HTTP/1.1" 404 1251 "-" "Mozilla/5.0 (compatible; SemrushBot/7~bl; +http://www.semrush.com/bot.html)"
85.208.96.204 - - [26/Dec/2025:17:48:32 +0000] "GET /casosvbg/con_est_cruces_var.php?r=21454150 HTTP/1.1" 404 1251 "-" "Mozilla/5.0 (compatible; SemrushBot/7~bl; +http://www.semrush.com/bot.html)"
66.249.66.38 - - [26/Dec/2025:17:48:46 +0000] "GET /comments/feed/ HTTP/1.1" 404 1251 "-" "Mozilla/5.0 (Linux; Android 6.0.1; Nexus 5X Build/MMB29P) AppleWebKit/537.36 (KHTML, like Gecko) Chrome/141.0.7390.122 Mobile Safari/537.36 (compatible; Googlebot/2.1; +http://www.google.com/bot.html)"
185.191.171.1 - - [26/Dec/2025:17:49:53 +0000] "GET /casosvbg/con_est_resumen_prg.php?r=50713877 HTTP/1.1" 404 1251 "-" "Mozilla/5.0 (compatible; SemrushBot/7~bl; +http://www.semrush.com/bot.html)"
185.191.171.17 - - [26/Dec/2025:17:50:26 +0000] "GET /casosvbg/con_est_resumen_prg.php?r=34621778 HTTP/1.1" 404 1251 "-" "Mozilla/5.0 (compatible; SemrushBot/7~bl; +http://www.semrush.com/bot.html)"
185.191.171.1 - - [26/Dec/2025:17:50:34 +0000] "GET /casosvbg/con_est_cruces_var.php?r=51707717 HTTP/1.1" 404 1251 "-" "Mozilla/5.0 (compatible; SemrushBot/7~bl; +http://www.semrush.com/bot.html)"
185.191.171.3 - - [26/Dec/2025:17:50:47 +0000] "GET /casosvbg/con_est_cruces_var.php?r=71293310 HTTP/1.1" 404 1251 "-" "Mozilla/5.0 (compatible; SemrushBot/7~bl; +http://www.semrush.com/bot.html)"
85.208.96.206 - - [26/Dec/2025:17:50:57 +0000] "GET /casosvbg/con_est_resumen_prg.php?r=2123106 HTTP/1.1" 404 1251 "-" "Mozilla/5.0 (compatible; SemrushBot/7~bl; +http://www.semrush.com/bot.html)"
185.191.171.8 - - [26/Dec/2025:17:51:15 +0000] "GET /casosvbg/con_est_cruces_var.php?r=52578992 HTTP/1.1" 404 1251 "-" "Mozilla/5.0 (compatible; SemrushBot/7~bl; +http://www.semrush.com/bot.html)"
85.208.96.196 - - [26/Dec/2025:17:52:14 +0000] "GET /casosvbg/con_est_resumen_gral.php?r=71846835 HTTP/1.1" 404 1251 "-" "Mozilla/5.0 (compatible; SemrushBot/7~bl; +http://www.semrush.com/bot.html)"
185.191.171.3 - - [26/Dec/2025:17:52:34 +0000] "GET /casosvbg/con_est_cruces_varloc.php?r=95419385 HTTP/1.1" 404 1251 "-" "Mozilla/5.0 (compatible; SemrushBot/7~bl; +http://www.semrush.com/bot.html)"
185.191.171.14 - - [26/Dec/2025:17:52:36 +0000] "GET /casosvbg/con_est_cruces_var.php?r=38976463 HTTP/1.1" 404 1251 "-" "Mozilla/5.0 (compatible; SemrushBot/7~bl; +http://www.semrush.com/bot.html)"
185.191.171.1 - - [26/Dec/2025:17:53:30 +0000] "GET /casosvbg/con_est_resumen_prg.php?r=56313491 HTTP/1.1" 404 1251 "-" "Mozilla/5.0 (compatible; SemrushBot/7~bl; +http://www.semrush.com/bot.html)"
85.208.96.209 - - [26/Dec/2025:17:53:34 +0000] "GET /casosvbg/con_est_resumen_prg.php?r=91002151 HTTP/1.1" 404 1251 "-" "Mozilla/5.0 (compatible; SemrushBot/7~bl; +http://www.semrush.com/bot.html)"
85.208.96.199 - - [26/Dec/2025:17:54:59 +0000] "GET /casosvbg/con_est_resumen_gral.php?r=83297537 HTTP/1.1" 404 1251 "-" "Mozilla/5.0 (compatible; SemrushBot/7~bl; +http://www.semrush.com/bot.html)"
85.208.96.201 - - [26/Dec/2025:17:56:02 +0000] "GET /casosvbg/con_est_cruces_varloc.php?r=26596389 HTTP/1.1" 404 1251 "-" "Mozilla/5.0 (compatible; SemrushBot/7~bl; +http://www.semrush.com/bot.html)"
85.208.96.194 - - [26/Dec/2025:17:56:37 +0000] "GET /casosvbg/con_est_resumen_gral.php?r=12629527 HTTP/1.1" 404 1251 "-" "Mozilla/5.0 (compatible; SemrushBot/7~bl; +http://www.semrush.com/bot.html)"
185.191.171.6 - - [26/Dec/2025:17:56:42 +0000] "GET /casosvbg/con_est_resumen_gral.php?r=89850258 HTTP/1.1" 404 1251 "-" "Mozilla/5.0 (compatible; SemrushBot/7~bl; +http://www.semrush.com/bot.html)"
185.191.171.18 - - [26/Dec/2025:17:56:54 +0000] "GET /casosvbg/con_est_resumen_prg.php?r=47910915 HTTP/1.1" 404 1251 "-" "Mozilla/5.0 (compatible; SemrushBot/7~bl; +http://www.semrush.com/bot.html)"
185.191.171.4 - - [26/Dec/2025:17:56:56 +0000] "GET /casosvbg/con_est_resumen_gral.php?r=13789319 HTTP/1.1" 404 1251 "-" "Mozilla/5.0 (compatible; SemrushBot/7~bl; +http://www.semrush.com/bot.html)"
185.191.171.12 - - [26/Dec/2025:17:57:08 +0000] "GET /casosvbg/con_est_cruces_var.php?r=61111738 HTTP/1.1" 404 1251 "-" "Mozilla/5.0 (compatible; SemrushBot/7~bl; +http://www.semrush.com/bot.html)"
85.208.96.197 - - [26/Dec/2025:17:55:06 +0000] "GET /casosvbg/con_est_resumen_gral.php?r=11784868 HTTP/1.1" 404 1251 "-" "Mozilla/5.0 (compatible; SemrushBot/7~bl; +http://www.semrush.com/bot.html)"
185.191.171.2 - - [26/Dec/2025:17:55:07 +0000] "GET /casosvbg/con_est_resumen_prg.php?r=77330923 HTTP/1.1" 404 1251 "-" "Mozilla/5.0 (compatible; SemrushBot/7~bl; +http://www.semrush.com/bot.html)"
185.191.171.15 - - [26/Dec/2025:17:55:27 +0000] "GET /casosvbg/con_est_resumen_prg.php?r=70816308 HTTP/1.1" 404 1251 "-" "Mozilla/5.0 (compatible; SemrushBot/7~bl; +http://www.semrush.com/bot.html)"
185.191.171.6 - - [26/Dec/2025:17:55:38 +0000] "GET /casosvbg/con_est_cruces_var.php?r=36203558 HTTP/1.1" 404 1251 "-" "Mozilla/5.0 (compatible; SemrushBot/7~bl; +http://www.semrush.com/bot.html)"
185.191.171.16 - - [26/Dec/2025:17:55:41 +0000] "GET /casosvbg/con_est_cruces_varloc.php?r=43125987 HTTP/1.1" 404 1251 "-" "Mozilla/5.0 (compatible; SemrushBot/7~bl; +http://www.semrush.com/bot.html)"
185.191.171.19 - - [26/Dec/2025:17:56:29 +0000] "GET /casosvbg/con_est_resumen_gral.php?r=32222767 HTTP/1.1" 404 1251 "-" "Mozilla/5.0 (compatible; SemrushBot/7~bl; +http://www.semrush.com/bot.html)"
185.191.171.15 - - [26/Dec/2025:17:56:41 +0000] "GET /casosvbg/con_est_resumen_prg.php?r=15527108 HTTP/1.1" 404 1251 "-" "Mozilla/5.0 (compatible; SemrushBot/7~bl; +http://www.semrush.com/bot.html)"
185.191.171.19 - - [26/Dec/2025:17:56:55 +0000] "GET /casosvbg/con_est_resumen_prg.php?r=36887693 HTTP/1.1" 404 1251 "-" "Mozilla/5.0 (compatible; SemrushBot/7~bl; +http://www.semrush.com/bot.html)"
185.191.171.6 - - [26/Dec/2025:17:57:02 +0000] "GET /casosvbg/con_est_resumen_gral.php?r=37662490 HTTP/1.1" 404 1251 "-" "Mozilla/5.0 (compatible; SemrushBot/7~bl; +http://www.semrush.com/bot.html)"
85.208.96.200 - - [26/Dec/2025:17:57:06 +0000] "GET /casosvbg/con_est_cruces_var.php?r=22119394 HTTP/1.1" 404 1251 "-" "Mozilla/5.0 (compatible; SemrushBot/7~bl; +http://www.semrush.com/bot.html)"
85.208.96.195 - - [26/Dec/2025:17:57:26 +0000] "GET /casosvbg/con_est_resumen_gral.php?r=52493237 HTTP/1.1" 404 1251 "-" "Mozilla/5.0 (compatible; SemrushBot/7~bl; +http://www.semrush.com/bot.html)"
85.208.96.212 - - [26/Dec/2025:17:57:36 +0000] "GET /casosvbg/con_est_cruces_var.php?r=34848066 HTTP/1.1" 404 1251 "-" "Mozilla/5.0 (compatible; SemrushBot/7~bl; +http://www.semrush.com/bot.html)"
85.208.96.212 - - [26/Dec/2025:17:58:02 +0000] "GET /casosvbg/con_est_resumen_prg.php?r=5834565 HTTP/1.1" 404 1251 "-" "Mozilla/5.0 (compatible; SemrushBot/7~bl; +http://www.semrush.com/bot.html)"
85.208.96.204 - - [26/Dec/2025:17:58:04 +0000] "GET /casosvbg/con_est_cruces_varloc.php?r=44861932 HTTP/1.1" 404 1251 "-" "Mozilla/5.0 (compatible; SemrushBot/7~bl; +http://www.semrush.com/bot.html)"
85.208.96.205 - - [26/Dec/2025:17:58:43 +0000] "GET /casosvbg/con_est_resumen_gral.php?r=55780755 HTTP/1.1" 404 1251 "-" "Mozilla/5.0 (compatible; SemrushBot/7~bl; +http://www.semrush.com/bot.html)"
85.208.96.209 - - [26/Dec/2025:17:59:23 +0000] "GET /casosvbg/con_est_resumen_gral.php?r=80615215 HTTP/1.1" 404 1251 "-" "Mozilla/5.0 (compatible; SemrushBot/7~bl; +http://www.semrush.com/bot.html)"
185.191.171.19 - - [26/Dec/2025:17:59:41 +0000] "GET /casosvbg/con_est_resumen_gral.php?r=56508748 HTTP/1.1" 404 1251 "-" "Mozilla/5.0 (compatible; SemrushBot/7~bl; +http://www.semrush.com/bot.html)"
85.208.96.212 - - [26/Dec/2025:17:59:57 +0000] "GET /robots.txt HTTP/1.1" 404 1251 "-" "Mozilla/5.0 (compatible; SemrushBot/7~bl; +http://www.semrush.com/bot.html)"
185.191.171.10 - - [26/Dec/2025:17:59:57 +0000] "GET /casosvbg/con_est_cruces_var.php?r=82959356 HTTP/1.1" 404 1251 "-" "Mozilla/5.0 (compatible; SemrushBot/7~bl; +http://www.semrush.com/bot.html)"
85.208.96.203 - - [26/Dec/2025:18:00:48 +0000] "GET /casosvbg/con_est_cruces_var.php?r=49478432 HTTP/1.1" 404 1251 "-" "Mozilla/5.0 (compatible; SemrushBot/7~bl; +http://www.semrush.com/bot.html)"
85.208.96.209 - - [26/Dec/2025:17:53:58 +0000] "GET /casosvbg/con_est_cruces_var.php?r=91183554 HTTP/1.1" 404 1251 "-" "Mozilla/5.0 (compatible; SemrushBot/7~bl; +http://www.semrush.com/bot.html)"
185.191.171.16 - - [26/Dec/2025:17:54:07 +0000] "GET /casosvbg/con_est_resumen_prg.php?r=82318128 HTTP/1.1" 404 1251 "-" "Mozilla/5.0 (compatible; SemrushBot/7~bl; +http://www.semrush.com/bot.html)"
85.208.96.199 - - [26/Dec/2025:17:54:37 +0000] "GET /casosvbg/con_est_resumen_prg.php?r=68178701 HTTP/1.1" 404 1251 "-" "Mozilla/5.0 (compatible; SemrushBot/7~bl; +http://www.semrush.com/bot.html)"
185.191.171.4 - - [26/Dec/2025:17:54:50 +0000] "GET /casosvbg/con_est_resumen_gral.php?r=61939688 HTTP/1.1" 404 1251 "-" "Mozilla/5.0 (compatible; SemrushBot/7~bl; +http://www.semrush.com/bot.html)"
85.208.96.207 - - [26/Dec/2025:17:56:27 +0000] "GET /casosvbg/con_est_cruces_var.php?r=72408278 HTTP/1.1" 404 1251 "-" "Mozilla/5.0 (compatible; SemrushBot/7~bl; +http://www.semrush.com/bot.html)"
85.208.96.197 - - [26/Dec/2025:17:56:40 +0000] "GET /casosvbg/con_est_resumen_prg.php?r=815752 HTTP/1.1" 404 1251 "-" "Mozilla/5.0 (compatible; SemrushBot/7~bl; +http://www.semrush.com/bot.html)"
85.208.96.204 - - [26/Dec/2025:17:56:44 +0000] "GET /casosvbg/con_est_resumen_prg.php?r=85642801 HTTP/1.1" 404 1251 "-" "Mozilla/5.0 (compatible; SemrushBot/7~bl; +http://www.semrush.com/bot.html)"
85.208.96.209 - - [26/Dec/2025:17:58:28 +0000] "GET /casosvbg/con_est_resumen_prg.php?r=88996947 HTTP/1.1" 404 1251 "-" "Mozilla/5.0 (compatible; SemrushBot/7~bl; +http://www.semrush.com/bot.html)"
185.191.171.17 - - [26/Dec/2025:17:58:30 +0000] "GET /casosvbg/con_est_resumen_prg.php?r=17867688 HTTP/1.1" 404 1251 "-" "Mozilla/5.0 (compatible; SemrushBot/7~bl; +http://www.semrush.com/bot.html)"
66.249.66.160 - - [26/Dec/2025:17:59:04 +0000] "GET /casosvbg/con_est_resumen_prg.php?r=49645 HTTP/1.1" 404 1251 "-" "Mozilla/5.0 (Linux; Android 6.0.1; Nexus 5X Build/MMB29P) AppleWebKit/537.36 (KHTML, like Gecko) Chrome/141.0.7390.122 Mobile Safari/537.36 (compatible; Googlebot/2.1; +http://www.google.com/bot.html)"
85.208.96.212 - - [26/Dec/2025:17:59:07 +0000] "GET /casosvbg/con_est_cruces_var.php?r=25044834 HTTP/1.1" 404 1251 "-" "Mozilla/5.0 (compatible; SemrushBot/7~bl; +http://www.semrush.com/bot.html)"
185.191.171.10 - - [26/Dec/2025:17:59:10 +0000] "GET /casosvbg/con_est_resumen_gral.php?r=95787079 HTTP/1.1" 404 1251 "-" "Mozilla/5.0 (compatible; SemrushBot/7~bl; +http://www.semrush.com/bot.html)"
85.208.96.197 - - [26/Dec/2025:18:00:30 +0000] "GET /casosvbg/con_est_resumen_gral.php?r=11190626 HTTP/1.1" 404 1251 "-" "Mozilla/5.0 (compatible; SemrushBot/7~bl; +http://www.semrush.com/bot.html)"
85.208.96.209 - - [26/Dec/2025:18:00:38 +0000] "GET /casosvbg/con_est_resumen_gral.php?r=16695963 HTTP/1.1" 404 1251 "-" "Mozilla/5.0 (compatible; SemrushBot/7~bl; +http://www.semrush.com/bot.html)"
185.191.171.10 - - [26/Dec/2025:18:00:51 +0000] "GET /casosvbg/con_est_resumen_prg.php?r=58915524 HTTP/1.1" 404 1251 "-" "Mozilla/5.0 (compatible; SemrushBot/7~bl; +http://www.semrush.com/bot.html)"
185.191.171.17 - - [26/Dec/2025:18:00:53 +0000] "GET /casosvbg/con_est_resumen_gral.php?r=92688686 HTTP/1.1" 404 1251 "-" "Mozilla/5.0 (compatible; SemrushBot/7~bl; +http://www.semrush.com/bot.html)"
185.191.171.7 - - [26/Dec/2025:18:01:13 +0000] "GET /casosvbg/con_est_resumen_gral.php?r=85225198 HTTP/1.1" 404 1251 "-" "Mozilla/5.0 (compatible; SemrushBot/7~bl; +http://www.semrush.com/bot.html)"
85.208.96.203 - - [26/Dec/2025:18:01:20 +0000] "GET /casosvbg/con_est_cruces_varloc.php?r=2890002 HTTP/1.1" 404 1251 "-" "Mozilla/5.0 (compatible; SemrushBot/7~bl; +http://www.semrush.com/bot.html)"
85.208.96.208 - - [26/Dec/2025:18:01:33 +0000] "GET /casosvbg/con_est_cruces_var.php?r=1341437 HTTP/1.1" 404 1251 "-" "Mozilla/5.0 (compatible; SemrushBot/7~bl; +http://www.semrush.com/bot.html)"
85.208.96.195 - - [26/Dec/2025:18:01:36 +0000] "GET /casosvbg/con_est_resumen_gral.php?r=65992627 HTTP/1.1" 404 1251 "-" "Mozilla/5.0 (compatible; SemrushBot/7~bl; +http://www.semrush.com/bot.html)"
85.208.96.197 - - [26/Dec/2025:17:57:13 +0000] "GET /casosvbg/con_est_cruces_var.php?r=48666607 HTTP/1.1" 404 1251 "-" "Mozilla/5.0 (compatible; SemrushBot/7~bl; +http://www.semrush.com/bot.html)"
85.208.96.211 - - [26/Dec/2025:17:57:25 +0000] "GET /casosvbg/con_est_resumen_prg.php?r=6738379 HTTP/1.1" 404 1251 "-" "Mozilla/5.0 (compatible; SemrushBot/7~bl; +http://www.semrush.com/bot.html)"
185.191.171.19 - - [26/Dec/2025:17:57:33 +0000] "GET /casosvbg/con_est_cruces_varloc.php?r=42156255 HTTP/1.1" 404 1251 "-" "Mozilla/5.0 (compatible; SemrushBot/7~bl; +http://www.semrush.com/bot.html)"
85.208.96.207 - - [26/Dec/2025:17:57:37 +0000] "GET /casosvbg/con_est_cruces_var.php?r=342302 HTTP/1.1" 404 1251 "-" "Mozilla/5.0 (compatible; SemrushBot/7~bl; +http://www.semrush.com/bot.html)"
85.208.96.193 - - [26/Dec/2025:17:58:01 +0000] "GET /casosvbg/con_est_resumen_prg.php?r=53665696 HTTP/1.1" 404 1251 "-" "Mozilla/5.0 (compatible; SemrushBot/7~bl; +http://www.semrush.com/bot.html)"
85.208.96.212 - - [26/Dec/2025:17:58:11 +0000] "GET /casosvbg/con_est_cruces_varloc.php?r=96618637 HTTP/1.1" 404 1251 "-" "Mozilla/5.0 (compatible; SemrushBot/7~bl; +http://www.semrush.com/bot.html)"
85.208.96.209 - - [26/Dec/2025:17:58:47 +0000] "GET /casosvbg/con_est_resumen_prg.php?r=67270104 HTTP/1.1" 404 1251 "-" "Mozilla/5.0 (compatible; SemrushBot/7~bl; +http://www.semrush.com/bot.html)"
185.191.171.13 - - [26/Dec/2025:17:59:04 +0000] "GET /casosvbg/con_est_resumen_gral.php?r=9025584 HTTP/1.1" 404 1251 "-" "Mozilla/5.0 (compatible; SemrushBot/7~bl; +http://www.semrush.com/bot.html)"
85.208.96.200 - - [26/Dec/2025:17:59:36 +0000] "GET /casosvbg/con_est_cruces_var.php?r=17518732 HTTP/1.1" 404 1251 "-" "Mozilla/5.0 (compatible; SemrushBot/7~bl; +http://www.semrush.com/bot.html)"
85.208.96.209 - - [26/Dec/2025:17:59:36 +0000] "GET /casosvbg/con_est_resumen_prg.php?r=46476113 HTTP/1.1" 404 1251 "-" "Mozilla/5.0 (compatible; SemrushBot/7~bl; +http://www.semrush.com/bot.html)"
185.191.171.12 - - [26/Dec/2025:17:59:41 +0000] "GET /casosvbg/con_est_resumen_gral.php?r=26095032 HTTP/1.1" 404 1251 "-" "Mozilla/5.0 (compatible; SemrushBot/7~bl; +http://www.semrush.com/bot.html)"
185.191.171.18 - - [26/Dec/2025:17:59:45 +0000] "GET /casosvbg/con_est_cruces_var.php?r=35441817 HTTP/1.1" 404 1251 "-" "Mozilla/5.0 (compatible; SemrushBot/7~bl; +http://www.semrush.com/bot.html)"
85.208.96.205 - - [26/Dec/2025:18:00:23 +0000] "GET /casosvbg/con_est_resumen_prg.php?r=41798891 HTTP/1.1" 404 1251 "-" "Mozilla/5.0 (compatible; SemrushBot/7~bl; +http://www.semrush.com/bot.html)"
85.208.96.200 - - [26/Dec/2025:18:00:46 +0000] "GET /casosvbg/con_est_resumen_gral.php?r=5882867 HTTP/1.1" 404 1251 "-" "Mozilla/5.0 (compatible; SemrushBot/7~bl; +http://www.semrush.com/bot.html)"
85.208.96.198 - - [26/Dec/2025:18:00:55 +0000] "GET /casosvbg/con_est_resumen_prg.php?r=48563171 HTTP/1.1" 404 1251 "-" "Mozilla/5.0 (compatible; SemrushBot/7~bl; +http://www.semrush.com/bot.html)"
185.191.171.7 - - [26/Dec/2025:18:01:01 +0000] "GET /casosvbg/con_est_resumen_prg.php?r=62258987 HTTP/1.1" 404 1251 "-" "Mozilla/5.0 (compatible; SemrushBot/7~bl; +http://www.semrush.com/bot.html)"
185.191.171.16 - - [26/Dec/2025:18:01:23 +0000] "GET /casosvbg/con_est_resumen_prg.php?r=46419025 HTTP/1.1" 404 1251 "-" "Mozilla/5.0 (compatible; SemrushBot/7~bl; +http://www.semrush.com/bot.html)"
85.208.96.203 - - [26/Dec/2025:18:01:32 +0000] "GET /casosvbg/con_est_cruces_var.php?r=67245613 HTTP/1.1" 404 1251 "-" "Mozilla/5.0 (compatible; SemrushBot/7~bl; +http://www.semrush.com/bot.html)"
85.208.96.209 - - [26/Dec/2025:18:01:46 +0000] "GET /casosvbg/con_est_cruces_var.php?r=49326173 HTTP/1.1" 404 1251 "-" "Mozilla/5.0 (compatible; SemrushBot/7~bl; +http://www.semrush.com/bot.html)"
119.8.234.53 - - [26/Dec/2025:18:03:05 +0000] "GET /wp-content/uploads/2020/01/KIT-DIS-POSITIVOS-PARA-EL-CAMBIO.pdf HTTP/1.1" 404 1251 "-" "Mozilla/5.0 (Macintosh; Intel Mac OS X 10_15_7) AppleWebKit/537.36 (KHTML, like Gecko) Chrome/128.0.0.0 Safari/537.36"
185.191.171.13 - - [26/Dec/2025:18:01:16 +0000] "GET /casosvbg/con_est_cruces_varloc.php?r=22069062 HTTP/1.1" 404 1251 "-" "Mozilla/5.0 (compatible; SemrushBot/7~bl; +http://www.semrush.com/bot.html)"
85.208.96.204 - - [26/Dec/2025:18:01:16 +0000] "GET /robots.txt HTTP/1.1" 404 1251 "-" "Mozilla/5.0 (compatible; SemrushBot/7~bl; +http://www.semrush.com/bot.html)"
185.191.171.10 - - [26/Dec/2025:18:01:16 +0000] "GET /casosvbg/con_est_cruces_var.php?r=96532013 HTTP/1.1" 404 1251 "-" "Mozilla/5.0 (compatible; SemrushBot/7~bl; +http://www.semrush.com/bot.html)"
85.208.96.201 - - [26/Dec/2025:18:02:12 +0000] "GET /casosvbg/con_est_resumen_gral.php?r=68204123 HTTP/1.1" 404 1251 "-" "Mozilla/5.0 (compatible; SemrushBot/7~bl; +http://www.semrush.com/bot.html)"
85.208.96.203 - - [26/Dec/2025:18:02:58 +0000] "GET /casosvbg/con_est_resumen_prg.php?r=9087874 HTTP/1.1" 404 1251 "-" "Mozilla/5.0 (compatible; SemrushBot/7~bl; +http://www.semrush.com/bot.html)"
85.208.96.210 - - [26/Dec/2025:18:03:03 +0000] "GET /casosvbg/con_est_resumen_gral.php?r=62809547 HTTP/1.1" 404 1251 "-" "Mozilla/5.0 (compatible; SemrushBot/7~bl; +http://www.semrush.com/bot.html)"
185.191.171.10 - - [26/Dec/2025:18:03:54 +0000] "GET /casosvbg/con_est_resumen_prg.php?r=29190747 HTTP/1.1" 404 1251 "-" "Mozilla/5.0 (compatible; SemrushBot/7~bl; +http://www.semrush.com/bot.html)"
