147.135.252.148 - - [27/Dec/2025:05:02:21 +0000] "GET /casosvbg/con_est_resumen_gral.php?r=1162930350 HTTP/1.1" 404 1251 "-" "Mozilla/5.0 (compatible; MJ12bot/v1.4.8; http://mj12bot.com/)"
147.135.252.148 - - [27/Dec/2025:05:02:23 +0000] "GET /casosvbg/con_est_resumen_gral.php?r=1163010397 HTTP/1.1" 404 1251 "-" "Mozilla/5.0 (compatible; MJ12bot/v1.4.8; http://mj12bot.com/)"
147.135.252.148 - - [27/Dec/2025:05:03:02 +0000] "GET /casosvbg/con_est_resumen_gral.php?r=1179298209 HTTP/1.1" 404 1251 "-" "Mozilla/5.0 (compatible; MJ12bot/v1.4.8; http://mj12bot.com/)"
147.135.252.148 - - [27/Dec/2025:05:03:04 +0000] "GET /casosvbg/con_est_resumen_gral.php?r=1179443378 HTTP/1.1" 404 1251 "-" "Mozilla/5.0 (compatible; MJ12bot/v1.4.8; http://mj12bot.com/)"
147.135.252.148 - - [27/Dec/2025:05:03:06 +0000] "GET /casosvbg/con_est_resumen_gral.php?r=1180131886 HTTP/1.1" 404 1251 "-" "Mozilla/5.0 (compatible; MJ12bot/v1.4.8; http://mj12bot.com/)"
147.135.252.148 - - [27/Dec/2025:05:03:08 +0000] "GET /casosvbg/con_est_resumen_gral.php?r=1180731535 HTTP/1.1" 404 1251 "-" "Mozilla/5.0 (compatible; MJ12bot/v1.4.8; http://mj12bot.com/)"
147.135.252.148 - - [27/Dec/2025:05:03:09 +0000] "GET /casosvbg/con_est_resumen_gral.php?r=1180967286 HTTP/1.1" 404 1251 "-" "Mozilla/5.0 (compatible; MJ12bot/v1.4.8; http://mj12bot.com/)"
147.135.252.148 - - [27/Dec/2025:05:03:11 +0000] "GET /casosvbg/con_est_resumen_gral.php?r=1181207777 HTTP/1.1" 404 1251 "-" "Mozilla/5.0 (compatible; MJ12bot/v1.4.8; http://mj12bot.com/)"
147.135.252.148 - - [27/Dec/2025:05:03:13 +0000] "GET /casosvbg/con_est_resumen_gral.php?r=1181421975 HTTP/1.1" 404 1251 "-" "Mozilla/5.0 (compatible; MJ12bot/v1.4.8; http://mj12bot.com/)"
147.135.252.148 - - [27/Dec/2025:05:03:14 +0000] "GET /casosvbg/con_est_resumen_gral.php?r=1182601448 HTTP/1.1" 404 1251 "-" "Mozilla/5.0 (compatible; MJ12bot/v1.4.8; http://mj12bot.com/)"
147.135.252.148 - - [27/Dec/2025:05:03:16 +0000] "GET /casosvbg/con_est_resumen_gral.php?r=1185485679 HTTP/1.1" 404 1251 "-" "Mozilla/5.0 (compatible; MJ12bot/v1.4.8; http://mj12bot.com/)"
147.135.252.148 - - [27/Dec/2025:05:03:19 +0000] "GET /casosvbg/con_est_resumen_gral.php?r=1185818203 HTTP/1.1" 404 1251 "-" "Mozilla/5.0 (compatible; MJ12bot/v1.4.8; http://mj12bot.com/)"
147.135.252.148 - - [27/Dec/2025:05:03:20 +0000] "GET /casosvbg/con_est_resumen_gral.php?r=1185823303 HTTP/1.1" 404 1251 "-" "Mozilla/5.0 (compatible; MJ12bot/v1.4.8; http://mj12bot.com/)"
147.135.252.148 - - [27/Dec/2025:05:03:22 +0000] "GET /casosvbg/con_est_resumen_gral.php?r=1185849033 HTTP/1.1" 404 1251 "-" "Mozilla/5.0 (compatible; MJ12bot/v1.4.8; http://mj12bot.com/)"
147.135.252.148 - - [27/Dec/2025:05:03:24 +0000] "GET /casosvbg/con_est_resumen_gral.php?r=1186664413 HTTP/1.1" 404 1251 "-" "Mozilla/5.0 (compatible; MJ12bot/v1.4.8; http://mj12bot.com/)"
85.208.96.197 - - [27/Dec/2025:05:03:25 +0000] "GET /casosvbg/con_est_cruces_varloc.php?r=97706284 HTTP/1.1" 404 1251 "-" "Mozilla/5.0 (compatible; SemrushBot/7~bl; +http://www.semrush.com/bot.html)"
147.135.252.148 - - [27/Dec/2025:05:03:26 +0000] "GET /casosvbg/con_est_resumen_gral.php?r=1187744266 HTTP/1.1" 404 1251 "-" "Mozilla/5.0 (compatible; MJ12bot/v1.4.8; http://mj12bot.com/)"
185.191.171.5 - - [27/Dec/2025:05:03:27 +0000] "GET /casosvbg/con_est_cruces_var.php?r=30052596 HTTP/1.1" 404 1251 "-" "Mozilla/5.0 (compatible; SemrushBot/7~bl; +http://www.semrush.com/bot.html)"
147.135.252.148 - - [27/Dec/2025:05:03:27 +0000] "GET /casosvbg/con_est_resumen_gral.php?r=1188157749 HTTP/1.1" 404 1251 "-" "Mozilla/5.0 (compatible; MJ12bot/v1.4.8; http://mj12bot.com/)"
147.135.252.148 - - [27/Dec/2025:05:03:29 +0000] "GET /casosvbg/con_est_resumen_gral.php?r=1188553601 HTTP/1.1" 404 1251 "-" "Mozilla/5.0 (compatible; MJ12bot/v1.4.8; http://mj12bot.com/)"
147.135.252.148 - - [27/Dec/2025:05:03:31 +0000] "GET /casosvbg/con_est_resumen_gral.php?r=1188694958 HTTP/1.1" 404 1251 "-" "Mozilla/5.0 (compatible; MJ12bot/v1.4.8; http://mj12bot.com/)"
147.135.252.148 - - [27/Dec/2025:05:03:33 +0000] "GET /casosvbg/con_est_resumen_gral.php?r=1188885002 HTTP/1.1" 404 1251 "-" "Mozilla/5.0 (compatible; MJ12bot/v1.4.8; http://mj12bot.com/)"
147.135.252.148 - - [27/Dec/2025:05:03:34 +0000] "GET /casosvbg/con_est_resumen_gral.php?r=1188992530 HTTP/1.1" 404 1251 "-" "Mozilla/5.0 (compatible; MJ12bot/v1.4.8; http://mj12bot.com/)"
85.208.96.206 - - [27/Dec/2025:05:01:55 +0000] "GET /casosvbg/con_est_resumen_prg.php?r=92035937 HTTP/1.1" 404 1251 "-" "Mozilla/5.0 (compatible; SemrushBot/7~bl; +http://www.semrush.com/bot.html)"
85.208.96.193 - - [27/Dec/2025:05:02:07 +0000] "GET /casosvbg/con_est_resumen_gral.php?r=63899670 HTTP/1.1" 404 1251 "-" "Mozilla/5.0 (compatible; SemrushBot/7~bl; +http://www.semrush.com/bot.html)"
54.39.89.93 - - [27/Dec/2025:05:02:13 +0000] "GET /casosvbg/con_est_cruces_var.php?r=1360249949 HTTP/1.1" 404 1251 "-" "Mozilla/5.0 (compatible; AhrefsBot/7.0; +http://ahrefs.com/robot/)"
85.208.96.212 - - [27/Dec/2025:05:02:20 +0000] "GET /casosvbg/con_est_cruces_var.php?r=3306215 HTTP/1.1" 404 1251 "-" "Mozilla/5.0 (compatible; SemrushBot/7~bl; +http://www.semrush.com/bot.html)"
85.208.96.193 - - [27/Dec/2025:05:02:39 +0000] "GET /casosvbg/con_est_cruces_var.php?r=24505395 HTTP/1.1" 404 1251 "-" "Mozilla/5.0 (compatible; SemrushBot/7~bl; +http://www.semrush.com/bot.html)"
147.135.252.148 - - [27/Dec/2025:05:02:48 +0000] "GET /casosvbg/con_est_resumen_gral.php?r=1177602615 HTTP/1.1" 404 1251 "-" "Mozilla/5.0 (compatible; MJ12bot/v1.4.8; http://mj12bot.com/)"
85.208.96.201 - - [27/Dec/2025:05:02:55 +0000] "GET /casosvbg/con_est_cruces_var.php?r=73529237 HTTP/1.1" 404 1251 "-" "Mozilla/5.0 (compatible; SemrushBot/7~bl; +http://www.semrush.com/bot.html)"
185.191.171.5 - - [27/Dec/2025:05:02:56 +0000] "GET /casosvbg/con_est_resumen_gral.php?r=28879992 HTTP/1.1" 404 1251 "-" "Mozilla/5.0 (compatible; SemrushBot/7~bl; +http://www.semrush.com/bot.html)"
147.135.252.148 - - [27/Dec/2025:05:03:00 +0000] "GET /casosvbg/con_est_resumen_gral.php?r=117916074 HTTP/1.1" 404 1251 "-" "Mozilla/5.0 (compatible; MJ12bot/v1.4.8; http://mj12bot.com/)"
147.135.252.148 - - [27/Dec/2025:05:02:25 +0000] "GET /casosvbg/con_est_resumen_gral.php?r=1163514637 HTTP/1.1" 404 1251 "-" "Mozilla/5.0 (compatible; MJ12bot/v1.4.8; http://mj12bot.com/)"
147.135.252.148 - - [27/Dec/2025:05:02:27 +0000] "GET /casosvbg/con_est_resumen_gral.php?r=1163825500 HTTP/1.1" 404 1251 "-" "Mozilla/5.0 (compatible; MJ12bot/v1.4.8; http://mj12bot.com/)"
147.135.252.148 - - [27/Dec/2025:05:02:29 +0000] "GET /casosvbg/con_est_resumen_gral.php?r=1166166458 HTTP/1.1" 404 1251 "-" "Mozilla/5.0 (compatible; MJ12bot/v1.4.8; http://mj12bot.com/)"
147.135.252.148 - - [27/Dec/2025:05:02:30 +0000] "GET /casosvbg/con_est_resumen_gral.php?r=1167665346 HTTP/1.1" 404 1251 "-" "Mozilla/5.0 (compatible; MJ12bot/v1.4.8; http://mj12bot.com/)"
185.191.171.1 - - [27/Dec/2025:05:02:31 +0000] "GET /casosvbg/con_est_resumen_gral.php?r=463364 HTTP/1.1" 404 1251 "-" "Mozilla/5.0 (compatible; SemrushBot/7~bl; +http://www.semrush.com/bot.html)"
147.135.252.148 - - [27/Dec/2025:05:02:32 +0000] "GET /casosvbg/con_est_resumen_gral.php?r=1167688291 HTTP/1.1" 404 1251 "-" "Mozilla/5.0 (compatible; MJ12bot/v1.4.8; http://mj12bot.com/)"
147.135.252.148 - - [27/Dec/2025:05:02:34 +0000] "GET /casosvbg/con_est_resumen_gral.php?r=1167999633 HTTP/1.1" 404 1251 "-" "Mozilla/5.0 (compatible; MJ12bot/v1.4.8; http://mj12bot.com/)"
147.135.252.148 - - [27/Dec/2025:05:02:35 +0000] "GET /casosvbg/con_est_resumen_gral.php?r=1168292467 HTTP/1.1" 404 1251 "-" "Mozilla/5.0 (compatible; MJ12bot/v1.4.8; http://mj12bot.com/)"
147.135.252.148 - - [27/Dec/2025:05:02:37 +0000] "GET /casosvbg/con_est_resumen_gral.php?r=1169195596 HTTP/1.1" 404 1251 "-" "Mozilla/5.0 (compatible; MJ12bot/v1.4.8; http://mj12bot.com/)"
147.135.252.148 - - [27/Dec/2025:05:02:39 +0000] "GET /casosvbg/con_est_resumen_gral.php?r=1169497861 HTTP/1.1" 404 1251 "-" "Mozilla/5.0 (compatible; MJ12bot/v1.4.8; http://mj12bot.com/)"
147.135.252.148 - - [27/Dec/2025:05:02:40 +0000] "GET /casosvbg/con_est_resumen_gral.php?r=1170163897 HTTP/1.1" 404 1251 "-" "Mozilla/5.0 (compatible; MJ12bot/v1.4.8; http://mj12bot.com/)"
147.135.252.148 - - [27/Dec/2025:05:02:42 +0000] "GET /casosvbg/con_est_resumen_gral.php?r=1171830536 HTTP/1.1" 404 1251 "-" "Mozilla/5.0 (compatible; MJ12bot/v1.4.8; http://mj12bot.com/)"
147.135.252.148 - - [27/Dec/2025:05:02:44 +0000] "GET /casosvbg/con_est_resumen_gral.php?r=1177112350 HTTP/1.1" 404 1251 "-" "Mozilla/5.0 (compatible; MJ12bot/v1.4.8; http://mj12bot.com/)"
147.135.252.148 - - [27/Dec/2025:05:02:46 +0000] "GET /casosvbg/con_est_resumen_gral.php?r=1177401342 HTTP/1.1" 404 1251 "-" "Mozilla/5.0 (compatible; MJ12bot/v1.4.8; http://mj12bot.com/)"
147.135.252.148 - - [27/Dec/2025:05:02:52 +0000] "GET /casosvbg/con_est_resumen_gral.php?r=1177737754 HTTP/1.1" 404 1251 "-" "Mozilla/5.0 (compatible; MJ12bot/v1.4.8; http://mj12bot.com/)"
147.135.252.148 - - [27/Dec/2025:05:02:54 +0000] "GET /casosvbg/con_est_resumen_gral.php?r=1178916664 HTTP/1.1" 404 1251 "-" "Mozilla/5.0 (compatible; MJ12bot/v1.4.8; http://mj12bot.com/)"
147.135.252.148 - - [27/Dec/2025:05:02:56 +0000] "GET /casosvbg/con_est_resumen_gral.php?r=1178943368 HTTP/1.1" 404 1251 "-" "Mozilla/5.0 (compatible; MJ12bot/v1.4.8; http://mj12bot.com/)"
185.191.171.5 - - [27/Dec/2025:05:02:57 +0000] "GET /casosvbg/con_est_resumen_gral.php?r=84695892 HTTP/1.1" 404 1251 "-" "Mozilla/5.0 (compatible; SemrushBot/7~bl; +http://www.semrush.com/bot.html)"
147.135.252.148 - - [27/Dec/2025:05:03:36 +0000] "GET /casosvbg/con_est_resumen_gral.php?r=1190104319 HTTP/1.1" 404 1251 "-" "Mozilla/5.0 (compatible; MJ12bot/v1.4.8; http://mj12bot.com/)"
147.135.252.148 - - [27/Dec/2025:05:03:38 +0000] "GET /casosvbg/con_est_resumen_gral.php?r=1190678732 HTTP/1.1" 404 1251 "-" "Mozilla/5.0 (compatible; MJ12bot/v1.4.8; http://mj12bot.com/)"
147.135.252.148 - - [27/Dec/2025:05:03:39 +0000] "GET /casosvbg/con_est_resumen_gral.php?r=119161644 HTTP/1.1" 404 1251 "-" "Mozilla/5.0 (compatible; MJ12bot/v1.4.8; http://mj12bot.com/)"
147.135.252.148 - - [27/Dec/2025:05:03:41 +0000] "GET /casosvbg/con_est_resumen_gral.php?r=1192361692 HTTP/1.1" 404 1251 "-" "Mozilla/5.0 (compatible; MJ12bot/v1.4.8; http://mj12bot.com/)"
147.135.252.148 - - [27/Dec/2025:05:03:43 +0000] "GET /casosvbg/con_est_resumen_gral.php?r=1193948387 HTTP/1.1" 404 1251 "-" "Mozilla/5.0 (compatible; MJ12bot/v1.4.8; http://mj12bot.com/)"
147.135.252.148 - - [27/Dec/2025:05:03:45 +0000] "GET /casosvbg/con_est_resumen_gral.php?r=1194136639 HTTP/1.1" 404 1251 "-" "Mozilla/5.0 (compatible; MJ12bot/v1.4.8; http://mj12bot.com/)"
147.135.252.148 - - [27/Dec/2025:05:03:47 +0000] "GET /casosvbg/con_est_resumen_gral.php?r=1195168048 HTTP/1.1" 404 1251 "-" "Mozilla/5.0 (compatible; MJ12bot/v1.4.8; http://mj12bot.com/)"
147.135.252.148 - - [27/Dec/2025:05:03:48 +0000] "GET /casosvbg/con_est_resumen_gral.php?r=119571565 HTTP/1.1" 404 1251 "-" "Mozilla/5.0 (compatible; MJ12bot/v1.4.8; http://mj12bot.com/)"
147.135.252.148 - - [27/Dec/2025:05:03:50 +0000] "GET /casosvbg/con_est_resumen_gral.php?r=1196520499 HTTP/1.1" 404 1251 "-" "Mozilla/5.0 (compatible; MJ12bot/v1.4.8; http://mj12bot.com/)"
85.208.96.200 - - [27/Dec/2025:05:03:51 +0000] "GET /casosvbg/con_est_cruces_varloc.php?r=3613588 HTTP/1.1" 404 1251 "-" "Mozilla/5.0 (compatible; SemrushBot/7~bl; +http://www.semrush.com/bot.html)"
147.135.252.148 - - [27/Dec/2025:05:03:52 +0000] "GET /casosvbg/con_est_resumen_gral.php?r=1197071964 HTTP/1.1" 404 1251 "-" "Mozilla/5.0 (compatible; MJ12bot/v1.4.8; http://mj12bot.com/)"
147.135.252.148 - - [27/Dec/2025:05:03:53 +0000] "GET /casosvbg/con_est_resumen_gral.php?r=1197341973 HTTP/1.1" 404 1251 "-" "Mozilla/5.0 (compatible; MJ12bot/v1.4.8; http://mj12bot.com/)"
147.135.252.148 - - [27/Dec/2025:05:03:55 +0000] "GET /casosvbg/con_est_resumen_gral.php?r=1197616151 HTTP/1.1" 404 1251 "-" "Mozilla/5.0 (compatible; MJ12bot/v1.4.8; http://mj12bot.com/)"
147.135.252.148 - - [27/Dec/2025:05:03:57 +0000] "GET /casosvbg/con_est_resumen_gral.php?r=119770334 HTTP/1.1" 404 1251 "-" "Mozilla/5.0 (compatible; MJ12bot/v1.4.8; http://mj12bot.com/)"
147.135.252.148 - - [27/Dec/2025:05:03:59 +0000] "GET /casosvbg/con_est_resumen_gral.php?r=1197807729 HTTP/1.1" 404 1251 "-" "Mozilla/5.0 (compatible; MJ12bot/v1.4.8; http://mj12bot.com/)"
147.135.252.148 - - [27/Dec/2025:05:04:00 +0000] "GET /casosvbg/con_est_resumen_gral.php?r=1199730557 HTTP/1.1" 404 1251 "-" "Mozilla/5.0 (compatible; MJ12bot/v1.4.8; http://mj12bot.com/)"
147.135.252.148 - - [27/Dec/2025:05:04:02 +0000] "GET /casosvbg/con_est_resumen_gral.php?r=1200843587 HTTP/1.1" 404 1251 "-" "Mozilla/5.0 (compatible; MJ12bot/v1.4.8; http://mj12bot.com/)"
147.135.252.148 - - [27/Dec/2025:05:04:04 +0000] "GET /casosvbg/con_est_resumen_gral.php?r=1200875731 HTTP/1.1" 404 1251 "-" "Mozilla/5.0 (compatible; MJ12bot/v1.4.8; http://mj12bot.com/)"
147.135.252.148 - - [27/Dec/2025:05:04:06 +0000] "GET /casosvbg/con_est_resumen_gral.php?r=1201258174 HTTP/1.1" 404 1251 "-" "Mozilla/5.0 (compatible; MJ12bot/v1.4.8; http://mj12bot.com/)"
147.135.252.148 - - [27/Dec/2025:05:04:08 +0000] "GET /casosvbg/con_est_resumen_gral.php?r=1201324572 HTTP/1.1" 404 1251 "-" "Mozilla/5.0 (compatible; MJ12bot/v1.4.8; http://mj12bot.com/)"
147.135.252.148 - - [27/Dec/2025:05:04:10 +0000] "GET /casosvbg/con_est_resumen_gral.php?r=1202459831 HTTP/1.1" 404 1251 "-" "Mozilla/5.0 (compatible; MJ12bot/v1.4.8; http://mj12bot.com/)"
85.208.96.203 - - [27/Dec/2025:05:04:11 +0000] "GET /casosvbg/con_est_resumen_gral.php?r=64635582 HTTP/1.1" 404 1251 "-" "Mozilla/5.0 (compatible; SemrushBot/7~bl; +http://www.semrush.com/bot.html)"
147.135.252.148 - - [27/Dec/2025:05:04:11 +0000] "GET /casosvbg/con_est_resumen_gral.php?r=1202713397 HTTP/1.1" 404 1251 "-" "Mozilla/5.0 (compatible; MJ12bot/v1.4.8; http://mj12bot.com/)"
147.135.252.148 - - [27/Dec/2025:05:04:13 +0000] "GET /casosvbg/con_est_resumen_gral.php?r=1203184286 HTTP/1.1" 404 1251 "-" "Mozilla/5.0 (compatible; MJ12bot/v1.4.8; http://mj12bot.com/)"
147.135.252.148 - - [27/Dec/2025:05:04:15 +0000] "GET /casosvbg/con_est_resumen_gral.php?r=1203210108 HTTP/1.1" 404 1251 "-" "Mozilla/5.0 (compatible; MJ12bot/v1.4.8; http://mj12bot.com/)"
147.135.252.148 - - [27/Dec/2025:05:04:16 +0000] "GET /casosvbg/con_est_resumen_gral.php?r=1203438322 HTTP/1.1" 404 1251 "-" "Mozilla/5.0 (compatible; MJ12bot/v1.4.8; http://mj12bot.com/)"
147.135.252.148 - - [27/Dec/2025:05:04:18 +0000] "GET /casosvbg/con_est_resumen_gral.php?r=1204720994 HTTP/1.1" 404 1251 "-" "Mozilla/5.0 (compatible; MJ12bot/v1.4.8; http://mj12bot.com/)"
147.135.252.148 - - [27/Dec/2025:05:04:20 +0000] "GET /casosvbg/con_est_resumen_gral.php?r=1204930219 HTTP/1.1" 404 1251 "-" "Mozilla/5.0 (compatible; MJ12bot/v1.4.8; http://mj12bot.com/)"
147.135.252.148 - - [27/Dec/2025:05:04:21 +0000] "GET /casosvbg/con_est_resumen_gral.php?r=1205430262 HTTP/1.1" 404 1251 "-" "Mozilla/5.0 (compatible; MJ12bot/v1.4.8; http://mj12bot.com/)"
147.135.252.148 - - [27/Dec/2025:05:04:23 +0000] "GET /casosvbg/con_est_resumen_gral.php?r=1205582298 HTTP/1.1" 404 1251 "-" "Mozilla/5.0 (compatible; MJ12bot/v1.4.8; http://mj12bot.com/)"
147.135.252.148 - - [27/Dec/2025:05:04:25 +0000] "GET /casosvbg/con_est_resumen_gral.php?r=120585400 HTTP/1.1" 404 1251 "-" "Mozilla/5.0 (compatible; MJ12bot/v1.4.8; http://mj12bot.com/)"
147.135.252.148 - - [27/Dec/2025:05:04:26 +0000] "GET /casosvbg/con_est_resumen_gral.php?r=1206160315 HTTP/1.1" 404 1251 "-" "Mozilla/5.0 (compatible; MJ12bot/v1.4.8; http://mj12bot.com/)"
147.135.252.148 - - [27/Dec/2025:05:04:28 +0000] "GET /casosvbg/con_est_resumen_gral.php?r=1206519141 HTTP/1.1" 404 1251 "-" "Mozilla/5.0 (compatible; MJ12bot/v1.4.8; http://mj12bot.com/)"
147.135.252.148 - - [27/Dec/2025:05:04:29 +0000] "GET /casosvbg/con_est_resumen_gral.php?r=1206994453 HTTP/1.1" 404 1251 "-" "Mozilla/5.0 (compatible; MJ12bot/v1.4.8; http://mj12bot.com/)"
147.135.252.148 - - [27/Dec/2025:05:04:31 +0000] "GET /casosvbg/con_est_resumen_gral.php?r=1207348760 HTTP/1.1" 404 1251 "-" "Mozilla/5.0 (compatible; MJ12bot/v1.4.8; http://mj12bot.com/)"
147.135.252.148 - - [27/Dec/2025:05:04:33 +0000] "GET /casosvbg/con_est_resumen_gral.php?r=1207541610 HTTP/1.1" 404 1251 "-" "Mozilla/5.0 (compatible; MJ12bot/v1.4.8; http://mj12bot.com/)"
147.135.252.148 - - [27/Dec/2025:05:04:34 +0000] "GET /casosvbg/con_est_resumen_gral.php?r=1207600667 HTTP/1.1" 404 1251 "-" "Mozilla/5.0 (compatible; MJ12bot/v1.4.8; http://mj12bot.com/)"
147.135.252.148 - - [27/Dec/2025:05:04:35 +0000] "GET /casosvbg/con_est_resumen_gral.php?r=1207761894 HTTP/1.1" 404 1251 "-" "Mozilla/5.0 (compatible; MJ12bot/v1.4.8; http://mj12bot.com/)"
85.208.96.205 - - [27/Dec/2025:05:04:37 +0000] "GET /casosvbg/con_est_resumen_gral.php?r=87875797 HTTP/1.1" 404 1251 "-" "Mozilla/5.0 (compatible; SemrushBot/7~bl; +http://www.semrush.com/bot.html)"
147.135.252.148 - - [27/Dec/2025:05:04:38 +0000] "GET /casosvbg/con_est_resumen_gral.php?r=1208504266 HTTP/1.1" 404 1251 "-" "Mozilla/5.0 (compatible; MJ12bot/v1.4.8; http://mj12bot.com/)"
147.135.252.148 - - [27/Dec/2025:05:04:40 +0000] "GET /casosvbg/con_est_resumen_gral.php?r=1208699641 HTTP/1.1" 404 1251 "-" "Mozilla/5.0 (compatible; MJ12bot/v1.4.8; http://mj12bot.com/)"
147.135.252.148 - - [27/Dec/2025:05:04:41 +0000] "GET /casosvbg/con_est_resumen_gral.php?r=1210069484 HTTP/1.1" 404 1251 "-" "Mozilla/5.0 (compatible; MJ12bot/v1.4.8; http://mj12bot.com/)"
15.235.98.227 - - [27/Dec/2025:05:03:22 +0000] "GET /casosvbg/con_est_cruces_var.php?r=1899798719 HTTP/1.1" 404 1251 "-" "Mozilla/5.0 (compatible; AhrefsBot/7.0; +http://ahrefs.com/robot/)"
185.191.171.13 - - [27/Dec/2025:05:03:26 +0000] "GET /casosvbg/con_est_resumen_gral.php?r=7760653 HTTP/1.1" 404 1251 "-" "Mozilla/5.0 (compatible; SemrushBot/7~bl; +http://www.semrush.com/bot.html)"
85.208.96.196 - - [27/Dec/2025:05:03:30 +0000] "GET /casosvbg/con_est_resumen_gral.php?r=53022566 HTTP/1.1" 404 1251 "-" "Mozilla/5.0 (compatible; SemrushBot/7~bl; +http://www.semrush.com/bot.html)"
54.39.136.79 - - [27/Dec/2025:05:04:20 +0000] "GET /casosvbg/con_est_cruces_var.php?r=588555090 HTTP/1.1" 404 1251 "-" "Mozilla/5.0 (compatible; AhrefsBot/7.0; +http://ahrefs.com/robot/)"
85.208.96.204 - - [27/Dec/2025:05:04:22 +0000] "GET /casosvbg/con_est_resumen_gral.php?r=40601629 HTTP/1.1" 404 1251 "-" "Mozilla/5.0 (compatible; SemrushBot/7~bl; +http://www.semrush.com/bot.html)"
185.191.171.16 - - [27/Dec/2025:05:04:37 +0000] "GET /robots.txt HTTP/1.1" 404 1251 "-" "Mozilla/5.0 (compatible; SemrushBot/7~bl; +http://www.semrush.com/bot.html)"
142.44.225.124 - - [27/Dec/2025:05:05:21 +0000] "GET /casosvbg/con_est_resumen_gral.php?r=2078307935 HTTP/1.1" 404 1251 "-" "Mozilla/5.0 (compatible; AhrefsBot/7.0; +http://ahrefs.com/robot/)"
185.191.171.5 - - [27/Dec/2025:05:05:33 +0000] "GET /casosvbg/con_est_resumen_prg.php?r=15142059 HTTP/1.1" 404 1251 "-" "Mozilla/5.0 (compatible; SemrushBot/7~bl; +http://www.semrush.com/bot.html)"
147.135.252.148 - - [27/Dec/2025:05:05:46 +0000] "GET /casosvbg/con_est_resumen_gral.php?r=1213953041 HTTP/1.1" 404 1251 "-" "Mozilla/5.0 (compatible; MJ12bot/v1.4.8; http://mj12bot.com/)"
147.135.252.148 - - [27/Dec/2025:05:05:48 +0000] "GET /casosvbg/con_est_resumen_gral.php?r=1214111171 HTTP/1.1" 404 1251 "-" "Mozilla/5.0 (compatible; MJ12bot/v1.4.8; http://mj12bot.com/)"
147.135.252.148 - - [27/Dec/2025:05:05:52 +0000] "GET /casosvbg/con_est_resumen_gral.php?r=1214276742 HTTP/1.1" 404 1251 "-" "Mozilla/5.0 (compatible; MJ12bot/v1.4.8; http://mj12bot.com/)"
147.135.252.148 - - [27/Dec/2025:05:05:54 +0000] "GET /casosvbg/con_est_resumen_gral.php?r=121434971 HTTP/1.1" 404 1251 "-" "Mozilla/5.0 (compatible; MJ12bot/v1.4.8; http://mj12bot.com/)"
147.135.252.148 - - [27/Dec/2025:05:05:56 +0000] "GET /casosvbg/con_est_resumen_gral.php?r=1214819861 HTTP/1.1" 404 1251 "-" "Mozilla/5.0 (compatible; MJ12bot/v1.4.8; http://mj12bot.com/)"
147.135.252.148 - - [27/Dec/2025:05:05:59 +0000] "GET /casosvbg/con_est_resumen_gral.php?r=1215621324 HTTP/1.1" 404 1251 "-" "Mozilla/5.0 (compatible; MJ12bot/v1.4.8; http://mj12bot.com/)"
142.44.220.159 - - [27/Dec/2025:05:06:00 +0000] "GET /casosvbg/con_est_resumen_prg.php?r=939791339 HTTP/1.1" 404 1251 "-" "Mozilla/5.0 (compatible; AhrefsBot/7.0; +http://ahrefs.com/robot/)"
147.135.252.148 - - [27/Dec/2025:05:06:02 +0000] "GET /casosvbg/con_est_resumen_gral.php?r=1215861358 HTTP/1.1" 404 1251 "-" "Mozilla/5.0 (compatible; MJ12bot/v1.4.8; http://mj12bot.com/)"
147.135.252.148 - - [27/Dec/2025:05:06:04 +0000] "GET /casosvbg/con_est_resumen_gral.php?r=1215987385 HTTP/1.1" 404 1251 "-" "Mozilla/5.0 (compatible; MJ12bot/v1.4.8; http://mj12bot.com/)"
147.135.252.148 - - [27/Dec/2025:05:06:07 +0000] "GET /casosvbg/con_est_resumen_gral.php?r=121629385 HTTP/1.1" 404 1251 "-" "Mozilla/5.0 (compatible; MJ12bot/v1.4.8; http://mj12bot.com/)"
85.208.96.208 - - [27/Dec/2025:05:06:09 +0000] "GET /casosvbg/con_est_resumen_prg.php?r=43384543 HTTP/1.1" 404 1251 "-" "Mozilla/5.0 (compatible; SemrushBot/7~bl; +http://www.semrush.com/bot.html)"
147.135.252.148 - - [27/Dec/2025:05:06:10 +0000] "GET /casosvbg/con_est_resumen_gral.php?r=1216400561 HTTP/1.1" 404 1251 "-" "Mozilla/5.0 (compatible; MJ12bot/v1.4.8; http://mj12bot.com/)"
147.135.252.148 - - [27/Dec/2025:05:06:12 +0000] "GET /casosvbg/con_est_resumen_gral.php?r=1216640024 HTTP/1.1" 404 1251 "-" "Mozilla/5.0 (compatible; MJ12bot/v1.4.8; http://mj12bot.com/)"
185.191.171.15 - - [27/Dec/2025:05:02:10 +0000] "GET /casosvbg/con_est_cruces_varloc.php?r=6343288 HTTP/1.1" 404 1251 "-" "Mozilla/5.0 (compatible; SemrushBot/7~bl; +http://www.semrush.com/bot.html)"
185.191.171.10 - - [27/Dec/2025:05:02:19 +0000] "GET /casosvbg/con_est_resumen_gral.php?r=77329693 HTTP/1.1" 404 1251 "-" "Mozilla/5.0 (compatible; SemrushBot/7~bl; +http://www.semrush.com/bot.html)"
85.208.96.194 - - [27/Dec/2025:05:02:23 +0000] "GET /casosvbg/con_est_resumen_gral.php?r=10103014 HTTP/1.1" 404 1251 "-" "Mozilla/5.0 (compatible; SemrushBot/7~bl; +http://www.semrush.com/bot.html)"
54.39.136.67 - - [27/Dec/2025:05:02:35 +0000] "GET /casosvbg/con_est_resumen_prg.php?r=1148574356 HTTP/1.1" 404 1251 "-" "Mozilla/5.0 (compatible; AhrefsBot/7.0; +http://ahrefs.com/robot/)"
147.135.252.148 - - [27/Dec/2025:05:02:50 +0000] "GET /casosvbg/con_est_resumen_gral.php?r=1177617710 HTTP/1.1" 404 1251 "-" "Mozilla/5.0 (compatible; MJ12bot/v1.4.8; http://mj12bot.com/)"
147.135.252.148 - - [27/Dec/2025:05:02:58 +0000] "GET /casosvbg/con_est_resumen_gral.php?r=1179046815 HTTP/1.1" 404 1251 "-" "Mozilla/5.0 (compatible; MJ12bot/v1.4.8; http://mj12bot.com/)"
85.208.96.209 - - [27/Dec/2025:05:02:59 +0000] "GET /casosvbg/con_est_resumen_gral.php?r=39530976 HTTP/1.1" 404 1251 "-" "Mozilla/5.0 (compatible; SemrushBot/7~bl; +http://www.semrush.com/bot.html)"
147.135.252.148 - - [27/Dec/2025:05:06:14 +0000] "GET /casosvbg/con_est_resumen_gral.php?r=1217063761 HTTP/1.1" 404 1251 "-" "Mozilla/5.0 (compatible; MJ12bot/v1.4.8; http://mj12bot.com/)"
147.135.252.148 - - [27/Dec/2025:05:06:17 +0000] "GET /casosvbg/con_est_resumen_gral.php?r=1217218014 HTTP/1.1" 404 1251 "-" "Mozilla/5.0 (compatible; MJ12bot/v1.4.8; http://mj12bot.com/)"
147.135.252.148 - - [27/Dec/2025:05:06:19 +0000] "GET /casosvbg/con_est_resumen_gral.php?r=1217737815 HTTP/1.1" 404 1251 "-" "Mozilla/5.0 (compatible; MJ12bot/v1.4.8; http://mj12bot.com/)"
147.135.252.148 - - [27/Dec/2025:05:06:22 +0000] "GET /casosvbg/con_est_resumen_gral.php?r=1218109114 HTTP/1.1" 404 1251 "-" "Mozilla/5.0 (compatible; MJ12bot/v1.4.8; http://mj12bot.com/)"
147.135.252.148 - - [27/Dec/2025:05:06:24 +0000] "GET /casosvbg/con_est_resumen_gral.php?r=1218414897 HTTP/1.1" 404 1251 "-" "Mozilla/5.0 (compatible; MJ12bot/v1.4.8; http://mj12bot.com/)"
147.135.252.148 - - [27/Dec/2025:05:06:26 +0000] "GET /casosvbg/con_est_resumen_gral.php?r=1218416937 HTTP/1.1" 404 1251 "-" "Mozilla/5.0 (compatible; MJ12bot/v1.4.8; http://mj12bot.com/)"
185.191.171.13 - - [27/Dec/2025:05:06:28 +0000] "GET /casosvbg/con_est_cruces_var.php?r=66814580 HTTP/1.1" 404 1251 "-" "Mozilla/5.0 (compatible; SemrushBot/7~bl; +http://www.semrush.com/bot.html)"
147.135.252.148 - - [27/Dec/2025:05:06:29 +0000] "GET /casosvbg/con_est_resumen_gral.php?r=1218564198 HTTP/1.1" 404 1251 "-" "Mozilla/5.0 (compatible; MJ12bot/v1.4.8; http://mj12bot.com/)"
147.135.252.148 - - [27/Dec/2025:05:06:30 +0000] "GET /casosvbg/con_est_resumen_gral.php?r=1219207125 HTTP/1.1" 404 1251 "-" "Mozilla/5.0 (compatible; MJ12bot/v1.4.8; http://mj12bot.com/)"
147.135.252.148 - - [27/Dec/2025:05:06:33 +0000] "GET /casosvbg/css/?MA HTTP/1.1" 200 621 "-" "Mozilla/5.0 (compatible; MJ12bot/v1.4.8; http://mj12bot.com/)"
147.135.252.148 - - [27/Dec/2025:05:06:35 +0000] "GET /casosvbg/css/?ND HTTP/1.1" 200 621 "-" "Mozilla/5.0 (compatible; MJ12bot/v1.4.8; http://mj12bot.com/)"
147.135.252.148 - - [27/Dec/2025:05:06:37 +0000] "GET /casosvbg/css/?SA HTTP/1.1" 200 619 "-" "Mozilla/5.0 (compatible; MJ12bot/v1.4.8; http://mj12bot.com/)"
147.135.252.148 - - [27/Dec/2025:05:06:40 +0000] "GET /casosvbg/css/widgets/ HTTP/1.1" 200 548 "-" "Mozilla/5.0 (compatible; MJ12bot/v1.4.8; http://mj12bot.com/)"
85.208.96.201 - - [27/Dec/2025:05:06:40 +0000] "GET /casosvbg/con_est_cruces_var.php?r=57468203 HTTP/1.1" 404 1251 "-" "Mozilla/5.0 (compatible; SemrushBot/7~bl; +http://www.semrush.com/bot.html)"
147.135.252.148 - - [27/Dec/2025:05:06:42 +0000] "GET /casosvbg/date/?MA HTTP/1.1" 200 548 "-" "Mozilla/5.0 (compatible; MJ12bot/v1.4.8; http://mj12bot.com/)"
147.135.252.148 - - [27/Dec/2025:05:06:44 +0000] "GET /casosvbg/date/?ND HTTP/1.1" 200 546 "-" "Mozilla/5.0 (compatible; MJ12bot/v1.4.8; http://mj12bot.com/)"
185.191.171.10 - - [27/Dec/2025:05:06:45 +0000] "GET /casosvbg/con_est_resumen_gral.php?r=17461873 HTTP/1.1" 404 1251 "-" "Mozilla/5.0 (compatible; SemrushBot/7~bl; +http://www.semrush.com/bot.html)"
147.135.252.148 - - [27/Dec/2025:05:06:47 +0000] "GET /casosvbg/date/?SA HTTP/1.1" 200 548 "-" "Mozilla/5.0 (compatible; MJ12bot/v1.4.8; http://mj12bot.com/)"
147.135.252.148 - - [27/Dec/2025:05:06:50 +0000] "GET /casosvbg/docs/?MA HTTP/1.1" 200 623 "-" "Mozilla/5.0 (compatible; MJ12bot/v1.4.8; http://mj12bot.com/)"
147.135.252.148 - - [27/Dec/2025:05:06:52 +0000] "GET /casosvbg/docs/?ND HTTP/1.1" 200 616 "-" "Mozilla/5.0 (compatible; MJ12bot/v1.4.8; http://mj12bot.com/)"
147.135.252.148 - - [27/Dec/2025:05:06:54 +0000] "GET /casosvbg/docs/?SA HTTP/1.1" 200 621 "-" "Mozilla/5.0 (compatible; MJ12bot/v1.4.8; http://mj12bot.com/)"
185.191.171.13 - - [27/Dec/2025:05:06:56 +0000] "GET /casosvbg/con_est_cruces_var.php?r=7948836 HTTP/1.1" 404 1251 "-" "Mozilla/5.0 (compatible; SemrushBot/7~bl; +http://www.semrush.com/bot.html)"
147.135.252.148 - - [27/Dec/2025:05:06:56 +0000] "GET /casosvbg/docs/soportes/ HTTP/1.1" 200 624 "-" "Mozilla/5.0 (compatible; MJ12bot/v1.4.8; http://mj12bot.com/)"
148.113.128.50 - - [27/Dec/2025:05:03:01 +0000] "GET /casosvbg/con_est_resumen_gral.php?r=89356785 HTTP/1.1" 404 1251 "-" "Mozilla/5.0 (compatible; AhrefsBot/7.0; +http://ahrefs.com/robot/)"
85.208.96.194 - - [27/Dec/2025:05:03:30 +0000] "GET /casosvbg/con_est_resumen_gral.php?r=66515895 HTTP/1.1" 404 1251 "-" "Mozilla/5.0 (compatible; SemrushBot/7~bl; +http://www.semrush.com/bot.html)"
142.44.228.150 - - [27/Dec/2025:05:03:39 +0000] "GET /casosvbg/con_est_resumen_gral.php?r=1665259445 HTTP/1.1" 404 1251 "-" "Mozilla/5.0 (compatible; AhrefsBot/7.0; +http://ahrefs.com/robot/)"
101.32.208.70 - - [27/Dec/2025:05:03:58 +0000] "GET /casosvbg/js/?ND HTTP/1.1" 200 753 "-" "Mozilla/5.0 (iPhone; CPU iPhone OS 13_2_3 like Mac OS X) AppleWebKit/605.1.15 (KHTML, like Gecko) Version/13.0.3 Mobile/15E148 Safari/604.1"
51.222.168.210 - - [27/Dec/2025:05:03:58 +0000] "GET /casosvbg/con_est_resumen_prg.php?r=902548932 HTTP/1.1" 404 1251 "-" "Mozilla/5.0 (compatible; AhrefsBot/7.0; +http://ahrefs.com/robot/)"
85.208.96.198 - - [27/Dec/2025:05:04:13 +0000] "GET /casosvbg/con_est_resumen_gral.php?r=79527323 HTTP/1.1" 404 1251 "-" "Mozilla/5.0 (compatible; SemrushBot/7~bl; +http://www.semrush.com/bot.html)"
85.208.96.204 - - [27/Dec/2025:05:04:32 +0000] "GET /casosvbg/con_est_cruces_var.php?r=20435216 HTTP/1.1" 404 1251 "-" "Mozilla/5.0 (compatible; SemrushBot/7~bl; +http://www.semrush.com/bot.html)"
54.39.6.192 - - [27/Dec/2025:05:04:43 +0000] "GET /casosvbg/con_est_resumen_gral.php?r=1684671317 HTTP/1.1" 404 1251 "-" "Mozilla/5.0 (compatible; AhrefsBot/7.0; +http://ahrefs.com/robot/)"
185.191.171.13 - - [27/Dec/2025:05:04:46 +0000] "GET /casosvbg/con_est_resumen_prg.php?r=97102980 HTTP/1.1" 404 1251 "-" "Mozilla/5.0 (compatible; SemrushBot/7~bl; +http://www.semrush.com/bot.html)"
85.208.96.199 - - [27/Dec/2025:05:05:06 +0000] "GET /casosvbg/con_est_resumen_prg.php?r=80474308 HTTP/1.1" 404 1251 "-" "Mozilla/5.0 (compatible; SemrushBot/7~bl; +http://www.semrush.com/bot.html)"
85.208.96.200 - - [27/Dec/2025:05:05:16 +0000] "GET /casosvbg/con_est_resumen_prg.php?r=76216302 HTTP/1.1" 404 1251 "-" "Mozilla/5.0 (compatible; SemrushBot/7~bl; +http://www.semrush.com/bot.html)"
185.191.171.4 - - [27/Dec/2025:05:05:28 +0000] "GET /casosvbg/con_est_cruces_var.php?r=6498168 HTTP/1.1" 404 1251 "-" "Mozilla/5.0 (compatible; SemrushBot/7~bl; +http://www.semrush.com/bot.html)"
185.191.171.10 - - [27/Dec/2025:05:05:46 +0000] "GET /casosvbg/con_est_resumen_prg.php?r=58708190 HTTP/1.1" 404 1251 "-" "Mozilla/5.0 (compatible; SemrushBot/7~bl; +http://www.semrush.com/bot.html)"
85.208.96.193 - - [27/Dec/2025:05:05:46 +0000] "GET /casosvbg/con_est_resumen_gral.php?r=80424497 HTTP/1.1" 404 1251 "-" "Mozilla/5.0 (compatible; SemrushBot/7~bl; +http://www.semrush.com/bot.html)"
85.208.96.211 - - [27/Dec/2025:05:05:50 +0000] "GET /casosvbg/con_est_cruces_var.php?r=47901139 HTTP/1.1" 404 1251 "-" "Mozilla/5.0 (compatible; SemrushBot/7~bl; +http://www.semrush.com/bot.html)"
185.191.171.15 - - [27/Dec/2025:05:06:13 +0000] "GET /casosvbg/con_est_resumen_prg.php?r=25512226 HTTP/1.1" 404 1251 "-" "Mozilla/5.0 (compatible; SemrushBot/7~bl; +http://www.semrush.com/bot.html)"
15.235.27.27 - - [27/Dec/2025:05:06:24 +0000] "GET /casosvbg/con_est_cruces_var.php?r=934324579 HTTP/1.1" 404 1251 "-" "Mozilla/5.0 (compatible; AhrefsBot/7.0; +http://ahrefs.com/robot/)"
54.39.6.40 - - [27/Dec/2025:05:06:40 +0000] "GET /casosvbg/con_est_resumen_gral.php?r=1290989105 HTTP/1.1" 404 1251 "-" "Mozilla/5.0 (compatible; AhrefsBot/7.0; +http://ahrefs.com/robot/)"
185.191.171.14 - - [27/Dec/2025:05:06:59 +0000] "GET /casosvbg/con_est_resumen_gral.php?r=7487401 HTTP/1.1" 404 1251 "-" "Mozilla/5.0 (compatible; SemrushBot/7~bl; +http://www.semrush.com/bot.html)"
185.191.171.12 - - [27/Dec/2025:05:07:08 +0000] "GET /casosvbg/con_est_resumen_prg.php?r=36292682 HTTP/1.1" 404 1251 "-" "Mozilla/5.0 (compatible; SemrushBot/7~bl; +http://www.semrush.com/bot.html)"
147.135.252.148 - - [27/Dec/2025:05:04:43 +0000] "GET /casosvbg/con_est_resumen_gral.php?r=1210501852 HTTP/1.1" 404 1251 "-" "Mozilla/5.0 (compatible; MJ12bot/v1.4.8; http://mj12bot.com/)"
147.135.252.148 - - [27/Dec/2025:05:04:44 +0000] "GET /casosvbg/con_est_resumen_gral.php?r=1211214292 HTTP/1.1" 404 1251 "-" "Mozilla/5.0 (compatible; MJ12bot/v1.4.8; http://mj12bot.com/)"
147.135.252.148 - - [27/Dec/2025:05:04:46 +0000] "GET /casosvbg/con_est_resumen_gral.php?r=1212065148 HTTP/1.1" 404 1251 "-" "Mozilla/5.0 (compatible; MJ12bot/v1.4.8; http://mj12bot.com/)"
147.135.252.148 - - [27/Dec/2025:05:04:47 +0000] "GET /casosvbg/con_est_resumen_gral.php?r=1213318690 HTTP/1.1" 404 1251 "-" "Mozilla/5.0 (compatible; MJ12bot/v1.4.8; http://mj12bot.com/)"
147.135.252.148 - - [27/Dec/2025:05:04:49 +0000] "GET /casosvbg/con_est_resumen_gral.php?r=1213422936 HTTP/1.1" 404 1251 "-" "Mozilla/5.0 (compatible; MJ12bot/v1.4.8; http://mj12bot.com/)"
147.135.252.148 - - [27/Dec/2025:05:04:52 +0000] "GET /casosvbg/con_est_resumen_gral.php?r=1213463592 HTTP/1.1" 404 1251 "-" "Mozilla/5.0 (compatible; MJ12bot/v1.4.8; http://mj12bot.com/)"
15.235.96.120 - - [27/Dec/2025:05:05:01 +0000] "GET /casosvbg/con_est_cruces_var.php?r=1269581064 HTTP/1.1" 404 1251 "-" "Mozilla/5.0 (compatible; AhrefsBot/7.0; +http://ahrefs.com/robot/)"
85.208.96.211 - - [27/Dec/2025:05:05:06 +0000] "GET /casosvbg/con_est_resumen_prg.php?r=31325260 HTTP/1.1" 404 1251 "-" "Mozilla/5.0 (compatible; SemrushBot/7~bl; +http://www.semrush.com/bot.html)"
85.208.96.200 - - [27/Dec/2025:05:05:09 +0000] "GET /casosvbg/con_est_cruces_var.php?r=50668673 HTTP/1.1" 404 1251 "-" "Mozilla/5.0 (compatible; SemrushBot/7~bl; +http://www.semrush.com/bot.html)"
85.208.96.205 - - [27/Dec/2025:05:05:11 +0000] "GET /casosvbg/con_est_cruces_var.php?r=76798303 HTTP/1.1" 404 1251 "-" "Mozilla/5.0 (compatible; SemrushBot/7~bl; +http://www.semrush.com/bot.html)"
85.208.96.198 - - [27/Dec/2025:05:05:12 +0000] "GET /casosvbg/con_est_resumen_gral.php?r=59215426 HTTP/1.1" 404 1251 "-" "Mozilla/5.0 (compatible; SemrushBot/7~bl; +http://www.semrush.com/bot.html)"
85.208.96.212 - - [27/Dec/2025:05:05:27 +0000] "GET /casosvbg/con_est_cruces_var.php?r=40332718 HTTP/1.1" 404 1251 "-" "Mozilla/5.0 (compatible; SemrushBot/7~bl; +http://www.semrush.com/bot.html)"
51.161.37.18 - - [27/Dec/2025:05:05:39 +0000] "GET /casosvbg/con_est_resumen_prg.php?r=741329968 HTTP/1.1" 404 1251 "-" "Mozilla/5.0 (compatible; AhrefsBot/7.0; +http://ahrefs.com/robot/)"
85.208.96.193 - - [27/Dec/2025:05:05:57 +0000] "GET /casosvbg/con_est_resumen_gral.php?r=21191423 HTTP/1.1" 404 1251 "-" "Mozilla/5.0 (compatible; SemrushBot/7~bl; +http://www.semrush.com/bot.html)"
185.191.171.8 - - [27/Dec/2025:05:06:34 +0000] "GET /casosvbg/con_est_resumen_gral.php?r=60294877 HTTP/1.1" 404 1251 "-" "Mozilla/5.0 (compatible; SemrushBot/7~bl; +http://www.semrush.com/bot.html)"
185.191.171.13 - - [27/Dec/2025:05:06:34 +0000] "GET /casosvbg/con_est_resumen_prg.php?r=69892910 HTTP/1.1" 404 1251 "-" "Mozilla/5.0 (compatible; SemrushBot/7~bl; +http://www.semrush.com/bot.html)"
85.208.96.211 - - [27/Dec/2025:05:06:35 +0000] "GET /casosvbg/con_est_resumen_gral.php?r=2062424 HTTP/1.1" 404 1251 "-" "Mozilla/5.0 (compatible; SemrushBot/7~bl; +http://www.semrush.com/bot.html)"
185.191.171.16 - - [27/Dec/2025:05:06:44 +0000] "GET /casosvbg/con_est_resumen_prg.php?r=43618321 HTTP/1.1" 404 1251 "-" "Mozilla/5.0 (compatible; SemrushBot/7~bl; +http://www.semrush.com/bot.html)"
85.208.96.207 - - [27/Dec/2025:05:06:50 +0000] "GET /casosvbg/con_est_resumen_prg.php?r=29898336 HTTP/1.1" 404 1251 "-" "Mozilla/5.0 (compatible; SemrushBot/7~bl; +http://www.semrush.com/bot.html)"
85.208.96.207 - - [27/Dec/2025:05:07:08 +0000] "GET /casosvbg/con_est_resumen_gral.php?r=49037678 HTTP/1.1" 404 1251 "-" "Mozilla/5.0 (compatible; SemrushBot/7~bl; +http://www.semrush.com/bot.html)"
85.208.96.207 - - [27/Dec/2025:05:07:10 +0000] "GET /casosvbg/con_est_cruces_varloc.php?r=31785298 HTTP/1.1" 404 1251 "-" "Mozilla/5.0 (compatible; SemrushBot/7~bl; +http://www.semrush.com/bot.html)"
147.135.252.148 - - [27/Dec/2025:05:06:58 +0000] "GET /casosvbg/images/?MA HTTP/1.1" 200 696 "-" "Mozilla/5.0 (compatible; MJ12bot/v1.4.8; http://mj12bot.com/)"
147.135.252.148 - - [27/Dec/2025:05:07:01 +0000] "GET /casosvbg/images/?ND HTTP/1.1" 200 690 "-" "Mozilla/5.0 (compatible; MJ12bot/v1.4.8; http://mj12bot.com/)"
15.235.96.38 - - [27/Dec/2025:05:07:01 +0000] "GET /casosvbg/con_est_cruces_var.php?r=575357710 HTTP/1.1" 404 1251 "-" "Mozilla/5.0 (compatible; AhrefsBot/7.0; +http://ahrefs.com/robot/)"
147.135.252.148 - - [27/Dec/2025:05:07:03 +0000] "GET /casosvbg/images/?SA HTTP/1.1" 200 695 "-" "Mozilla/5.0 (compatible; MJ12bot/v1.4.8; http://mj12bot.com/)"
147.135.252.148 - - [27/Dec/2025:05:07:05 +0000] "GET /casosvbg/images/NUEVAS/ HTTP/1.1" 200 553 "-" "Mozilla/5.0 (compatible; MJ12bot/v1.4.8; http://mj12bot.com/)"
147.135.252.148 - - [27/Dec/2025:05:07:07 +0000] "GET /casosvbg/images/OLD/ HTTP/1.1" 200 551 "-" "Mozilla/5.0 (compatible; MJ12bot/v1.4.8; http://mj12bot.com/)"
147.135.252.148 - - [27/Dec/2025:05:07:09 +0000] "GET /casosvbg/images/prettyPhoto/ HTTP/1.1" 200 983 "-" "Mozilla/5.0 (compatible; MJ12bot/v1.4.8; http://mj12bot.com/)"
147.135.252.148 - - [27/Dec/2025:05:07:11 +0000] "GET /casosvbg/js/?MA HTTP/1.1" 200 615 "-" "Mozilla/5.0 (compatible; MJ12bot/v1.4.8; http://mj12bot.com/)"
147.135.252.148 - - [27/Dec/2025:05:07:13 +0000] "GET /casosvbg/js/?ND HTTP/1.1" 200 613 "-" "Mozilla/5.0 (compatible; MJ12bot/v1.4.8; http://mj12bot.com/)"
147.135.252.148 - - [27/Dec/2025:05:07:15 +0000] "GET /casosvbg/js/?SA HTTP/1.1" 200 617 "-" "Mozilla/5.0 (compatible; MJ12bot/v1.4.8; http://mj12bot.com/)"
147.135.252.148 - - [27/Dec/2025:05:07:16 +0000] "GET /casosvbg/js/css/ HTTP/1.1" 200 626 "-" "Mozilla/5.0 (compatible; MJ12bot/v1.4.8; http://mj12bot.com/)"
147.135.252.148 - - [27/Dec/2025:05:07:18 +0000] "GET /casosvbg/mapas_svg/?MA HTTP/1.1" 200 554 "-" "Mozilla/5.0 (compatible; MJ12bot/v1.4.8; http://mj12bot.com/)"
147.135.252.148 - - [27/Dec/2025:05:07:20 +0000] "GET /casosvbg/mapas_svg/?ND HTTP/1.1" 200 551 "-" "Mozilla/5.0 (compatible; MJ12bot/v1.4.8; http://mj12bot.com/)"
147.135.252.148 - - [27/Dec/2025:05:07:22 +0000] "GET /casosvbg/mapas_svg/?SA HTTP/1.1" 200 555 "-" "Mozilla/5.0 (compatible; MJ12bot/v1.4.8; http://mj12bot.com/)"
147.135.252.148 - - [27/Dec/2025:05:07:24 +0000] "GET /casosvbg/soft/?MA HTTP/1.1" 200 629 "-" "Mozilla/5.0 (compatible; MJ12bot/v1.4.8; http://mj12bot.com/)"
147.135.252.148 - - [27/Dec/2025:05:07:26 +0000] "GET /casosvbg/soft/?ND HTTP/1.1" 200 623 "-" "Mozilla/5.0 (compatible; MJ12bot/v1.4.8; http://mj12bot.com/)"
147.135.252.148 - - [27/Dec/2025:05:07:28 +0000] "GET /casosvbg/soft/?SA HTTP/1.1" 200 627 "-" "Mozilla/5.0 (compatible; MJ12bot/v1.4.8; http://mj12bot.com/)"
147.135.252.148 - - [27/Dec/2025:05:07:30 +0000] "GET /casosvbg/soft/capacitacion/ HTTP/1.1" 200 554 "-" "Mozilla/5.0 (compatible; MJ12bot/v1.4.8; http://mj12bot.com/)"
147.135.252.148 - - [27/Dec/2025:05:07:32 +0000] "GET /wp-includes/?MD HTTP/1.1" 200 1444 "-" "Mozilla/5.0 (compatible; MJ12bot/v1.4.8; http://mj12bot.com/)"
147.135.252.148 - - [27/Dec/2025:05:07:34 +0000] "GET /wp-includes/?NA HTTP/1.1" 200 1457 "-" "Mozilla/5.0 (compatible; MJ12bot/v1.4.8; http://mj12bot.com/)"
147.135.252.148 - - [27/Dec/2025:05:07:36 +0000] "GET /wp-includes/?SD HTTP/1.1" 200 1436 "-" "Mozilla/5.0 (compatible; MJ12bot/v1.4.8; http://mj12bot.com/)"
147.135.252.148 - - [27/Dec/2025:05:07:38 +0000] "GET /wp-includes/ID3/?MA HTTP/1.1" 200 628 "-" "Mozilla/5.0 (compatible; MJ12bot/v1.4.8; http://mj12bot.com/)"
185.191.171.15 - - [27/Dec/2025:05:07:38 +0000] "GET /casosvbg/con_est_cruces_var.php?r=96836917 HTTP/1.1" 404 1251 "-" "Mozilla/5.0 (compatible; SemrushBot/7~bl; +http://www.semrush.com/bot.html)"
147.135.252.148 - - [27/Dec/2025:05:07:39 +0000] "GET /wp-includes/ID3/?ND HTTP/1.1" 200 623 "-" "Mozilla/5.0 (compatible; MJ12bot/v1.4.8; http://mj12bot.com/)"
147.135.252.148 - - [27/Dec/2025:05:07:41 +0000] "GET /wp-includes/ID3/?SA HTTP/1.1" 200 629 "-" "Mozilla/5.0 (compatible; MJ12bot/v1.4.8; http://mj12bot.com/)"
147.135.252.148 - - [27/Dec/2025:05:07:43 +0000] "GET /wp-includes/ID3/merlin-wp/ HTTP/1.1" 200 555 "-" "Mozilla/5.0 (compatible; MJ12bot/v1.4.8; http://mj12bot.com/)"
147.135.252.148 - - [27/Dec/2025:05:07:44 +0000] "GET /wp-includes/IXR/?MA HTTP/1.1" 200 551 "-" "Mozilla/5.0 (compatible; MJ12bot/v1.4.8; http://mj12bot.com/)"
147.135.252.148 - - [27/Dec/2025:05:07:46 +0000] "GET /wp-includes/IXR/?ND HTTP/1.1" 200 547 "-" "Mozilla/5.0 (compatible; MJ12bot/v1.4.8; http://mj12bot.com/)"
147.135.252.148 - - [27/Dec/2025:05:07:48 +0000] "GET /wp-includes/IXR/?SA HTTP/1.1" 200 549 "-" "Mozilla/5.0 (compatible; MJ12bot/v1.4.8; http://mj12bot.com/)"
147.135.252.148 - - [27/Dec/2025:05:07:50 +0000] "GET /wp-includes/PHPMailer/?MA HTTP/1.1" 200 633 "-" "Mozilla/5.0 (compatible; MJ12bot/v1.4.8; http://mj12bot.com/)"
147.135.252.148 - - [27/Dec/2025:05:07:51 +0000] "GET /wp-includes/PHPMailer/?ND HTTP/1.1" 200 628 "-" "Mozilla/5.0 (compatible; MJ12bot/v1.4.8; http://mj12bot.com/)"
147.135.252.148 - - [27/Dec/2025:05:07:53 +0000] "GET /wp-includes/PHPMailer/?SA HTTP/1.1" 200 635 "-" "Mozilla/5.0 (compatible; MJ12bot/v1.4.8; http://mj12bot.com/)"
147.135.252.148 - - [27/Dec/2025:05:07:55 +0000] "GET /wp-includes/PHPMailer/soportes/ HTTP/1.1" 200 558 "-" "Mozilla/5.0 (compatible; MJ12bot/v1.4.8; http://mj12bot.com/)"
185.191.171.13 - - [27/Dec/2025:05:07:55 +0000] "GET /casosvbg/con_est_cruces_var.php?r=29094056 HTTP/1.1" 404 1251 "-" "Mozilla/5.0 (compatible; SemrushBot/7~bl; +http://www.semrush.com/bot.html)"
147.135.252.148 - - [27/Dec/2025:05:07:56 +0000] "GET /wp-includes/Requests/?MA HTTP/1.1" 200 645 "-" "Mozilla/5.0 (compatible; MJ12bot/v1.4.8; http://mj12bot.com/)"
147.135.252.148 - - [27/Dec/2025:05:07:58 +0000] "GET /wp-includes/Requests/?ND HTTP/1.1" 200 641 "-" "Mozilla/5.0 (compatible; MJ12bot/v1.4.8; http://mj12bot.com/)"
54.39.136.169 - - [27/Dec/2025:05:07:59 +0000] "GET /casosvbg/con_est_cruces_var.php?r=1959434458 HTTP/1.1" 404 1251 "-" "Mozilla/5.0 (compatible; AhrefsBot/7.0; +http://ahrefs.com/robot/)"
147.135.252.148 - - [27/Dec/2025:05:07:59 +0000] "GET /wp-includes/Requests/?SA HTTP/1.1" 200 641 "-" "Mozilla/5.0 (compatible; MJ12bot/v1.4.8; http://mj12bot.com/)"
147.135.252.148 - - [27/Dec/2025:05:08:01 +0000] "GET /wp-includes/Requests/library/ HTTP/1.1" 200 558 "-" "Mozilla/5.0 (compatible; MJ12bot/v1.4.8; http://mj12bot.com/)"
147.135.252.148 - - [27/Dec/2025:05:08:03 +0000] "GET /wp-includes/Requests/src/ HTTP/1.1" 200 1009 "-" "Mozilla/5.0 (compatible; MJ12bot/v1.4.8; http://mj12bot.com/)"
147.135.252.148 - - [27/Dec/2025:05:08:05 +0000] "GET /wp-includes/SimplePie/?MA HTTP/1.1" 200 647 "-" "Mozilla/5.0 (compatible; MJ12bot/v1.4.8; http://mj12bot.com/)"
147.135.252.148 - - [27/Dec/2025:05:08:06 +0000] "GET /wp-includes/SimplePie/?ND HTTP/1.1" 200 640 "-" "Mozilla/5.0 (compatible; MJ12bot/v1.4.8; http://mj12bot.com/)"
147.135.252.148 - - [27/Dec/2025:05:08:08 +0000] "GET /wp-includes/SimplePie/?SA HTTP/1.1" 200 647 "-" "Mozilla/5.0 (compatible; MJ12bot/v1.4.8; http://mj12bot.com/)"
147.135.252.148 - - [27/Dec/2025:05:08:10 +0000] "GET /wp-includes/SimplePie/library/ HTTP/1.1" 200 633 "-" "Mozilla/5.0 (compatible; MJ12bot/v1.4.8; http://mj12bot.com/)"
147.135.252.148 - - [27/Dec/2025:05:08:11 +0000] "GET /wp-includes/SimplePie/src/ HTTP/1.1" 200 1024 "-" "Mozilla/5.0 (compatible; MJ12bot/v1.4.8; http://mj12bot.com/)"
147.135.252.148 - - [27/Dec/2025:05:08:13 +0000] "GET /wp-includes/Text/?MA HTTP/1.1" 200 627 "-" "Mozilla/5.0 (compatible; MJ12bot/v1.4.8; http://mj12bot.com/)"
147.135.252.148 - - [27/Dec/2025:05:08:14 +0000] "GET /wp-includes/Text/?ND HTTP/1.1" 200 622 "-" "Mozilla/5.0 (compatible; MJ12bot/v1.4.8; http://mj12bot.com/)"
147.135.252.148 - - [27/Dec/2025:05:08:17 +0000] "GET /wp-includes/Text/?SA HTTP/1.1" 200 628 "-" "Mozilla/5.0 (compatible; MJ12bot/v1.4.8; http://mj12bot.com/)"
142.44.228.221 - - [27/Dec/2025:05:08:18 +0000] "GET /casosvbg/con_est_cruces_var.php?r=251618474 HTTP/1.1" 404 1251 "-" "Mozilla/5.0 (compatible; AhrefsBot/7.0; +http://ahrefs.com/robot/)"
147.135.252.148 - - [27/Dec/2025:05:08:18 +0000] "GET /wp-includes/Text/Diff/ HTTP/1.1" 200 645 "-" "Mozilla/5.0 (compatible; MJ12bot/v1.4.8; http://mj12bot.com/)"
185.191.171.3 - - [27/Dec/2025:05:08:20 +0000] "GET /casosvbg/con_est_resumen_prg.php?r=41772869 HTTP/1.1" 404 1251 "-" "Mozilla/5.0 (compatible; SemrushBot/7~bl; +http://www.semrush.com/bot.html)"
147.135.252.148 - - [27/Dec/2025:05:08:20 +0000] "GET /wp-includes/abilities-api/?MA HTTP/1.1" 200 554 "-" "Mozilla/5.0 (compatible; MJ12bot/v1.4.8; http://mj12bot.com/)"
147.135.252.148 - - [27/Dec/2025:05:08:22 +0000] "GET /wp-includes/abilities-api/?ND HTTP/1.1" 200 551 "-" "Mozilla/5.0 (compatible; MJ12bot/v1.4.8; http://mj12bot.com/)"
147.135.252.148 - - [27/Dec/2025:05:08:24 +0000] "GET /wp-includes/abilities-api/?SA HTTP/1.1" 200 556 "-" "Mozilla/5.0 (compatible; MJ12bot/v1.4.8; http://mj12bot.com/)"
147.135.252.148 - - [27/Dec/2025:05:08:26 +0000] "GET /wp-includes/assets/?MA HTTP/1.1" 200 547 "-" "Mozilla/5.0 (compatible; MJ12bot/v1.4.8; http://mj12bot.com/)"
147.135.252.148 - - [27/Dec/2025:05:08:27 +0000] "GET /wp-includes/assets/?ND HTTP/1.1" 200 544 "-" "Mozilla/5.0 (compatible; MJ12bot/v1.4.8; http://mj12bot.com/)"
147.135.252.148 - - [27/Dec/2025:05:08:30 +0000] "GET /wp-includes/assets/?SA HTTP/1.1" 200 548 "-" "Mozilla/5.0 (compatible; MJ12bot/v1.4.8; http://mj12bot.com/)"
147.135.252.148 - - [27/Dec/2025:05:08:31 +0000] "GET /wp-includes/block-bindings/?MA HTTP/1.1" 200 554 "-" "Mozilla/5.0 (compatible; MJ12bot/v1.4.8; http://mj12bot.com/)"
147.135.252.148 - - [27/Dec/2025:05:08:33 +0000] "GET /wp-includes/block-bindings/?ND HTTP/1.1" 200 551 "-" "Mozilla/5.0 (compatible; MJ12bot/v1.4.8; http://mj12bot.com/)"
147.135.252.148 - - [27/Dec/2025:05:08:35 +0000] "GET /wp-includes/block-bindings/?SA HTTP/1.1" 200 555 "-" "Mozilla/5.0 (compatible; MJ12bot/v1.4.8; http://mj12bot.com/)"
147.135.252.148 - - [27/Dec/2025:05:08:37 +0000] "GET /wp-includes/block-patterns/?MA HTTP/1.1" 200 552 "-" "Mozilla/5.0 (compatible; MJ12bot/v1.4.8; http://mj12bot.com/)"
148.113.128.253 - - [27/Dec/2025:05:08:38 +0000] "GET /casosvbg/con_est_resumen_prg.php?r=1391137953 HTTP/1.1" 404 1251 "-" "Mozilla/5.0 (compatible; AhrefsBot/7.0; +http://ahrefs.com/robot/)"
147.135.252.148 - - [27/Dec/2025:05:08:39 +0000] "GET /wp-includes/block-patterns/?ND HTTP/1.1" 200 550 "-" "Mozilla/5.0 (compatible; MJ12bot/v1.4.8; http://mj12bot.com/)"
147.135.252.148 - - [27/Dec/2025:05:08:40 +0000] "GET /wp-includes/block-patterns/?SA HTTP/1.1" 200 553 "-" "Mozilla/5.0 (compatible; MJ12bot/v1.4.8; http://mj12bot.com/)"
147.135.252.148 - - [27/Dec/2025:05:08:43 +0000] "GET /wp-includes/block-supports/?MA HTTP/1.1" 200 626 "-" "Mozilla/5.0 (compatible; MJ12bot/v1.4.8; http://mj12bot.com/)"
147.135.252.148 - - [27/Dec/2025:05:08:45 +0000] "GET /wp-includes/block-supports/?ND HTTP/1.1" 200 623 "-" "Mozilla/5.0 (compatible; MJ12bot/v1.4.8; http://mj12bot.com/)"
147.135.252.148 - - [27/Dec/2025:05:08:46 +0000] "GET /wp-includes/block-supports/?SA HTTP/1.1" 200 627 "-" "Mozilla/5.0 (compatible; MJ12bot/v1.4.8; http://mj12bot.com/)"
147.135.252.148 - - [27/Dec/2025:05:08:49 +0000] "GET /wp-includes/block-supports/pomo/ HTTP/1.1" 200 2685 "-" "Mozilla/5.0 (compatible; MJ12bot/v1.4.8; http://mj12bot.com/)"
85.208.96.203 - - [27/Dec/2025:05:08:50 +0000] "GET /casosvbg/con_est_resumen_gral.php?r=77924210 HTTP/1.1" 404 1251 "-" "Mozilla/5.0 (compatible; SemrushBot/7~bl; +http://www.semrush.com/bot.html)"
147.135.252.148 - - [27/Dec/2025:05:08:51 +0000] "GET /wp-includes/blocks/?MA HTTP/1.1" 200 2635 "-" "Mozilla/5.0 (compatible; MJ12bot/v1.4.8; http://mj12bot.com/)"
147.135.252.148 - - [27/Dec/2025:05:08:54 +0000] "GET /wp-includes/blocks/?ND HTTP/1.1" 200 2499 "-" "Mozilla/5.0 (compatible; MJ12bot/v1.4.8; http://mj12bot.com/)"
147.135.252.148 - - [27/Dec/2025:05:08:56 +0000] "GET /wp-includes/blocks/?SA HTTP/1.1" 200 2480 "-" "Mozilla/5.0 (compatible; MJ12bot/v1.4.8; http://mj12bot.com/)"
147.135.252.148 - - [27/Dec/2025:05:08:58 +0000] "GET /wp-includes/blocks/accordion/ HTTP/1.1" 200 555 "-" "Mozilla/5.0 (compatible; MJ12bot/v1.4.8; http://mj12bot.com/)"
147.135.252.148 - - [27/Dec/2025:05:09:00 +0000] "GET /wp-includes/blocks/accordion-heading/ HTTP/1.1" 200 562 "-" "Mozilla/5.0 (compatible; MJ12bot/v1.4.8; http://mj12bot.com/)"
147.135.252.148 - - [27/Dec/2025:05:09:02 +0000] "GET /wp-includes/blocks/accordion-item/ HTTP/1.1" 200 558 "-" "Mozilla/5.0 (compatible; MJ12bot/v1.4.8; http://mj12bot.com/)"
147.135.252.148 - - [27/Dec/2025:05:09:04 +0000] "GET /wp-includes/blocks/accordion-panel/ HTTP/1.1" 200 559 "-" "Mozilla/5.0 (compatible; MJ12bot/v1.4.8; http://mj12bot.com/)"
147.135.252.148 - - [27/Dec/2025:05:09:07 +0000] "GET /wp-includes/blocks/archives/ HTTP/1.1" 200 552 "-" "Mozilla/5.0 (compatible; MJ12bot/v1.4.8; http://mj12bot.com/)"
147.135.252.148 - - [27/Dec/2025:05:09:08 +0000] "GET /wp-includes/blocks/audio/ HTTP/1.1" 200 552 "-" "Mozilla/5.0 (compatible; MJ12bot/v1.4.8; http://mj12bot.com/)"
147.135.252.148 - - [27/Dec/2025:05:09:10 +0000] "GET /wp-includes/blocks/avatar/ HTTP/1.1" 200 553 "-" "Mozilla/5.0 (compatible; MJ12bot/v1.4.8; http://mj12bot.com/)"
147.135.252.148 - - [27/Dec/2025:05:09:12 +0000] "GET /wp-includes/blocks/block/ HTTP/1.1" 200 550 "-" "Mozilla/5.0 (compatible; MJ12bot/v1.4.8; http://mj12bot.com/)"
147.135.252.148 - - [27/Dec/2025:05:09:14 +0000] "GET /wp-includes/blocks/button/ HTTP/1.1" 200 553 "-" "Mozilla/5.0 (compatible; MJ12bot/v1.4.8; http://mj12bot.com/)"
147.135.252.148 - - [27/Dec/2025:05:09:16 +0000] "GET /wp-includes/blocks/buttons/ HTTP/1.1" 200 553 "-" "Mozilla/5.0 (compatible; MJ12bot/v1.4.8; http://mj12bot.com/)"
147.135.252.148 - - [27/Dec/2025:05:09:17 +0000] "GET /wp-includes/blocks/calendar/ HTTP/1.1" 200 552 "-" "Mozilla/5.0 (compatible; MJ12bot/v1.4.8; http://mj12bot.com/)"
147.135.252.148 - - [27/Dec/2025:05:09:19 +0000] "GET /wp-includes/blocks/categories/ HTTP/1.1" 200 555 "-" "Mozilla/5.0 (compatible; MJ12bot/v1.4.8; http://mj12bot.com/)"
185.191.171.4 - - [27/Dec/2025:05:09:20 +0000] "GET /casosvbg/con_est_cruces_var.php?r=35779772 HTTP/1.1" 404 1251 "-" "Mozilla/5.0 (compatible; SemrushBot/7~bl; +http://www.semrush.com/bot.html)"
147.135.252.148 - - [27/Dec/2025:05:09:21 +0000] "GET /wp-includes/blocks/code/ HTTP/1.1" 200 551 "-" "Mozilla/5.0 (compatible; MJ12bot/v1.4.8; http://mj12bot.com/)"
147.135.252.148 - - [27/Dec/2025:05:09:22 +0000] "GET /wp-includes/blocks/column/ HTTP/1.1" 200 553 "-" "Mozilla/5.0 (compatible; MJ12bot/v1.4.8; http://mj12bot.com/)"
147.135.252.148 - - [27/Dec/2025:05:09:24 +0000] "GET /wp-includes/blocks/columns/ HTTP/1.1" 200 554 "-" "Mozilla/5.0 (compatible; MJ12bot/v1.4.8; http://mj12bot.com/)"
