185.191.171.19 - - [26/Dec/2025:17:07:56 +0000] "GET /casosvbg/con_est_resumen_gral.php?r=89937169 HTTP/1.1" 404 1251 "-" "Mozilla/5.0 (compatible; SemrushBot/7~bl; +http://www.semrush.com/bot.html)"
85.208.96.197 - - [26/Dec/2025:17:08:02 +0000] "GET /casosvbg/con_est_cruces_var.php?r=56215811 HTTP/1.1" 404 1251 "-" "Mozilla/5.0 (compatible; SemrushBot/7~bl; +http://www.semrush.com/bot.html)"
85.208.96.196 - - [26/Dec/2025:17:08:17 +0000] "GET /casosvbg/con_est_cruces_var.php?r=29200791 HTTP/1.1" 404 1251 "-" "Mozilla/5.0 (compatible; SemrushBot/7~bl; +http://www.semrush.com/bot.html)"
185.191.171.19 - - [26/Dec/2025:17:08:37 +0000] "GET /casosvbg/con_est_resumen_gral.php?r=88271161 HTTP/1.1" 404 1251 "-" "Mozilla/5.0 (compatible; SemrushBot/7~bl; +http://www.semrush.com/bot.html)"
85.208.96.207 - - [26/Dec/2025:17:09:23 +0000] "GET /casosvbg/con_est_resumen_prg.php?r=12773307 HTTP/1.1" 404 1251 "-" "Mozilla/5.0 (compatible; SemrushBot/7~bl; +http://www.semrush.com/bot.html)"
85.208.96.209 - - [26/Dec/2025:17:09:39 +0000] "GET /casosvbg/con_est_resumen_gral.php?r=33295646 HTTP/1.1" 404 1251 "-" "Mozilla/5.0 (compatible; SemrushBot/7~bl; +http://www.semrush.com/bot.html)"
185.191.171.3 - - [26/Dec/2025:17:10:42 +0000] "GET /casosvbg/con_est_resumen_prg.php?r=98852818 HTTP/1.1" 404 1251 "-" "Mozilla/5.0 (compatible; SemrushBot/7~bl; +http://www.semrush.com/bot.html)"
185.191.171.4 - - [26/Dec/2025:17:10:57 +0000] "GET /casosvbg/con_est_cruces_var.php?r=87263595 HTTP/1.1" 404 1251 "-" "Mozilla/5.0 (compatible; SemrushBot/7~bl; +http://www.semrush.com/bot.html)"
85.208.96.196 - - [26/Dec/2025:17:11:06 +0000] "GET /casosvbg/con_est_resumen_gral.php?r=75940436 HTTP/1.1" 404 1251 "-" "Mozilla/5.0 (compatible; SemrushBot/7~bl; +http://www.semrush.com/bot.html)"
85.208.96.194 - - [26/Dec/2025:17:11:07 +0000] "GET /casosvbg/con_est_resumen_prg.php?r=94631428 HTTP/1.1" 404 1251 "-" "Mozilla/5.0 (compatible; SemrushBot/7~bl; +http://www.semrush.com/bot.html)"
185.191.171.17 - - [26/Dec/2025:17:11:25 +0000] "GET /casosvbg/con_est_cruces_var.php?r=25536147 HTTP/1.1" 404 1251 "-" "Mozilla/5.0 (compatible; SemrushBot/7~bl; +http://www.semrush.com/bot.html)"
185.191.171.2 - - [26/Dec/2025:17:12:09 +0000] "GET /casosvbg/con_est_resumen_gral.php?r=54887228 HTTP/1.1" 404 1251 "-" "Mozilla/5.0 (compatible; SemrushBot/7~bl; +http://www.semrush.com/bot.html)"
85.208.96.198 - - [26/Dec/2025:17:13:35 +0000] "GET /casosvbg/con_est_resumen_gral.php?r=50342723 HTTP/1.1" 404 1251 "-" "Mozilla/5.0 (compatible; SemrushBot/7~bl; +http://www.semrush.com/bot.html)"
85.208.96.206 - - [26/Dec/2025:17:13:45 +0000] "GET /casosvbg/con_est_resumen_gral.php?r=88941741 HTTP/1.1" 404 1251 "-" "Mozilla/5.0 (compatible; SemrushBot/7~bl; +http://www.semrush.com/bot.html)"
185.191.171.13 - - [26/Dec/2025:17:13:47 +0000] "GET /casosvbg/con_est_cruces_varloc.php?r=11808 HTTP/1.1" 404 1251 "-" "Mozilla/5.0 (compatible; SemrushBot/7~bl; +http://www.semrush.com/bot.html)"
85.208.96.205 - - [26/Dec/2025:17:08:05 +0000] "GET /casosvbg/con_est_cruces_var.php?r=42016961 HTTP/1.1" 404 1251 "-" "Mozilla/5.0 (compatible; SemrushBot/7~bl; +http://www.semrush.com/bot.html)"
85.208.96.194 - - [26/Dec/2025:17:08:54 +0000] "GET /casosvbg/con_est_cruces_var.php?r=13822856 HTTP/1.1" 404 1251 "-" "Mozilla/5.0 (compatible; SemrushBot/7~bl; +http://www.semrush.com/bot.html)"
85.208.96.198 - - [26/Dec/2025:17:10:16 +0000] "GET /casosvbg/con_est_resumen_prg.php?r=66922153 HTTP/1.1" 404 1251 "-" "Mozilla/5.0 (compatible; SemrushBot/7~bl; +http://www.semrush.com/bot.html)"
185.191.171.16 - - [26/Dec/2025:17:10:22 +0000] "GET /casosvbg/con_est_resumen_prg.php?r=2020153 HTTP/1.1" 404 1251 "-" "Mozilla/5.0 (compatible; SemrushBot/7~bl; +http://www.semrush.com/bot.html)"
185.191.171.17 - - [26/Dec/2025:17:10:50 +0000] "GET /casosvbg/con_est_resumen_gral.php?r=27211538 HTTP/1.1" 404 1251 "-" "Mozilla/5.0 (compatible; SemrushBot/7~bl; +http://www.semrush.com/bot.html)"
185.191.171.16 - - [26/Dec/2025:17:11:07 +0000] "GET /casosvbg/con_est_cruces_var.php?r=80509609 HTTP/1.1" 404 1251 "-" "Mozilla/5.0 (compatible; SemrushBot/7~bl; +http://www.semrush.com/bot.html)"
85.208.96.212 - - [26/Dec/2025:17:11:08 +0000] "GET /casosvbg/con_est_resumen_prg.php?r=92511656 HTTP/1.1" 404 1251 "-" "Mozilla/5.0 (compatible; SemrushBot/7~bl; +http://www.semrush.com/bot.html)"
85.208.96.205 - - [26/Dec/2025:17:11:17 +0000] "GET /casosvbg/con_est_cruces_varloc.php?r=3016592 HTTP/1.1" 404 1251 "-" "Mozilla/5.0 (compatible; SemrushBot/7~bl; +http://www.semrush.com/bot.html)"
185.191.171.2 - - [26/Dec/2025:17:11:48 +0000] "GET /casosvbg/con_est_resumen_gral.php?r=89473177 HTTP/1.1" 404 1251 "-" "Mozilla/5.0 (compatible; SemrushBot/7~bl; +http://www.semrush.com/bot.html)"
185.191.171.17 - - [26/Dec/2025:17:11:55 +0000] "GET /casosvbg/con_est_resumen_gral.php?r=81759390 HTTP/1.1" 404 1251 "-" "Mozilla/5.0 (compatible; SemrushBot/7~bl; +http://www.semrush.com/bot.html)"
185.191.171.9 - - [26/Dec/2025:17:11:57 +0000] "GET /casosvbg/con_est_resumen_gral.php?r=84382378 HTTP/1.1" 404 1251 "-" "Mozilla/5.0 (compatible; SemrushBot/7~bl; +http://www.semrush.com/bot.html)"
185.191.171.5 - - [26/Dec/2025:17:12:30 +0000] "GET /casosvbg/con_est_cruces_var.php?r=44787030 HTTP/1.1" 404 1251 "-" "Mozilla/5.0 (compatible; SemrushBot/7~bl; +http://www.semrush.com/bot.html)"
85.208.96.194 - - [26/Dec/2025:17:13:50 +0000] "GET /casosvbg/con_est_resumen_prg.php?r=44281927 HTTP/1.1" 404 1251 "-" "Mozilla/5.0 (compatible; SemrushBot/7~bl; +http://www.semrush.com/bot.html)"
185.191.171.13 - - [26/Dec/2025:17:14:22 +0000] "GET /casosvbg/con_est_resumen_gral.php?r=68737308 HTTP/1.1" 404 1251 "-" "Mozilla/5.0 (compatible; SemrushBot/7~bl; +http://www.semrush.com/bot.html)"
85.208.96.211 - - [26/Dec/2025:17:14:27 +0000] "GET /casosvbg/con_est_resumen_gral.php?r=42073788 HTTP/1.1" 404 1251 "-" "Mozilla/5.0 (compatible; SemrushBot/7~bl; +http://www.semrush.com/bot.html)"
185.191.171.13 - - [26/Dec/2025:17:14:29 +0000] "GET /casosvbg/con_est_cruces_varloc.php?r=1101733 HTTP/1.1" 404 1251 "-" "Mozilla/5.0 (compatible; SemrushBot/7~bl; +http://www.semrush.com/bot.html)"
85.208.96.210 - - [26/Dec/2025:17:14:40 +0000] "GET /casosvbg/con_est_resumen_prg.php?r=19903651 HTTP/1.1" 404 1251 "-" "Mozilla/5.0 (compatible; SemrushBot/7~bl; +http://www.semrush.com/bot.html)"
85.208.96.212 - - [26/Dec/2025:17:15:18 +0000] "GET /casosvbg/con_est_resumen_gral.php?r=47153155 HTTP/1.1" 404 1251 "-" "Mozilla/5.0 (compatible; SemrushBot/7~bl; +http://www.semrush.com/bot.html)"
85.208.96.206 - - [26/Dec/2025:17:15:20 +0000] "GET /casosvbg/con_est_resumen_prg.php?r=89056329 HTTP/1.1" 404 1251 "-" "Mozilla/5.0 (compatible; SemrushBot/7~bl; +http://www.semrush.com/bot.html)"
85.208.96.211 - - [26/Dec/2025:17:15:33 +0000] "GET /casosvbg/con_est_cruces_var.php?r=67415348 HTTP/1.1" 404 1251 "-" "Mozilla/5.0 (compatible; SemrushBot/7~bl; +http://www.semrush.com/bot.html)"
85.208.96.203 - - [26/Dec/2025:17:13:44 +0000] "GET /casosvbg/con_est_cruces_var.php?r=15480770 HTTP/1.1" 404 1251 "-" "Mozilla/5.0 (compatible; SemrushBot/7~bl; +http://www.semrush.com/bot.html)"
185.191.171.1 - - [26/Dec/2025:17:14:01 +0000] "GET /casosvbg/con_est_resumen_prg.php?r=39616923 HTTP/1.1" 404 1251 "-" "Mozilla/5.0 (compatible; SemrushBot/7~bl; +http://www.semrush.com/bot.html)"
85.208.96.202 - - [26/Dec/2025:17:14:31 +0000] "GET /casosvbg/con_est_resumen_prg.php?r=28111538 HTTP/1.1" 404 1251 "-" "Mozilla/5.0 (compatible; SemrushBot/7~bl; +http://www.semrush.com/bot.html)"
185.191.171.1 - - [26/Dec/2025:17:15:09 +0000] "GET /casosvbg/con_est_resumen_prg.php?r=25016718 HTTP/1.1" 404 1251 "-" "Mozilla/5.0 (compatible; SemrushBot/7~bl; +http://www.semrush.com/bot.html)"
85.208.96.193 - - [26/Dec/2025:17:15:12 +0000] "GET /casosvbg/con_est_cruces_var.php?r=70166275 HTTP/1.1" 404 1251 "-" "Mozilla/5.0 (compatible; SemrushBot/7~bl; +http://www.semrush.com/bot.html)"
185.191.171.10 - - [26/Dec/2025:17:15:19 +0000] "GET /casosvbg/con_est_resumen_gral.php?r=98095493 HTTP/1.1" 404 1251 "-" "Mozilla/5.0 (compatible; SemrushBot/7~bl; +http://www.semrush.com/bot.html)"
85.208.96.210 - - [26/Dec/2025:17:15:32 +0000] "GET /casosvbg/con_est_resumen_gral.php?r=85832991 HTTP/1.1" 404 1251 "-" "Mozilla/5.0 (compatible; SemrushBot/7~bl; +http://www.semrush.com/bot.html)"
85.208.96.205 - - [26/Dec/2025:17:15:44 +0000] "GET /casosvbg/con_est_resumen_prg.php?r=54190164 HTTP/1.1" 404 1251 "-" "Mozilla/5.0 (compatible; SemrushBot/7~bl; +http://www.semrush.com/bot.html)"
185.191.171.19 - - [26/Dec/2025:17:15:57 +0000] "GET /casosvbg/con_est_resumen_gral.php?r=29446513 HTTP/1.1" 404 1251 "-" "Mozilla/5.0 (compatible; SemrushBot/7~bl; +http://www.semrush.com/bot.html)"
3.138.185.30 - - [26/Dec/2025:17:16:17 +0000] "GET / HTTP/1.1" 200 1455 "-" "cypex.ai/scanning Mozilla/5.0 (Macintosh; Intel Mac OS X 10_15_7) Chrome/126.0.0.0 Safari/537.36"
185.191.171.10 - - [26/Dec/2025:17:16:17 +0000] "GET /casosvbg/con_est_cruces_var.php?r=117154159 HTTP/1.1" 404 1251 "-" "Mozilla/5.0 (compatible; SemrushBot/7~bl; +http://www.semrush.com/bot.html)"
185.191.171.4 - - [26/Dec/2025:17:17:49 +0000] "GET /casosvbg/con_est_cruces_var.php?r=4427730 HTTP/1.1" 404 1251 "-" "Mozilla/5.0 (compatible; SemrushBot/7~bl; +http://www.semrush.com/bot.html)"
185.191.171.3 - - [26/Dec/2025:17:19:04 +0000] "GET /casosvbg/con_est_resumen_gral.php?r=92545621 HTTP/1.1" 404 1251 "-" "Mozilla/5.0 (compatible; SemrushBot/7~bl; +http://www.semrush.com/bot.html)"
85.208.96.194 - - [26/Dec/2025:17:19:07 +0000] "GET /casosvbg/con_est_cruces_var.php?r=1791900 HTTP/1.1" 404 1251 "-" "Mozilla/5.0 (compatible; SemrushBot/7~bl; +http://www.semrush.com/bot.html)"
85.208.96.202 - - [26/Dec/2025:17:19:34 +0000] "GET /casosvbg/con_est_cruces_var.php?r=32675735 HTTP/1.1" 404 1251 "-" "Mozilla/5.0 (compatible; SemrushBot/7~bl; +http://www.semrush.com/bot.html)"
185.191.171.19 - - [26/Dec/2025:17:19:34 +0000] "GET /casosvbg/con_est_resumen_gral.php?r=31620736 HTTP/1.1" 404 1251 "-" "Mozilla/5.0 (compatible; SemrushBot/7~bl; +http://www.semrush.com/bot.html)"
85.208.96.193 - - [26/Dec/2025:17:19:39 +0000] "GET /casosvbg/con_est_cruces_varloc.php?r=42942493 HTTP/1.1" 404 1251 "-" "Mozilla/5.0 (compatible; SemrushBot/7~bl; +http://www.semrush.com/bot.html)"
185.191.171.9 - - [26/Dec/2025:17:19:58 +0000] "GET /casosvbg/con_est_cruces_var.php?r=29899673 HTTP/1.1" 404 1251 "-" "Mozilla/5.0 (compatible; SemrushBot/7~bl; +http://www.semrush.com/bot.html)"
85.208.96.198 - - [26/Dec/2025:17:20:08 +0000] "GET /casosvbg/con_est_resumen_prg.php?r=41243270 HTTP/1.1" 404 1251 "-" "Mozilla/5.0 (compatible; SemrushBot/7~bl; +http://www.semrush.com/bot.html)"
185.191.171.9 - - [26/Dec/2025:17:20:09 +0000] "GET /casosvbg/con_est_cruces_var.php?r=67836624 HTTP/1.1" 404 1251 "-" "Mozilla/5.0 (compatible; SemrushBot/7~bl; +http://www.semrush.com/bot.html)"
85.208.96.212 - - [26/Dec/2025:17:13:52 +0000] "GET /casosvbg/con_est_resumen_prg.php?r=9090530 HTTP/1.1" 404 1251 "-" "Mozilla/5.0 (compatible; SemrushBot/7~bl; +http://www.semrush.com/bot.html)"
185.191.171.12 - - [26/Dec/2025:17:14:14 +0000] "GET /casosvbg/con_est_resumen_prg.php?r=94680600 HTTP/1.1" 404 1251 "-" "Mozilla/5.0 (compatible; SemrushBot/7~bl; +http://www.semrush.com/bot.html)"
185.191.171.1 - - [26/Dec/2025:17:14:30 +0000] "GET /casosvbg/con_est_cruces_var.php?r=99517227 HTTP/1.1" 404 1251 "-" "Mozilla/5.0 (compatible; SemrushBot/7~bl; +http://www.semrush.com/bot.html)"
85.208.96.196 - - [26/Dec/2025:17:15:25 +0000] "GET /casosvbg/con_est_cruces_varloc.php?r=8552156 HTTP/1.1" 404 1251 "-" "Mozilla/5.0 (compatible; SemrushBot/7~bl; +http://www.semrush.com/bot.html)"
85.208.96.211 - - [26/Dec/2025:17:15:26 +0000] "GET /casosvbg/con_est_resumen_prg.php?r=70740781 HTTP/1.1" 404 1251 "-" "Mozilla/5.0 (compatible; SemrushBot/7~bl; +http://www.semrush.com/bot.html)"
85.208.96.193 - - [26/Dec/2025:17:16:09 +0000] "GET /casosvbg/con_est_resumen_prg.php?r=4081439 HTTP/1.1" 404 1251 "-" "Mozilla/5.0 (compatible; SemrushBot/7~bl; +http://www.semrush.com/bot.html)"
85.208.96.193 - - [26/Dec/2025:17:16:51 +0000] "GET /casosvbg/con_est_resumen_prg.php?r=81097146 HTTP/1.1" 404 1251 "-" "Mozilla/5.0 (compatible; SemrushBot/7~bl; +http://www.semrush.com/bot.html)"
185.191.171.18 - - [26/Dec/2025:17:17:02 +0000] "GET /casosvbg/con_est_resumen_prg.php?r=54128576 HTTP/1.1" 404 1251 "-" "Mozilla/5.0 (compatible; SemrushBot/7~bl; +http://www.semrush.com/bot.html)"
85.208.96.196 - - [26/Dec/2025:17:18:00 +0000] "GET /casosvbg/con_est_cruces_varloc.php?r=61787321 HTTP/1.1" 404 1251 "-" "Mozilla/5.0 (compatible; SemrushBot/7~bl; +http://www.semrush.com/bot.html)"
85.208.96.209 - - [26/Dec/2025:17:18:18 +0000] "GET /casosvbg/con_est_cruces_varloc.php?r=94945009 HTTP/1.1" 404 1251 "-" "Mozilla/5.0 (compatible; SemrushBot/7~bl; +http://www.semrush.com/bot.html)"
85.208.96.210 - - [26/Dec/2025:17:18:24 +0000] "GET /casosvbg/con_est_resumen_gral.php?r=38478379 HTTP/1.1" 404 1251 "-" "Mozilla/5.0 (compatible; SemrushBot/7~bl; +http://www.semrush.com/bot.html)"
185.191.171.14 - - [26/Dec/2025:17:18:32 +0000] "GET /casosvbg/con_est_resumen_gral.php?r=32931170 HTTP/1.1" 404 1251 "-" "Mozilla/5.0 (compatible; SemrushBot/7~bl; +http://www.semrush.com/bot.html)"
185.191.171.12 - - [26/Dec/2025:17:18:43 +0000] "GET /casosvbg/con_est_resumen_gral.php?r=67565417 HTTP/1.1" 404 1251 "-" "Mozilla/5.0 (compatible; SemrushBot/7~bl; +http://www.semrush.com/bot.html)"
185.191.171.17 - - [26/Dec/2025:17:18:54 +0000] "GET /casosvbg/con_est_resumen_prg.php?r=31850715 HTTP/1.1" 404 1251 "-" "Mozilla/5.0 (compatible; SemrushBot/7~bl; +http://www.semrush.com/bot.html)"
185.191.171.14 - - [26/Dec/2025:17:19:25 +0000] "GET /robots.txt HTTP/1.1" 404 1251 "-" "Mozilla/5.0 (compatible; SemrushBot/7~bl; +http://www.semrush.com/bot.html)"
85.208.96.193 - - [26/Dec/2025:17:19:25 +0000] "GET /casosvbg/con_est_resumen_gral.php?r=96194365 HTTP/1.1" 404 1251 "-" "Mozilla/5.0 (compatible; SemrushBot/7~bl; +http://www.semrush.com/bot.html)"
85.208.96.204 - - [26/Dec/2025:17:19:32 +0000] "GET /casosvbg/con_est_cruces_varloc.php?r=39303100 HTTP/1.1" 404 1251 "-" "Mozilla/5.0 (compatible; SemrushBot/7~bl; +http://www.semrush.com/bot.html)"
185.191.171.7 - - [26/Dec/2025:17:19:41 +0000] "GET /casosvbg/con_est_cruces_var.php?r=62773805 HTTP/1.1" 404 1251 "-" "Mozilla/5.0 (compatible; SemrushBot/7~bl; +http://www.semrush.com/bot.html)"
85.208.96.204 - - [26/Dec/2025:17:19:45 +0000] "GET /casosvbg/con_est_cruces_var.php?r=72664116 HTTP/1.1" 404 1251 "-" "Mozilla/5.0 (compatible; SemrushBot/7~bl; +http://www.semrush.com/bot.html)"
85.208.96.200 - - [26/Dec/2025:17:21:57 +0000] "GET /casosvbg/con_est_resumen_prg.php?r=29892962 HTTP/1.1" 404 1251 "-" "Mozilla/5.0 (compatible; SemrushBot/7~bl; +http://www.semrush.com/bot.html)"
85.208.96.201 - - [26/Dec/2025:17:15:49 +0000] "GET /casosvbg/con_est_resumen_prg.php?r=65772306 HTTP/1.1" 404 1251 "-" "Mozilla/5.0 (compatible; SemrushBot/7~bl; +http://www.semrush.com/bot.html)"
85.208.96.204 - - [26/Dec/2025:17:16:08 +0000] "GET /casosvbg/con_est_cruces_varloc.php?r=23896261 HTTP/1.1" 404 1251 "-" "Mozilla/5.0 (compatible; SemrushBot/7~bl; +http://www.semrush.com/bot.html)"
185.191.171.19 - - [26/Dec/2025:17:16:14 +0000] "GET /casosvbg/con_est_cruces_varloc.php?r=98642764 HTTP/1.1" 404 1251 "-" "Mozilla/5.0 (compatible; SemrushBot/7~bl; +http://www.semrush.com/bot.html)"
85.208.96.210 - - [26/Dec/2025:17:16:32 +0000] "GET /casosvbg/con_est_cruces_var.php?r=91289021 HTTP/1.1" 404 1251 "-" "Mozilla/5.0 (compatible; SemrushBot/7~bl; +http://www.semrush.com/bot.html)"
85.208.96.193 - - [26/Dec/2025:17:16:39 +0000] "GET /casosvbg/con_est_resumen_gral.php?r=32225247 HTTP/1.1" 404 1251 "-" "Mozilla/5.0 (compatible; SemrushBot/7~bl; +http://www.semrush.com/bot.html)"
185.191.171.19 - - [26/Dec/2025:17:16:43 +0000] "GET /casosvbg/con_est_resumen_gral.php?r=34699382 HTTP/1.1" 404 1251 "-" "Mozilla/5.0 (compatible; SemrushBot/7~bl; +http://www.semrush.com/bot.html)"
85.208.96.202 - - [26/Dec/2025:17:16:58 +0000] "GET /casosvbg/con_est_cruces_var.php?r=6250267 HTTP/1.1" 404 1251 "-" "Mozilla/5.0 (compatible; SemrushBot/7~bl; +http://www.semrush.com/bot.html)"
85.208.96.210 - - [26/Dec/2025:17:17:25 +0000] "GET /casosvbg/con_est_resumen_prg.php?r=83794613 HTTP/1.1" 404 1251 "-" "Mozilla/5.0 (compatible; SemrushBot/7~bl; +http://www.semrush.com/bot.html)"
185.191.171.18 - - [26/Dec/2025:17:17:48 +0000] "GET /casosvbg/con_est_cruces_var.php?r=42728616 HTTP/1.1" 404 1251 "-" "Mozilla/5.0 (compatible; SemrushBot/7~bl; +http://www.semrush.com/bot.html)"
85.208.96.210 - - [26/Dec/2025:17:17:53 +0000] "GET /casosvbg/con_est_cruces_var.php?r=33180946 HTTP/1.1" 404 1251 "-" "Mozilla/5.0 (compatible; SemrushBot/7~bl; +http://www.semrush.com/bot.html)"
185.191.171.1 - - [26/Dec/2025:17:17:54 +0000] "GET /casosvbg/con_est_resumen_prg.php?r=80649075 HTTP/1.1" 404 1251 "-" "Mozilla/5.0 (compatible; SemrushBot/7~bl; +http://www.semrush.com/bot.html)"
85.208.96.210 - - [26/Dec/2025:17:18:04 +0000] "GET /casosvbg/con_est_resumen_prg.php?r=30391432 HTTP/1.1" 404 1251 "-" "Mozilla/5.0 (compatible; SemrushBot/7~bl; +http://www.semrush.com/bot.html)"
85.208.96.198 - - [26/Dec/2025:17:18:46 +0000] "GET /casosvbg/con_est_cruces_var.php?r=93054459 HTTP/1.1" 404 1251 "-" "Mozilla/5.0 (compatible; SemrushBot/7~bl; +http://www.semrush.com/bot.html)"
185.191.171.18 - - [26/Dec/2025:17:19:51 +0000] "GET /casosvbg/con_est_resumen_gral.php?r=29326404 HTTP/1.1" 404 1251 "-" "Mozilla/5.0 (compatible; SemrushBot/7~bl; +http://www.semrush.com/bot.html)"
85.208.96.211 - - [26/Dec/2025:17:20:01 +0000] "GET /casosvbg/con_est_resumen_prg.php?r=27168640 HTTP/1.1" 404 1251 "-" "Mozilla/5.0 (compatible; SemrushBot/7~bl; +http://www.semrush.com/bot.html)"
185.191.171.1 - - [26/Dec/2025:17:20:36 +0000] "GET /casosvbg/con_est_resumen_gral.php?r=99287124 HTTP/1.1" 404 1251 "-" "Mozilla/5.0 (compatible; SemrushBot/7~bl; +http://www.semrush.com/bot.html)"
85.208.96.206 - - [26/Dec/2025:17:21:05 +0000] "GET /casosvbg/con_est_resumen_prg.php?r=91238470 HTTP/1.1" 404 1251 "-" "Mozilla/5.0 (compatible; SemrushBot/7~bl; +http://www.semrush.com/bot.html)"
85.208.96.209 - - [26/Dec/2025:17:21:25 +0000] "GET /casosvbg/con_est_resumen_gral.php?r=6914411 HTTP/1.1" 404 1251 "-" "Mozilla/5.0 (compatible; SemrushBot/7~bl; +http://www.semrush.com/bot.html)"
185.191.171.2 - - [26/Dec/2025:17:21:51 +0000] "GET /casosvbg/con_est_resumen_prg.php?r=52057634 HTTP/1.1" 404 1251 "-" "Mozilla/5.0 (compatible; SemrushBot/7~bl; +http://www.semrush.com/bot.html)"
185.191.171.17 - - [26/Dec/2025:17:22:40 +0000] "GET /casosvbg/con_est_resumen_prg.php?r=826962 HTTP/1.1" 404 1251 "-" "Mozilla/5.0 (compatible; SemrushBot/7~bl; +http://www.semrush.com/bot.html)"
185.191.171.18 - - [26/Dec/2025:17:22:02 +0000] "GET /casosvbg/con_est_cruces_varloc.php?r=23661447 HTTP/1.1" 404 1251 "-" "Mozilla/5.0 (compatible; SemrushBot/7~bl; +http://www.semrush.com/bot.html)"
85.208.96.207 - - [26/Dec/2025:17:22:03 +0000] "GET /casosvbg/con_est_cruces_var.php?r=25955526 HTTP/1.1" 404 1251 "-" "Mozilla/5.0 (compatible; SemrushBot/7~bl; +http://www.semrush.com/bot.html)"
85.208.96.194 - - [26/Dec/2025:17:22:15 +0000] "GET /casosvbg/con_est_cruces_var.php?r=61773038 HTTP/1.1" 404 1251 "-" "Mozilla/5.0 (compatible; SemrushBot/7~bl; +http://www.semrush.com/bot.html)"
185.191.171.17 - - [26/Dec/2025:17:22:29 +0000] "GET /casosvbg/con_est_resumen_prg.php?r=95227708 HTTP/1.1" 404 1251 "-" "Mozilla/5.0 (compatible; SemrushBot/7~bl; +http://www.semrush.com/bot.html)"
85.208.96.206 - - [26/Dec/2025:17:23:38 +0000] "GET /casosvbg/con_est_resumen_prg.php?r=31822218 HTTP/1.1" 404 1251 "-" "Mozilla/5.0 (compatible; SemrushBot/7~bl; +http://www.semrush.com/bot.html)"
185.191.171.19 - - [26/Dec/2025:17:23:47 +0000] "GET /casosvbg/con_est_resumen_prg.php?r=54433695 HTTP/1.1" 404 1251 "-" "Mozilla/5.0 (compatible; SemrushBot/7~bl; +http://www.semrush.com/bot.html)"
85.208.96.199 - - [26/Dec/2025:17:24:01 +0000] "GET /casosvbg/con_est_cruces_var.php?r=3824714 HTTP/1.1" 404 1251 "-" "Mozilla/5.0 (compatible; SemrushBot/7~bl; +http://www.semrush.com/bot.html)"
85.208.96.199 - - [26/Dec/2025:17:24:05 +0000] "GET /casosvbg/con_est_resumen_gral.php?r=24302350 HTTP/1.1" 404 1251 "-" "Mozilla/5.0 (compatible; SemrushBot/7~bl; +http://www.semrush.com/bot.html)"
185.191.171.2 - - [26/Dec/2025:17:24:38 +0000] "GET /casosvbg/con_est_resumen_prg.php?r=43576379 HTTP/1.1" 404 1251 "-" "Mozilla/5.0 (compatible; SemrushBot/7~bl; +http://www.semrush.com/bot.html)"
85.208.96.211 - - [26/Dec/2025:17:24:46 +0000] "GET /casosvbg/con_est_cruces_var.php?r=51095722 HTTP/1.1" 404 1251 "-" "Mozilla/5.0 (compatible; SemrushBot/7~bl; +http://www.semrush.com/bot.html)"
85.208.96.207 - - [26/Dec/2025:17:24:48 +0000] "GET /casosvbg/con_est_resumen_prg.php?r=90631087 HTTP/1.1" 404 1251 "-" "Mozilla/5.0 (compatible; SemrushBot/7~bl; +http://www.semrush.com/bot.html)"
85.208.96.209 - - [26/Dec/2025:17:24:51 +0000] "GET /casosvbg/con_est_resumen_prg.php?r=412587114 HTTP/1.1" 404 1251 "-" "Mozilla/5.0 (compatible; SemrushBot/7~bl; +http://www.semrush.com/bot.html)"
109.199.96.67 - - [26/Dec/2025:17:24:54 +0000] "GET /wp-admin/css/ HTTP/1.1" 200 758 "binance.com" "Mozilla/5.0 (Windows NT 10.0; Win64; x64) AppleWebKit/537.36 (KHTML, like Gecko) Chrome/90.0.4430.85 Safari/537.36"
109.199.96.67 - - [26/Dec/2025:17:24:59 +0000] "GET /wp-content/languages/ HTTP/1.1" 200 785 "binance.com" "Mozilla/5.0 (Windows NT 10.0; Win64; x64) AppleWebKit/537.36 (KHTML, like Gecko) Chrome/90.0.4430.85 Safari/537.36"
109.199.96.67 - - [26/Dec/2025:17:25:00 +0000] "GET /wp-admin/includes/ HTTP/1.1" 200 830 "binance.com" "Mozilla/5.0 (Windows NT 10.0; Win64; x64) AppleWebKit/537.36 (KHTML, like Gecko) Chrome/90.0.4430.85 Safari/537.36"
109.199.96.67 - - [26/Dec/2025:17:25:01 +0000] "GET /wp-admin/maint/ HTTP/1.1" 200 679 "binance.com" "Mozilla/5.0 (Windows NT 10.0; Win64; x64) AppleWebKit/537.36 (KHTML, like Gecko) Chrome/90.0.4430.85 Safari/537.36"
109.199.96.67 - - [26/Dec/2025:17:25:03 +0000] "GET /wp-admin/user/ HTTP/1.1" 200 678 "binance.com" "Mozilla/5.0 (Windows NT 10.0; Win64; x64) AppleWebKit/537.36 (KHTML, like Gecko) Chrome/90.0.4430.85 Safari/537.36"
85.208.96.200 - - [26/Dec/2025:17:25:05 +0000] "GET /casosvbg/con_est_cruces_var.php?r=36595186 HTTP/1.1" 404 1251 "-" "Mozilla/5.0 (compatible; SemrushBot/7~bl; +http://www.semrush.com/bot.html)"
109.199.96.67 - - [26/Dec/2025:17:25:08 +0000] "GET /wp-admin/css/colors/ectoplasm/ HTTP/1.1" 200 686 "binance.com" "Mozilla/5.0 (Windows NT 10.0; Win64; x64) AppleWebKit/537.36 (KHTML, like Gecko) Chrome/90.0.4430.85 Safari/537.36"
85.208.96.198 - - [26/Dec/2025:17:20:16 +0000] "GET /casosvbg/con_est_cruces_var.php?r=37030579 HTTP/1.1" 404 1251 "-" "Mozilla/5.0 (compatible; SemrushBot/7~bl; +http://www.semrush.com/bot.html)"
85.208.96.198 - - [26/Dec/2025:17:20:28 +0000] "GET /casosvbg/con_est_resumen_prg.php?r=2968512 HTTP/1.1" 404 1251 "-" "Mozilla/5.0 (compatible; SemrushBot/7~bl; +http://www.semrush.com/bot.html)"
185.191.171.5 - - [26/Dec/2025:17:20:34 +0000] "GET /casosvbg/con_est_cruces_varloc.php?r=95476045 HTTP/1.1" 404 1251 "-" "Mozilla/5.0 (compatible; SemrushBot/7~bl; +http://www.semrush.com/bot.html)"
185.191.171.15 - - [26/Dec/2025:17:22:19 +0000] "GET /casosvbg/con_est_resumen_prg.php?r=80962311 HTTP/1.1" 404 1251 "-" "Mozilla/5.0 (compatible; SemrushBot/7~bl; +http://www.semrush.com/bot.html)"
85.208.96.200 - - [26/Dec/2025:17:22:20 +0000] "GET /casosvbg/con_est_cruces_var.php?r=21596450 HTTP/1.1" 404 1251 "-" "Mozilla/5.0 (compatible; SemrushBot/7~bl; +http://www.semrush.com/bot.html)"
185.191.171.18 - - [26/Dec/2025:17:23:10 +0000] "GET /casosvbg/con_est_resumen_gral.php?r=83344725 HTTP/1.1" 404 1251 "-" "Mozilla/5.0 (compatible; SemrushBot/7~bl; +http://www.semrush.com/bot.html)"
185.191.171.3 - - [26/Dec/2025:17:23:17 +0000] "GET /casosvbg/con_est_resumen_gral.php?r=2349808 HTTP/1.1" 404 1251 "-" "Mozilla/5.0 (compatible; SemrushBot/7~bl; +http://www.semrush.com/bot.html)"
85.208.96.204 - - [26/Dec/2025:17:23:26 +0000] "GET /casosvbg/con_est_resumen_gral.php?r=56919450 HTTP/1.1" 404 1251 "-" "Mozilla/5.0 (compatible; SemrushBot/7~bl; +http://www.semrush.com/bot.html)"
85.208.96.207 - - [26/Dec/2025:17:23:41 +0000] "GET /casosvbg/con_est_cruces_var.php?r=40725556 HTTP/1.1" 404 1251 "-" "Mozilla/5.0 (compatible; SemrushBot/7~bl; +http://www.semrush.com/bot.html)"
185.191.171.10 - - [26/Dec/2025:17:23:51 +0000] "GET /casosvbg/con_est_cruces_var.php?r=19877276 HTTP/1.1" 404 1251 "-" "Mozilla/5.0 (compatible; SemrushBot/7~bl; +http://www.semrush.com/bot.html)"
185.191.171.16 - - [26/Dec/2025:17:24:25 +0000] "GET /casosvbg/con_est_resumen_gral.php?r=81716770 HTTP/1.1" 404 1251 "-" "Mozilla/5.0 (compatible; SemrushBot/7~bl; +http://www.semrush.com/bot.html)"
85.208.96.205 - - [26/Dec/2025:17:24:28 +0000] "GET /casosvbg/con_est_cruces_varloc.php?r=1987387 HTTP/1.1" 404 1251 "-" "Mozilla/5.0 (compatible; SemrushBot/7~bl; +http://www.semrush.com/bot.html)"
85.208.96.203 - - [26/Dec/2025:17:24:38 +0000] "GET /casosvbg/con_est_resumen_prg.php?r=40921730 HTTP/1.1" 404 1251 "-" "Mozilla/5.0 (compatible; SemrushBot/7~bl; +http://www.semrush.com/bot.html)"
109.199.96.67 - - [26/Dec/2025:17:24:57 +0000] "GET /wp-content/uploads/ HTTP/1.1" 200 16124 "binance.com" "Mozilla/5.0 (Windows NT 10.0; Win64; x64) AppleWebKit/537.36 (KHTML, like Gecko) Chrome/90.0.4430.85 Safari/537.36"
109.199.96.67 - - [26/Dec/2025:17:24:58 +0000] "GET /wp-content/upgrade/ HTTP/1.1" 200 680 "binance.com" "Mozilla/5.0 (Windows NT 10.0; Win64; x64) AppleWebKit/537.36 (KHTML, like Gecko) Chrome/90.0.4430.85 Safari/537.36"
109.199.96.67 - - [26/Dec/2025:17:25:00 +0000] "GET /wp-admin/includes/ HTTP/1.1" 200 830 "binance.com" "Mozilla/5.0 (Windows NT 10.0; Win64; x64) AppleWebKit/537.36 (KHTML, like Gecko) Chrome/90.0.4430.85 Safari/537.36"
109.199.96.67 - - [26/Dec/2025:17:25:02 +0000] "GET /wp-admin/network/ HTTP/1.1" 200 680 "binance.com" "Mozilla/5.0 (Windows NT 10.0; Win64; x64) AppleWebKit/537.36 (KHTML, like Gecko) Chrome/90.0.4430.85 Safari/537.36"
109.199.96.67 - - [26/Dec/2025:17:25:07 +0000] "GET /wp-admin/css/colors/coffee/ HTTP/1.1" 200 685 "binance.com" "Mozilla/5.0 (Windows NT 10.0; Win64; x64) AppleWebKit/537.36 (KHTML, like Gecko) Chrome/90.0.4430.85 Safari/537.36"
109.199.96.67 - - [26/Dec/2025:17:25:10 +0000] "GET /wp-admin/css/colors/midnight/ HTTP/1.1" 200 687 "binance.com" "Mozilla/5.0 (Windows NT 10.0; Win64; x64) AppleWebKit/537.36 (KHTML, like Gecko) Chrome/90.0.4430.85 Safari/537.36"
109.199.96.67 - - [26/Dec/2025:17:25:09 +0000] "GET /wp-admin/css/colors/light/ HTTP/1.1" 200 685 "binance.com" "Mozilla/5.0 (Windows NT 10.0; Win64; x64) AppleWebKit/537.36 (KHTML, like Gecko) Chrome/90.0.4430.85 Safari/537.36"
109.199.96.67 - - [26/Dec/2025:17:25:10 +0000] "GET /wp-admin/css/colors/modern/ HTTP/1.1" 200 685 "binance.com" "Mozilla/5.0 (Windows NT 10.0; Win64; x64) AppleWebKit/537.36 (KHTML, like Gecko) Chrome/90.0.4430.85 Safari/537.36"
109.199.96.67 - - [26/Dec/2025:17:25:12 +0000] "GET /wp-admin/css/colors/ocean/ HTTP/1.1" 200 685 "binance.com" "Mozilla/5.0 (Windows NT 10.0; Win64; x64) AppleWebKit/537.36 (KHTML, like Gecko) Chrome/90.0.4430.85 Safari/537.36"
109.199.96.67 - - [26/Dec/2025:17:25:15 +0000] "GET /wp-admin/js/ HTTP/1.1" 200 760 "binance.com" "Mozilla/5.0 (Windows NT 10.0; Win64; x64) AppleWebKit/537.36 (KHTML, like Gecko) Chrome/90.0.4430.85 Safari/537.36"
109.199.96.67 - - [26/Dec/2025:17:25:15 +0000] "GET /wp-admin/js/widgets/ HTTP/1.1" 200 683 "binance.com" "Mozilla/5.0 (Windows NT 10.0; Win64; x64) AppleWebKit/537.36 (KHTML, like Gecko) Chrome/90.0.4430.85 Safari/537.36"
185.191.171.3 - - [26/Dec/2025:17:25:18 +0000] "GET /casosvbg/con_est_resumen_prg.php?r=45433162 HTTP/1.1" 404 1251 "-" "Mozilla/5.0 (compatible; SemrushBot/7~bl; +http://www.semrush.com/bot.html)"
109.199.96.67 - - [26/Dec/2025:17:25:19 +0000] "GET /wp-includes/Text/ HTTP/1.1" 200 761 "binance.com" "Mozilla/5.0 (Windows NT 10.0; Win64; x64) AppleWebKit/537.36 (KHTML, like Gecko) Chrome/90.0.4430.85 Safari/537.36"
109.199.96.67 - - [26/Dec/2025:17:25:21 +0000] "GET /wp-includes/blocks/ HTTP/1.1" 200 2950 "binance.com" "Mozilla/5.0 (Windows NT 10.0; Win64; x64) AppleWebKit/537.36 (KHTML, like Gecko) Chrome/90.0.4430.85 Safari/537.36"
109.199.96.67 - - [26/Dec/2025:17:25:22 +0000] "GET /wp-includes/pomo/ HTTP/1.1" 200 765 "binance.com" "Mozilla/5.0 (Windows NT 10.0; Win64; x64) AppleWebKit/537.36 (KHTML, like Gecko) Chrome/90.0.4430.85 Safari/537.36"
109.199.96.67 - - [26/Dec/2025:17:25:23 +0000] "GET /wp-includes/sitemaps/ HTTP/1.1" 200 769 "binance.com" "Mozilla/5.0 (Windows NT 10.0; Win64; x64) AppleWebKit/537.36 (KHTML, like Gecko) Chrome/90.0.4430.85 Safari/537.36"
109.199.96.67 - - [26/Dec/2025:17:25:24 +0000] "GET /wp-includes/sitemaps/providers/ HTTP/1.1" 200 689 "binance.com" "Mozilla/5.0 (Windows NT 10.0; Win64; x64) AppleWebKit/537.36 (KHTML, like Gecko) Chrome/90.0.4430.85 Safari/537.36"
109.199.96.67 - - [26/Dec/2025:17:25:25 +0000] "GET /wp-includes/widgets/ HTTP/1.1" 200 683 "binance.com" "Mozilla/5.0 (Windows NT 10.0; Win64; x64) AppleWebKit/537.36 (KHTML, like Gecko) Chrome/90.0.4430.85 Safari/537.36"
109.199.96.67 - - [26/Dec/2025:17:25:30 +0000] "GET /wp-includes/images/ HTTP/1.1" 200 801 "binance.com" "Mozilla/5.0 (Windows NT 10.0; Win64; x64) AppleWebKit/537.36 (KHTML, like Gecko) Chrome/90.0.4430.85 Safari/537.36"
109.199.96.67 - - [26/Dec/2025:17:25:32 +0000] "GET /wp-includes/images/media/ HTTP/1.1" 200 684 "binance.com" "Mozilla/5.0 (Windows NT 10.0; Win64; x64) AppleWebKit/537.36 (KHTML, like Gecko) Chrome/90.0.4430.85 Safari/537.36"
109.199.96.67 - - [26/Dec/2025:17:25:34 +0000] "GET /wp-includes/images/wlw/ HTTP/1.1" 404 1251 "binance.com" "Mozilla/5.0 (Windows NT 10.0; Win64; x64) AppleWebKit/537.36 (KHTML, like Gecko) Chrome/90.0.4430.85 Safari/537.36"
109.199.96.67 - - [26/Dec/2025:17:25:35 +0000] "GET /wp-includes/js/%20 HTTP/1.1" 404 1251 "binance.com" "Mozilla/5.0 (Windows NT 10.0; Win64; x64) AppleWebKit/537.36 (KHTML, like Gecko) Chrome/90.0.4430.85 Safari/537.36"
109.199.96.67 - - [26/Dec/2025:17:25:36 +0000] "GET /wp-includes/js/codemirror/ HTTP/1.1" 200 687 "binance.com" "Mozilla/5.0 (Windows NT 10.0; Win64; x64) AppleWebKit/537.36 (KHTML, like Gecko) Chrome/90.0.4430.85 Safari/537.36"
109.199.96.67 - - [26/Dec/2025:17:25:37 +0000] "GET /wp-includes/js/plupload/ HTTP/1.1" 200 785 "binance.com" "Mozilla/5.0 (Windows NT 10.0; Win64; x64) AppleWebKit/537.36 (KHTML, like Gecko) Chrome/90.0.4430.85 Safari/537.36"
185.191.171.11 - - [26/Dec/2025:17:22:41 +0000] "GET /casosvbg/con_est_resumen_prg.php?r=41004893 HTTP/1.1" 404 1251 "-" "Mozilla/5.0 (compatible; SemrushBot/7~bl; +http://www.semrush.com/bot.html)"
85.208.96.211 - - [26/Dec/2025:17:23:09 +0000] "GET /casosvbg/con_est_resumen_prg.php?r=77446604 HTTP/1.1" 404 1251 "-" "Mozilla/5.0 (compatible; SemrushBot/7~bl; +http://www.semrush.com/bot.html)"
85.208.96.197 - - [26/Dec/2025:17:23:28 +0000] "GET /casosvbg/con_est_resumen_prg.php?r=29925825 HTTP/1.1" 404 1251 "-" "Mozilla/5.0 (compatible; SemrushBot/7~bl; +http://www.semrush.com/bot.html)"
185.191.171.11 - - [26/Dec/2025:17:23:42 +0000] "GET /casosvbg/con_est_resumen_prg.php?r=83945784 HTTP/1.1" 404 1251 "-" "Mozilla/5.0 (compatible; SemrushBot/7~bl; +http://www.semrush.com/bot.html)"
185.191.171.6 - - [26/Dec/2025:17:23:45 +0000] "GET /casosvbg/con_est_cruces_var.php?r=37142834 HTTP/1.1" 404 1251 "-" "Mozilla/5.0 (compatible; SemrushBot/7~bl; +http://www.semrush.com/bot.html)"
109.199.96.67 - - [26/Dec/2025:17:24:55 +0000] "GET /wp-content/uploads/2025/12/ HTTP/1.1" 404 1251 "binance.com" "Mozilla/5.0 (Windows NT 10.0; Win64; x64) AppleWebKit/537.36 (KHTML, like Gecko) Chrome/90.0.4430.85 Safari/537.36"
109.199.96.67 - - [26/Dec/2025:17:24:56 +0000] "GET /wp-content/uploads/2025/11/ HTTP/1.1" 404 1251 "binance.com" "Mozilla/5.0 (Windows NT 10.0; Win64; x64) AppleWebKit/537.36 (KHTML, like Gecko) Chrome/90.0.4430.85 Safari/537.36"
109.199.96.67 - - [26/Dec/2025:17:25:04 +0000] "GET /wp-admin/css/ HTTP/1.1" 200 758 "binance.com" "Mozilla/5.0 (Windows NT 10.0; Win64; x64) AppleWebKit/537.36 (KHTML, like Gecko) Chrome/90.0.4430.85 Safari/537.36"
109.199.96.67 - - [26/Dec/2025:17:25:05 +0000] "GET /wp-admin/css/colors/ HTTP/1.1" 200 1179 "binance.com" "Mozilla/5.0 (Windows NT 10.0; Win64; x64) AppleWebKit/537.36 (KHTML, like Gecko) Chrome/90.0.4430.85 Safari/537.36"
109.199.96.67 - - [26/Dec/2025:17:25:05 +0000] "GET /wp-admin/css/colors/blue/ HTTP/1.1" 200 684 "binance.com" "Mozilla/5.0 (Windows NT 10.0; Win64; x64) AppleWebKit/537.36 (KHTML, like Gecko) Chrome/90.0.4430.85 Safari/537.36"
109.199.96.67 - - [26/Dec/2025:17:25:14 +0000] "GET /wp-admin/images/ HTTP/1.1" 200 758 "binance.com" "Mozilla/5.0 (Windows NT 10.0; Win64; x64) AppleWebKit/537.36 (KHTML, like Gecko) Chrome/90.0.4430.85 Safari/537.36"
109.199.96.67 - - [26/Dec/2025:17:25:16 +0000] "GET /wp-includes/ HTTP/1.1" 200 1689 "binance.com" "Mozilla/5.0 (Windows NT 10.0; Win64; x64) AppleWebKit/537.36 (KHTML, like Gecko) Chrome/90.0.4430.85 Safari/537.36"
109.199.96.67 - - [26/Dec/2025:17:25:19 +0000] "GET /wp-includes/Text/Diff/ HTTP/1.1" 200 789 "binance.com" "Mozilla/5.0 (Windows NT 10.0; Win64; x64) AppleWebKit/537.36 (KHTML, like Gecko) Chrome/90.0.4430.85 Safari/537.36"
109.199.96.67 - - [26/Dec/2025:17:25:20 +0000] "GET /wp-includes/Text/Diff/Engine/ HTTP/1.1" 200 690 "binance.com" "Mozilla/5.0 (Windows NT 10.0; Win64; x64) AppleWebKit/537.36 (KHTML, like Gecko) Chrome/90.0.4430.85 Safari/537.36"
109.199.96.67 - - [26/Dec/2025:17:25:26 +0000] "GET /wp-includes/css/ HTTP/1.1" 200 757 "binance.com" "Mozilla/5.0 (Windows NT 10.0; Win64; x64) AppleWebKit/537.36 (KHTML, like Gecko) Chrome/90.0.4430.85 Safari/537.36"
109.199.96.67 - - [26/Dec/2025:17:25:33 +0000] "GET /wp-includes/images/smilies/ HTTP/1.1" 200 687 "binance.com" "Mozilla/5.0 (Windows NT 10.0; Win64; x64) AppleWebKit/537.36 (KHTML, like Gecko) Chrome/90.0.4430.85 Safari/537.36"
85.208.96.202 - - [26/Dec/2025:17:25:45 +0000] "GET /casosvbg/con_est_resumen_prg.php?r=88199169 HTTP/1.1" 404 1251 "-" "Mozilla/5.0 (compatible; SemrushBot/7~bl; +http://www.semrush.com/bot.html)"
185.191.171.4 - - [26/Dec/2025:17:26:25 +0000] "GET /casosvbg/con_est_resumen_gral.php?r=96732133 HTTP/1.1" 404 1251 "-" "Mozilla/5.0 (compatible; SemrushBot/7~bl; +http://www.semrush.com/bot.html)"
85.208.96.194 - - [26/Dec/2025:17:27:10 +0000] "GET /casosvbg/con_est_cruces_var.php?r=46224047 HTTP/1.1" 404 1251 "-" "Mozilla/5.0 (compatible; SemrushBot/7~bl; +http://www.semrush.com/bot.html)"
109.199.96.67 - - [26/Dec/2025:17:25:13 +0000] "GET /wp-admin/css/colors/sunrise/%20 HTTP/1.1" 404 1251 "binance.com" "Mozilla/5.0 (Windows NT 10.0; Win64; x64) AppleWebKit/537.36 (KHTML, like Gecko) Chrome/90.0.4430.85 Safari/537.36"
109.199.96.67 - - [26/Dec/2025:17:25:16 +0000] "GET /wp-includes/ID3/ HTTP/1.1" 200 765 "binance.com" "Mozilla/5.0 (Windows NT 10.0; Win64; x64) AppleWebKit/537.36 (KHTML, like Gecko) Chrome/90.0.4430.85 Safari/537.36"
109.199.96.67 - - [26/Dec/2025:17:25:17 +0000] "GET /wp-includes/IXR/ HTTP/1.1" 200 682 "binance.com" "Mozilla/5.0 (Windows NT 10.0; Win64; x64) AppleWebKit/537.36 (KHTML, like Gecko) Chrome/90.0.4430.85 Safari/537.36"
109.199.96.67 - - [26/Dec/2025:17:25:18 +0000] "GET /wp-includes/PHPMailer/ HTTP/1.1" 200 770 "binance.com" "Mozilla/5.0 (Windows NT 10.0; Win64; x64) AppleWebKit/537.36 (KHTML, like Gecko) Chrome/90.0.4430.85 Safari/537.36"
109.199.96.67 - - [26/Dec/2025:17:25:20 +0000] "GET /wp-includes/Text/Diff/Renderer/ HTTP/1.1" 200 691 "binance.com" "Mozilla/5.0 (Windows NT 10.0; Win64; x64) AppleWebKit/537.36 (KHTML, like Gecko) Chrome/90.0.4430.85 Safari/537.36"
109.199.96.67 - - [26/Dec/2025:17:25:27 +0000] "GET /wp-includes/css/dist/ HTTP/1.1" 200 1389 "binance.com" "Mozilla/5.0 (Windows NT 10.0; Win64; x64) AppleWebKit/537.36 (KHTML, like Gecko) Chrome/90.0.4430.85 Safari/537.36"
109.199.96.67 - - [26/Dec/2025:17:25:29 +0000] "GET /wp-includes/fonts/ HTTP/1.1" 200 682 "binance.com" "Mozilla/5.0 (Windows NT 10.0; Win64; x64) AppleWebKit/537.36 (KHTML, like Gecko) Chrome/90.0.4430.85 Safari/537.36"
109.199.96.67 - - [26/Dec/2025:17:25:31 +0000] "GET /wp-includes/images/crystal/ HTTP/1.1" 200 688 "binance.com" "Mozilla/5.0 (Windows NT 10.0; Win64; x64) AppleWebKit/537.36 (KHTML, like Gecko) Chrome/90.0.4430.85 Safari/537.36"
185.191.171.17 - - [26/Dec/2025:17:26:22 +0000] "GET /casosvbg/con_est_resumen_prg.php?r=36379987 HTTP/1.1" 404 1251 "-" "Mozilla/5.0 (compatible; SemrushBot/7~bl; +http://www.semrush.com/bot.html)"
85.208.96.209 - - [26/Dec/2025:17:26:35 +0000] "GET /casosvbg/con_est_cruces_var.php?r=79840711 HTTP/1.1" 404 1251 "-" "Mozilla/5.0 (compatible; SemrushBot/7~bl; +http://www.semrush.com/bot.html)"
85.208.96.202 - - [26/Dec/2025:17:26:38 +0000] "GET /casosvbg/con_est_cruces_varloc.php?r=95031361 HTTP/1.1" 404 1251 "-" "Mozilla/5.0 (compatible; SemrushBot/7~bl; +http://www.semrush.com/bot.html)"
85.208.96.204 - - [26/Dec/2025:17:27:18 +0000] "GET /casosvbg/con_est_resumen_prg.php?r=71345506 HTTP/1.1" 404 1251 "-" "Mozilla/5.0 (compatible; SemrushBot/7~bl; +http://www.semrush.com/bot.html)"
85.208.96.202 - - [26/Dec/2025:17:27:32 +0000] "GET /casosvbg/con_est_cruces_varloc.php?r=86290497 HTTP/1.1" 404 1251 "-" "Mozilla/5.0 (compatible; SemrushBot/7~bl; +http://www.semrush.com/bot.html)"
185.191.171.1 - - [26/Dec/2025:17:27:54 +0000] "GET /casosvbg/con_est_resumen_prg.php?r=39427904 HTTP/1.1" 404 1251 "-" "Mozilla/5.0 (compatible; SemrushBot/7~bl; +http://www.semrush.com/bot.html)"
85.208.96.202 - - [26/Dec/2025:17:28:05 +0000] "GET /casosvbg/con_est_resumen_prg.php?r=42571734 HTTP/1.1" 404 1251 "-" "Mozilla/5.0 (compatible; SemrushBot/7~bl; +http://www.semrush.com/bot.html)"
85.208.96.197 - - [26/Dec/2025:17:28:53 +0000] "GET /casosvbg/con_est_cruces_var.php?r=72671660 HTTP/1.1" 404 1251 "-" "Mozilla/5.0 (compatible; SemrushBot/7~bl; +http://www.semrush.com/bot.html)"
85.208.96.201 - - [26/Dec/2025:17:29:23 +0000] "GET /casosvbg/con_est_resumen_prg.php?r=66425785 HTTP/1.1" 404 1251 "-" "Mozilla/5.0 (compatible; SemrushBot/7~bl; +http://www.semrush.com/bot.html)"
85.208.96.208 - - [26/Dec/2025:17:30:25 +0000] "GET /casosvbg/con_est_cruces_var.php?r=41476671 HTTP/1.1" 404 1251 "-" "Mozilla/5.0 (compatible; SemrushBot/7~bl; +http://www.semrush.com/bot.html)"
185.191.171.11 - - [26/Dec/2025:17:30:42 +0000] "GET /casosvbg/con_est_cruces_varloc.php?r=17290928 HTTP/1.1" 404 1251 "-" "Mozilla/5.0 (compatible; SemrushBot/7~bl; +http://www.semrush.com/bot.html)"
109.199.96.67 - - [26/Dec/2025:17:25:39 +0000] "GET /.well-known/ HTTP/1.1" 200 786 "binance.com" "Mozilla/5.0 (Windows NT 10.0; Win64; x64) AppleWebKit/537.36 (KHTML, like Gecko) Chrome/90.0.4430.85 Safari/537.36"
85.208.96.209 - - [26/Dec/2025:17:25:52 +0000] "GET /casosvbg/con_est_cruces_varloc.php?r=7053021 HTTP/1.1" 404 1251 "-" "Mozilla/5.0 (compatible; SemrushBot/7~bl; +http://www.semrush.com/bot.html)"
185.191.171.8 - - [26/Dec/2025:17:25:57 +0000] "GET /casosvbg/con_est_cruces_var.php?r=43539028 HTTP/1.1" 404 1251 "-" "Mozilla/5.0 (compatible; SemrushBot/7~bl; +http://www.semrush.com/bot.html)"
185.191.171.10 - - [26/Dec/2025:17:25:59 +0000] "GET /casosvbg/con_est_cruces_varloc.php?r=93992666 HTTP/1.1" 404 1251 "-" "Mozilla/5.0 (compatible; SemrushBot/7~bl; +http://www.semrush.com/bot.html)"
185.191.171.1 - - [26/Dec/2025:17:26:32 +0000] "GET /casosvbg/con_est_resumen_prg.php?r=46723184 HTTP/1.1" 404 1251 "-" "Mozilla/5.0 (compatible; SemrushBot/7~bl; +http://www.semrush.com/bot.html)"
185.191.171.11 - - [26/Dec/2025:17:27:17 +0000] "GET /casosvbg/con_est_resumen_gral.php?r=4575833 HTTP/1.1" 404 1251 "-" "Mozilla/5.0 (compatible; SemrushBot/7~bl; +http://www.semrush.com/bot.html)"
85.208.96.210 - - [26/Dec/2025:17:27:18 +0000] "GET /casosvbg/con_est_cruces_var.php?r=14781200 HTTP/1.1" 404 1251 "-" "Mozilla/5.0 (compatible; SemrushBot/7~bl; +http://www.semrush.com/bot.html)"
85.208.96.201 - - [26/Dec/2025:17:27:38 +0000] "GET /casosvbg/con_est_cruces_varloc.php?r=83256069 HTTP/1.1" 404 1251 "-" "Mozilla/5.0 (compatible; SemrushBot/7~bl; +http://www.semrush.com/bot.html)"
85.208.96.199 - - [26/Dec/2025:17:27:42 +0000] "GET /casosvbg/con_est_resumen_prg.php?r=3602887 HTTP/1.1" 404 1251 "-" "Mozilla/5.0 (compatible; SemrushBot/7~bl; +http://www.semrush.com/bot.html)"
85.208.96.203 - - [26/Dec/2025:17:27:59 +0000] "GET /casosvbg/con_est_resumen_gral.php?r=30037216 HTTP/1.1" 404 1251 "-" "Mozilla/5.0 (compatible; SemrushBot/7~bl; +http://www.semrush.com/bot.html)"
85.208.96.199 - - [26/Dec/2025:17:28:00 +0000] "GET /casosvbg/con_est_resumen_prg.php?r=12528498 HTTP/1.1" 404 1251 "-" "Mozilla/5.0 (compatible; SemrushBot/7~bl; +http://www.semrush.com/bot.html)"
185.191.171.19 - - [26/Dec/2025:17:28:02 +0000] "GET /casosvbg/con_est_cruces_varloc.php?r=68198144 HTTP/1.1" 404 1251 "-" "Mozilla/5.0 (compatible; SemrushBot/7~bl; +http://www.semrush.com/bot.html)"
85.208.96.207 - - [26/Dec/2025:17:28:03 +0000] "GET /casosvbg/con_est_resumen_gral.php?r=51526908 HTTP/1.1" 404 1251 "-" "Mozilla/5.0 (compatible; SemrushBot/7~bl; +http://www.semrush.com/bot.html)"
85.208.96.202 - - [26/Dec/2025:17:28:50 +0000] "GET /casosvbg/con_est_cruces_var.php?r=7838387 HTTP/1.1" 404 1251 "-" "Mozilla/5.0 (compatible; SemrushBot/7~bl; +http://www.semrush.com/bot.html)"
185.191.171.6 - - [26/Dec/2025:17:29:03 +0000] "GET /casosvbg/con_est_resumen_gral.php?r=25454956 HTTP/1.1" 404 1251 "-" "Mozilla/5.0 (compatible; SemrushBot/7~bl; +http://www.semrush.com/bot.html)"
85.208.96.207 - - [26/Dec/2025:17:29:18 +0000] "GET /casosvbg/con_est_resumen_gral.php?r=14973734 HTTP/1.1" 404 1251 "-" "Mozilla/5.0 (compatible; SemrushBot/7~bl; +http://www.semrush.com/bot.html)"
85.208.96.205 - - [26/Dec/2025:17:30:11 +0000] "GET /casosvbg/con_est_resumen_gral.php?r=81435834 HTTP/1.1" 404 1251 "-" "Mozilla/5.0 (compatible; SemrushBot/7~bl; +http://www.semrush.com/bot.html)"
185.191.171.17 - - [26/Dec/2025:17:30:14 +0000] "GET /casosvbg/con_est_resumen_gral.php?r=1227306 HTTP/1.1" 404 1251 "-" "Mozilla/5.0 (compatible; SemrushBot/7~bl; +http://www.semrush.com/bot.html)"
85.208.96.205 - - [26/Dec/2025:17:30:40 +0000] "GET /casosvbg/con_est_resumen_gral.php?r=46510521 HTTP/1.1" 404 1251 "-" "Mozilla/5.0 (compatible; SemrushBot/7~bl; +http://www.semrush.com/bot.html)"
185.191.171.3 - - [26/Dec/2025:17:30:43 +0000] "GET /casosvbg/con_est_cruces_var.php?r=63144054 HTTP/1.1" 404 1251 "-" "Mozilla/5.0 (compatible; SemrushBot/7~bl; +http://www.semrush.com/bot.html)"
66.249.66.69 - - [26/Dec/2025:17:27:38 +0000] "GET /casosvbg/con_est_resumen_prg.php?r=43820 HTTP/1.1" 404 1251 "-" "Mozilla/5.0 (Linux; Android 6.0.1; Nexus 5X Build/MMB29P) AppleWebKit/537.36 (KHTML, like Gecko) Chrome/141.0.7390.122 Mobile Safari/537.36 (compatible; Googlebot/2.1; +http://www.google.com/bot.html)"
185.191.171.19 - - [26/Dec/2025:17:28:12 +0000] "GET /casosvbg/con_est_resumen_prg.php?r=43599884 HTTP/1.1" 404 1251 "-" "Mozilla/5.0 (compatible; SemrushBot/7~bl; +http://www.semrush.com/bot.html)"
185.191.171.11 - - [26/Dec/2025:17:28:15 +0000] "GET /casosvbg/con_est_cruces_var.php?r=27597213 HTTP/1.1" 404 1251 "-" "Mozilla/5.0 (compatible; SemrushBot/7~bl; +http://www.semrush.com/bot.html)"
185.191.171.6 - - [26/Dec/2025:17:28:27 +0000] "GET /casosvbg/con_est_resumen_prg.php?r=62701599 HTTP/1.1" 404 1251 "-" "Mozilla/5.0 (compatible; SemrushBot/7~bl; +http://www.semrush.com/bot.html)"
85.208.96.207 - - [26/Dec/2025:17:28:44 +0000] "GET /casosvbg/con_est_cruces_varloc.php?r=5903823 HTTP/1.1" 404 1251 "-" "Mozilla/5.0 (compatible; SemrushBot/7~bl; +http://www.semrush.com/bot.html)"
85.208.96.205 - - [26/Dec/2025:17:28:59 +0000] "GET /casosvbg/con_est_resumen_gral.php?r=18831364 HTTP/1.1" 404 1251 "-" "Mozilla/5.0 (compatible; SemrushBot/7~bl; +http://www.semrush.com/bot.html)"
85.208.96.207 - - [26/Dec/2025:17:29:18 +0000] "GET /casosvbg/con_est_cruces_varloc.php?r=74028517 HTTP/1.1" 404 1251 "-" "Mozilla/5.0 (compatible; SemrushBot/7~bl; +http://www.semrush.com/bot.html)"
185.191.171.19 - - [26/Dec/2025:17:30:23 +0000] "GET /casosvbg/con_est_resumen_gral.php?r=47564135 HTTP/1.1" 404 1251 "-" "Mozilla/5.0 (compatible; SemrushBot/7~bl; +http://www.semrush.com/bot.html)"
85.208.96.209 - - [26/Dec/2025:17:30:25 +0000] "GET /casosvbg/con_est_resumen_prg.php?r=44558672 HTTP/1.1" 404 1251 "-" "Mozilla/5.0 (compatible; SemrushBot/7~bl; +http://www.semrush.com/bot.html)"
85.208.96.209 - - [26/Dec/2025:17:31:21 +0000] "GET /casosvbg/con_est_cruces_var.php?r=90912628 HTTP/1.1" 404 1251 "-" "Mozilla/5.0 (compatible; SemrushBot/7~bl; +http://www.semrush.com/bot.html)"
85.208.96.203 - - [26/Dec/2025:17:31:34 +0000] "GET /casosvbg/con_est_cruces_var.php?r=63898024 HTTP/1.1" 404 1251 "-" "Mozilla/5.0 (compatible; SemrushBot/7~bl; +http://www.semrush.com/bot.html)"
85.208.96.208 - - [26/Dec/2025:17:31:58 +0000] "GET /casosvbg/con_est_cruces_var.php?r=64707362 HTTP/1.1" 404 1251 "-" "Mozilla/5.0 (compatible; SemrushBot/7~bl; +http://www.semrush.com/bot.html)"
185.191.171.14 - - [26/Dec/2025:17:32:16 +0000] "GET /casosvbg/con_est_resumen_prg.php?r=91903538 HTTP/1.1" 404 1251 "-" "Mozilla/5.0 (compatible; SemrushBot/7~bl; +http://www.semrush.com/bot.html)"
85.208.96.204 - - [26/Dec/2025:17:32:18 +0000] "GET /casosvbg/con_est_resumen_gral.php?r=17773754 HTTP/1.1" 404 1251 "-" "Mozilla/5.0 (compatible; SemrushBot/7~bl; +http://www.semrush.com/bot.html)"
85.208.96.204 - - [26/Dec/2025:17:32:19 +0000] "GET /casosvbg/con_est_cruces_var.php?r=73539895 HTTP/1.1" 404 1251 "-" "Mozilla/5.0 (compatible; SemrushBot/7~bl; +http://www.semrush.com/bot.html)"
85.208.96.204 - - [26/Dec/2025:17:33:03 +0000] "GET /casosvbg/con_est_cruces_var.php?r=91295677 HTTP/1.1" 404 1251 "-" "Mozilla/5.0 (compatible; SemrushBot/7~bl; +http://www.semrush.com/bot.html)"
85.208.96.197 - - [26/Dec/2025:17:33:34 +0000] "GET /casosvbg/con_est_resumen_gral.php?r=37732835 HTTP/1.1" 404 1251 "-" "Mozilla/5.0 (compatible; SemrushBot/7~bl; +http://www.semrush.com/bot.html)"
85.208.96.197 - - [26/Dec/2025:17:34:36 +0000] "GET /casosvbg/con_est_resumen_gral.php?r=49908221 HTTP/1.1" 404 1251 "-" "Mozilla/5.0 (compatible; SemrushBot/7~bl; +http://www.semrush.com/bot.html)"
85.208.96.206 - - [26/Dec/2025:17:34:48 +0000] "GET /casosvbg/con_est_cruces_var.php?r=446473 HTTP/1.1" 404 1251 "-" "Mozilla/5.0 (compatible; SemrushBot/7~bl; +http://www.semrush.com/bot.html)"
85.208.96.193 - - [26/Dec/2025:17:34:54 +0000] "GET /casosvbg/con_est_resumen_prg.php?r=51379183 HTTP/1.1" 404 1251 "-" "Mozilla/5.0 (compatible; SemrushBot/7~bl; +http://www.semrush.com/bot.html)"
185.191.171.14 - - [26/Dec/2025:17:30:43 +0000] "GET /casosvbg/con_est_resumen_prg.php?r=96491313 HTTP/1.1" 404 1251 "-" "Mozilla/5.0 (compatible; SemrushBot/7~bl; +http://www.semrush.com/bot.html)"
85.208.96.211 - - [26/Dec/2025:17:31:06 +0000] "GET /casosvbg/con_est_cruces_varloc.php?r=63573813 HTTP/1.1" 404 1251 "-" "Mozilla/5.0 (compatible; SemrushBot/7~bl; +http://www.semrush.com/bot.html)"
85.208.96.200 - - [26/Dec/2025:17:31:28 +0000] "GET /casosvbg/con_est_resumen_prg.php?r=35535238 HTTP/1.1" 404 1251 "-" "Mozilla/5.0 (compatible; SemrushBot/7~bl; +http://www.semrush.com/bot.html)"
85.208.96.209 - - [26/Dec/2025:17:31:48 +0000] "GET /casosvbg/con_est_resumen_gral.php?r=83094523 HTTP/1.1" 404 1251 "-" "Mozilla/5.0 (compatible; SemrushBot/7~bl; +http://www.semrush.com/bot.html)"
85.208.96.206 - - [26/Dec/2025:17:31:55 +0000] "GET /casosvbg/con_est_resumen_gral.php?r=62716892 HTTP/1.1" 404 1251 "-" "Mozilla/5.0 (compatible; SemrushBot/7~bl; +http://www.semrush.com/bot.html)"
185.191.171.8 - - [26/Dec/2025:17:32:15 +0000] "GET /casosvbg/con_est_cruces_var.php?r=43672262 HTTP/1.1" 404 1251 "-" "Mozilla/5.0 (compatible; SemrushBot/7~bl; +http://www.semrush.com/bot.html)"
85.208.96.204 - - [26/Dec/2025:17:32:17 +0000] "GET /casosvbg/con_est_resumen_prg.php?r=36724533 HTTP/1.1" 404 1251 "-" "Mozilla/5.0 (compatible; SemrushBot/7~bl; +http://www.semrush.com/bot.html)"
85.208.96.194 - - [26/Dec/2025:17:32:43 +0000] "GET /casosvbg/con_est_cruces_var.php?r=44439022 HTTP/1.1" 404 1251 "-" "Mozilla/5.0 (compatible; SemrushBot/7~bl; +http://www.semrush.com/bot.html)"
185.191.171.11 - - [26/Dec/2025:17:33:17 +0000] "GET /casosvbg/con_est_resumen_gral.php?r=30710519 HTTP/1.1" 404 1251 "-" "Mozilla/5.0 (compatible; SemrushBot/7~bl; +http://www.semrush.com/bot.html)"
85.208.96.204 - - [26/Dec/2025:17:34:01 +0000] "GET /casosvbg/con_est_resumen_gral.php?r=51828697 HTTP/1.1" 404 1251 "-" "Mozilla/5.0 (compatible; SemrushBot/7~bl; +http://www.semrush.com/bot.html)"
85.208.96.204 - - [26/Dec/2025:17:34:14 +0000] "GET /casosvbg/con_est_resumen_prg.php?r=75899439 HTTP/1.1" 404 1251 "-" "Mozilla/5.0 (compatible; SemrushBot/7~bl; +http://www.semrush.com/bot.html)"
85.208.96.204 - - [26/Dec/2025:17:34:48 +0000] "GET /casosvbg/con_est_cruces_var.php?r=63161563 HTTP/1.1" 404 1251 "-" "Mozilla/5.0 (compatible; SemrushBot/7~bl; +http://www.semrush.com/bot.html)"
85.208.96.198 - - [26/Dec/2025:17:35:35 +0000] "GET /casosvbg/con_est_resumen_gral.php?r=87572622 HTTP/1.1" 404 1251 "-" "Mozilla/5.0 (compatible; SemrushBot/7~bl; +http://www.semrush.com/bot.html)"
85.208.96.197 - - [26/Dec/2025:17:35:50 +0000] "GET /casosvbg/con_est_resumen_gral.php?r=89207221 HTTP/1.1" 404 1251 "-" "Mozilla/5.0 (compatible; SemrushBot/7~bl; +http://www.semrush.com/bot.html)"
185.191.171.19 - - [26/Dec/2025:17:35:54 +0000] "GET /casosvbg/con_est_resumen_gral.php?r=46195709 HTTP/1.1" 404 1251 "-" "Mozilla/5.0 (compatible; SemrushBot/7~bl; +http://www.semrush.com/bot.html)"
185.191.171.6 - - [26/Dec/2025:17:36:14 +0000] "GET /casosvbg/con_est_resumen_prg.php?r=16243940 HTTP/1.1" 404 1251 "-" "Mozilla/5.0 (compatible; SemrushBot/7~bl; +http://www.semrush.com/bot.html)"
