85.208.96.202 - - [26/Dec/2025:18:31:00 +0000] "GET /casosvbg/con_est_resumen_prg.php?r=6271019 HTTP/1.1" 404 1251 "-" "Mozilla/5.0 (compatible; SemrushBot/7~bl; +http://www.semrush.com/bot.html)"
85.208.96.195 - - [26/Dec/2025:18:31:06 +0000] "GET /casosvbg/con_est_resumen_gral.php?r=82235054 HTTP/1.1" 404 1251 "-" "Mozilla/5.0 (compatible; SemrushBot/7~bl; +http://www.semrush.com/bot.html)"
85.208.96.207 - - [26/Dec/2025:18:31:35 +0000] "GET /casosvbg/con_est_resumen_prg.php?r=53072916 HTTP/1.1" 404 1251 "-" "Mozilla/5.0 (compatible; SemrushBot/7~bl; +http://www.semrush.com/bot.html)"
85.208.96.196 - - [26/Dec/2025:18:32:32 +0000] "GET /casosvbg/con_est_cruces_var.php?r=11750924 HTTP/1.1" 404 1251 "-" "Mozilla/5.0 (compatible; SemrushBot/7~bl; +http://www.semrush.com/bot.html)"
85.208.96.206 - - [26/Dec/2025:18:33:00 +0000] "GET /casosvbg/con_est_cruces_var.php?r=5726280 HTTP/1.1" 404 1251 "-" "Mozilla/5.0 (compatible; SemrushBot/7~bl; +http://www.semrush.com/bot.html)"
85.208.96.201 - - [26/Dec/2025:18:33:59 +0000] "GET /casosvbg/con_est_resumen_gral.php?r=47551386 HTTP/1.1" 404 1251 "-" "Mozilla/5.0 (compatible; SemrushBot/7~bl; +http://www.semrush.com/bot.html)"
185.191.171.17 - - [26/Dec/2025:18:31:51 +0000] "GET /casosvbg/con_est_resumen_gral.php?r=60118594 HTTP/1.1" 404 1251 "-" "Mozilla/5.0 (compatible; SemrushBot/7~bl; +http://www.semrush.com/bot.html)"
185.191.171.4 - - [26/Dec/2025:18:32:31 +0000] "GET /casosvbg/con_est_cruces_varloc.php?r=6591203 HTTP/1.1" 404 1251 "-" "Mozilla/5.0 (compatible; SemrushBot/7~bl; +http://www.semrush.com/bot.html)"
85.208.96.202 - - [26/Dec/2025:18:32:50 +0000] "GET /casosvbg/con_est_cruces_var.php?r=52452837 HTTP/1.1" 404 1251 "-" "Mozilla/5.0 (compatible; SemrushBot/7~bl; +http://www.semrush.com/bot.html)"
85.208.96.204 - - [26/Dec/2025:18:33:17 +0000] "GET /casosvbg/con_est_cruces_var.php?r=19229540 HTTP/1.1" 404 1251 "-" "Mozilla/5.0 (compatible; SemrushBot/7~bl; +http://www.semrush.com/bot.html)"
85.208.96.195 - - [26/Dec/2025:18:33:25 +0000] "GET /casosvbg/con_est_cruces_var.php?r=96449775 HTTP/1.1" 404 1251 "-" "Mozilla/5.0 (compatible; SemrushBot/7~bl; +http://www.semrush.com/bot.html)"
185.191.171.1 - - [26/Dec/2025:18:33:37 +0000] "GET /casosvbg/con_est_resumen_gral.php?r=46947829 HTTP/1.1" 404 1251 "-" "Mozilla/5.0 (compatible; SemrushBot/7~bl; +http://www.semrush.com/bot.html)"
185.191.171.14 - - [26/Dec/2025:18:33:39 +0000] "GET /casosvbg/con_est_cruces_var.php?r=91232948 HTTP/1.1" 404 1251 "-" "Mozilla/5.0 (compatible; SemrushBot/7~bl; +http://www.semrush.com/bot.html)"
185.191.171.13 - - [26/Dec/2025:18:34:11 +0000] "GET /casosvbg/con_est_resumen_prg.php?r=15147108 HTTP/1.1" 404 1251 "-" "Mozilla/5.0 (compatible; SemrushBot/7~bl; +http://www.semrush.com/bot.html)"
185.191.171.11 - - [26/Dec/2025:18:34:30 +0000] "GET /casosvbg/con_est_resumen_gral.php?r=32152864 HTTP/1.1" 404 1251 "-" "Mozilla/5.0 (compatible; SemrushBot/7~bl; +http://www.semrush.com/bot.html)"
85.208.96.200 - - [26/Dec/2025:18:34:33 +0000] "GET /casosvbg/con_est_cruces_var.php?r=80381899 HTTP/1.1" 404 1251 "-" "Mozilla/5.0 (compatible; SemrushBot/7~bl; +http://www.semrush.com/bot.html)"
185.191.171.10 - - [26/Dec/2025:18:34:48 +0000] "GET /casosvbg/con_est_cruces_varloc.php?r=31736760 HTTP/1.1" 404 1251 "-" "Mozilla/5.0 (compatible; SemrushBot/7~bl; +http://www.semrush.com/bot.html)"
185.191.171.3 - - [26/Dec/2025:18:35:09 +0000] "GET /casosvbg/con_est_resumen_prg.php?r=89293769 HTTP/1.1" 404 1251 "-" "Mozilla/5.0 (compatible; SemrushBot/7~bl; +http://www.semrush.com/bot.html)"
85.208.96.195 - - [26/Dec/2025:18:35:17 +0000] "GET /casosvbg/con_est_resumen_prg.php?r=88210771 HTTP/1.1" 404 1251 "-" "Mozilla/5.0 (compatible; SemrushBot/7~bl; +http://www.semrush.com/bot.html)"
85.208.96.202 - - [26/Dec/2025:18:35:28 +0000] "GET /casosvbg/con_est_cruces_var.php?r=91728620 HTTP/1.1" 404 1251 "-" "Mozilla/5.0 (compatible; SemrushBot/7~bl; +http://www.semrush.com/bot.html)"
185.191.171.3 - - [26/Dec/2025:18:35:55 +0000] "GET /casosvbg/con_est_resumen_prg.php?r=60276505 HTTP/1.1" 404 1251 "-" "Mozilla/5.0 (compatible; SemrushBot/7~bl; +http://www.semrush.com/bot.html)"
85.208.96.194 - - [26/Dec/2025:18:36:40 +0000] "GET /casosvbg/con_est_resumen_gral.php?r=98676188 HTTP/1.1" 404 1251 "-" "Mozilla/5.0 (compatible; SemrushBot/7~bl; +http://www.semrush.com/bot.html)"
85.208.96.211 - - [26/Dec/2025:18:37:19 +0000] "GET /casosvbg/con_est_cruces_var.php?r=39268429 HTTP/1.1" 404 1251 "-" "Mozilla/5.0 (compatible; SemrushBot/7~bl; +http://www.semrush.com/bot.html)"
85.208.96.200 - - [26/Dec/2025:18:37:38 +0000] "GET /casosvbg/con_est_resumen_gral.php?r=69787967 HTTP/1.1" 404 1251 "-" "Mozilla/5.0 (compatible; SemrushBot/7~bl; +http://www.semrush.com/bot.html)"
185.191.171.8 - - [26/Dec/2025:18:37:43 +0000] "GET /casosvbg/con_est_resumen_gral.php?r=51903523 HTTP/1.1" 404 1251 "-" "Mozilla/5.0 (compatible; SemrushBot/7~bl; +http://www.semrush.com/bot.html)"
85.208.96.209 - - [26/Dec/2025:18:38:53 +0000] "GET /casosvbg/con_est_resumen_prg.php?r=53214270 HTTP/1.1" 404 1251 "-" "Mozilla/5.0 (compatible; SemrushBot/7~bl; +http://www.semrush.com/bot.html)"
85.208.96.200 - - [26/Dec/2025:18:34:18 +0000] "GET /casosvbg/con_est_resumen_prg.php?r=40237737 HTTP/1.1" 404 1251 "-" "Mozilla/5.0 (compatible; SemrushBot/7~bl; +http://www.semrush.com/bot.html)"
85.208.96.204 - - [26/Dec/2025:18:34:34 +0000] "GET /casosvbg/con_est_cruces_var.php?r=22888203 HTTP/1.1" 404 1251 "-" "Mozilla/5.0 (compatible; SemrushBot/7~bl; +http://www.semrush.com/bot.html)"
185.191.171.11 - - [26/Dec/2025:18:34:36 +0000] "GET /casosvbg/con_est_resumen_gral.php?r=79301029 HTTP/1.1" 404 1251 "-" "Mozilla/5.0 (compatible; SemrushBot/7~bl; +http://www.semrush.com/bot.html)"
185.191.171.15 - - [26/Dec/2025:18:34:38 +0000] "GET /casosvbg/con_est_cruces_var.php?r=8554893 HTTP/1.1" 404 1251 "-" "Mozilla/5.0 (compatible; SemrushBot/7~bl; +http://www.semrush.com/bot.html)"
85.208.96.202 - - [26/Dec/2025:18:34:54 +0000] "GET /casosvbg/con_est_cruces_var.php?r=68362353 HTTP/1.1" 404 1251 "-" "Mozilla/5.0 (compatible; SemrushBot/7~bl; +http://www.semrush.com/bot.html)"
85.208.96.210 - - [26/Dec/2025:18:35:25 +0000] "GET /casosvbg/con_est_resumen_gral.php?r=32316224 HTTP/1.1" 404 1251 "-" "Mozilla/5.0 (compatible; SemrushBot/7~bl; +http://www.semrush.com/bot.html)"
185.191.171.9 - - [26/Dec/2025:18:35:36 +0000] "GET /casosvbg/con_est_cruces_var.php?r=74827577 HTTP/1.1" 404 1251 "-" "Mozilla/5.0 (compatible; SemrushBot/7~bl; +http://www.semrush.com/bot.html)"
185.191.171.13 - - [26/Dec/2025:18:35:50 +0000] "GET /casosvbg/con_est_cruces_var.php?r=42103164 HTTP/1.1" 404 1251 "-" "Mozilla/5.0 (compatible; SemrushBot/7~bl; +http://www.semrush.com/bot.html)"
185.191.171.16 - - [26/Dec/2025:18:35:58 +0000] "GET /casosvbg/con_est_resumen_gral.php?r=11907766 HTTP/1.1" 404 1251 "-" "Mozilla/5.0 (compatible; SemrushBot/7~bl; +http://www.semrush.com/bot.html)"
185.191.171.9 - - [26/Dec/2025:18:35:59 +0000] "GET /casosvbg/con_est_resumen_prg.php?r=34682314 HTTP/1.1" 404 1251 "-" "Mozilla/5.0 (compatible; SemrushBot/7~bl; +http://www.semrush.com/bot.html)"
85.208.96.199 - - [26/Dec/2025:18:36:11 +0000] "GET /casosvbg/con_est_resumen_gral.php?r=9881690 HTTP/1.1" 404 1251 "-" "Mozilla/5.0 (compatible; SemrushBot/7~bl; +http://www.semrush.com/bot.html)"
185.191.171.15 - - [26/Dec/2025:18:36:41 +0000] "GET /casosvbg/con_est_resumen_prg.php?r=28586474 HTTP/1.1" 404 1251 "-" "Mozilla/5.0 (compatible; SemrushBot/7~bl; +http://www.semrush.com/bot.html)"
185.191.171.14 - - [26/Dec/2025:18:37:04 +0000] "GET /casosvbg/con_est_cruces_var.php?r=63185764 HTTP/1.1" 404 1251 "-" "Mozilla/5.0 (compatible; SemrushBot/7~bl; +http://www.semrush.com/bot.html)"
85.208.96.205 - - [26/Dec/2025:18:37:12 +0000] "GET /casosvbg/con_est_resumen_gral.php?r=24985351 HTTP/1.1" 404 1251 "-" "Mozilla/5.0 (compatible; SemrushBot/7~bl; +http://www.semrush.com/bot.html)"
185.191.171.10 - - [26/Dec/2025:18:37:32 +0000] "GET /casosvbg/con_est_resumen_gral.php?r=86562428 HTTP/1.1" 404 1251 "-" "Mozilla/5.0 (compatible; SemrushBot/7~bl; +http://www.semrush.com/bot.html)"
185.191.171.10 - - [26/Dec/2025:18:37:39 +0000] "GET /casosvbg/con_est_cruces_var.php?r=30487116 HTTP/1.1" 404 1251 "-" "Mozilla/5.0 (compatible; SemrushBot/7~bl; +http://www.semrush.com/bot.html)"
185.191.171.8 - - [26/Dec/2025:18:38:12 +0000] "GET /casosvbg/con_est_cruces_var.php?r=10931593 HTTP/1.1" 404 1251 "-" "Mozilla/5.0 (compatible; SemrushBot/7~bl; +http://www.semrush.com/bot.html)"
85.208.96.203 - - [26/Dec/2025:18:38:13 +0000] "GET /casosvbg/con_est_resumen_prg.php?r=36119928 HTTP/1.1" 404 1251 "-" "Mozilla/5.0 (compatible; SemrushBot/7~bl; +http://www.semrush.com/bot.html)"
85.208.96.211 - - [26/Dec/2025:18:38:43 +0000] "GET /casosvbg/con_est_resumen_prg.php?r=96045786 HTTP/1.1" 404 1251 "-" "Mozilla/5.0 (compatible; SemrushBot/7~bl; +http://www.semrush.com/bot.html)"
185.191.171.17 - - [26/Dec/2025:18:38:49 +0000] "GET /casosvbg/con_est_cruces_var.php?r=27899564 HTTP/1.1" 404 1251 "-" "Mozilla/5.0 (compatible; SemrushBot/7~bl; +http://www.semrush.com/bot.html)"
85.208.96.194 - - [26/Dec/2025:18:39:19 +0000] "GET /casosvbg/con_est_resumen_prg.php?r=53719515 HTTP/1.1" 404 1251 "-" "Mozilla/5.0 (compatible; SemrushBot/7~bl; +http://www.semrush.com/bot.html)"
185.191.171.7 - - [26/Dec/2025:18:39:29 +0000] "GET /casosvbg/con_est_resumen_prg.php?r=41653892 HTTP/1.1" 404 1251 "-" "Mozilla/5.0 (compatible; SemrushBot/7~bl; +http://www.semrush.com/bot.html)"
66.249.66.198 - - [26/Dec/2025:18:41:00 +0000] "GET /2019/vives-algun-tipo-de-violencia-de-genero-digital/feed/ HTTP/1.1" 404 1251 "-" "Mozilla/5.0 (Linux; Android 6.0.1; Nexus 5X Build/MMB29P) AppleWebKit/537.36 (KHTML, like Gecko) Chrome/141.0.7390.122 Mobile Safari/537.36 (compatible; Googlebot/2.1; +http://www.google.com/bot.html)"
43.153.15.51 - - [26/Dec/2025:18:41:52 +0000] "GET /casosvbg/ HTTP/1.1" 200 1247 "-" "Mozilla/5.0 (iPhone; CPU iPhone OS 13_2_3 like Mac OS X) AppleWebKit/605.1.15 (KHTML, like Gecko) Version/13.0.3 Mobile/15E148 Safari/604.1"
43.157.38.131 - - [26/Dec/2025:18:53:51 +0000] "GET /cgi-bin/ HTTP/1.1" 403 1242 "-" "Mozilla/5.0 (iPhone; CPU iPhone OS 13_2_3 like Mac OS X) AppleWebKit/605.1.15 (KHTML, like Gecko) Version/13.0.3 Mobile/15E148 Safari/604.1"
66.249.66.32 - - [26/Dec/2025:18:56:57 +0000] "GET /casosvbg/con_est_resumen_prg.php?r=133418 HTTP/1.1" 404 1251 "-" "Mozilla/5.0 (Linux; Android 6.0.1; Nexus 5X Build/MMB29P) AppleWebKit/537.36 (KHTML, like Gecko) Chrome/141.0.7390.122 Mobile Safari/537.36 (compatible; Googlebot/2.1; +http://www.google.com/bot.html)"
146.19.191.124 - - [26/Dec/2025:19:03:03 +0000] "GET /wp-blog.php HTTP/1.1" 404 1251 "-" "python-requests/2.32.5"
85.208.96.201 - - [26/Dec/2025:18:38:56 +0000] "GET /casosvbg/con_est_resumen_gral.php?r=40879203 HTTP/1.1" 404 1251 "-" "Mozilla/5.0 (compatible; SemrushBot/7~bl; +http://www.semrush.com/bot.html)"
43.157.52.37 - - [26/Dec/2025:19:05:24 +0000] "GET /wp-includes/ HTTP/1.1" 200 1693 "-" "Mozilla/5.0 (iPhone; CPU iPhone OS 13_2_3 like Mac OS X) AppleWebKit/605.1.15 (KHTML, like Gecko) Version/13.0.3 Mobile/15E148 Safari/604.1"
85.208.96.207 - - [26/Dec/2025:18:32:29 +0000] "GET /casosvbg/con_est_cruces_var.php?r=88337652 HTTP/1.1" 404 1251 "-" "Mozilla/5.0 (compatible; SemrushBot/7~bl; +http://www.semrush.com/bot.html)"
185.191.171.6 - - [26/Dec/2025:18:33:02 +0000] "GET /casosvbg/con_est_cruces_var.php?r=73342965 HTTP/1.1" 404 1251 "-" "Mozilla/5.0 (compatible; SemrushBot/7~bl; +http://www.semrush.com/bot.html)"
85.208.96.196 - - [26/Dec/2025:18:33:07 +0000] "GET /casosvbg/con_est_resumen_prg.php?r=15014168 HTTP/1.1" 404 1251 "-" "Mozilla/5.0 (compatible; SemrushBot/7~bl; +http://www.semrush.com/bot.html)"
85.208.96.212 - - [26/Dec/2025:18:34:09 +0000] "GET /casosvbg/con_est_resumen_gral.php?r=90753145 HTTP/1.1" 404 1251 "-" "Mozilla/5.0 (compatible; SemrushBot/7~bl; +http://www.semrush.com/bot.html)"
185.191.171.11 - - [26/Dec/2025:18:34:26 +0000] "GET /casosvbg/con_est_cruces_var.php?r=87996216 HTTP/1.1" 404 1251 "-" "Mozilla/5.0 (compatible; SemrushBot/7~bl; +http://www.semrush.com/bot.html)"
185.191.171.18 - - [26/Dec/2025:18:34:26 +0000] "GET /casosvbg/con_est_resumen_gral.php?r=3714925 HTTP/1.1" 404 1251 "-" "Mozilla/5.0 (compatible; SemrushBot/7~bl; +http://www.semrush.com/bot.html)"
185.191.171.14 - - [26/Dec/2025:18:35:04 +0000] "GET /casosvbg/con_est_resumen_prg.php?r=70802757 HTTP/1.1" 404 1251 "-" "Mozilla/5.0 (compatible; SemrushBot/7~bl; +http://www.semrush.com/bot.html)"
85.208.96.195 - - [26/Dec/2025:18:35:16 +0000] "GET /casosvbg/con_est_resumen_prg.php?r=78667989 HTTP/1.1" 404 1251 "-" "Mozilla/5.0 (compatible; SemrushBot/7~bl; +http://www.semrush.com/bot.html)"
85.208.96.208 - - [26/Dec/2025:18:35:19 +0000] "GET /casosvbg/con_est_cruces_var.php?r=5118937 HTTP/1.1" 404 1251 "-" "Mozilla/5.0 (compatible; SemrushBot/7~bl; +http://www.semrush.com/bot.html)"
85.208.96.206 - - [26/Dec/2025:18:36:34 +0000] "GET /casosvbg/con_est_resumen_gral.php?r=71989509 HTTP/1.1" 404 1251 "-" "Mozilla/5.0 (compatible; SemrushBot/7~bl; +http://www.semrush.com/bot.html)"
85.208.96.211 - - [26/Dec/2025:18:37:13 +0000] "GET /casosvbg/con_est_cruces_var.php?r=58861316 HTTP/1.1" 404 1251 "-" "Mozilla/5.0 (compatible; SemrushBot/7~bl; +http://www.semrush.com/bot.html)"
85.208.96.201 - - [26/Dec/2025:18:37:23 +0000] "GET /casosvbg/con_est_resumen_gral.php?r=60756285 HTTP/1.1" 404 1251 "-" "Mozilla/5.0 (compatible; SemrushBot/7~bl; +http://www.semrush.com/bot.html)"
85.208.96.203 - - [26/Dec/2025:18:37:43 +0000] "GET /casosvbg/con_est_cruces_var.php?r=54004368 HTTP/1.1" 404 1251 "-" "Mozilla/5.0 (compatible; SemrushBot/7~bl; +http://www.semrush.com/bot.html)"
45.138.16.99 - - [26/Dec/2025:19:07:13 +0000] "POST /ALFA_DATA/alfacgiapi/perl.alfa HTTP/1.1" 404 1251 "www.google.com" "Mozlila/5.0 (Linux; Android 7.0; SM-G892A Bulid/NRD90M; wv) AppleWebKit/537.36 (KHTML, like Gecko) Version/4.0 Chrome/60.0.3112.107 Moblie Safari/537.36"
45.138.16.99 - - [26/Dec/2025:19:07:13 +0000] "POST /alfacgiapi/perl.alfa HTTP/1.1" 404 1251 "www.google.com" "Mozlila/5.0 (Linux; Android 7.0; SM-G892A Bulid/NRD90M; wv) AppleWebKit/537.36 (KHTML, like Gecko) Version/4.0 Chrome/60.0.3112.107 Moblie Safari/537.36"
45.138.16.99 - - [26/Dec/2025:19:07:13 +0000] "GET / HTTP/1.1" 200 4615 "-" "Mozlila/5.0 (Linux; Android 7.0; SM-G892A Bulid/NRD90M; wv) AppleWebKit/537.36 (KHTML, like Gecko) Version/4.0 Chrome/60.0.3112.107 Moblie Safari/537.36"
45.138.16.99 - - [26/Dec/2025:19:07:13 +0000] "POST /wp-plain.php HTTP/1.1" 404 1251 "www.google.com" "Mozilla/5.0 (Linux; Android 7.0; SM-G892A Bulid/NRD90M; wv) AppleWebKit/537.36 (KHTML, like Gecko) Version/4.0 Chrome/60.0.3112.107 Moblie Safari/537.36"
45.138.16.99 - - [26/Dec/2025:19:07:13 +0000] "GET /wp-content/plugins/apikey/apikey.php?test=hello HTTP/1.1" 404 1251 "-" "Mozlila/5.0 (Linux; Android 7.0; SM-G892A Bulid/NRD90M; wv) AppleWebKit/537.36 (KHTML, like Gecko) Version/4.0 Chrome/60.0.3112.107 Moblie Safari/537.36"
45.138.16.99 - - [26/Dec/2025:19:07:13 +0000] "GET /plugins/content/apismtp/apismtp.php?test=hello HTTP/1.1" 404 1251 "-" "Mozlila/5.0 (Linux; Android 7.0; SM-G892A Bulid/NRD90M; wv) AppleWebKit/537.36 (KHTML, like Gecko) Version/4.0 Chrome/60.0.3112.107 Moblie Safari/537.36"
45.138.16.99 - - [26/Dec/2025:19:07:14 +0000] "GET /plugins/content/apismtp/apismtp.php.suspected?test=hello HTTP/1.1" 404 1251 "-" "Mozlila/5.0 (Linux; Android 7.0; SM-G892A Bulid/NRD90M; wv) AppleWebKit/537.36 (KHTML, like Gecko) Version/4.0 Chrome/60.0.3112.107 Moblie Safari/537.36"
45.138.16.99 - - [26/Dec/2025:19:07:13 +0000] "GET /wp-content/themes/seotheme/db.php?u HTTP/1.1" 404 1251 "www.google.com" "Mozlila/5.0 (Linux; Android 7.0; SM-G892A Bulid/NRD90M; wv) AppleWebKit/537.36 (KHTML, like Gecko) Version/4.0 Chrome/60.0.3112.107 Moblie Safari/537.36"
45.138.16.99 - - [26/Dec/2025:19:07:13 +0000] "GET /wp-content/plugins/fix/up.php HTTP/1.1" 404 1251 "-" "Mozilla/5.0 (Windows NT 10.0; Win64; x64) AppleWebKit/537.36 (KHTML, like Gecko) Chrome/85.0.4183.102 Safari/537.36"
45.138.16.99 - - [26/Dec/2025:19:07:13 +0000] "GET /zlvnpzro.php?Fox=d3wL7 HTTP/1.1" 404 1251 "www.google.com" "Mozilla/5.0 (Linux; Android 7.0; SM-G892A Bulid/NRD90M; wv) AppleWebKit/537.36 (KHTML, like Gecko) Version/4.0 Chrome/60.0.3112.107 Moblie Safari/537.36"
45.138.16.99 - - [26/Dec/2025:19:07:14 +0000] "GET /wp-content/plugins/apikey/apikey.php.suspected?test=hello HTTP/1.1" 404 1251 "-" "Mozlila/5.0 (Linux; Android 7.0; SM-G892A Bulid/NRD90M; wv) AppleWebKit/537.36 (KHTML, like Gecko) Version/4.0 Chrome/60.0.3112.107 Moblie Safari/537.36"
66.249.66.32 - - [26/Dec/2025:19:28:40 +0000] "GET /casosvbg/con_est_resumen_prg.php?r=157863 HTTP/1.1" 404 1251 "-" "Mozilla/5.0 (Linux; Android 6.0.1; Nexus 5X Build/MMB29P) AppleWebKit/537.36 (KHTML, like Gecko) Chrome/141.0.7390.122 Mobile Safari/537.36 (compatible; Googlebot/2.1; +http://www.google.com/bot.html)"
138.199.19.205 - - [26/Dec/2025:19:48:34 +0000] "GET /wp-content/uploads/ HTTP/1.1" 403 1242 "-" "-"
138.199.19.205 - - [26/Dec/2025:19:48:35 +0000] "GET /wp-includes/ HTTP/1.1" 403 1242 "-" "-"
138.199.19.205 - - [26/Dec/2025:19:48:35 +0000] "GET /wp-includes/css/ HTTP/1.1" 403 1242 "-" "-"
138.199.19.205 - - [26/Dec/2025:19:48:35 +0000] "GET /wp-includes/ID3/ HTTP/1.1" 403 1242 "-" "-"
138.199.19.205 - - [26/Dec/2025:19:48:35 +0000] "GET /wp-includes/IXR/ HTTP/1.1" 403 1242 "-" "-"
138.199.19.205 - - [26/Dec/2025:19:48:35 +0000] "GET /wp-includes/Requests/ HTTP/1.1" 403 1242 "-" "-"
138.199.19.205 - - [26/Dec/2025:19:48:35 +0000] "GET /wp-includes/SimplePie/ HTTP/1.1" 403 1242 "-" "-"
138.199.19.205 - - [26/Dec/2025:19:48:36 +0000] "GET /wp-includes/Text/ HTTP/1.1" 403 1242 "-" "-"
138.199.19.205 - - [26/Dec/2025:19:48:36 +0000] "GET /wp-content/mu-plugins-old/ HTTP/1.1" 404 1251 "-" "-"
138.199.19.205 - - [26/Dec/2025:19:48:36 +0000] "GET /wp-content/themes/classic/inc/ HTTP/1.1" 404 1251 "-" "-"
138.199.19.205 - - [26/Dec/2025:19:48:36 +0000] "GET /wp-content/plugins/ninja-forms/ HTTP/1.1" 404 1251 "-" "-"
138.199.19.205 - - [26/Dec/2025:19:48:36 +0000] "GET /wp-content/mu-plugins/ HTTP/1.1" 403 1242 "-" "-"
138.199.19.205 - - [26/Dec/2025:19:48:36 +0000] "GET /wp-includes/Text/Diff/Renderer/ HTTP/1.1" 403 1242 "-" "-"
138.199.19.205 - - [26/Dec/2025:19:48:37 +0000] "GET /wp-includes/blocks/ HTTP/1.1" 403 1242 "-" "-"
138.199.19.205 - - [26/Dec/2025:19:48:37 +0000] "GET /wp-includes/certificates/ HTTP/1.1" 403 1242 "-" "-"
138.199.19.205 - - [26/Dec/2025:19:48:37 +0000] "GET /wp-includes/customize/ HTTP/1.1" 403 1242 "-" "-"
138.199.19.205 - - [26/Dec/2025:19:48:37 +0000] "GET /wp-includes/fonts/ HTTP/1.1" 403 1242 "-" "-"
138.199.19.205 - - [26/Dec/2025:19:48:37 +0000] "GET /wp-includes/images/ HTTP/1.1" 403 1242 "-" "-"
138.199.19.205 - - [26/Dec/2025:19:48:37 +0000] "GET /.well-known/ HTTP/1.1" 403 1242 "-" "-"
138.199.19.205 - - [26/Dec/2025:19:48:38 +0000] "GET /ALFA_DATA/ HTTP/1.1" 404 1251 "-" "-"
138.199.19.205 - - [26/Dec/2025:19:48:38 +0000] "GET /.well-knownold/ HTTP/1.1" 404 1251 "-" "-"
138.199.19.205 - - [26/Dec/2025:19:48:38 +0000] "GET /.well-known/acme-challenge/ HTTP/1.1" 403 1242 "-" "-"
138.199.19.205 - - [26/Dec/2025:19:48:38 +0000] "GET /cgi-bin/ HTTP/1.1" 403 1242 "-" "-"
138.199.19.205 - - [26/Dec/2025:19:48:38 +0000] "GET /index/ HTTP/1.1" 404 1251 "-" "-"
138.199.19.205 - - [26/Dec/2025:19:48:38 +0000] "GET /id/ HTTP/1.1" 404 1251 "-" "-"
138.199.19.205 - - [26/Dec/2025:19:48:39 +0000] "GET /www/ HTTP/1.1" 404 1251 "-" "-"
138.199.19.205 - - [26/Dec/2025:19:48:39 +0000] "GET /web/ HTTP/1.1" 404 1251 "-" "-"
138.199.19.205 - - [26/Dec/2025:19:48:39 +0000] "GET /uploads/ HTTP/1.1" 404 1251 "-" "-"
138.199.19.205 - - [26/Dec/2025:19:48:39 +0000] "GET /upload/ HTTP/1.1" 404 1251 "-" "-"
138.199.19.205 - - [26/Dec/2025:19:48:39 +0000] "GET /admin/uploads/ HTTP/1.1" 404 1251 "-" "-"
138.199.19.205 - - [26/Dec/2025:19:48:39 +0000] "GET /Admin/uploads/ HTTP/1.1" 404 1251 "-" "-"
138.199.19.205 - - [26/Dec/2025:19:48:39 +0000] "GET /admin/ HTTP/1.1" 404 1251 "-" "-"
138.199.19.205 - - [26/Dec/2025:19:48:40 +0000] "GET /images/ HTTP/1.1" 404 1251 "-" "-"
138.199.19.205 - - [26/Dec/2025:19:48:40 +0000] "GET /assets/ HTTP/1.1" 404 1251 "-" "-"
138.199.19.205 - - [26/Dec/2025:19:48:40 +0000] "GET /vendor/phpunit/phpunit/src/Util/PHP/ HTTP/1.1" 404 1251 "-" "-"
138.199.19.205 - - [26/Dec/2025:19:48:40 +0000] "GET /upload/image/ HTTP/1.1" 404 1251 "-" "-"
138.199.19.205 - - [26/Dec/2025:19:48:40 +0000] "GET /assets/images/ HTTP/1.1" 404 1251 "-" "-"
138.199.19.205 - - [26/Dec/2025:19:48:40 +0000] "GET /Public/ HTTP/1.1" 404 1251 "-" "-"
138.199.19.205 - - [26/Dec/2025:19:48:41 +0000] "GET /vendor/ HTTP/1.1" 404 1251 "-" "-"
138.199.19.205 - - [26/Dec/2025:19:48:41 +0000] "GET /local/ HTTP/1.1" 404 1251 "-" "-"
138.199.19.205 - - [26/Dec/2025:19:48:41 +0000] "GET /modules/ HTTP/1.1" 404 1251 "-" "-"
138.199.19.205 - - [26/Dec/2025:19:48:41 +0000] "GET /Site/ HTTP/1.1" 404 1251 "-" "-"
138.199.19.205 - - [26/Dec/2025:19:48:41 +0000] "GET /system/ HTTP/1.1" 404 1251 "-" "-"
138.199.19.205 - - [26/Dec/2025:19:48:41 +0000] "GET /template/ HTTP/1.1" 404 1251 "-" "-"
138.199.19.205 - - [26/Dec/2025:19:48:42 +0000] "GET /shop/ HTTP/1.1" 404 1251 "-" "-"
138.199.19.205 - - [26/Dec/2025:19:48:42 +0000] "GET /files/ HTTP/1.1" 404 1251 "-" "-"
138.199.19.205 - - [26/Dec/2025:19:48:42 +0000] "GET /admin/editor/ HTTP/1.1" 404 1251 "-" "-"
138.199.19.205 - - [26/Dec/2025:19:48:42 +0000] "GET /include/ HTTP/1.1" 404 1251 "-" "-"
138.199.19.205 - - [26/Dec/2025:19:48:42 +0000] "GET /Assets/ HTTP/1.1" 404 1251 "-" "-"
138.199.19.205 - - [26/Dec/2025:19:48:42 +0000] "GET /images/stories/ HTTP/1.1" 404 1251 "-" "-"
138.199.19.205 - - [26/Dec/2025:19:48:42 +0000] "GET /plugins/ HTTP/1.1" 404 1251 "-" "-"
138.199.19.205 - - [26/Dec/2025:19:48:43 +0000] "GET /php/ HTTP/1.1" 404 1251 "-" "-"
138.199.19.205 - - [26/Dec/2025:19:48:43 +0000] "GET /wp-admin/css/ HTTP/1.1" 403 1242 "-" "-"
138.199.19.205 - - [26/Dec/2025:19:48:43 +0000] "GET /wp-content/themes/twentytwenty/ HTTP/1.1" 403 1242 "-" "-"
138.199.19.205 - - [26/Dec/2025:19:48:43 +0000] "GET /wp-content/cache/ HTTP/1.1" 404 1251 "-" "-"
138.199.19.205 - - [26/Dec/2025:19:48:43 +0000] "GET /wp-admin/maint/ HTTP/1.1" 403 1242 "-" "-"
138.199.19.205 - - [26/Dec/2025:19:48:43 +0000] "GET /wp-content/plugins/akismet/ HTTP/1.1" 403 1242 "-" "-"
138.199.19.205 - - [26/Dec/2025:19:48:44 +0000] "GET /wp-includes/assets/ HTTP/1.1" 403 1242 "-" "-"
138.199.19.205 - - [26/Dec/2025:19:48:44 +0000] "GET /wp-includes/block-patterns/ HTTP/1.1" 403 1242 "-" "-"
138.199.19.205 - - [26/Dec/2025:19:48:44 +0000] "GET /wp-includes/block-supports/ HTTP/1.1" 403 1242 "-" "-"
138.199.19.205 - - [26/Dec/2025:19:48:44 +0000] "GET /wp-includes/html-api/ HTTP/1.1" 403 1242 "-" "-"
138.199.19.205 - - [26/Dec/2025:19:48:44 +0000] "GET /wp-includes/js/ HTTP/1.1" 403 1242 "-" "-"
138.199.19.205 - - [26/Dec/2025:19:48:44 +0000] "GET /wp-includes/php-compat/ HTTP/1.1" 403 1242 "-" "-"
138.199.19.205 - - [26/Dec/2025:19:48:45 +0000] "GET /wp-includes/PHPMailer/ HTTP/1.1" 403 1242 "-" "-"
138.199.19.205 - - [26/Dec/2025:19:48:45 +0000] "GET /wp-includes/pomo/ HTTP/1.1" 403 1242 "-" "-"
138.199.19.205 - - [26/Dec/2025:19:48:45 +0000] "GET /wp-includes/random_compat/ HTTP/1.1" 404 1251 "-" "-"
138.199.19.205 - - [26/Dec/2025:19:48:45 +0000] "GET /wp-includes/rest-api/ HTTP/1.1" 403 1242 "-" "-"
138.199.19.205 - - [26/Dec/2025:19:48:45 +0000] "GET /wp-includes/sitemaps/ HTTP/1.1" 403 1242 "-" "-"
138.199.19.205 - - [26/Dec/2025:19:48:45 +0000] "GET /wp-includes/sodium_compat/ HTTP/1.1" 403 1242 "-" "-"
138.199.19.205 - - [26/Dec/2025:19:48:46 +0000] "GET /wp-includes/style-engine/ HTTP/1.1" 403 1242 "-" "-"
138.199.19.205 - - [26/Dec/2025:19:48:46 +0000] "GET /wp-includes/theme-compat/ HTTP/1.1" 403 1242 "-" "-"
138.199.19.205 - - [26/Dec/2025:19:48:46 +0000] "GET /wp-includes/widgets/ HTTP/1.1" 403 1242 "-" "-"
138.199.19.205 - - [26/Dec/2025:19:48:46 +0000] "GET /wp-admin/css/colors/ectoplasm/ HTTP/1.1" 403 1242 "-" "-"
138.199.19.205 - - [26/Dec/2025:19:48:46 +0000] "GET /wp-admin/css/colors/ HTTP/1.1" 403 1242 "-" "-"
138.199.19.205 - - [26/Dec/2025:19:48:46 +0000] "GET /admin/images/slider/ HTTP/1.1" 404 1251 "-" "-"
138.199.19.205 - - [26/Dec/2025:19:48:46 +0000] "GET /admin/fckeditor/editor/filemanager/ HTTP/1.1" 404 1251 "-" "-"
138.199.19.205 - - [26/Dec/2025:19:48:47 +0000] "GET /sites/default/files/ HTTP/1.1" 404 1251 "-" "-"
138.199.19.205 - - [26/Dec/2025:19:48:47 +0000] "GET /admin/controller/extension/extension/ HTTP/1.1" 404 1251 "-" "-"
43.173.1.69 - - [26/Dec/2025:19:31:47 +0000] "GET /casosvbg/cgi-bin/ HTTP/1.1" 200 683 "-" "Mozilla/5.0 (iPhone; CPU iPhone OS 13_2_3 like Mac OS X) AppleWebKit/605.1.15 (KHTML, like Gecko) Version/13.0.3 Mobile/15E148 Safari/604.1"
43.165.135.242 - - [26/Dec/2025:19:50:29 +0000] "GET /casosvbg/date/ HTTP/1.1" 200 681 "-" "Mozilla/5.0 (iPhone; CPU iPhone OS 13_2_3 like Mac OS X) AppleWebKit/605.1.15 (KHTML, like Gecko) Version/13.0.3 Mobile/15E148 Safari/604.1"
167.172.79.16 - - [26/Dec/2025:19:57:26 +0000] "GET /api/index.php/v1/config/application?public=true HTTP/1.1" 404 1251 "-" "python-requests/2.25.1"
43.130.57.46 - - [26/Dec/2025:20:01:44 +0000] "GET /wp-includes/IXR/ HTTP/1.1" 200 685 "-" "Mozilla/5.0 (iPhone; CPU iPhone OS 13_2_3 like Mac OS X) AppleWebKit/605.1.15 (KHTML, like Gecko) Version/13.0.3 Mobile/15E148 Safari/604.1"
138.199.19.205 - - [26/Dec/2025:19:48:47 +0000] "GET /modules/mod_simplefileuploadv1.3/elements/ HTTP/1.1" 404 1251 "-" "-"
138.199.19.205 - - [26/Dec/2025:19:48:47 +0000] "GET /components/ HTTP/1.1" 404 1251 "-" "-"
138.199.19.205 - - [26/Dec/2025:19:48:47 +0000] "GET /admin/uploads/images/ HTTP/1.1" 404 1251 "-" "-"
138.199.19.205 - - [26/Dec/2025:19:48:47 +0000] "GET /wp-content/plugins/classic-editor/ HTTP/1.1" 404 1251 "-" "-"
138.199.19.205 - - [26/Dec/2025:19:48:48 +0000] "GET /wp-content/fonts/ HTTP/1.1" 404 1251 "-" "-"
138.199.19.205 - - [26/Dec/2025:19:48:48 +0000] "GET /wp-content/plugins/contact-form-7/admin/js/ HTTP/1.1" 404 1251 "-" "-"
138.199.19.205 - - [26/Dec/2025:19:48:48 +0000] "GET /wp-content/plugins/contact-form-7/ HTTP/1.1" 403 1242 "-" "-"
138.199.19.205 - - [26/Dec/2025:19:48:48 +0000] "GET /wordpress/ HTTP/1.1" 404 1251 "-" "-"
138.199.19.205 - - [26/Dec/2025:19:48:48 +0000] "GET /wp-admin/images/ HTTP/1.1" 403 1242 "-" "-"
138.199.19.205 - - [26/Dec/2025:19:48:48 +0000] "GET /wp-content/plugins/wordpress-seo/js/dist/ HTTP/1.1" 404 1251 "-" "-"
138.199.19.205 - - [26/Dec/2025:19:48:49 +0000] "GET /wp-content/plugins/wordpress-seo/ HTTP/1.1" 404 1251 "-" "-"
138.199.19.205 - - [26/Dec/2025:19:48:49 +0000] "GET /js/ HTTP/1.1" 404 1251 "-" "-"
138.199.19.205 - - [26/Dec/2025:19:48:49 +0000] "GET /wp-content/plugins/woocommerce/assets/js/ HTTP/1.1" 404 1251 "-" "-"
138.199.19.205 - - [26/Dec/2025:19:48:49 +0000] "GET /wp-content/plugins/woocommerce/ HTTP/1.1" 404 1251 "-" "-"
138.199.19.205 - - [26/Dec/2025:19:48:49 +0000] "GET /wp-admin/meta/ HTTP/1.1" 404 1251 "-" "-"
138.199.19.205 - - [26/Dec/2025:19:48:49 +0000] "GET /wp-admin/network/ HTTP/1.1" 403 1242 "-" "-"
138.199.19.205 - - [26/Dec/2025:19:48:50 +0000] "GET /wp-admin/user/ HTTP/1.1" 403 1242 "-" "-"
138.199.19.205 - - [26/Dec/2025:19:48:50 +0000] "GET /wp-content/ HTTP/1.1" 403 1242 "-" "-"
138.199.19.205 - - [26/Dec/2025:19:48:50 +0000] "GET /wp-content/plugins/ HTTP/1.1" 403 1242 "-" "-"
138.199.19.205 - - [26/Dec/2025:19:48:50 +0000] "GET /wp-content/themes/ HTTP/1.1" 403 1242 "-" "-"
138.199.19.205 - - [26/Dec/2025:19:48:50 +0000] "GET /wp-admin/includes/ HTTP/1.1" 403 1242 "-" "-"
138.199.19.205 - - [26/Dec/2025:19:48:50 +0000] "GET /wp-admin/ HTTP/1.1" 403 1242 "-" "-"
138.199.19.205 - - [26/Dec/2025:19:48:51 +0000] "GET /wp-content/upgrade/ HTTP/1.1" 403 1242 "-" "-"
43.153.48.240 - - [26/Dec/2025:19:54:24 +0000] "GET /wp-includes/images/ HTTP/1.1" 200 805 "-" "Mozilla/5.0 (iPhone; CPU iPhone OS 13_2_3 like Mac OS X) AppleWebKit/605.1.15 (KHTML, like Gecko) Version/13.0.3 Mobile/15E148 Safari/604.1"
66.249.66.161 - - [26/Dec/2025:19:56:51 +0000] "GET /2020/clemencia-y-la-violencia-economica/ HTTP/1.1" 404 1251 "-" "Mozilla/5.0 (Linux; Android 6.0.1; Nexus 5X Build/MMB29P) AppleWebKit/537.36 (KHTML, like Gecko) Chrome/141.0.7390.122 Mobile Safari/537.36 (compatible; Googlebot/2.1; +http://www.google.com/bot.html)"
66.249.66.69 - - [26/Dec/2025:19:57:20 +0000] "GET /casosvbg/con_est_resumen_prg.php?r=173810 HTTP/1.1" 404 1251 "-" "Mozilla/5.0 (Linux; Android 6.0.1; Nexus 5X Build/MMB29P) AppleWebKit/537.36 (KHTML, like Gecko) Chrome/141.0.7390.122 Mobile Safari/537.36 (compatible; Googlebot/2.1; +http://www.google.com/bot.html)"
43.155.27.244 - - [26/Dec/2025:19:10:38 +0000] "GET /casosvbg/mapas_svg/ HTTP/1.1" 200 686 "-" "Mozilla/5.0 (iPhone; CPU iPhone OS 13_2_3 like Mac OS X) AppleWebKit/605.1.15 (KHTML, like Gecko) Version/13.0.3 Mobile/15E148 Safari/604.1"
43.130.57.46 - - [26/Dec/2025:19:23:27 +0000] "GET /casosvbg/?MA HTTP/1.1" 200 1247 "-" "Mozilla/5.0 (iPhone; CPU iPhone OS 13_2_3 like Mac OS X) AppleWebKit/605.1.15 (KHTML, like Gecko) Version/13.0.3 Mobile/15E148 Safari/604.1"
185.39.19.43 - - [26/Dec/2025:19:51:03 +0000] "GET / HTTP/1.0" 200 4615 "http://noestassola.com.co/" "Mozilla/5.0 (Windows NT 10.0; Win64; x64) AppleWebKit/537.36 (KHTML, like Gecko) Chrome/130.0.0.0 Safari/537.36 CCleaner/130.0.0.0"
195.24.236.147 - - [26/Dec/2025:19:51:39 +0000] "GET / HTTP/1.1" 403 1242 "-" "-"
195.24.236.147 - - [26/Dec/2025:19:51:39 +0000] "GET / HTTP/1.1" 403 1242 "-" "-"
144.76.32.117 - - [26/Dec/2025:20:03:04 +0000] "GET /casosvbg/con_est_cruces_var.php?r=934228939 HTTP/1.1" 404 1251 "-" "Mozilla/5.0 (compatible; SERankingBacklinksBot/1.0; +https://seranking.com/backlinks-crawler)"
185.191.171.17 - - [26/Dec/2025:20:20:57 +0000] "GET /casosvbg/con_est_resumen_gral.php?r=11057924 HTTP/1.1" 404 1251 "-" "Mozilla/5.0 (compatible; SemrushBot/7~bl; +http://www.semrush.com/bot.html)"
185.191.171.6 - - [26/Dec/2025:20:22:51 +0000] "GET /casosvbg/con_est_cruces_var.php?r=25103931 HTTP/1.1" 404 1251 "-" "Mozilla/5.0 (compatible; SemrushBot/7~bl; +http://www.semrush.com/bot.html)"
43.130.139.177 - - [26/Dec/2025:20:32:35 +0000] "GET /casosvbg/cgi-bin/?SA HTTP/1.1" 200 687 "-" "Mozilla/5.0 (iPhone; CPU iPhone OS 13_2_3 like Mac OS X) AppleWebKit/605.1.15 (KHTML, like Gecko) Version/13.0.3 Mobile/15E148 Safari/604.1"
85.208.96.195 - - [26/Dec/2025:20:35:07 +0000] "GET /casosvbg/con_est_resumen_gral.php?r=39127382 HTTP/1.1" 404 1251 "-" "Mozilla/5.0 (compatible; SemrushBot/7~bl; +http://www.semrush.com/bot.html)"
85.208.96.202 - - [26/Dec/2025:20:39:04 +0000] "GET /casosvbg/con_est_resumen_gral.php?r=4688396 HTTP/1.1" 404 1251 "-" "Mozilla/5.0 (compatible; SemrushBot/7~bl; +http://www.semrush.com/bot.html)"
185.191.171.13 - - [26/Dec/2025:20:41:38 +0000] "GET /casosvbg/con_est_resumen_prg.php?r=26477320 HTTP/1.1" 404 1251 "-" "Mozilla/5.0 (compatible; SemrushBot/7~bl; +http://www.semrush.com/bot.html)"
185.191.171.12 - - [26/Dec/2025:20:45:06 +0000] "GET /casosvbg/con_est_cruces_var.php?r=85610016 HTTP/1.1" 404 1251 "-" "Mozilla/5.0 (compatible; SemrushBot/7~bl; +http://www.semrush.com/bot.html)"
43.130.53.252 - - [26/Dec/2025:20:52:15 +0000] "GET /casosvbg/date/?ND HTTP/1.1" 200 680 "-" "Mozilla/5.0 (iPhone; CPU iPhone OS 13_2_3 like Mac OS X) AppleWebKit/605.1.15 (KHTML, like Gecko) Version/13.0.3 Mobile/15E148 Safari/604.1"
85.208.96.202 - - [26/Dec/2025:21:04:51 +0000] "GET /casosvbg/con_est_resumen_gral.php?r=89440520 HTTP/1.1" 404 1251 "-" "Mozilla/5.0 (compatible; SemrushBot/7~bl; +http://www.semrush.com/bot.html)"
85.208.96.196 - - [26/Dec/2025:21:13:54 +0000] "GET /casosvbg/con_est_cruces_varloc.php?r=8343696 HTTP/1.1" 404 1251 "-" "Mozilla/5.0 (compatible; SemrushBot/7~bl; +http://www.semrush.com/bot.html)"
104.210.140.136 - - [26/Dec/2025:21:15:10 +0000] "GET /robots.txt HTTP/1.1" 404 1251 "-" "Mozilla/5.0 (Macintosh; Intel Mac OS X 10_15_7) AppleWebKit/537.36 (KHTML, like Gecko) Chrome/131.0.0.0 Safari/537.36; compatible; OAI-SearchBot/1.0; +https://openai.com/searchbot"
70.32.77.121 - - [26/Dec/2025:21:22:17 +0000] "GET /.env.example HTTP/1.1" 404 1251 "-" "Mozilla/5.0 (Windows NT 10.0; Win64; x64; rv:58.0) Gecko/20100101 Firefox/58.0"
70.32.77.121 - - [26/Dec/2025:21:22:18 +0000] "GET /docs/.env HTTP/1.1" 404 1251 "-" "Mozilla/5.0 (Windows NT 10.0; Win64; x64; rv:58.0) Gecko/20100101 Firefox/58.0"
70.32.77.121 - - [26/Dec/2025:21:22:18 +0000] "GET /_profiler/phpinfo HTTP/1.1" 404 1251 "-" "Mozilla/5.0 (Windows NT 10.0; Win64; x64; rv:58.0) Gecko/20100101 Firefox/58.0"
70.32.77.121 - - [26/Dec/2025:21:22:19 +0000] "GET /config.xml HTTP/1.1" 404 1251 "-" "Mozilla/5.0 (Windows NT 10.0; Win64; x64; rv:58.0) Gecko/20100101 Firefox/58.0"
70.32.77.121 - - [26/Dec/2025:21:22:20 +0000] "GET /config.ini HTTP/1.1" 404 1251 "-" "Mozilla/5.0 (Windows NT 10.0; Win64; x64; rv:58.0) Gecko/20100101 Firefox/58.0"
70.32.77.121 - - [26/Dec/2025:21:22:20 +0000] "GET /config.properties HTTP/1.1" 404 1251 "-" "Mozilla/5.0 (Windows NT 10.0; Win64; x64; rv:58.0) Gecko/20100101 Firefox/58.0"
70.32.77.121 - - [26/Dec/2025:21:22:20 +0000] "GET /settings.json HTTP/1.1" 404 1251 "-" "Mozilla/5.0 (Windows NT 10.0; Win64; x64; rv:58.0) Gecko/20100101 Firefox/58.0"
70.32.77.121 - - [26/Dec/2025:21:22:21 +0000] "GET /settings.yaml HTTP/1.1" 404 1251 "-" "Mozilla/5.0 (Windows NT 10.0; Win64; x64; rv:58.0) Gecko/20100101 Firefox/58.0"
70.32.77.121 - - [26/Dec/2025:21:22:21 +0000] "GET /settings.xml HTTP/1.1" 404 1251 "-" "Mozilla/5.0 (Windows NT 10.0; Win64; x64; rv:58.0) Gecko/20100101 Firefox/58.0"
85.208.96.197 - - [26/Dec/2025:20:05:44 +0000] "GET /robots.txt HTTP/1.1" 404 1251 "-" "Mozilla/5.0 (compatible; SemrushBot/7~bl; +http://www.semrush.com/bot.html)"
85.208.96.199 - - [26/Dec/2025:20:05:44 +0000] "GET /casosvbg/con_est_resumen_gral.php?r=79283347 HTTP/1.1" 404 1251 "-" "Mozilla/5.0 (compatible; SemrushBot/7~bl; +http://www.semrush.com/bot.html)"
185.191.171.7 - - [26/Dec/2025:20:14:17 +0000] "GET /casosvbg/con_est_cruces_var.php?r=82291196 HTTP/1.1" 404 1251 "-" "Mozilla/5.0 (compatible; SemrushBot/7~bl; +http://www.semrush.com/bot.html)"
66.249.66.192 - - [26/Dec/2025:20:27:39 +0000] "GET /casosvbg/con_est_resumen_prg.php?r=221506 HTTP/1.1" 404 1251 "-" "Mozilla/5.0 (Linux; Android 6.0.1; Nexus 5X Build/MMB29P) AppleWebKit/537.36 (KHTML, like Gecko) Chrome/141.0.7390.122 Mobile Safari/537.36 (compatible; Googlebot/2.1; +http://www.google.com/bot.html)"
85.208.96.212 - - [26/Dec/2025:20:31:11 +0000] "GET /casosvbg/con_est_resumen_gral.php?r=8346460 HTTP/1.1" 404 1251 "-" "Mozilla/5.0 (compatible; SemrushBot/7~bl; +http://www.semrush.com/bot.html)"
185.191.171.11 - - [26/Dec/2025:20:46:43 +0000] "GET /casosvbg/con_est_resumen_prg.php?r=2990937 HTTP/1.1" 404 1251 "-" "Mozilla/5.0 (compatible; SemrushBot/7~bl; +http://www.semrush.com/bot.html)"
66.249.66.6 - - [26/Dec/2025:21:01:56 +0000] "GET /casosvbg/con_est_resumen_prg.php?r=341489 HTTP/1.1" 404 1251 "-" "Mozilla/5.0 (Linux; Android 6.0.1; Nexus 5X Build/MMB29P) AppleWebKit/537.36 (KHTML, like Gecko) Chrome/141.0.7390.122 Mobile Safari/537.36 (compatible; Googlebot/2.1; +http://www.google.com/bot.html)"
43.153.79.218 - - [26/Dec/2025:21:02:31 +0000] "GET /wp-includes/IXR/?SA HTTP/1.1" 200 688 "-" "Mozilla/5.0 (iPhone; CPU iPhone OS 13_2_3 like Mac OS X) AppleWebKit/605.1.15 (KHTML, like Gecko) Version/13.0.3 Mobile/15E148 Safari/604.1"
85.208.96.202 - - [26/Dec/2025:21:06:19 +0000] "GET /robots.txt HTTP/1.1" 404 1251 "-" "Mozilla/5.0 (compatible; SemrushBot/7~bl; +http://www.semrush.com/bot.html)"
85.208.96.211 - - [26/Dec/2025:21:07:00 +0000] "GET /casosvbg/con_est_resumen_gral.php?r=97140298 HTTP/1.1" 404 1251 "-" "Mozilla/5.0 (compatible; SemrushBot/7~bl; +http://www.semrush.com/bot.html)"
185.191.171.18 - - [26/Dec/2025:21:10:14 +0000] "GET /casosvbg/con_est_cruces_var.php?r=45101788 HTTP/1.1" 404 1251 "-" "Mozilla/5.0 (compatible; SemrushBot/7~bl; +http://www.semrush.com/bot.html)"
113.183.164.114 - - [26/Dec/2025:21:20:03 +0000] "GET http://noestassola.com.co/casosvbg/con_est_resumen_prg.php?r=1688421091 HTTP/1.1" 404 1251 "-" "Mozilla/5.0 (Macintosh; Intel Mac OS X 10_15_7) AppleWebKit/537.36 (KHTML, like Gecko) Chrome/122.0.0.0 Safari/537.36"
70.32.77.121 - - [26/Dec/2025:21:22:17 +0000] "GET /api/.env HTTP/1.1" 404 1251 "-" "Mozilla/5.0 (Windows NT 10.0; Win64; x64; rv:58.0) Gecko/20100101 Firefox/58.0"
70.32.77.121 - - [26/Dec/2025:21:22:19 +0000] "GET /config.yaml HTTP/1.1" 404 1251 "-" "Mozilla/5.0 (Windows NT 10.0; Win64; x64; rv:58.0) Gecko/20100101 Firefox/58.0"
70.32.77.121 - - [26/Dec/2025:21:22:19 +0000] "GET /config.yml HTTP/1.1" 404 1251 "-" "Mozilla/5.0 (Windows NT 10.0; Win64; x64; rv:58.0) Gecko/20100101 Firefox/58.0"
70.32.77.121 - - [26/Dec/2025:21:22:21 +0000] "GET /settings.yml HTTP/1.1" 404 1251 "-" "Mozilla/5.0 (Windows NT 10.0; Win64; x64; rv:58.0) Gecko/20100101 Firefox/58.0"
70.32.77.121 - - [26/Dec/2025:21:22:22 +0000] "GET /settings.ini HTTP/1.1" 404 1251 "-" "Mozilla/5.0 (Windows NT 10.0; Win64; x64; rv:58.0) Gecko/20100101 Firefox/58.0"
85.208.96.197 - - [26/Dec/2025:21:22:31 +0000] "GET /casosvbg/con_est_cruces_var.php?r=98723236 HTTP/1.1" 404 1251 "-" "Mozilla/5.0 (compatible; SemrushBot/7~bl; +http://www.semrush.com/bot.html)"
54.39.203.214 - - [26/Dec/2025:21:23:38 +0000] "GET /casosvbg/con_est_cruces_var.php?r=2104936325 HTTP/1.1" 404 1251 "-" "Mozilla/5.0 (compatible; AhrefsBot/7.0; +http://ahrefs.com/robot/)"
85.208.96.210 - - [26/Dec/2025:21:27:10 +0000] "GET /casosvbg/con_est_resumen_prg.php?r=30657335 HTTP/1.1" 404 1251 "-" "Mozilla/5.0 (compatible; SemrushBot/7~bl; +http://www.semrush.com/bot.html)"
185.191.171.9 - - [26/Dec/2025:20:09:51 +0000] "GET /casosvbg/con_est_cruces_var.php?r=92398342 HTTP/1.1" 404 1251 "-" "Mozilla/5.0 (compatible; SemrushBot/7~bl; +http://www.semrush.com/bot.html)"
85.208.96.199 - - [26/Dec/2025:20:16:40 +0000] "GET /casosvbg/con_est_resumen_gral.php?r=45267211 HTTP/1.1" 404 1251 "-" "Mozilla/5.0 (compatible; SemrushBot/7~bl; +http://www.semrush.com/bot.html)"
85.208.96.200 - - [26/Dec/2025:20:19:01 +0000] "GET /casosvbg/con_est_resumen_prg.php?r=67129672 HTTP/1.1" 404 1251 "-" "Mozilla/5.0 (compatible; SemrushBot/7~bl; +http://www.semrush.com/bot.html)"
43.166.7.113 - - [26/Dec/2025:20:23:01 +0000] "GET /casosvbg/soft/ HTTP/1.1" 200 768 "-" "Mozilla/5.0 (iPhone; CPU iPhone OS 13_2_3 like Mac OS X) AppleWebKit/605.1.15 (KHTML, like Gecko) Version/13.0.3 Mobile/15E148 Safari/604.1"
85.208.96.199 - - [26/Dec/2025:20:26:42 +0000] "GET /casosvbg/con_est_resumen_gral.php?r=73405854 HTTP/1.1" 404 1251 "-" "Mozilla/5.0 (compatible; SemrushBot/7~bl; +http://www.semrush.com/bot.html)"
43.135.182.43 - - [26/Dec/2025:20:38:20 +0000] "GET /casosvbg/date/?MA HTTP/1.1" 200 683 "-" "Mozilla/5.0 (iPhone; CPU iPhone OS 13_2_3 like Mac OS X) AppleWebKit/605.1.15 (KHTML, like Gecko) Version/13.0.3 Mobile/15E148 Safari/604.1"
85.208.96.203 - - [26/Dec/2025:20:51:05 +0000] "GET /casosvbg/con_est_resumen_gral.php?r=61697873 HTTP/1.1" 404 1251 "-" "Mozilla/5.0 (compatible; SemrushBot/7~bl; +http://www.semrush.com/bot.html)"
85.208.96.206 - - [26/Dec/2025:20:56:01 +0000] "GET /casosvbg/con_est_resumen_gral.php?r=90857676 HTTP/1.1" 404 1251 "-" "Mozilla/5.0 (compatible; SemrushBot/7~bl; +http://www.semrush.com/bot.html)"
85.208.96.193 - - [26/Dec/2025:20:59:38 +0000] "GET /casosvbg/con_est_resumen_prg.php?r=88812562 HTTP/1.1" 404 1251 "-" "Mozilla/5.0 (compatible; SemrushBot/7~bl; +http://www.semrush.com/bot.html)"
85.208.96.209 - - [26/Dec/2025:21:00:33 +0000] "GET /casosvbg/con_est_resumen_gral.php?r=82217889 HTTP/1.1" 404 1251 "-" "Mozilla/5.0 (compatible; SemrushBot/7~bl; +http://www.semrush.com/bot.html)"
185.191.171.14 - - [26/Dec/2025:21:06:20 +0000] "GET /casosvbg/con_est_cruces_var.php?r=15177781 HTTP/1.1" 404 1251 "-" "Mozilla/5.0 (compatible; SemrushBot/7~bl; +http://www.semrush.com/bot.html)"
85.208.96.203 - - [26/Dec/2025:21:08:35 +0000] "GET /casosvbg/con_est_resumen_gral.php?r=4228903 HTTP/1.1" 404 1251 "-" "Mozilla/5.0 (compatible; SemrushBot/7~bl; +http://www.semrush.com/bot.html)"
85.208.96.206 - - [26/Dec/2025:21:13:20 +0000] "GET /casosvbg/con_est_resumen_gral.php?r=95701895 HTTP/1.1" 404 1251 "-" "Mozilla/5.0 (compatible; SemrushBot/7~bl; +http://www.semrush.com/bot.html)"
185.191.171.6 - - [26/Dec/2025:21:21:44 +0000] "GET /casosvbg/con_est_cruces_var.php?r=84931202 HTTP/1.1" 404 1251 "-" "Mozilla/5.0 (compatible; SemrushBot/7~bl; +http://www.semrush.com/bot.html)"
70.32.77.121 - - [26/Dec/2025:21:22:16 +0000] "GET /.env HTTP/1.1" 404 1251 "-" "Mozilla/5.0 (Windows NT 10.0; Win64; x64; rv:58.0) Gecko/20100101 Firefox/58.0"
70.32.77.121 - - [26/Dec/2025:21:22:17 +0000] "GET /blog/.env HTTP/1.1" 404 1251 "-" "Mozilla/5.0 (Windows NT 10.0; Win64; x64; rv:58.0) Gecko/20100101 Firefox/58.0"
70.32.77.121 - - [26/Dec/2025:21:22:17 +0000] "GET /laravel/.env HTTP/1.1" 404 1251 "-" "Mozilla/5.0 (Windows NT 10.0; Win64; x64; rv:58.0) Gecko/20100101 Firefox/58.0"
70.32.77.121 - - [26/Dec/2025:21:22:18 +0000] "GET /config.json HTTP/1.1" 404 1251 "-" "Mozilla/5.0 (Windows NT 10.0; Win64; x64; rv:58.0) Gecko/20100101 Firefox/58.0"
70.32.77.121 - - [26/Dec/2025:21:22:22 +0000] "GET /settings.properties HTTP/1.1" 404 1251 "-" "Mozilla/5.0 (Windows NT 10.0; Win64; x64; rv:58.0) Gecko/20100101 Firefox/58.0"
51.222.168.126 - - [26/Dec/2025:21:25:53 +0000] "GET /casosvbg/con_est_resumen_prg.php?r=2139499463 HTTP/1.1" 404 1251 "-" "Mozilla/5.0 (compatible; AhrefsBot/7.0; +http://ahrefs.com/robot/)"
51.161.65.182 - - [26/Dec/2025:21:27:03 +0000] "GET /casosvbg/con_est_resumen_gral.php?r=1696354922 HTTP/1.1" 404 1251 "-" "Mozilla/5.0 (compatible; AhrefsBot/7.0; +http://ahrefs.com/robot/)"
85.208.96.203 - - [26/Dec/2025:21:27:23 +0000] "GET /casosvbg/con_est_cruces_var.php?r=5786878 HTTP/1.1" 404 1251 "-" "Mozilla/5.0 (compatible; SemrushBot/7~bl; +http://www.semrush.com/bot.html)"
15.235.96.97 - - [26/Dec/2025:21:28:09 +0000] "GET /casosvbg/con_est_resumen_gral.php?r=1730493546 HTTP/1.1" 404 1251 "-" "Mozilla/5.0 (compatible; AhrefsBot/7.0; +http://ahrefs.com/robot/)"
66.249.66.32 - - [26/Dec/2025:21:28:56 +0000] "GET /casosvbg/con_est_resumen_prg.php?r=426983 HTTP/1.1" 404 1251 "-" "Mozilla/5.0 (Linux; Android 6.0.1; Nexus 5X Build/MMB29P) AppleWebKit/537.36 (KHTML, like Gecko) Chrome/141.0.7390.122 Mobile Safari/537.36 (compatible; Googlebot/2.1; +http://www.google.com/bot.html)"
66.249.66.1 - - [26/Dec/2025:21:31:15 +0000] "GET /wp-content/uploads/2020/07/PUERTO-LEGUI%CC%81ZAMO.jpg HTTP/1.1" 404 1251 "-" "Googlebot-Image/1.0"
51.222.168.52 - - [26/Dec/2025:21:32:37 +0000] "GET /casosvbg/con_est_cruces_var.php?r=537620260 HTTP/1.1" 404 1251 "-" "Mozilla/5.0 (compatible; AhrefsBot/7.0; +http://ahrefs.com/robot/)"
66.249.66.160 - - [26/Dec/2025:21:36:01 +0000] "GET /wp-content/uploads/2020/07/VILLAGARZO%CC%81N.jpg HTTP/1.1" 404 1251 "-" "Googlebot-Image/1.0"
142.44.233.170 - - [26/Dec/2025:21:38:09 +0000] "GET /casosvbg/con_est_cruces_var.php?r=597966057 HTTP/1.1" 404 1251 "-" "Mozilla/5.0 (compatible; AhrefsBot/7.0; +http://ahrefs.com/robot/)"
85.208.96.210 - - [26/Dec/2025:21:38:37 +0000] "GET /casosvbg/con_est_resumen_prg.php?r=43133200 HTTP/1.1" 404 1251 "-" "Mozilla/5.0 (compatible; SemrushBot/7~bl; +http://www.semrush.com/bot.html)"
54.39.6.216 - - [26/Dec/2025:21:39:13 +0000] "GET /casosvbg/con_est_resumen_prg.php?r=492081839 HTTP/1.1" 404 1251 "-" "Mozilla/5.0 (compatible; AhrefsBot/7.0; +http://ahrefs.com/robot/)"
15.235.96.187 - - [26/Dec/2025:21:40:55 +0000] "GET /casosvbg/con_est_resumen_gral.php?r=947422323 HTTP/1.1" 404 1251 "-" "Mozilla/5.0 (compatible; AhrefsBot/7.0; +http://ahrefs.com/robot/)"
142.44.220.40 - - [26/Dec/2025:21:41:47 +0000] "GET /casosvbg/con_est_cruces_var.php?r=272057706 HTTP/1.1" 404 1251 "-" "Mozilla/5.0 (compatible; AhrefsBot/7.0; +http://ahrefs.com/robot/)"
54.39.89.7 - - [26/Dec/2025:21:42:06 +0000] "GET /casosvbg/con_est_resumen_prg.php?r=518317589 HTTP/1.1" 404 1251 "-" "Mozilla/5.0 (compatible; AhrefsBot/7.0; +http://ahrefs.com/robot/)"
142.44.225.150 - - [26/Dec/2025:21:43:24 +0000] "GET /casosvbg/con_est_resumen_prg.php?r=604583949 HTTP/1.1" 404 1251 "-" "Mozilla/5.0 (compatible; AhrefsBot/7.0; +http://ahrefs.com/robot/)"
51.222.168.174 - - [26/Dec/2025:21:43:43 +0000] "GET /casosvbg/con_est_cruces_var.php?r=1854550899 HTTP/1.1" 404 1251 "-" "Mozilla/5.0 (compatible; AhrefsBot/7.0; +http://ahrefs.com/robot/)"
142.44.228.63 - - [26/Dec/2025:21:44:22 +0000] "GET /casosvbg/con_est_resumen_prg.php?r=1082118997 HTTP/1.1" 404 1251 "-" "Mozilla/5.0 (compatible; AhrefsBot/7.0; +http://ahrefs.com/robot/)"
85.208.96.197 - - [26/Dec/2025:21:45:28 +0000] "GET /casosvbg/con_est_resumen_gral.php?r=44904360 HTTP/1.1" 404 1251 "-" "Mozilla/5.0 (compatible; SemrushBot/7~bl; +http://www.semrush.com/bot.html)"
142.44.220.161 - - [26/Dec/2025:21:45:41 +0000] "GET /casosvbg/con_est_cruces_var.php?r=119096202 HTTP/1.1" 404 1251 "-" "Mozilla/5.0 (compatible; AhrefsBot/7.0; +http://ahrefs.com/robot/)"
15.235.98.65 - - [26/Dec/2025:21:46:40 +0000] "GET /casosvbg/con_est_cruces_var.php?r=1180243004 HTTP/1.1" 404 1251 "-" "Mozilla/5.0 (compatible; AhrefsBot/7.0; +http://ahrefs.com/robot/)"
51.222.168.79 - - [26/Dec/2025:21:47:46 +0000] "GET /robots.txt HTTP/1.1" 404 1251 "-" "Mozilla/5.0 (compatible; AhrefsBot/7.0; +http://ahrefs.com/robot/)"
202.8.42.17 - - [26/Dec/2025:21:47:50 +0000] "GET /_autoindex/assets/css/autoindex.css HTTP/1.1" 200 1287 "http://www.noestassola.com.co/" "Mozilla/5.0 (compatible; AhrefsBot/7.0; +http://ahrefs.com/robot/)"
85.208.96.206 - - [26/Dec/2025:21:48:21 +0000] "GET /casosvbg/con_est_cruces_var.php?r=26575957 HTTP/1.1" 404 1251 "-" "Mozilla/5.0 (compatible; SemrushBot/7~bl; +http://www.semrush.com/bot.html)"
142.44.220.8 - - [26/Dec/2025:21:23:34 +0000] "GET /robots.txt HTTP/1.1" 404 1251 "-" "Mozilla/5.0 (compatible; AhrefsBot/7.0; +http://ahrefs.com/robot/)"
85.208.96.195 - - [26/Dec/2025:21:26:17 +0000] "GET /casosvbg/con_est_resumen_prg.php?r=22197574 HTTP/1.1" 404 1251 "-" "Mozilla/5.0 (compatible; SemrushBot/7~bl; +http://www.semrush.com/bot.html)"
167.114.139.28 - - [26/Dec/2025:21:31:31 +0000] "GET /casosvbg/con_est_cruces_var.php?r=776384445 HTTP/1.1" 404 1251 "-" "Mozilla/5.0 (compatible; AhrefsBot/7.0; +http://ahrefs.com/robot/)"
66.249.66.2 - - [26/Dec/2025:21:34:08 +0000] "GET /wp-content/uploads/2020/07/COLO%CC%81N.jpg HTTP/1.1" 404 1251 "-" "Googlebot-Image/1.0"
185.191.171.16 - - [26/Dec/2025:21:34:10 +0000] "GET /casosvbg/con_est_resumen_gral.php?r=49532977 HTTP/1.1" 404 1251 "-" "Mozilla/5.0 (compatible; SemrushBot/7~bl; +http://www.semrush.com/bot.html)"
85.208.96.196 - - [26/Dec/2025:21:34:43 +0000] "GET /casosvbg/con_est_resumen_prg.php?r=69419378 HTTP/1.1" 404 1251 "-" "Mozilla/5.0 (compatible; SemrushBot/7~bl; +http://www.semrush.com/bot.html)"
15.235.27.122 - - [26/Dec/2025:21:34:49 +0000] "GET /casosvbg/con_est_cruces_var.php?r=1127220857 HTTP/1.1" 404 1251 "-" "Mozilla/5.0 (compatible; AhrefsBot/7.0; +http://ahrefs.com/robot/)"
15.235.27.65 - - [26/Dec/2025:21:37:06 +0000] "GET /casosvbg/con_est_cruces_var.php?r=77870032 HTTP/1.1" 404 1251 "-" "Mozilla/5.0 (compatible; AhrefsBot/7.0; +http://ahrefs.com/robot/)"
167.114.139.171 - - [26/Dec/2025:21:39:50 +0000] "GET /casosvbg/con_est_cruces_var.php?r=428474730 HTTP/1.1" 404 1251 "-" "Mozilla/5.0 (compatible; AhrefsBot/7.0; +http://ahrefs.com/robot/)"
15.235.98.175 - - [26/Dec/2025:21:40:23 +0000] "GET /casosvbg/con_est_cruces_var.php?r=1072318982 HTTP/1.1" 404 1251 "-" "Mozilla/5.0 (compatible; AhrefsBot/7.0; +http://ahrefs.com/robot/)"
51.161.37.94 - - [26/Dec/2025:21:42:20 +0000] "GET /casosvbg/con_est_cruces_var.php?r=906792907 HTTP/1.1" 404 1251 "-" "Mozilla/5.0 (compatible; AhrefsBot/7.0; +http://ahrefs.com/robot/)"
54.39.6.182 - - [26/Dec/2025:21:42:39 +0000] "GET /casosvbg/con_est_resumen_gral.php?r=1309752315 HTTP/1.1" 404 1251 "-" "Mozilla/5.0 (compatible; AhrefsBot/7.0; +http://ahrefs.com/robot/)"
142.44.220.89 - - [26/Dec/2025:21:43:11 +0000] "GET /casosvbg/con_est_resumen_gral.php?r=338403191 HTTP/1.1" 404 1251 "-" "Mozilla/5.0 (compatible; AhrefsBot/7.0; +http://ahrefs.com/robot/)"
85.208.96.208 - - [26/Dec/2025:21:43:19 +0000] "GET /casosvbg/con_est_resumen_gral.php?r=84869026 HTTP/1.1" 404 1251 "-" "Mozilla/5.0 (compatible; SemrushBot/7~bl; +http://www.semrush.com/bot.html)"
54.39.0.3 - - [26/Dec/2025:21:44:02 +0000] "GET /casosvbg/con_est_resumen_gral.php?r=1128944629 HTTP/1.1" 404 1251 "-" "Mozilla/5.0 (compatible; AhrefsBot/7.0; +http://ahrefs.com/robot/)"
148.113.130.235 - - [26/Dec/2025:21:44:43 +0000] "GET /casosvbg/con_est_cruces_var.php?r=1081269255 HTTP/1.1" 404 1251 "-" "Mozilla/5.0 (compatible; AhrefsBot/7.0; +http://ahrefs.com/robot/)"
54.39.136.92 - - [26/Dec/2025:21:46:00 +0000] "GET /casosvbg/con_est_cruces_var.php?r=1124198076 HTTP/1.1" 404 1251 "-" "Mozilla/5.0 (compatible; AhrefsBot/7.0; +http://ahrefs.com/robot/)"
54.39.210.134 - - [26/Dec/2025:21:46:18 +0000] "GET /casosvbg/con_est_cruces_var.php?r=1586829586 HTTP/1.1" 404 1251 "-" "Mozilla/5.0 (compatible; AhrefsBot/7.0; +http://ahrefs.com/robot/)"
15.235.96.113 - - [26/Dec/2025:21:47:49 +0000] "GET / HTTP/1.1" 200 1236 "-" "Mozilla/5.0 (compatible; AhrefsBot/7.0; +http://ahrefs.com/robot/)"
202.8.43.234 - - [26/Dec/2025:21:47:50 +0000] "GET /robots.txt HTTP/1.1" 404 1251 "-" "Mozilla/5.0 (compatible; AhrefsBot/7.0; +http://ahrefs.com/robot/)"
202.8.42.17 - - [26/Dec/2025:21:47:50 +0000] "GET /_autoindex/assets/js/tablesort.js HTTP/1.1" 200 2300 "http://www.noestassola.com.co/" "Mozilla/5.0 (compatible; AhrefsBot/7.0; +http://ahrefs.com/robot/)"
