147.135.252.148 - - [27/Dec/2025:05:09:26 +0000] "GET /wp-includes/blocks/comment-author-name/ HTTP/1.1" 200 559 "-" "Mozilla/5.0 (compatible; MJ12bot/v1.4.8; http://mj12bot.com/)"
147.135.252.148 - - [27/Dec/2025:05:09:28 +0000] "GET /wp-includes/blocks/comment-content/ HTTP/1.1" 200 555 "-" "Mozilla/5.0 (compatible; MJ12bot/v1.4.8; http://mj12bot.com/)"
147.135.252.148 - - [27/Dec/2025:05:09:30 +0000] "GET /wp-includes/blocks/comment-date/ HTTP/1.1" 200 555 "-" "Mozilla/5.0 (compatible; MJ12bot/v1.4.8; http://mj12bot.com/)"
147.135.252.148 - - [27/Dec/2025:05:09:33 +0000] "GET /wp-includes/blocks/comment-edit-link/ HTTP/1.1" 200 559 "-" "Mozilla/5.0 (compatible; MJ12bot/v1.4.8; http://mj12bot.com/)"
185.191.171.3 - - [27/Dec/2025:05:09:35 +0000] "GET /casosvbg/con_est_cruces_varloc.php?r=22489610 HTTP/1.1" 404 1251 "-" "Mozilla/5.0 (compatible; SemrushBot/7~bl; +http://www.semrush.com/bot.html)"
147.135.252.148 - - [27/Dec/2025:05:09:35 +0000] "GET /wp-includes/blocks/comment-reply-link/ HTTP/1.1" 200 560 "-" "Mozilla/5.0 (compatible; MJ12bot/v1.4.8; http://mj12bot.com/)"
147.135.252.148 - - [27/Dec/2025:05:09:36 +0000] "GET /wp-includes/blocks/comment-template/ HTTP/1.1" 200 558 "-" "Mozilla/5.0 (compatible; MJ12bot/v1.4.8; http://mj12bot.com/)"
147.135.252.148 - - [27/Dec/2025:05:09:38 +0000] "GET /wp-includes/blocks/comments/ HTTP/1.1" 200 552 "-" "Mozilla/5.0 (compatible; MJ12bot/v1.4.8; http://mj12bot.com/)"
147.135.252.148 - - [27/Dec/2025:05:09:40 +0000] "GET /wp-includes/blocks/comments-pagination/ HTTP/1.1" 200 558 "-" "Mozilla/5.0 (compatible; MJ12bot/v1.4.8; http://mj12bot.com/)"
147.135.252.148 - - [27/Dec/2025:05:09:42 +0000] "GET /wp-includes/blocks/comments-pagination-next/ HTTP/1.1" 200 564 "-" "Mozilla/5.0 (compatible; MJ12bot/v1.4.8; http://mj12bot.com/)"
147.135.252.148 - - [27/Dec/2025:05:09:43 +0000] "GET /wp-includes/blocks/comments-pagination-numbers/ HTTP/1.1" 200 562 "-" "Mozilla/5.0 (compatible; MJ12bot/v1.4.8; http://mj12bot.com/)"
147.135.252.148 - - [27/Dec/2025:05:09:45 +0000] "GET /wp-includes/blocks/comments-pagination-previous/ HTTP/1.1" 200 562 "-" "Mozilla/5.0 (compatible; MJ12bot/v1.4.8; http://mj12bot.com/)"
147.135.252.148 - - [27/Dec/2025:05:09:47 +0000] "GET /wp-includes/blocks/comments-title/ HTTP/1.1" 200 554 "-" "Mozilla/5.0 (compatible; MJ12bot/v1.4.8; http://mj12bot.com/)"
85.208.96.201 - - [27/Dec/2025:05:09:47 +0000] "GET /casosvbg/con_est_resumen_gral.php?r=13396046 HTTP/1.1" 404 1251 "-" "Mozilla/5.0 (compatible; SemrushBot/7~bl; +http://www.semrush.com/bot.html)"
147.135.252.148 - - [27/Dec/2025:05:09:48 +0000] "GET /wp-includes/blocks/cover/ HTTP/1.1" 200 552 "-" "Mozilla/5.0 (compatible; MJ12bot/v1.4.8; http://mj12bot.com/)"
147.135.252.148 - - [27/Dec/2025:05:09:50 +0000] "GET /wp-includes/blocks/details/ HTTP/1.1" 200 553 "-" "Mozilla/5.0 (compatible; MJ12bot/v1.4.8; http://mj12bot.com/)"
15.235.96.72 - - [27/Dec/2025:05:09:51 +0000] "GET /casosvbg/con_est_cruces_var.php?r=396976521 HTTP/1.1" 404 1251 "-" "Mozilla/5.0 (compatible; AhrefsBot/7.0; +http://ahrefs.com/robot/)"
147.135.252.148 - - [27/Dec/2025:05:09:52 +0000] "GET /wp-includes/blocks/embed/ HTTP/1.1" 200 551 "-" "Mozilla/5.0 (compatible; MJ12bot/v1.4.8; http://mj12bot.com/)"
147.135.252.148 - - [27/Dec/2025:05:09:54 +0000] "GET /wp-includes/blocks/file/ HTTP/1.1" 200 552 "-" "Mozilla/5.0 (compatible; MJ12bot/v1.4.8; http://mj12bot.com/)"
147.135.252.148 - - [27/Dec/2025:05:09:55 +0000] "GET /wp-includes/blocks/footnotes/ HTTP/1.1" 200 555 "-" "Mozilla/5.0 (compatible; MJ12bot/v1.4.8; http://mj12bot.com/)"
147.135.252.148 - - [27/Dec/2025:05:09:57 +0000] "GET /wp-includes/blocks/freeform/ HTTP/1.1" 200 555 "-" "Mozilla/5.0 (compatible; MJ12bot/v1.4.8; http://mj12bot.com/)"
147.135.252.148 - - [27/Dec/2025:05:09:58 +0000] "GET /wp-includes/blocks/gallery/ HTTP/1.1" 200 554 "-" "Mozilla/5.0 (compatible; MJ12bot/v1.4.8; http://mj12bot.com/)"
147.135.252.148 - - [27/Dec/2025:05:10:00 +0000] "GET /wp-includes/blocks/group/ HTTP/1.1" 200 552 "-" "Mozilla/5.0 (compatible; MJ12bot/v1.4.8; http://mj12bot.com/)"
147.135.252.148 - - [27/Dec/2025:05:10:02 +0000] "GET /wp-includes/blocks/heading/ HTTP/1.1" 200 554 "-" "Mozilla/5.0 (compatible; MJ12bot/v1.4.8; http://mj12bot.com/)"
147.135.252.148 - - [27/Dec/2025:05:10:03 +0000] "GET /wp-includes/blocks/home-link/ HTTP/1.1" 200 556 "-" "Mozilla/5.0 (compatible; MJ12bot/v1.4.8; http://mj12bot.com/)"
147.135.252.148 - - [27/Dec/2025:05:10:05 +0000] "GET /wp-includes/blocks/html/ HTTP/1.1" 200 552 "-" "Mozilla/5.0 (compatible; MJ12bot/v1.4.8; http://mj12bot.com/)"
147.135.252.148 - - [27/Dec/2025:05:10:07 +0000] "GET /wp-includes/blocks/image/ HTTP/1.1" 200 551 "-" "Mozilla/5.0 (compatible; MJ12bot/v1.4.8; http://mj12bot.com/)"
147.135.252.148 - - [27/Dec/2025:05:10:09 +0000] "GET /wp-includes/blocks/post-content/ HTTP/1.1" 200 557 "-" "Mozilla/5.0 (compatible; MJ12bot/v1.4.8; http://mj12bot.com/)"
147.135.252.148 - - [27/Dec/2025:05:10:10 +0000] "GET /wp-includes/blocks/post-date/ HTTP/1.1" 200 555 "-" "Mozilla/5.0 (compatible; MJ12bot/v1.4.8; http://mj12bot.com/)"
185.191.171.4 - - [27/Dec/2025:05:10:12 +0000] "GET /casosvbg/con_est_resumen_gral.php?r=24946455 HTTP/1.1" 404 1251 "-" "Mozilla/5.0 (compatible; SemrushBot/7~bl; +http://www.semrush.com/bot.html)"
85.208.96.206 - - [27/Dec/2025:05:07:33 +0000] "GET /casosvbg/con_est_cruces_var.php?r=1155430 HTTP/1.1" 404 1251 "-" "Mozilla/5.0 (compatible; SemrushBot/7~bl; +http://www.semrush.com/bot.html)"
148.113.128.83 - - [27/Dec/2025:05:07:37 +0000] "GET /casosvbg/con_est_resumen_prg.php?r=1492018731 HTTP/1.1" 404 1251 "-" "Mozilla/5.0 (compatible; AhrefsBot/7.0; +http://ahrefs.com/robot/)"
185.191.171.13 - - [27/Dec/2025:05:08:26 +0000] "GET /casosvbg/con_est_resumen_gral.php?r=83950844 HTTP/1.1" 404 1251 "-" "Mozilla/5.0 (compatible; SemrushBot/7~bl; +http://www.semrush.com/bot.html)"
185.191.171.15 - - [27/Dec/2025:05:08:31 +0000] "GET /casosvbg/con_est_cruces_var.php?r=18096804 HTTP/1.1" 404 1251 "-" "Mozilla/5.0 (compatible; SemrushBot/7~bl; +http://www.semrush.com/bot.html)"
85.208.96.207 - - [27/Dec/2025:05:08:35 +0000] "GET /casosvbg/con_est_cruces_var.php?r=8528786 HTTP/1.1" 404 1251 "-" "Mozilla/5.0 (compatible; SemrushBot/7~bl; +http://www.semrush.com/bot.html)"
185.191.171.3 - - [27/Dec/2025:05:08:40 +0000] "GET /casosvbg/con_est_cruces_varloc.php?r=21807690 HTTP/1.1" 404 1251 "-" "Mozilla/5.0 (compatible; SemrushBot/7~bl; +http://www.semrush.com/bot.html)"
54.39.89.199 - - [27/Dec/2025:05:08:55 +0000] "GET /casosvbg/con_est_resumen_gral.php?r=1003058302 HTTP/1.1" 404 1251 "-" "Mozilla/5.0 (compatible; AhrefsBot/7.0; +http://ahrefs.com/robot/)"
51.161.65.155 - - [27/Dec/2025:05:09:15 +0000] "GET /casosvbg/con_est_resumen_gral.php?r=422589416 HTTP/1.1" 404 1251 "-" "Mozilla/5.0 (compatible; AhrefsBot/7.0; +http://ahrefs.com/robot/)"
185.191.171.7 - - [27/Dec/2025:05:09:21 +0000] "GET /casosvbg/con_est_cruces_varloc.php?r=4368211 HTTP/1.1" 404 1251 "-" "Mozilla/5.0 (compatible; SemrushBot/7~bl; +http://www.semrush.com/bot.html)"
85.208.96.200 - - [27/Dec/2025:05:09:23 +0000] "GET /casosvbg/con_est_resumen_gral.php?r=87023497 HTTP/1.1" 404 1251 "-" "Mozilla/5.0 (compatible; SemrushBot/7~bl; +http://www.semrush.com/bot.html)"
185.191.171.19 - - [27/Dec/2025:05:09:28 +0000] "GET /casosvbg/con_est_resumen_gral.php?r=79820298 HTTP/1.1" 404 1251 "-" "Mozilla/5.0 (compatible; SemrushBot/7~bl; +http://www.semrush.com/bot.html)"
85.208.96.193 - - [27/Dec/2025:05:09:55 +0000] "GET /casosvbg/con_est_resumen_prg.php?r=39635756 HTTP/1.1" 404 1251 "-" "Mozilla/5.0 (compatible; SemrushBot/7~bl; +http://www.semrush.com/bot.html)"
85.208.96.197 - - [27/Dec/2025:05:10:05 +0000] "GET /casosvbg/con_est_resumen_prg.php?r=13840922 HTTP/1.1" 404 1251 "-" "Mozilla/5.0 (compatible; SemrushBot/7~bl; +http://www.semrush.com/bot.html)"
85.208.96.196 - - [27/Dec/2025:05:10:34 +0000] "GET /casosvbg/con_est_resumen_gral.php?r=85728847 HTTP/1.1" 404 1251 "-" "Mozilla/5.0 (compatible; SemrushBot/7~bl; +http://www.semrush.com/bot.html)"
185.191.171.16 - - [27/Dec/2025:05:10:40 +0000] "GET /casosvbg/con_est_cruces_var.php?r=15228502 HTTP/1.1" 404 1251 "-" "Mozilla/5.0 (compatible; SemrushBot/7~bl; +http://www.semrush.com/bot.html)"
185.191.171.14 - - [27/Dec/2025:05:10:53 +0000] "GET /casosvbg/con_est_cruces_var.php?r=70942048 HTTP/1.1" 404 1251 "-" "Mozilla/5.0 (compatible; SemrushBot/7~bl; +http://www.semrush.com/bot.html)"
85.208.96.211 - - [27/Dec/2025:05:10:55 +0000] "GET /casosvbg/con_est_resumen_prg.php?r=5532978 HTTP/1.1" 404 1251 "-" "Mozilla/5.0 (compatible; SemrushBot/7~bl; +http://www.semrush.com/bot.html)"
185.191.171.16 - - [27/Dec/2025:05:10:59 +0000] "GET /casosvbg/con_est_resumen_prg.php?r=11718317 HTTP/1.1" 404 1251 "-" "Mozilla/5.0 (compatible; SemrushBot/7~bl; +http://www.semrush.com/bot.html)"
142.44.228.8 - - [27/Dec/2025:05:11:05 +0000] "GET /casosvbg/con_est_cruces_var.php?r=648377938 HTTP/1.1" 404 1251 "-" "Mozilla/5.0 (compatible; AhrefsBot/7.0; +http://ahrefs.com/robot/)"
85.208.96.206 - - [27/Dec/2025:05:11:12 +0000] "GET /casosvbg/con_est_resumen_prg.php?r=7828487 HTTP/1.1" 404 1251 "-" "Mozilla/5.0 (compatible; SemrushBot/7~bl; +http://www.semrush.com/bot.html)"
185.191.171.14 - - [27/Dec/2025:05:11:21 +0000] "GET /casosvbg/con_est_cruces_var.php?r=60066665 HTTP/1.1" 404 1251 "-" "Mozilla/5.0 (compatible; SemrushBot/7~bl; +http://www.semrush.com/bot.html)"
149.224.12.198 - - [27/Dec/2025:05:11:28 +0000] "GET /robots.txt HTTP/1.1" 404 1251 "-" "Mozilla/5.0 (compatible; MJ12bot/v1.4.8; http://mj12bot.com/)"
149.224.12.198 - - [27/Dec/2025:05:11:30 +0000] "GET /wp-includes/blocks/search/ HTTP/1.1" 200 553 "-" "Mozilla/5.0 (compatible; MJ12bot/v1.4.8; http://mj12bot.com/)"
149.224.12.198 - - [27/Dec/2025:05:11:32 +0000] "GET /wp-includes/blocks/shortcode/ HTTP/1.1" 200 555 "-" "Mozilla/5.0 (compatible; MJ12bot/v1.4.8; http://mj12bot.com/)"
149.224.12.198 - - [27/Dec/2025:05:11:33 +0000] "GET /wp-includes/blocks/site-logo/ HTTP/1.1" 200 555 "-" "Mozilla/5.0 (compatible; MJ12bot/v1.4.8; http://mj12bot.com/)"
149.224.12.198 - - [27/Dec/2025:05:11:35 +0000] "GET /wp-includes/blocks/site-tagline/ HTTP/1.1" 200 557 "-" "Mozilla/5.0 (compatible; MJ12bot/v1.4.8; http://mj12bot.com/)"
149.224.12.198 - - [27/Dec/2025:05:11:37 +0000] "GET /wp-includes/blocks/site-title/ HTTP/1.1" 200 555 "-" "Mozilla/5.0 (compatible; MJ12bot/v1.4.8; http://mj12bot.com/)"
149.224.12.198 - - [27/Dec/2025:05:11:38 +0000] "GET /wp-includes/blocks/social-link/ HTTP/1.1" 200 557 "-" "Mozilla/5.0 (compatible; MJ12bot/v1.4.8; http://mj12bot.com/)"
149.224.12.198 - - [27/Dec/2025:05:11:40 +0000] "GET /wp-includes/blocks/social-links/ HTTP/1.1" 200 557 "-" "Mozilla/5.0 (compatible; MJ12bot/v1.4.8; http://mj12bot.com/)"
149.224.12.198 - - [27/Dec/2025:05:11:42 +0000] "GET /wp-includes/blocks/spacer/ HTTP/1.1" 200 553 "-" "Mozilla/5.0 (compatible; MJ12bot/v1.4.8; http://mj12bot.com/)"
149.224.12.198 - - [27/Dec/2025:05:11:43 +0000] "GET /wp-includes/blocks/table/ HTTP/1.1" 200 551 "-" "Mozilla/5.0 (compatible; MJ12bot/v1.4.8; http://mj12bot.com/)"
149.224.12.198 - - [27/Dec/2025:05:11:45 +0000] "GET /wp-includes/blocks/tag-cloud/ HTTP/1.1" 200 556 "-" "Mozilla/5.0 (compatible; MJ12bot/v1.4.8; http://mj12bot.com/)"
149.224.12.198 - - [27/Dec/2025:05:11:46 +0000] "GET /wp-includes/blocks/template-part/ HTTP/1.1" 200 556 "-" "Mozilla/5.0 (compatible; MJ12bot/v1.4.8; http://mj12bot.com/)"
185.191.171.6 - - [27/Dec/2025:05:11:47 +0000] "GET /casosvbg/con_est_resumen_gral.php?r=76254765 HTTP/1.1" 404 1251 "-" "Mozilla/5.0 (compatible; SemrushBot/7~bl; +http://www.semrush.com/bot.html)"
149.224.12.198 - - [27/Dec/2025:05:11:48 +0000] "GET /wp-includes/blocks/term-count/ HTTP/1.1" 200 557 "-" "Mozilla/5.0 (compatible; MJ12bot/v1.4.8; http://mj12bot.com/)"
54.39.136.189 - - [27/Dec/2025:05:11:48 +0000] "GET /casosvbg/con_est_cruces_var.php?r=135190176 HTTP/1.1" 404 1251 "-" "Mozilla/5.0 (compatible; AhrefsBot/7.0; +http://ahrefs.com/robot/)"
149.224.12.198 - - [27/Dec/2025:05:11:49 +0000] "GET /wp-includes/blocks/term-description/ HTTP/1.1" 200 560 "-" "Mozilla/5.0 (compatible; MJ12bot/v1.4.8; http://mj12bot.com/)"
149.224.12.198 - - [27/Dec/2025:05:11:51 +0000] "GET /wp-includes/blocks/term-name/ HTTP/1.1" 200 555 "-" "Mozilla/5.0 (compatible; MJ12bot/v1.4.8; http://mj12bot.com/)"
149.224.12.198 - - [27/Dec/2025:05:11:53 +0000] "GET /wp-includes/blocks/term-template/ HTTP/1.1" 200 557 "-" "Mozilla/5.0 (compatible; MJ12bot/v1.4.8; http://mj12bot.com/)"
149.224.12.198 - - [27/Dec/2025:05:11:54 +0000] "GET /wp-includes/blocks/terms-query/ HTTP/1.1" 200 558 "-" "Mozilla/5.0 (compatible; MJ12bot/v1.4.8; http://mj12bot.com/)"
149.224.12.198 - - [27/Dec/2025:05:11:56 +0000] "GET /wp-includes/blocks/text-columns/ HTTP/1.1" 200 557 "-" "Mozilla/5.0 (compatible; MJ12bot/v1.4.8; http://mj12bot.com/)"
149.224.12.198 - - [27/Dec/2025:05:11:57 +0000] "GET /wp-includes/blocks/verse/ HTTP/1.1" 200 552 "-" "Mozilla/5.0 (compatible; MJ12bot/v1.4.8; http://mj12bot.com/)"
149.224.12.198 - - [27/Dec/2025:05:11:59 +0000] "GET /wp-includes/blocks/video/ HTTP/1.1" 200 552 "-" "Mozilla/5.0 (compatible; MJ12bot/v1.4.8; http://mj12bot.com/)"
149.224.12.198 - - [27/Dec/2025:05:12:01 +0000] "GET /wp-includes/blocks/widget-group/ HTTP/1.1" 200 557 "-" "Mozilla/5.0 (compatible; MJ12bot/v1.4.8; http://mj12bot.com/)"
149.224.12.198 - - [27/Dec/2025:05:12:03 +0000] "GET /wp-includes/certificates/?MA HTTP/1.1" 200 626 "-" "Mozilla/5.0 (compatible; MJ12bot/v1.4.8; http://mj12bot.com/)"
149.224.12.198 - - [27/Dec/2025:05:12:04 +0000] "GET /wp-includes/certificates/?ND HTTP/1.1" 200 622 "-" "Mozilla/5.0 (compatible; MJ12bot/v1.4.8; http://mj12bot.com/)"
185.191.171.10 - - [27/Dec/2025:05:12:06 +0000] "GET /casosvbg/con_est_resumen_gral.php?r=10357684 HTTP/1.1" 404 1251 "-" "Mozilla/5.0 (compatible; SemrushBot/7~bl; +http://www.semrush.com/bot.html)"
149.224.12.198 - - [27/Dec/2025:05:12:06 +0000] "GET /wp-includes/certificates/?SA HTTP/1.1" 200 627 "-" "Mozilla/5.0 (compatible; MJ12bot/v1.4.8; http://mj12bot.com/)"
149.224.12.198 - - [27/Dec/2025:05:12:08 +0000] "GET /wp-includes/certificates/pki-validation/ HTTP/1.1" 200 558 "-" "Mozilla/5.0 (compatible; MJ12bot/v1.4.8; http://mj12bot.com/)"
149.224.12.198 - - [27/Dec/2025:05:12:10 +0000] "GET /wp-includes/css/?MA HTTP/1.1" 200 620 "-" "Mozilla/5.0 (compatible; MJ12bot/v1.4.8; http://mj12bot.com/)"
149.224.12.198 - - [27/Dec/2025:05:12:12 +0000] "GET /wp-includes/css/?ND HTTP/1.1" 200 619 "-" "Mozilla/5.0 (compatible; MJ12bot/v1.4.8; http://mj12bot.com/)"
149.224.12.198 - - [27/Dec/2025:05:12:14 +0000] "GET /wp-includes/css/?SA HTTP/1.1" 200 621 "-" "Mozilla/5.0 (compatible; MJ12bot/v1.4.8; http://mj12bot.com/)"
149.224.12.198 - - [27/Dec/2025:05:12:15 +0000] "GET /wp-includes/css/dist/ HTTP/1.1" 200 1188 "-" "Mozilla/5.0 (compatible; MJ12bot/v1.4.8; http://mj12bot.com/)"
149.224.12.198 - - [27/Dec/2025:05:12:17 +0000] "GET /wp-includes/customize/?MA HTTP/1.1" 200 552 "-" "Mozilla/5.0 (compatible; MJ12bot/v1.4.8; http://mj12bot.com/)"
185.191.171.13 - - [27/Dec/2025:05:12:19 +0000] "GET /casosvbg/con_est_cruces_varloc.php?r=18841790 HTTP/1.1" 404 1251 "-" "Mozilla/5.0 (compatible; SemrushBot/7~bl; +http://www.semrush.com/bot.html)"
149.224.12.198 - - [27/Dec/2025:05:12:20 +0000] "GET /wp-includes/customize/?ND HTTP/1.1" 200 550 "-" "Mozilla/5.0 (compatible; MJ12bot/v1.4.8; http://mj12bot.com/)"
149.224.12.198 - - [27/Dec/2025:05:12:21 +0000] "GET /wp-includes/customize/?SA HTTP/1.1" 200 553 "-" "Mozilla/5.0 (compatible; MJ12bot/v1.4.8; http://mj12bot.com/)"
149.224.12.198 - - [27/Dec/2025:05:12:23 +0000] "GET /wp-includes/fonts/?MA HTTP/1.1" 200 550 "-" "Mozilla/5.0 (compatible; MJ12bot/v1.4.8; http://mj12bot.com/)"
149.224.12.198 - - [27/Dec/2025:05:12:25 +0000] "GET /wp-includes/fonts/?ND HTTP/1.1" 200 547 "-" "Mozilla/5.0 (compatible; MJ12bot/v1.4.8; http://mj12bot.com/)"
149.224.12.198 - - [27/Dec/2025:05:12:27 +0000] "GET /wp-includes/fonts/?SA HTTP/1.1" 200 550 "-" "Mozilla/5.0 (compatible; MJ12bot/v1.4.8; http://mj12bot.com/)"
149.224.12.198 - - [27/Dec/2025:05:12:28 +0000] "GET /wp-includes/html-api/?MA HTTP/1.1" 200 550 "-" "Mozilla/5.0 (compatible; MJ12bot/v1.4.8; http://mj12bot.com/)"
149.224.12.198 - - [27/Dec/2025:05:12:30 +0000] "GET /wp-includes/html-api/?ND HTTP/1.1" 200 548 "-" "Mozilla/5.0 (compatible; MJ12bot/v1.4.8; http://mj12bot.com/)"
149.224.12.198 - - [27/Dec/2025:05:12:32 +0000] "GET /wp-includes/html-api/?SA HTTP/1.1" 200 551 "-" "Mozilla/5.0 (compatible; MJ12bot/v1.4.8; http://mj12bot.com/)"
149.224.12.198 - - [27/Dec/2025:05:12:34 +0000] "GET /wp-includes/images/?MA HTTP/1.1" 200 661 "-" "Mozilla/5.0 (compatible; MJ12bot/v1.4.8; http://mj12bot.com/)"
149.224.12.198 - - [27/Dec/2025:05:12:36 +0000] "GET /wp-includes/images/?ND HTTP/1.1" 200 651 "-" "Mozilla/5.0 (compatible; MJ12bot/v1.4.8; http://mj12bot.com/)"
149.224.12.198 - - [27/Dec/2025:05:12:37 +0000] "GET /wp-includes/images/?SA HTTP/1.1" 200 658 "-" "Mozilla/5.0 (compatible; MJ12bot/v1.4.8; http://mj12bot.com/)"
149.224.12.198 - - [27/Dec/2025:05:12:39 +0000] "GET /wp-includes/images/crystal/ HTTP/1.1" 200 551 "-" "Mozilla/5.0 (compatible; MJ12bot/v1.4.8; http://mj12bot.com/)"
85.208.96.194 - - [27/Dec/2025:05:07:13 +0000] "GET /casosvbg/con_est_resumen_prg.php?r=69989988 HTTP/1.1" 404 1251 "-" "Mozilla/5.0 (compatible; SemrushBot/7~bl; +http://www.semrush.com/bot.html)"
142.44.228.245 - - [27/Dec/2025:05:07:17 +0000] "GET /casosvbg/con_est_resumen_gral.php?r=659513014 HTTP/1.1" 404 1251 "-" "Mozilla/5.0 (compatible; AhrefsBot/7.0; +http://ahrefs.com/robot/)"
185.191.171.7 - - [27/Dec/2025:05:08:23 +0000] "GET /casosvbg/con_est_resumen_prg.php?r=75801545 HTTP/1.1" 404 1251 "-" "Mozilla/5.0 (compatible; SemrushBot/7~bl; +http://www.semrush.com/bot.html)"
185.191.171.16 - - [27/Dec/2025:05:08:29 +0000] "GET /casosvbg/con_est_cruces_var.php?r=53724355 HTTP/1.1" 404 1251 "-" "Mozilla/5.0 (compatible; SemrushBot/7~bl; +http://www.semrush.com/bot.html)"
185.191.171.9 - - [27/Dec/2025:05:08:42 +0000] "GET /casosvbg/con_est_cruces_var.php?r=83068210 HTTP/1.1" 404 1251 "-" "Mozilla/5.0 (compatible; SemrushBot/7~bl; +http://www.semrush.com/bot.html)"
185.191.171.19 - - [27/Dec/2025:05:09:29 +0000] "GET /casosvbg/con_est_resumen_gral.php?r=91559664 HTTP/1.1" 404 1251 "-" "Mozilla/5.0 (compatible; SemrushBot/7~bl; +http://www.semrush.com/bot.html)"
51.161.37.142 - - [27/Dec/2025:05:09:31 +0000] "GET /casosvbg/con_est_resumen_prg.php?r=37370796 HTTP/1.1" 404 1251 "-" "Mozilla/5.0 (compatible; AhrefsBot/7.0; +http://ahrefs.com/robot/)"
185.191.171.15 - - [27/Dec/2025:05:09:57 +0000] "GET /casosvbg/con_est_cruces_var.php?r=55157463 HTTP/1.1" 404 1251 "-" "Mozilla/5.0 (compatible; SemrushBot/7~bl; +http://www.semrush.com/bot.html)"
51.161.65.64 - - [27/Dec/2025:05:10:05 +0000] "GET /casosvbg/con_est_resumen_prg.php?r=1373401852 HTTP/1.1" 404 1251 "-" "Mozilla/5.0 (compatible; AhrefsBot/7.0; +http://ahrefs.com/robot/)"
51.222.95.66 - - [27/Dec/2025:05:10:29 +0000] "GET /casosvbg/con_est_cruces_var.php?r=68674924 HTTP/1.1" 404 1251 "-" "Mozilla/5.0 (compatible; AhrefsBot/7.0; +http://ahrefs.com/robot/)"
85.208.96.207 - - [27/Dec/2025:05:10:36 +0000] "GET /casosvbg/con_est_cruces_var.php?r=53024498 HTTP/1.1" 404 1251 "-" "Mozilla/5.0 (compatible; SemrushBot/7~bl; +http://www.semrush.com/bot.html)"
51.161.37.122 - - [27/Dec/2025:05:10:47 +0000] "GET /casosvbg/con_est_resumen_gral.php?r=1925855593 HTTP/1.1" 404 1251 "-" "Mozilla/5.0 (compatible; AhrefsBot/7.0; +http://ahrefs.com/robot/)"
185.191.171.6 - - [27/Dec/2025:05:11:06 +0000] "GET /casosvbg/con_est_cruces_var.php?r=42876176 HTTP/1.1" 404 1251 "-" "Mozilla/5.0 (compatible; SemrushBot/7~bl; +http://www.semrush.com/bot.html)"
85.208.96.206 - - [27/Dec/2025:05:11:10 +0000] "GET /casosvbg/con_est_resumen_prg.php?r=46906474 HTTP/1.1" 404 1251 "-" "Mozilla/5.0 (compatible; SemrushBot/7~bl; +http://www.semrush.com/bot.html)"
185.191.171.17 - - [27/Dec/2025:05:11:24 +0000] "GET /casosvbg/con_est_resumen_prg.php?r=24168584 HTTP/1.1" 404 1251 "-" "Mozilla/5.0 (compatible; SemrushBot/7~bl; +http://www.semrush.com/bot.html)"
15.235.98.242 - - [27/Dec/2025:05:11:29 +0000] "GET /casosvbg/con_est_cruces_var.php?r=1541768139 HTTP/1.1" 404 1251 "-" "Mozilla/5.0 (compatible; AhrefsBot/7.0; +http://ahrefs.com/robot/)"
185.191.171.17 - - [27/Dec/2025:05:11:30 +0000] "GET /casosvbg/con_est_cruces_var.php?r=28704941 HTTP/1.1" 404 1251 "-" "Mozilla/5.0 (compatible; SemrushBot/7~bl; +http://www.semrush.com/bot.html)"
185.191.171.4 - - [27/Dec/2025:05:11:59 +0000] "GET /casosvbg/con_est_resumen_prg.php?r=95755194 HTTP/1.1" 404 1251 "-" "Mozilla/5.0 (compatible; SemrushBot/7~bl; +http://www.semrush.com/bot.html)"
54.39.203.195 - - [27/Dec/2025:05:12:10 +0000] "GET /casosvbg/con_est_cruces_var.php?r=354694232 HTTP/1.1" 404 1251 "-" "Mozilla/5.0 (compatible; AhrefsBot/7.0; +http://ahrefs.com/robot/)"
185.191.171.16 - - [27/Dec/2025:05:12:38 +0000] "GET /casosvbg/con_est_resumen_prg.php?r=69264064 HTTP/1.1" 404 1251 "-" "Mozilla/5.0 (compatible; SemrushBot/7~bl; +http://www.semrush.com/bot.html)"
147.135.252.148 - - [27/Dec/2025:05:10:12 +0000] "GET /wp-includes/blocks/post-excerpt/ HTTP/1.1" 200 557 "-" "Mozilla/5.0 (compatible; MJ12bot/v1.4.8; http://mj12bot.com/)"
147.135.252.148 - - [27/Dec/2025:05:10:14 +0000] "GET /wp-includes/blocks/post-featured-image/ HTTP/1.1" 200 560 "-" "Mozilla/5.0 (compatible; MJ12bot/v1.4.8; http://mj12bot.com/)"
147.135.252.148 - - [27/Dec/2025:05:10:15 +0000] "GET /wp-includes/blocks/post-navigation-link/ HTTP/1.1" 200 562 "-" "Mozilla/5.0 (compatible; MJ12bot/v1.4.8; http://mj12bot.com/)"
147.135.252.148 - - [27/Dec/2025:05:10:17 +0000] "GET /wp-includes/blocks/post-template/ HTTP/1.1" 200 556 "-" "Mozilla/5.0 (compatible; MJ12bot/v1.4.8; http://mj12bot.com/)"
147.135.252.148 - - [27/Dec/2025:05:10:18 +0000] "GET /wp-includes/blocks/post-terms/ HTTP/1.1" 200 556 "-" "Mozilla/5.0 (compatible; MJ12bot/v1.4.8; http://mj12bot.com/)"
147.135.252.148 - - [27/Dec/2025:05:10:20 +0000] "GET /wp-includes/blocks/post-time-to-read/ HTTP/1.1" 200 561 "-" "Mozilla/5.0 (compatible; MJ12bot/v1.4.8; http://mj12bot.com/)"
147.135.252.148 - - [27/Dec/2025:05:10:22 +0000] "GET /wp-includes/blocks/post-title/ HTTP/1.1" 200 555 "-" "Mozilla/5.0 (compatible; MJ12bot/v1.4.8; http://mj12bot.com/)"
147.135.252.148 - - [27/Dec/2025:05:10:23 +0000] "GET /wp-includes/blocks/preformatted/ HTTP/1.1" 200 557 "-" "Mozilla/5.0 (compatible; MJ12bot/v1.4.8; http://mj12bot.com/)"
147.135.252.148 - - [27/Dec/2025:05:10:25 +0000] "GET /wp-includes/blocks/query-title/ HTTP/1.1" 200 558 "-" "Mozilla/5.0 (compatible; MJ12bot/v1.4.8; http://mj12bot.com/)"
185.191.171.14 - - [27/Dec/2025:05:10:29 +0000] "GET /casosvbg/con_est_resumen_gral.php?r=2212604 HTTP/1.1" 404 1251 "-" "Mozilla/5.0 (compatible; SemrushBot/7~bl; +http://www.semrush.com/bot.html)"
185.191.171.1 - - [27/Dec/2025:05:11:22 +0000] "GET /casosvbg/con_est_resumen_gral.php?r=47494185 HTTP/1.1" 404 1251 "-" "Mozilla/5.0 (compatible; SemrushBot/7~bl; +http://www.semrush.com/bot.html)"
142.44.228.59 - - [27/Dec/2025:05:12:30 +0000] "GET /casosvbg/con_est_resumen_gral.php?r=1564110991 HTTP/1.1" 404 1251 "-" "Mozilla/5.0 (compatible; AhrefsBot/7.0; +http://ahrefs.com/robot/)"
85.208.96.208 - - [27/Dec/2025:05:12:32 +0000] "GET /casosvbg/con_est_resumen_gral.php?r=71772801 HTTP/1.1" 404 1251 "-" "Mozilla/5.0 (compatible; SemrushBot/7~bl; +http://www.semrush.com/bot.html)"
149.224.12.198 - - [27/Dec/2025:05:12:59 +0000] "GET /wp-includes/js/crop/ HTTP/1.1" 200 548 "-" "Mozilla/5.0 (compatible; MJ12bot/v1.4.8; http://mj12bot.com/)"
149.224.12.198 - - [27/Dec/2025:05:13:00 +0000] "GET /wp-includes/js/dist/ HTTP/1.1" 200 679 "-" "Mozilla/5.0 (compatible; MJ12bot/v1.4.8; http://mj12bot.com/)"
149.224.12.198 - - [27/Dec/2025:05:13:02 +0000] "GET /wp-includes/js/imgareaselect/ HTTP/1.1" 200 554 "-" "Mozilla/5.0 (compatible; MJ12bot/v1.4.8; http://mj12bot.com/)"
149.224.12.198 - - [27/Dec/2025:05:13:04 +0000] "GET /wp-includes/js/jcrop/ HTTP/1.1" 200 546 "-" "Mozilla/5.0 (compatible; MJ12bot/v1.4.8; http://mj12bot.com/)"
149.224.12.198 - - [27/Dec/2025:05:13:05 +0000] "GET /wp-includes/js/jquery/ HTTP/1.1" 200 615 "-" "Mozilla/5.0 (compatible; MJ12bot/v1.4.8; http://mj12bot.com/)"
185.191.171.7 - - [27/Dec/2025:05:13:06 +0000] "GET /casosvbg/con_est_cruces_varloc.php?r=23432984 HTTP/1.1" 404 1251 "-" "Mozilla/5.0 (compatible; SemrushBot/7~bl; +http://www.semrush.com/bot.html)"
149.224.12.198 - - [27/Dec/2025:05:13:07 +0000] "GET /wp-includes/js/mediaelement/ HTTP/1.1" 200 623 "-" "Mozilla/5.0 (compatible; MJ12bot/v1.4.8; http://mj12bot.com/)"
149.224.12.198 - - [27/Dec/2025:05:13:09 +0000] "GET /wp-includes/js/plupload/ HTTP/1.1" 200 636 "-" "Mozilla/5.0 (compatible; MJ12bot/v1.4.8; http://mj12bot.com/)"
149.224.12.198 - - [27/Dec/2025:05:13:10 +0000] "GET /wp-includes/js/swfupload/ HTTP/1.1" 200 553 "-" "Mozilla/5.0 (compatible; MJ12bot/v1.4.8; http://mj12bot.com/)"
149.224.12.198 - - [27/Dec/2025:05:13:12 +0000] "GET /wp-includes/js/thickbox/ HTTP/1.1" 200 551 "-" "Mozilla/5.0 (compatible; MJ12bot/v1.4.8; http://mj12bot.com/)"
149.224.12.198 - - [27/Dec/2025:05:13:14 +0000] "GET /wp-includes/js/tinymce/ HTTP/1.1" 200 705 "-" "Mozilla/5.0 (compatible; MJ12bot/v1.4.8; http://mj12bot.com/)"
149.224.12.198 - - [27/Dec/2025:05:13:15 +0000] "GET /wp-includes/l10n/?MA HTTP/1.1" 200 549 "-" "Mozilla/5.0 (compatible; MJ12bot/v1.4.8; http://mj12bot.com/)"
149.224.12.198 - - [27/Dec/2025:05:13:17 +0000] "GET /wp-includes/l10n/?ND HTTP/1.1" 200 547 "-" "Mozilla/5.0 (compatible; MJ12bot/v1.4.8; http://mj12bot.com/)"
149.224.12.198 - - [27/Dec/2025:05:13:18 +0000] "GET /wp-includes/l10n/?SA HTTP/1.1" 200 549 "-" "Mozilla/5.0 (compatible; MJ12bot/v1.4.8; http://mj12bot.com/)"
149.224.12.198 - - [27/Dec/2025:05:13:20 +0000] "GET /wp-includes/php-compat/?MA HTTP/1.1" 200 553 "-" "Mozilla/5.0 (compatible; MJ12bot/v1.4.8; http://mj12bot.com/)"
185.191.171.14 - - [27/Dec/2025:05:13:21 +0000] "GET /casosvbg/con_est_resumen_gral.php?r=70431545 HTTP/1.1" 404 1251 "-" "Mozilla/5.0 (compatible; SemrushBot/7~bl; +http://www.semrush.com/bot.html)"
149.224.12.198 - - [27/Dec/2025:05:13:21 +0000] "GET /wp-includes/php-compat/?ND HTTP/1.1" 200 551 "-" "Mozilla/5.0 (compatible; MJ12bot/v1.4.8; http://mj12bot.com/)"
149.224.12.198 - - [27/Dec/2025:05:13:23 +0000] "GET /wp-includes/php-compat/?SA HTTP/1.1" 200 556 "-" "Mozilla/5.0 (compatible; MJ12bot/v1.4.8; http://mj12bot.com/)"
149.224.12.198 - - [27/Dec/2025:05:13:25 +0000] "GET /wp-includes/pomo/?MA HTTP/1.1" 200 627 "-" "Mozilla/5.0 (compatible; MJ12bot/v1.4.8; http://mj12bot.com/)"
149.224.12.198 - - [27/Dec/2025:05:13:26 +0000] "GET /wp-includes/pomo/?ND HTTP/1.1" 200 622 "-" "Mozilla/5.0 (compatible; MJ12bot/v1.4.8; http://mj12bot.com/)"
149.224.12.198 - - [27/Dec/2025:05:13:28 +0000] "GET /wp-includes/pomo/?SA HTTP/1.1" 200 625 "-" "Mozilla/5.0 (compatible; MJ12bot/v1.4.8; http://mj12bot.com/)"
149.224.12.198 - - [27/Dec/2025:05:13:30 +0000] "GET /wp-includes/pomo/mu-plugins/ HTTP/1.1" 200 551 "-" "Mozilla/5.0 (compatible; MJ12bot/v1.4.8; http://mj12bot.com/)"
149.224.12.198 - - [27/Dec/2025:05:13:31 +0000] "GET /wp-includes/rest-api/?MA HTTP/1.1" 200 659 "-" "Mozilla/5.0 (compatible; MJ12bot/v1.4.8; http://mj12bot.com/)"
149.224.12.198 - - [27/Dec/2025:05:13:33 +0000] "GET /wp-includes/rest-api/?ND HTTP/1.1" 200 655 "-" "Mozilla/5.0 (compatible; MJ12bot/v1.4.8; http://mj12bot.com/)"
149.224.12.198 - - [27/Dec/2025:05:13:34 +0000] "GET /wp-includes/rest-api/?SA HTTP/1.1" 200 660 "-" "Mozilla/5.0 (compatible; MJ12bot/v1.4.8; http://mj12bot.com/)"
149.224.12.198 - - [27/Dec/2025:05:13:36 +0000] "GET /wp-includes/rest-api/endpoints/ HTTP/1.1" 200 556 "-" "Mozilla/5.0 (compatible; MJ12bot/v1.4.8; http://mj12bot.com/)"
149.224.12.198 - - [27/Dec/2025:05:13:38 +0000] "GET /wp-includes/rest-api/fields/ HTTP/1.1" 200 555 "-" "Mozilla/5.0 (compatible; MJ12bot/v1.4.8; http://mj12bot.com/)"
149.224.12.198 - - [27/Dec/2025:05:13:39 +0000] "GET /wp-includes/rest-api/search/ HTTP/1.1" 200 554 "-" "Mozilla/5.0 (compatible; MJ12bot/v1.4.8; http://mj12bot.com/)"
149.224.12.198 - - [27/Dec/2025:05:13:41 +0000] "GET /wp-includes/sitemaps/?MA HTTP/1.1" 200 627 "-" "Mozilla/5.0 (compatible; MJ12bot/v1.4.8; http://mj12bot.com/)"
149.224.12.198 - - [27/Dec/2025:05:13:42 +0000] "GET /wp-includes/sitemaps/?ND HTTP/1.1" 200 622 "-" "Mozilla/5.0 (compatible; MJ12bot/v1.4.8; http://mj12bot.com/)"
149.224.12.198 - - [27/Dec/2025:05:13:44 +0000] "GET /wp-includes/sitemaps/?SA HTTP/1.1" 200 626 "-" "Mozilla/5.0 (compatible; MJ12bot/v1.4.8; http://mj12bot.com/)"
149.224.12.198 - - [27/Dec/2025:05:13:45 +0000] "GET /wp-includes/sitemaps/providers/ HTTP/1.1" 200 554 "-" "Mozilla/5.0 (compatible; MJ12bot/v1.4.8; http://mj12bot.com/)"
149.224.12.198 - - [27/Dec/2025:05:13:47 +0000] "GET /wp-includes/sodium_compat/?MA HTTP/1.1" 200 666 "-" "Mozilla/5.0 (compatible; MJ12bot/v1.4.8; http://mj12bot.com/)"
149.224.12.198 - - [27/Dec/2025:05:13:49 +0000] "GET /wp-includes/sodium_compat/?ND HTTP/1.1" 200 664 "-" "Mozilla/5.0 (compatible; MJ12bot/v1.4.8; http://mj12bot.com/)"
142.44.225.135 - - [27/Dec/2025:05:12:51 +0000] "GET /casosvbg/con_est_resumen_prg.php?r=1219700838 HTTP/1.1" 404 1251 "-" "Mozilla/5.0 (compatible; AhrefsBot/7.0; +http://ahrefs.com/robot/)"
54.39.210.221 - - [27/Dec/2025:05:13:11 +0000] "GET /casosvbg/con_est_cruces_var.php?r=598785712 HTTP/1.1" 404 1251 "-" "Mozilla/5.0 (compatible; AhrefsBot/7.0; +http://ahrefs.com/robot/)"
85.208.96.211 - - [27/Dec/2025:05:13:14 +0000] "GET /casosvbg/con_est_resumen_prg.php?r=86622746 HTTP/1.1" 404 1251 "-" "Mozilla/5.0 (compatible; SemrushBot/7~bl; +http://www.semrush.com/bot.html)"
85.208.96.202 - - [27/Dec/2025:05:13:15 +0000] "GET /casosvbg/con_est_resumen_prg.php?r=28943826 HTTP/1.1" 404 1251 "-" "Mozilla/5.0 (compatible; SemrushBot/7~bl; +http://www.semrush.com/bot.html)"
85.208.96.193 - - [27/Dec/2025:05:13:23 +0000] "GET /casosvbg/con_est_resumen_prg.php?r=58953170 HTTP/1.1" 404 1251 "-" "Mozilla/5.0 (compatible; SemrushBot/7~bl; +http://www.semrush.com/bot.html)"
85.208.96.211 - - [27/Dec/2025:05:13:25 +0000] "GET /casosvbg/con_est_resumen_prg.php?r=468893 HTTP/1.1" 404 1251 "-" "Mozilla/5.0 (compatible; SemrushBot/7~bl; +http://www.semrush.com/bot.html)"
148.113.130.199 - - [27/Dec/2025:05:13:29 +0000] "GET /casosvbg/con_est_cruces_var.php?r=820391582 HTTP/1.1" 404 1251 "-" "Mozilla/5.0 (compatible; AhrefsBot/7.0; +http://ahrefs.com/robot/)"
85.208.96.198 - - [27/Dec/2025:05:13:37 +0000] "GET /casosvbg/con_est_resumen_prg.php?r=45759433 HTTP/1.1" 404 1251 "-" "Mozilla/5.0 (compatible; SemrushBot/7~bl; +http://www.semrush.com/bot.html)"
142.44.225.86 - - [27/Dec/2025:05:14:07 +0000] "GET /casosvbg/con_est_cruces_var.php?r=536645173 HTTP/1.1" 404 1251 "-" "Mozilla/5.0 (compatible; AhrefsBot/7.0; +http://ahrefs.com/robot/)"
85.208.96.193 - - [27/Dec/2025:05:14:15 +0000] "GET /casosvbg/con_est_resumen_prg.php?r=85478745 HTTP/1.1" 404 1251 "-" "Mozilla/5.0 (compatible; SemrushBot/7~bl; +http://www.semrush.com/bot.html)"
185.191.171.4 - - [27/Dec/2025:05:14:16 +0000] "GET /casosvbg/con_est_cruces_var.php?r=15943294 HTTP/1.1" 404 1251 "-" "Mozilla/5.0 (compatible; SemrushBot/7~bl; +http://www.semrush.com/bot.html)"
185.191.171.14 - - [27/Dec/2025:05:14:25 +0000] "GET /casosvbg/con_est_resumen_gral.php?r=41096485 HTTP/1.1" 404 1251 "-" "Mozilla/5.0 (compatible; SemrushBot/7~bl; +http://www.semrush.com/bot.html)"
54.39.203.70 - - [27/Dec/2025:05:14:29 +0000] "GET /casosvbg/con_est_cruces_var.php?r=513800887 HTTP/1.1" 404 1251 "-" "Mozilla/5.0 (compatible; AhrefsBot/7.0; +http://ahrefs.com/robot/)"
85.208.96.198 - - [27/Dec/2025:05:14:43 +0000] "GET /casosvbg/con_est_resumen_gral.php?r=72592064 HTTP/1.1" 404 1251 "-" "Mozilla/5.0 (compatible; SemrushBot/7~bl; +http://www.semrush.com/bot.html)"
85.208.96.202 - - [27/Dec/2025:05:14:59 +0000] "GET /casosvbg/con_est_resumen_gral.php?r=54442202 HTTP/1.1" 404 1251 "-" "Mozilla/5.0 (compatible; SemrushBot/7~bl; +http://www.semrush.com/bot.html)"
185.191.171.15 - - [27/Dec/2025:05:15:08 +0000] "GET /casosvbg/con_est_resumen_gral.php?r=72153590 HTTP/1.1" 404 1251 "-" "Mozilla/5.0 (compatible; SemrushBot/7~bl; +http://www.semrush.com/bot.html)"
167.114.139.0 - - [27/Dec/2025:05:15:14 +0000] "GET /casosvbg/con_est_resumen_prg.php?r=231707291 HTTP/1.1" 404 1251 "-" "Mozilla/5.0 (compatible; AhrefsBot/7.0; +http://ahrefs.com/robot/)"
185.191.171.16 - - [27/Dec/2025:05:15:17 +0000] "GET /casosvbg/con_est_cruces_var.php?r=58282332 HTTP/1.1" 404 1251 "-" "Mozilla/5.0 (compatible; SemrushBot/7~bl; +http://www.semrush.com/bot.html)"
185.191.171.12 - - [27/Dec/2025:05:15:28 +0000] "GET /casosvbg/con_est_resumen_prg.php?r=48702031 HTTP/1.1" 404 1251 "-" "Mozilla/5.0 (compatible; SemrushBot/7~bl; +http://www.semrush.com/bot.html)"
51.222.95.109 - - [27/Dec/2025:05:15:36 +0000] "GET /casosvbg/con_est_cruces_var.php?r=702783679 HTTP/1.1" 404 1251 "-" "Mozilla/5.0 (compatible; AhrefsBot/7.0; +http://ahrefs.com/robot/)"
149.224.12.198 - - [27/Dec/2025:05:12:41 +0000] "GET /wp-includes/images/media/ HTTP/1.1" 200 548 "-" "Mozilla/5.0 (compatible; MJ12bot/v1.4.8; http://mj12bot.com/)"
149.224.12.198 - - [27/Dec/2025:05:12:43 +0000] "GET /wp-includes/images/smilies/ HTTP/1.1" 200 552 "-" "Mozilla/5.0 (compatible; MJ12bot/v1.4.8; http://mj12bot.com/)"
149.224.12.198 - - [27/Dec/2025:05:12:44 +0000] "GET /wp-includes/interactivity-api/?MA HTTP/1.1" 200 559 "-" "Mozilla/5.0 (compatible; MJ12bot/v1.4.8; http://mj12bot.com/)"
149.224.12.198 - - [27/Dec/2025:05:12:46 +0000] "GET /wp-includes/interactivity-api/?ND HTTP/1.1" 200 555 "-" "Mozilla/5.0 (compatible; MJ12bot/v1.4.8; http://mj12bot.com/)"
149.224.12.198 - - [27/Dec/2025:05:12:48 +0000] "GET /wp-includes/interactivity-api/?SA HTTP/1.1" 200 562 "-" "Mozilla/5.0 (compatible; MJ12bot/v1.4.8; http://mj12bot.com/)"
149.224.12.198 - - [27/Dec/2025:05:12:50 +0000] "GET /wp-includes/js/?MA HTTP/1.1" 200 1143 "-" "Mozilla/5.0 (compatible; MJ12bot/v1.4.8; http://mj12bot.com/)"
149.224.12.198 - - [27/Dec/2025:05:12:52 +0000] "GET /wp-includes/js/?ND HTTP/1.1" 200 1155 "-" "Mozilla/5.0 (compatible; MJ12bot/v1.4.8; http://mj12bot.com/)"
85.208.96.210 - - [27/Dec/2025:05:12:53 +0000] "GET /casosvbg/con_est_resumen_gral.php?r=67829860 HTTP/1.1" 404 1251 "-" "Mozilla/5.0 (compatible; SemrushBot/7~bl; +http://www.semrush.com/bot.html)"
149.224.12.198 - - [27/Dec/2025:05:12:53 +0000] "GET /wp-includes/js/?SA HTTP/1.1" 200 1158 "-" "Mozilla/5.0 (compatible; MJ12bot/v1.4.8; http://mj12bot.com/)"
149.224.12.198 - - [27/Dec/2025:05:12:55 +0000] "GET /wp-includes/js/codemirror/ HTTP/1.1" 200 554 "-" "Mozilla/5.0 (compatible; MJ12bot/v1.4.8; http://mj12bot.com/)"
149.224.12.198 - - [27/Dec/2025:05:12:57 +0000] "GET /wp-includes/js/colorpicker.min.js HTTP/1.1" 200 4076 "-" "Mozilla/5.0 (compatible; MJ12bot/v1.4.8; http://mj12bot.com/)"
185.191.171.16 - - [27/Dec/2025:05:13:00 +0000] "GET /casosvbg/con_est_resumen_prg.php?r=50722708 HTTP/1.1" 404 1251 "-" "Mozilla/5.0 (compatible; SemrushBot/7~bl; +http://www.semrush.com/bot.html)"
85.208.96.193 - - [27/Dec/2025:05:13:18 +0000] "GET /casosvbg/con_est_resumen_prg.php?r=53252722 HTTP/1.1" 404 1251 "-" "Mozilla/5.0 (compatible; SemrushBot/7~bl; +http://www.semrush.com/bot.html)"
185.191.171.17 - - [27/Dec/2025:05:13:33 +0000] "GET /casosvbg/con_est_cruces_var.php?r=37646579 HTTP/1.1" 404 1251 "-" "Mozilla/5.0 (compatible; SemrushBot/7~bl; +http://www.semrush.com/bot.html)"
85.208.96.211 - - [27/Dec/2025:05:13:39 +0000] "GET /casosvbg/con_est_resumen_gral.php?r=15610091 HTTP/1.1" 404 1251 "-" "Mozilla/5.0 (compatible; SemrushBot/7~bl; +http://www.semrush.com/bot.html)"
142.44.225.79 - - [27/Dec/2025:05:13:50 +0000] "GET /casosvbg/con_est_cruces_var.php?r=175983247 HTTP/1.1" 404 1251 "-" "Mozilla/5.0 (compatible; AhrefsBot/7.0; +http://ahrefs.com/robot/)"
142.44.220.145 - - [27/Dec/2025:05:14:50 +0000] "GET /casosvbg/con_est_cruces_var.php?r=252371517 HTTP/1.1" 404 1251 "-" "Mozilla/5.0 (compatible; AhrefsBot/7.0; +http://ahrefs.com/robot/)"
85.208.96.210 - - [27/Dec/2025:05:15:14 +0000] "GET /casosvbg/con_est_resumen_prg.php?r=34865198 HTTP/1.1" 404 1251 "-" "Mozilla/5.0 (compatible; SemrushBot/7~bl; +http://www.semrush.com/bot.html)"
85.208.96.207 - - [27/Dec/2025:05:15:25 +0000] "GET /casosvbg/con_est_resumen_prg.php?r=73591573 HTTP/1.1" 404 1251 "-" "Mozilla/5.0 (compatible; SemrushBot/7~bl; +http://www.semrush.com/bot.html)"
185.191.171.15 - - [27/Dec/2025:05:15:26 +0000] "GET /casosvbg/con_est_resumen_prg.php?r=37103272 HTTP/1.1" 404 1251 "-" "Mozilla/5.0 (compatible; SemrushBot/7~bl; +http://www.semrush.com/bot.html)"
85.208.96.193 - - [27/Dec/2025:05:15:30 +0000] "GET /casosvbg/con_est_resumen_prg.php?r=83853472 HTTP/1.1" 404 1251 "-" "Mozilla/5.0 (compatible; SemrushBot/7~bl; +http://www.semrush.com/bot.html)"
185.191.171.14 - - [27/Dec/2025:05:15:32 +0000] "GET /casosvbg/con_est_cruces_varloc.php?r=1053542 HTTP/1.1" 404 1251 "-" "Mozilla/5.0 (compatible; SemrushBot/7~bl; +http://www.semrush.com/bot.html)"
149.224.12.198 - - [27/Dec/2025:05:13:50 +0000] "GET /wp-includes/sodium_compat/?SA HTTP/1.1" 200 668 "-" "Mozilla/5.0 (compatible; MJ12bot/v1.4.8; http://mj12bot.com/)"
149.224.12.198 - - [27/Dec/2025:05:13:52 +0000] "GET /wp-includes/sodium_compat/lib/ HTTP/1.1" 200 557 "-" "Mozilla/5.0 (compatible; MJ12bot/v1.4.8; http://mj12bot.com/)"
149.224.12.198 - - [27/Dec/2025:05:13:53 +0000] "GET /wp-includes/sodium_compat/namespaced/ HTTP/1.1" 200 636 "-" "Mozilla/5.0 (compatible; MJ12bot/v1.4.8; http://mj12bot.com/)"
149.224.12.198 - - [27/Dec/2025:05:13:55 +0000] "GET /wp-includes/sodium_compat/src/ HTTP/1.1" 200 662 "-" "Mozilla/5.0 (compatible; MJ12bot/v1.4.8; http://mj12bot.com/)"
149.224.12.198 - - [27/Dec/2025:05:13:56 +0000] "GET /wp-includes/style-engine/?MA HTTP/1.1" 200 551 "-" "Mozilla/5.0 (compatible; MJ12bot/v1.4.8; http://mj12bot.com/)"
149.224.12.198 - - [27/Dec/2025:05:13:57 +0000] "GET /wp-includes/style-engine/?ND HTTP/1.1" 200 548 "-" "Mozilla/5.0 (compatible; MJ12bot/v1.4.8; http://mj12bot.com/)"
149.224.12.198 - - [27/Dec/2025:05:13:59 +0000] "GET /wp-includes/style-engine/?SA HTTP/1.1" 200 552 "-" "Mozilla/5.0 (compatible; MJ12bot/v1.4.8; http://mj12bot.com/)"
149.224.12.198 - - [27/Dec/2025:05:14:00 +0000] "GET /wp-includes/theme-compat/?MA HTTP/1.1" 200 552 "-" "Mozilla/5.0 (compatible; MJ12bot/v1.4.8; http://mj12bot.com/)"
149.224.12.198 - - [27/Dec/2025:05:14:02 +0000] "GET /wp-includes/theme-compat/?ND HTTP/1.1" 200 550 "-" "Mozilla/5.0 (compatible; MJ12bot/v1.4.8; http://mj12bot.com/)"
149.224.12.198 - - [27/Dec/2025:05:14:03 +0000] "GET /wp-includes/theme-compat/?SA HTTP/1.1" 200 553 "-" "Mozilla/5.0 (compatible; MJ12bot/v1.4.8; http://mj12bot.com/)"
149.224.12.198 - - [27/Dec/2025:05:14:05 +0000] "GET /wp-includes/widgets/?MA HTTP/1.1" 200 550 "-" "Mozilla/5.0 (compatible; MJ12bot/v1.4.8; http://mj12bot.com/)"
85.208.96.210 - - [27/Dec/2025:05:14:05 +0000] "GET /casosvbg/con_est_resumen_gral.php?r=6896953 HTTP/1.1" 404 1251 "-" "Mozilla/5.0 (compatible; SemrushBot/7~bl; +http://www.semrush.com/bot.html)"
149.224.12.198 - - [27/Dec/2025:05:14:06 +0000] "GET /wp-includes/widgets/?ND HTTP/1.1" 200 544 "-" "Mozilla/5.0 (compatible; MJ12bot/v1.4.8; http://mj12bot.com/)"
149.224.12.198 - - [27/Dec/2025:05:14:08 +0000] "GET /wp-includes/widgets/?SA HTTP/1.1" 200 549 "-" "Mozilla/5.0 (compatible; MJ12bot/v1.4.8; http://mj12bot.com/)"
185.191.171.14 - - [27/Dec/2025:05:14:23 +0000] "GET /casosvbg/con_est_resumen_prg.php?r=61739698 HTTP/1.1" 404 1251 "-" "Mozilla/5.0 (compatible; SemrushBot/7~bl; +http://www.semrush.com/bot.html)"
185.191.171.2 - - [27/Dec/2025:05:14:35 +0000] "GET /casosvbg/con_est_resumen_prg.php?r=60465665 HTTP/1.1" 404 1251 "-" "Mozilla/5.0 (compatible; SemrushBot/7~bl; +http://www.semrush.com/bot.html)"
185.191.171.16 - - [27/Dec/2025:05:14:36 +0000] "GET /casosvbg/con_est_resumen_gral.php?r=18230760 HTTP/1.1" 404 1251 "-" "Mozilla/5.0 (compatible; SemrushBot/7~bl; +http://www.semrush.com/bot.html)"
185.191.171.8 - - [27/Dec/2025:05:14:52 +0000] "GET /casosvbg/con_est_cruces_var.php?r=70872296 HTTP/1.1" 404 1251 "-" "Mozilla/5.0 (compatible; SemrushBot/7~bl; +http://www.semrush.com/bot.html)"
185.191.171.15 - - [27/Dec/2025:05:15:26 +0000] "GET /casosvbg/con_est_cruces_var.php?r=98015419 HTTP/1.1" 404 1251 "-" "Mozilla/5.0 (compatible; SemrushBot/7~bl; +http://www.semrush.com/bot.html)"
51.222.168.96 - - [27/Dec/2025:05:16:57 +0000] "GET /casosvbg/con_est_resumen_gral.php?r=314332634 HTTP/1.1" 404 1251 "-" "Mozilla/5.0 (compatible; AhrefsBot/7.0; +http://ahrefs.com/robot/)"
185.191.171.8 - - [27/Dec/2025:05:17:27 +0000] "GET /casosvbg/con_est_cruces_varloc.php?r=28193773 HTTP/1.1" 404 1251 "-" "Mozilla/5.0 (compatible; SemrushBot/7~bl; +http://www.semrush.com/bot.html)"
85.208.96.197 - - [27/Dec/2025:05:17:40 +0000] "GET /casosvbg/con_est_resumen_gral.php?r=58036728 HTTP/1.1" 404 1251 "-" "Mozilla/5.0 (compatible; SemrushBot/7~bl; +http://www.semrush.com/bot.html)"
185.191.171.15 - - [27/Dec/2025:05:15:46 +0000] "GET /casosvbg/con_est_cruces_var.php?r=99216793 HTTP/1.1" 404 1251 "-" "Mozilla/5.0 (compatible; SemrushBot/7~bl; +http://www.semrush.com/bot.html)"
185.191.171.16 - - [27/Dec/2025:05:15:59 +0000] "GET /casosvbg/con_est_resumen_prg.php?r=84705736 HTTP/1.1" 404 1251 "-" "Mozilla/5.0 (compatible; SemrushBot/7~bl; +http://www.semrush.com/bot.html)"
85.208.96.202 - - [27/Dec/2025:05:16:05 +0000] "GET /casosvbg/con_est_resumen_gral.php?r=90606073 HTTP/1.1" 404 1251 "-" "Mozilla/5.0 (compatible; SemrushBot/7~bl; +http://www.semrush.com/bot.html)"
54.39.136.21 - - [27/Dec/2025:05:16:17 +0000] "GET /casosvbg/con_est_cruces_var.php?r=421828614 HTTP/1.1" 404 1251 "-" "Mozilla/5.0 (compatible; AhrefsBot/7.0; +http://ahrefs.com/robot/)"
54.39.203.222 - - [27/Dec/2025:05:16:38 +0000] "GET /casosvbg/con_est_cruces_var.php?r=250433949 HTTP/1.1" 404 1251 "-" "Mozilla/5.0 (compatible; AhrefsBot/7.0; +http://ahrefs.com/robot/)"
85.208.96.202 - - [27/Dec/2025:05:17:16 +0000] "GET /casosvbg/con_est_resumen_prg.php?r=79825628 HTTP/1.1" 404 1251 "-" "Mozilla/5.0 (compatible; SemrushBot/7~bl; +http://www.semrush.com/bot.html)"
85.208.96.202 - - [27/Dec/2025:05:17:21 +0000] "GET /casosvbg/con_est_resumen_prg.php?r=58744379 HTTP/1.1" 404 1251 "-" "Mozilla/5.0 (compatible; SemrushBot/7~bl; +http://www.semrush.com/bot.html)"
15.235.96.131 - - [27/Dec/2025:05:17:35 +0000] "GET /casosvbg/con_est_cruces_var.php?r=224233637 HTTP/1.1" 404 1251 "-" "Mozilla/5.0 (compatible; AhrefsBot/7.0; +http://ahrefs.com/robot/)"
185.191.171.8 - - [27/Dec/2025:05:17:36 +0000] "GET /casosvbg/con_est_cruces_var.php?r=71072992 HTTP/1.1" 404 1251 "-" "Mozilla/5.0 (compatible; SemrushBot/7~bl; +http://www.semrush.com/bot.html)"
185.191.171.14 - - [27/Dec/2025:05:18:26 +0000] "GET /casosvbg/con_est_resumen_gral.php?r=51766554 HTTP/1.1" 404 1251 "-" "Mozilla/5.0 (compatible; SemrushBot/7~bl; +http://www.semrush.com/bot.html)"
185.191.171.10 - - [27/Dec/2025:05:17:51 +0000] "GET /casosvbg/con_est_resumen_prg.php?r=95552252 HTTP/1.1" 404 1251 "-" "Mozilla/5.0 (compatible; SemrushBot/7~bl; +http://www.semrush.com/bot.html)"
51.222.95.139 - - [27/Dec/2025:05:17:53 +0000] "GET /casosvbg/con_est_resumen_gral.php?r=846167356 HTTP/1.1" 404 1251 "-" "Mozilla/5.0 (compatible; AhrefsBot/7.0; +http://ahrefs.com/robot/)"
54.39.0.16 - - [27/Dec/2025:05:18:14 +0000] "GET /casosvbg/con_est_resumen_prg.php?r=1157613869 HTTP/1.1" 404 1251 "-" "Mozilla/5.0 (compatible; AhrefsBot/7.0; +http://ahrefs.com/robot/)"
15.235.98.147 - - [27/Dec/2025:05:18:37 +0000] "GET /casosvbg/con_est_cruces_var.php?r=1369520913 HTTP/1.1" 404 1251 "-" "Mozilla/5.0 (compatible; AhrefsBot/7.0; +http://ahrefs.com/robot/)"
54.39.210.217 - - [27/Dec/2025:05:15:56 +0000] "GET /casosvbg/con_est_cruces_var.php?r=546320182 HTTP/1.1" 404 1251 "-" "Mozilla/5.0 (compatible; AhrefsBot/7.0; +http://ahrefs.com/robot/)"
85.208.96.206 - - [27/Dec/2025:05:15:59 +0000] "GET /casosvbg/con_est_cruces_var.php?r=44511349 HTTP/1.1" 404 1251 "-" "Mozilla/5.0 (compatible; SemrushBot/7~bl; +http://www.semrush.com/bot.html)"
185.191.171.8 - - [27/Dec/2025:05:16:47 +0000] "GET /casosvbg/con_est_cruces_var.php?r=25621166 HTTP/1.1" 404 1251 "-" "Mozilla/5.0 (compatible; SemrushBot/7~bl; +http://www.semrush.com/bot.html)"
185.191.171.16 - - [27/Dec/2025:05:16:54 +0000] "GET /casosvbg/con_est_cruces_var.php?r=3964205 HTTP/1.1" 404 1251 "-" "Mozilla/5.0 (compatible; SemrushBot/7~bl; +http://www.semrush.com/bot.html)"
185.191.171.3 - - [27/Dec/2025:05:17:07 +0000] "GET /casosvbg/con_est_cruces_varloc.php?r=4629950 HTTP/1.1" 404 1251 "-" "Mozilla/5.0 (compatible; SemrushBot/7~bl; +http://www.semrush.com/bot.html)"
185.191.171.18 - - [27/Dec/2025:05:17:10 +0000] "GET /casosvbg/con_est_cruces_varloc.php?r=1373915 HTTP/1.1" 404 1251 "-" "Mozilla/5.0 (compatible; SemrushBot/7~bl; +http://www.semrush.com/bot.html)"
54.39.0.162 - - [27/Dec/2025:05:17:13 +0000] "GET /casosvbg/con_est_cruces_var.php?r=2117519298 HTTP/1.1" 404 1251 "-" "Mozilla/5.0 (compatible; AhrefsBot/7.0; +http://ahrefs.com/robot/)"
185.191.171.16 - - [27/Dec/2025:05:17:23 +0000] "GET /casosvbg/con_est_resumen_prg.php?r=8205026 HTTP/1.1" 404 1251 "-" "Mozilla/5.0 (compatible; SemrushBot/7~bl; +http://www.semrush.com/bot.html)"
185.191.171.10 - - [27/Dec/2025:05:17:33 +0000] "GET /casosvbg/con_est_resumen_gral.php?r=22181148 HTTP/1.1" 404 1251 "-" "Mozilla/5.0 (compatible; SemrushBot/7~bl; +http://www.semrush.com/bot.html)"
85.208.96.202 - - [27/Dec/2025:05:17:41 +0000] "GET /casosvbg/con_est_resumen_prg.php?r=88000497 HTTP/1.1" 404 1251 "-" "Mozilla/5.0 (compatible; SemrushBot/7~bl; +http://www.semrush.com/bot.html)"
85.208.96.206 - - [27/Dec/2025:05:17:57 +0000] "GET /casosvbg/con_est_resumen_gral.php?r=6850172 HTTP/1.1" 404 1251 "-" "Mozilla/5.0 (compatible; SemrushBot/7~bl; +http://www.semrush.com/bot.html)"
85.208.96.209 - - [27/Dec/2025:05:18:16 +0000] "GET /casosvbg/con_est_cruces_var.php?r=30208677 HTTP/1.1" 404 1251 "-" "Mozilla/5.0 (compatible; SemrushBot/7~bl; +http://www.semrush.com/bot.html)"
85.208.96.202 - - [27/Dec/2025:05:18:17 +0000] "GET /casosvbg/con_est_resumen_prg.php?r=65728637 HTTP/1.1" 404 1251 "-" "Mozilla/5.0 (compatible; SemrushBot/7~bl; +http://www.semrush.com/bot.html)"
185.191.171.6 - - [27/Dec/2025:05:18:40 +0000] "GET /casosvbg/con_est_resumen_gral.php?r=11341768 HTTP/1.1" 404 1251 "-" "Mozilla/5.0 (compatible; SemrushBot/7~bl; +http://www.semrush.com/bot.html)"
51.161.65.254 - - [27/Dec/2025:05:19:01 +0000] "GET /casosvbg/con_est_resumen_gral.php?r=1272208763 HTTP/1.1" 404 1251 "-" "Mozilla/5.0 (compatible; AhrefsBot/7.0; +http://ahrefs.com/robot/)"
85.208.96.202 - - [27/Dec/2025:05:19:03 +0000] "GET /casosvbg/con_est_resumen_prg.php?r=38375222 HTTP/1.1" 404 1251 "-" "Mozilla/5.0 (compatible; SemrushBot/7~bl; +http://www.semrush.com/bot.html)"
185.191.171.14 - - [27/Dec/2025:05:19:26 +0000] "GET /casosvbg/con_est_cruces_var.php?r=51046461 HTTP/1.1" 404 1251 "-" "Mozilla/5.0 (compatible; SemrushBot/7~bl; +http://www.semrush.com/bot.html)"
185.191.171.14 - - [27/Dec/2025:05:19:28 +0000] "GET /casosvbg/con_est_resumen_gral.php?r=46998629 HTTP/1.1" 404 1251 "-" "Mozilla/5.0 (compatible; SemrushBot/7~bl; +http://www.semrush.com/bot.html)"
85.208.96.199 - - [27/Dec/2025:05:20:09 +0000] "GET /casosvbg/con_est_resumen_gral.php?r=97474648 HTTP/1.1" 404 1251 "-" "Mozilla/5.0 (compatible; SemrushBot/7~bl; +http://www.semrush.com/bot.html)"
185.191.171.6 - - [27/Dec/2025:05:20:34 +0000] "GET /casosvbg/con_est_resumen_gral.php?r=65453114 HTTP/1.1" 404 1251 "-" "Mozilla/5.0 (compatible; SemrushBot/7~bl; +http://www.semrush.com/bot.html)"
54.39.6.216 - - [27/Dec/2025:05:20:41 +0000] "GET /casosvbg/con_est_resumen_prg.php?r=1810718317 HTTP/1.1" 404 1251 "-" "Mozilla/5.0 (compatible; AhrefsBot/7.0; +http://ahrefs.com/robot/)"
85.208.96.196 - - [27/Dec/2025:05:20:50 +0000] "GET /casosvbg/con_est_resumen_gral.php?r=87825978 HTTP/1.1" 404 1251 "-" "Mozilla/5.0 (compatible; SemrushBot/7~bl; +http://www.semrush.com/bot.html)"
85.208.96.207 - - [27/Dec/2025:05:21:01 +0000] "GET /casosvbg/con_est_resumen_prg.php?r=20233681 HTTP/1.1" 404 1251 "-" "Mozilla/5.0 (compatible; SemrushBot/7~bl; +http://www.semrush.com/bot.html)"
142.44.228.94 - - [27/Dec/2025:05:21:02 +0000] "GET /casosvbg/con_est_resumen_gral.php?r=116438090 HTTP/1.1" 404 1251 "-" "Mozilla/5.0 (compatible; AhrefsBot/7.0; +http://ahrefs.com/robot/)"
185.191.171.15 - - [27/Dec/2025:05:21:16 +0000] "GET /casosvbg/con_est_resumen_gral.php?r=26987538 HTTP/1.1" 404 1251 "-" "Mozilla/5.0 (compatible; SemrushBot/7~bl; +http://www.semrush.com/bot.html)"
54.39.203.25 - - [27/Dec/2025:05:21:25 +0000] "GET /casosvbg/con_est_resumen_prg.php?r=200591615 HTTP/1.1" 404 1251 "-" "Mozilla/5.0 (compatible; AhrefsBot/7.0; +http://ahrefs.com/robot/)"
185.191.171.16 - - [27/Dec/2025:05:21:47 +0000] "GET /casosvbg/con_est_resumen_prg.php?r=38735760 HTTP/1.1" 404 1251 "-" "Mozilla/5.0 (compatible; SemrushBot/7~bl; +http://www.semrush.com/bot.html)"
85.208.96.194 - - [27/Dec/2025:05:21:49 +0000] "GET /casosvbg/con_est_resumen_gral.php?r=24752399 HTTP/1.1" 404 1251 "-" "Mozilla/5.0 (compatible; SemrushBot/7~bl; +http://www.semrush.com/bot.html)"
15.235.98.108 - - [27/Dec/2025:05:22:06 +0000] "GET /casosvbg/con_est_cruces_var.php?r=996749690 HTTP/1.1" 404 1251 "-" "Mozilla/5.0 (compatible; AhrefsBot/7.0; +http://ahrefs.com/robot/)"
185.191.171.14 - - [27/Dec/2025:05:22:15 +0000] "GET /casosvbg/con_est_resumen_gral.php?r=67523115 HTTP/1.1" 404 1251 "-" "Mozilla/5.0 (compatible; SemrushBot/7~bl; +http://www.semrush.com/bot.html)"
185.191.171.14 - - [27/Dec/2025:05:22:28 +0000] "GET /casosvbg/con_est_resumen_prg.php?r=98909543 HTTP/1.1" 404 1251 "-" "Mozilla/5.0 (compatible; SemrushBot/7~bl; +http://www.semrush.com/bot.html)"
