85.208.96.204 - - [26/Dec/2025:14:11:13 +0000] "GET /casosvbg/con_est_resumen_prg.php?r=470779 HTTP/1.1" 404 1251 "-" "Mozilla/5.0 (compatible; SemrushBot/7~bl; +http://www.semrush.com/bot.html)"
85.208.96.193 - - [26/Dec/2025:14:11:16 +0000] "GET /casosvbg/con_est_resumen_gral.php?r=82191778 HTTP/1.1" 404 1251 "-" "Mozilla/5.0 (compatible; SemrushBot/7~bl; +http://www.semrush.com/bot.html)"
85.208.96.193 - - [26/Dec/2025:14:11:20 +0000] "GET /casosvbg/con_est_resumen_prg.php?r=19026263 HTTP/1.1" 404 1251 "-" "Mozilla/5.0 (compatible; SemrushBot/7~bl; +http://www.semrush.com/bot.html)"
185.191.171.6 - - [26/Dec/2025:14:11:23 +0000] "GET /casosvbg/con_est_resumen_gral.php?r=97733073 HTTP/1.1" 404 1251 "-" "Mozilla/5.0 (compatible; SemrushBot/7~bl; +http://www.semrush.com/bot.html)"
85.208.96.210 - - [26/Dec/2025:14:11:30 +0000] "GET /casosvbg/con_est_resumen_prg.php?r=79218313 HTTP/1.1" 404 1251 "-" "Mozilla/5.0 (compatible; SemrushBot/7~bl; +http://www.semrush.com/bot.html)"
185.191.171.2 - - [26/Dec/2025:14:11:44 +0000] "GET /casosvbg/con_est_cruces_var.php?r=28634342 HTTP/1.1" 404 1251 "-" "Mozilla/5.0 (compatible; SemrushBot/7~bl; +http://www.semrush.com/bot.html)"
85.208.96.208 - - [26/Dec/2025:14:05:45 +0000] "GET /casosvbg/con_est_resumen_prg.php?r=19893554 HTTP/1.1" 404 1251 "-" "Mozilla/5.0 (compatible; SemrushBot/7~bl; +http://www.semrush.com/bot.html)"
85.208.96.194 - - [26/Dec/2025:14:06:03 +0000] "GET /casosvbg/con_est_cruces_var.php?r=27630051 HTTP/1.1" 404 1251 "-" "Mozilla/5.0 (compatible; SemrushBot/7~bl; +http://www.semrush.com/bot.html)"
185.191.171.9 - - [26/Dec/2025:14:06:10 +0000] "GET /casosvbg/con_est_resumen_prg.php?r=34759848 HTTP/1.1" 404 1251 "-" "Mozilla/5.0 (compatible; SemrushBot/7~bl; +http://www.semrush.com/bot.html)"
85.208.96.199 - - [26/Dec/2025:14:06:52 +0000] "GET /casosvbg/con_est_cruces_var.php?r=21733839 HTTP/1.1" 404 1251 "-" "Mozilla/5.0 (compatible; SemrushBot/7~bl; +http://www.semrush.com/bot.html)"
185.191.171.12 - - [26/Dec/2025:14:07:01 +0000] "GET /casosvbg/con_est_cruces_var.php?r=22519793 HTTP/1.1" 404 1251 "-" "Mozilla/5.0 (compatible; SemrushBot/7~bl; +http://www.semrush.com/bot.html)"
85.208.96.198 - - [26/Dec/2025:14:07:14 +0000] "GET /robots.txt HTTP/1.1" 404 1251 "-" "Mozilla/5.0 (compatible; SemrushBot/7~bl; +http://www.semrush.com/bot.html)"
85.208.96.193 - - [26/Dec/2025:14:08:11 +0000] "GET /robots.txt HTTP/1.1" 404 1251 "-" "Mozilla/5.0 (compatible; SemrushBot/7~bl; +http://www.semrush.com/bot.html)"
185.191.171.9 - - [26/Dec/2025:14:08:11 +0000] "GET /casosvbg/con_est_cruces_var.php?r=98050982 HTTP/1.1" 404 1251 "-" "Mozilla/5.0 (compatible; SemrushBot/7~bl; +http://www.semrush.com/bot.html)"
185.191.171.2 - - [26/Dec/2025:14:08:38 +0000] "GET /casosvbg/con_est_resumen_gral.php?r=72978615 HTTP/1.1" 404 1251 "-" "Mozilla/5.0 (compatible; SemrushBot/7~bl; +http://www.semrush.com/bot.html)"
185.191.171.6 - - [26/Dec/2025:14:09:08 +0000] "GET /casosvbg/con_est_resumen_prg.php?r=29027371 HTTP/1.1" 404 1251 "-" "Mozilla/5.0 (compatible; SemrushBot/7~bl; +http://www.semrush.com/bot.html)"
85.208.96.197 - - [26/Dec/2025:14:09:34 +0000] "GET /casosvbg/con_est_cruces_var.php?r=72751858 HTTP/1.1" 404 1251 "-" "Mozilla/5.0 (compatible; SemrushBot/7~bl; +http://www.semrush.com/bot.html)"
85.208.96.208 - - [26/Dec/2025:14:09:44 +0000] "GET /casosvbg/con_est_cruces_varloc.php?r=81992401 HTTP/1.1" 404 1251 "-" "Mozilla/5.0 (compatible; SemrushBot/7~bl; +http://www.semrush.com/bot.html)"
85.208.96.200 - - [26/Dec/2025:14:10:11 +0000] "GET /casosvbg/con_est_resumen_gral.php?r=79823138 HTTP/1.1" 404 1251 "-" "Mozilla/5.0 (compatible; SemrushBot/7~bl; +http://www.semrush.com/bot.html)"
185.191.171.7 - - [26/Dec/2025:14:10:21 +0000] "GET /casosvbg/con_est_cruces_var.php?r=29708339 HTTP/1.1" 404 1251 "-" "Mozilla/5.0 (compatible; SemrushBot/7~bl; +http://www.semrush.com/bot.html)"
185.191.171.5 - - [26/Dec/2025:14:11:28 +0000] "GET /casosvbg/con_est_cruces_varloc.php?r=17290764 HTTP/1.1" 404 1251 "-" "Mozilla/5.0 (compatible; SemrushBot/7~bl; +http://www.semrush.com/bot.html)"
185.191.171.4 - - [26/Dec/2025:14:11:30 +0000] "GET /casosvbg/con_est_resumen_prg.php?r=96837233 HTTP/1.1" 404 1251 "-" "Mozilla/5.0 (compatible; SemrushBot/7~bl; +http://www.semrush.com/bot.html)"
85.208.96.205 - - [26/Dec/2025:14:11:43 +0000] "GET /casosvbg/con_est_resumen_gral.php?r=25952694 HTTP/1.1" 404 1251 "-" "Mozilla/5.0 (compatible; SemrushBot/7~bl; +http://www.semrush.com/bot.html)"
85.208.96.201 - - [26/Dec/2025:14:11:47 +0000] "GET /casosvbg/con_est_cruces_var.php?r=45421487 HTTP/1.1" 404 1251 "-" "Mozilla/5.0 (compatible; SemrushBot/7~bl; +http://www.semrush.com/bot.html)"
159.203.102.99 - - [26/Dec/2025:14:12:09 +0000] "GET /wp-content/uploads/2025/12/ HTTP/1.1" 404 1251 "binance.com" "Mozilla/5.0 (Windows NT 10.0; Win64; x64) AppleWebKit/537.36 (KHTML, like Gecko) Chrome/90.0.4430.85 Safari/537.36"
185.191.171.13 - - [26/Dec/2025:14:12:18 +0000] "GET /casosvbg/con_est_resumen_gral.php?r=9940320 HTTP/1.1" 404 1251 "-" "Mozilla/5.0 (compatible; SemrushBot/7~bl; +http://www.semrush.com/bot.html)"
85.208.96.199 - - [26/Dec/2025:14:08:07 +0000] "GET /casosvbg/con_est_resumen_prg.php?r=57123797 HTTP/1.1" 404 1251 "-" "Mozilla/5.0 (compatible; SemrushBot/7~bl; +http://www.semrush.com/bot.html)"
85.208.96.212 - - [26/Dec/2025:14:08:07 +0000] "GET /casosvbg/con_est_cruces_var.php?r=76703620 HTTP/1.1" 404 1251 "-" "Mozilla/5.0 (compatible; SemrushBot/7~bl; +http://www.semrush.com/bot.html)"
85.208.96.194 - - [26/Dec/2025:14:08:31 +0000] "GET /casosvbg/con_est_resumen_prg.php?r=479267375 HTTP/1.1" 404 1251 "-" "Mozilla/5.0 (compatible; SemrushBot/7~bl; +http://www.semrush.com/bot.html)"
185.191.171.4 - - [26/Dec/2025:14:08:40 +0000] "GET /casosvbg/con_est_resumen_gral.php?r=22862140 HTTP/1.1" 404 1251 "-" "Mozilla/5.0 (compatible; SemrushBot/7~bl; +http://www.semrush.com/bot.html)"
85.208.96.194 - - [26/Dec/2025:14:09:12 +0000] "GET /casosvbg/con_est_cruces_var.php?r=57316555 HTTP/1.1" 404 1251 "-" "Mozilla/5.0 (compatible; SemrushBot/7~bl; +http://www.semrush.com/bot.html)"
185.191.171.1 - - [26/Dec/2025:14:09:48 +0000] "GET /casosvbg/con_est_cruces_var.php?r=55889547 HTTP/1.1" 404 1251 "-" "Mozilla/5.0 (compatible; SemrushBot/7~bl; +http://www.semrush.com/bot.html)"
185.191.171.16 - - [26/Dec/2025:14:09:50 +0000] "GET /casosvbg/con_est_resumen_prg.php?r=17917314 HTTP/1.1" 404 1251 "-" "Mozilla/5.0 (compatible; SemrushBot/7~bl; +http://www.semrush.com/bot.html)"
85.208.96.197 - - [26/Dec/2025:14:10:25 +0000] "GET /casosvbg/con_est_cruces_var.php?r=14154903 HTTP/1.1" 404 1251 "-" "Mozilla/5.0 (compatible; SemrushBot/7~bl; +http://www.semrush.com/bot.html)"
185.191.171.6 - - [26/Dec/2025:14:10:50 +0000] "GET /casosvbg/con_est_cruces_var.php?r=18720643 HTTP/1.1" 404 1251 "-" "Mozilla/5.0 (compatible; SemrushBot/7~bl; +http://www.semrush.com/bot.html)"
185.191.171.13 - - [26/Dec/2025:14:12:24 +0000] "GET /casosvbg/con_est_resumen_prg.php?r=79124504 HTTP/1.1" 404 1251 "-" "Mozilla/5.0 (compatible; SemrushBot/7~bl; +http://www.semrush.com/bot.html)"
159.203.102.99 - - [26/Dec/2025:14:12:33 +0000] "GET /wp-admin/includes/ HTTP/1.1" 200 833 "binance.com" "Mozilla/5.0 (Windows NT 10.0; Win64; x64) AppleWebKit/537.36 (KHTML, like Gecko) Chrome/90.0.4430.85 Safari/537.36"
85.208.96.207 - - [26/Dec/2025:14:12:36 +0000] "GET /casosvbg/con_est_resumen_gral.php?r=24575597 HTTP/1.1" 404 1251 "-" "Mozilla/5.0 (compatible; SemrushBot/7~bl; +http://www.semrush.com/bot.html)"
159.203.102.99 - - [26/Dec/2025:14:12:36 +0000] "GET /wp-admin/includes/ HTTP/1.1" 200 833 "binance.com" "Mozilla/5.0 (Windows NT 10.0; Win64; x64) AppleWebKit/537.36 (KHTML, like Gecko) Chrome/90.0.4430.85 Safari/537.36"
185.191.171.13 - - [26/Dec/2025:14:12:36 +0000] "GET /casosvbg/con_est_cruces_var.php?r=83566014 HTTP/1.1" 404 1251 "-" "Mozilla/5.0 (compatible; SemrushBot/7~bl; +http://www.semrush.com/bot.html)"
159.203.102.99 - - [26/Dec/2025:14:12:46 +0000] "GET /wp-admin/user/ HTTP/1.1" 200 682 "binance.com" "Mozilla/5.0 (Windows NT 10.0; Win64; x64) AppleWebKit/537.36 (KHTML, like Gecko) Chrome/90.0.4430.85 Safari/537.36"
85.208.96.204 - - [26/Dec/2025:14:12:46 +0000] "GET /casosvbg/con_est_cruces_varloc.php?r=95960214 HTTP/1.1" 404 1251 "-" "Mozilla/5.0 (compatible; SemrushBot/7~bl; +http://www.semrush.com/bot.html)"
159.203.102.99 - - [26/Dec/2025:14:12:54 +0000] "GET /wp-admin/css/colors/ HTTP/1.1" 200 1183 "binance.com" "Mozilla/5.0 (Windows NT 10.0; Win64; x64) AppleWebKit/537.36 (KHTML, like Gecko) Chrome/90.0.4430.85 Safari/537.36"
129.226.174.80 - - [26/Dec/2025:14:12:57 +0000] "GET /xmlrpc.php HTTP/1.1" 500 0 "-" "Mozilla/5.0 (iPhone; CPU iPhone OS 13_2_3 like Mac OS X) AppleWebKit/605.1.15 (KHTML, like Gecko) Version/13.0.3 Mobile/15E148 Safari/604.1"
185.191.171.18 - - [26/Dec/2025:14:13:30 +0000] "GET /casosvbg/con_est_cruces_varloc.php?r=9724347 HTTP/1.1" 404 1251 "-" "Mozilla/5.0 (compatible; SemrushBot/7~bl; +http://www.semrush.com/bot.html)"
185.191.171.3 - - [26/Dec/2025:14:11:56 +0000] "GET /casosvbg/con_est_resumen_prg.php?r=43798519 HTTP/1.1" 404 1251 "-" "Mozilla/5.0 (compatible; SemrushBot/7~bl; +http://www.semrush.com/bot.html)"
159.203.102.99 - - [26/Dec/2025:14:12:06 +0000] "GET /wp-admin/css/ HTTP/1.1" 200 760 "binance.com" "Mozilla/5.0 (Windows NT 10.0; Win64; x64) AppleWebKit/537.36 (KHTML, like Gecko) Chrome/90.0.4430.85 Safari/537.36"
159.203.102.99 - - [26/Dec/2025:14:12:12 +0000] "GET /wp-content/uploads/2025/11/ HTTP/1.1" 404 1251 "binance.com" "Mozilla/5.0 (Windows NT 10.0; Win64; x64) AppleWebKit/537.36 (KHTML, like Gecko) Chrome/90.0.4430.85 Safari/537.36"
159.203.102.99 - - [26/Dec/2025:14:12:24 +0000] "GET /wp-content/uploads/ HTTP/1.1" 200 16277 "binance.com" "Mozilla/5.0 (Windows NT 10.0; Win64; x64) AppleWebKit/537.36 (KHTML, like Gecko) Chrome/90.0.4430.85 Safari/537.36"
159.203.102.99 - - [26/Dec/2025:14:12:27 +0000] "GET /wp-content/upgrade/ HTTP/1.1" 200 683 "binance.com" "Mozilla/5.0 (Windows NT 10.0; Win64; x64) AppleWebKit/537.36 (KHTML, like Gecko) Chrome/90.0.4430.85 Safari/537.36"
159.203.102.99 - - [26/Dec/2025:14:12:30 +0000] "GET /wp-content/languages/ HTTP/1.1" 200 788 "binance.com" "Mozilla/5.0 (Windows NT 10.0; Win64; x64) AppleWebKit/537.36 (KHTML, like Gecko) Chrome/90.0.4430.85 Safari/537.36"
159.203.102.99 - - [26/Dec/2025:14:12:39 +0000] "GET /wp-admin/maint/ HTTP/1.1" 200 682 "binance.com" "Mozilla/5.0 (Windows NT 10.0; Win64; x64) AppleWebKit/537.36 (KHTML, like Gecko) Chrome/90.0.4430.85 Safari/537.36"
159.203.102.99 - - [26/Dec/2025:14:12:43 +0000] "GET /wp-admin/network/ HTTP/1.1" 200 684 "binance.com" "Mozilla/5.0 (Windows NT 10.0; Win64; x64) AppleWebKit/537.36 (KHTML, like Gecko) Chrome/90.0.4430.85 Safari/537.36"
185.191.171.2 - - [26/Dec/2025:14:12:49 +0000] "GET /casosvbg/con_est_resumen_prg.php?r=16663751 HTTP/1.1" 404 1251 "-" "Mozilla/5.0 (compatible; SemrushBot/7~bl; +http://www.semrush.com/bot.html)"
159.203.102.99 - - [26/Dec/2025:14:13:00 +0000] "GET /wp-admin/css/colors/coffee/ HTTP/1.1" 200 689 "binance.com" "Mozilla/5.0 (Windows NT 10.0; Win64; x64) AppleWebKit/537.36 (KHTML, like Gecko) Chrome/90.0.4430.85 Safari/537.36"
159.203.102.99 - - [26/Dec/2025:14:13:05 +0000] "GET /wp-admin/css/colors/ectoplasm/ HTTP/1.1" 200 690 "binance.com" "Mozilla/5.0 (Windows NT 10.0; Win64; x64) AppleWebKit/537.36 (KHTML, like Gecko) Chrome/90.0.4430.85 Safari/537.36"
159.203.102.99 - - [26/Dec/2025:14:13:09 +0000] "GET /wp-admin/css/colors/light/ HTTP/1.1" 200 688 "binance.com" "Mozilla/5.0 (Windows NT 10.0; Win64; x64) AppleWebKit/537.36 (KHTML, like Gecko) Chrome/90.0.4430.85 Safari/537.36"
159.203.102.99 - - [26/Dec/2025:14:13:16 +0000] "GET /wp-admin/css/colors/modern/ HTTP/1.1" 200 689 "binance.com" "Mozilla/5.0 (Windows NT 10.0; Win64; x64) AppleWebKit/537.36 (KHTML, like Gecko) Chrome/90.0.4430.85 Safari/537.36"
159.203.102.99 - - [26/Dec/2025:14:13:21 +0000] "GET /wp-admin/css/colors/sunrise/%20 HTTP/1.1" 404 1251 "binance.com" "Mozilla/5.0 (Windows NT 10.0; Win64; x64) AppleWebKit/537.36 (KHTML, like Gecko) Chrome/90.0.4430.85 Safari/537.36"
66.249.66.192 - - [26/Dec/2025:14:13:23 +0000] "GET /casosvbg/con_est_resumen_gral.php?r=2089274208 HTTP/1.1" 404 1251 "-" "Mozilla/5.0 (Linux; Android 6.0.1; Nexus 5X Build/MMB29P) AppleWebKit/537.36 (KHTML, like Gecko) Chrome/141.0.7390.122 Mobile Safari/537.36 (compatible; Googlebot/2.1; +http://www.google.com/bot.html)"
159.203.102.99 - - [26/Dec/2025:14:13:27 +0000] "GET /wp-admin/js/ HTTP/1.1" 200 763 "binance.com" "Mozilla/5.0 (Windows NT 10.0; Win64; x64) AppleWebKit/537.36 (KHTML, like Gecko) Chrome/90.0.4430.85 Safari/537.36"
159.203.102.99 - - [26/Dec/2025:14:13:29 +0000] "GET /wp-admin/js/widgets/ HTTP/1.1" 200 687 "binance.com" "Mozilla/5.0 (Windows NT 10.0; Win64; x64) AppleWebKit/537.36 (KHTML, like Gecko) Chrome/90.0.4430.85 Safari/537.36"
185.191.171.2 - - [26/Dec/2025:14:12:26 +0000] "GET /casosvbg/con_est_resumen_prg.php?r=55678068 HTTP/1.1" 404 1251 "-" "Mozilla/5.0 (compatible; SemrushBot/7~bl; +http://www.semrush.com/bot.html)"
85.208.96.209 - - [26/Dec/2025:14:12:37 +0000] "GET /casosvbg/con_est_resumen_gral.php?r=98973154 HTTP/1.1" 404 1251 "-" "Mozilla/5.0 (compatible; SemrushBot/7~bl; +http://www.semrush.com/bot.html)"
159.203.102.99 - - [26/Dec/2025:14:12:49 +0000] "GET /wp-admin/css/ HTTP/1.1" 200 760 "binance.com" "Mozilla/5.0 (Windows NT 10.0; Win64; x64) AppleWebKit/537.36 (KHTML, like Gecko) Chrome/90.0.4430.85 Safari/537.36"
159.203.102.99 - - [26/Dec/2025:14:12:57 +0000] "GET /wp-admin/css/colors/blue/ HTTP/1.1" 200 688 "binance.com" "Mozilla/5.0 (Windows NT 10.0; Win64; x64) AppleWebKit/537.36 (KHTML, like Gecko) Chrome/90.0.4430.85 Safari/537.36"
185.191.171.19 - - [26/Dec/2025:14:13:11 +0000] "GET /casosvbg/con_est_cruces_var.php?r=27427978 HTTP/1.1" 404 1251 "-" "Mozilla/5.0 (compatible; SemrushBot/7~bl; +http://www.semrush.com/bot.html)"
159.203.102.99 - - [26/Dec/2025:14:13:12 +0000] "GET /wp-admin/css/colors/midnight/ HTTP/1.1" 200 690 "binance.com" "Mozilla/5.0 (Windows NT 10.0; Win64; x64) AppleWebKit/537.36 (KHTML, like Gecko) Chrome/90.0.4430.85 Safari/537.36"
159.203.102.99 - - [26/Dec/2025:14:13:19 +0000] "GET /wp-admin/css/colors/ocean/ HTTP/1.1" 200 688 "binance.com" "Mozilla/5.0 (Windows NT 10.0; Win64; x64) AppleWebKit/537.36 (KHTML, like Gecko) Chrome/90.0.4430.85 Safari/537.36"
159.203.102.99 - - [26/Dec/2025:14:13:24 +0000] "GET /wp-admin/images/ HTTP/1.1" 200 765 "binance.com" "Mozilla/5.0 (Windows NT 10.0; Win64; x64) AppleWebKit/537.36 (KHTML, like Gecko) Chrome/90.0.4430.85 Safari/537.36"
159.203.102.99 - - [26/Dec/2025:14:13:38 +0000] "GET /wp-includes/IXR/ HTTP/1.1" 200 685 "binance.com" "Mozilla/5.0 (Windows NT 10.0; Win64; x64) AppleWebKit/537.36 (KHTML, like Gecko) Chrome/90.0.4430.85 Safari/537.36"
159.203.102.99 - - [26/Dec/2025:14:13:42 +0000] "GET /wp-includes/PHPMailer/ HTTP/1.1" 200 773 "binance.com" "Mozilla/5.0 (Windows NT 10.0; Win64; x64) AppleWebKit/537.36 (KHTML, like Gecko) Chrome/90.0.4430.85 Safari/537.36"
159.203.102.99 - - [26/Dec/2025:14:14:04 +0000] "GET /wp-includes/pomo/ HTTP/1.1" 200 769 "binance.com" "Mozilla/5.0 (Windows NT 10.0; Win64; x64) AppleWebKit/537.36 (KHTML, like Gecko) Chrome/90.0.4430.85 Safari/537.36"
159.203.102.99 - - [26/Dec/2025:14:14:16 +0000] "GET /wp-includes/css/ HTTP/1.1" 200 760 "binance.com" "Mozilla/5.0 (Windows NT 10.0; Win64; x64) AppleWebKit/537.36 (KHTML, like Gecko) Chrome/90.0.4430.85 Safari/537.36"
159.203.102.99 - - [26/Dec/2025:14:14:20 +0000] "GET /wp-includes/fonts/ HTTP/1.1" 200 685 "binance.com" "Mozilla/5.0 (Windows NT 10.0; Win64; x64) AppleWebKit/537.36 (KHTML, like Gecko) Chrome/90.0.4430.85 Safari/537.36"
159.203.102.99 - - [26/Dec/2025:14:14:23 +0000] "GET /wp-includes/images/ HTTP/1.1" 200 805 "binance.com" "Mozilla/5.0 (Windows NT 10.0; Win64; x64) AppleWebKit/537.36 (KHTML, like Gecko) Chrome/90.0.4430.85 Safari/537.36"
159.203.102.99 - - [26/Dec/2025:14:14:26 +0000] "GET /wp-includes/images/crystal/ HTTP/1.1" 200 691 "binance.com" "Mozilla/5.0 (Windows NT 10.0; Win64; x64) AppleWebKit/537.36 (KHTML, like Gecko) Chrome/90.0.4430.85 Safari/537.36"
159.203.102.99 - - [26/Dec/2025:14:14:31 +0000] "GET /wp-includes/images/smilies/ HTTP/1.1" 200 691 "binance.com" "Mozilla/5.0 (Windows NT 10.0; Win64; x64) AppleWebKit/537.36 (KHTML, like Gecko) Chrome/90.0.4430.85 Safari/537.36"
85.208.96.208 - - [26/Dec/2025:14:14:36 +0000] "GET /casosvbg/con_est_resumen_gral.php?r=92921927 HTTP/1.1" 404 1251 "-" "Mozilla/5.0 (compatible; SemrushBot/7~bl; +http://www.semrush.com/bot.html)"
185.191.171.15 - - [26/Dec/2025:14:14:45 +0000] "GET /casosvbg/con_est_resumen_gral.php?r=76116654 HTTP/1.1" 404 1251 "-" "Mozilla/5.0 (compatible; SemrushBot/7~bl; +http://www.semrush.com/bot.html)"
159.203.102.99 - - [26/Dec/2025:14:13:35 +0000] "GET /wp-includes/ID3/ HTTP/1.1" 200 768 "binance.com" "Mozilla/5.0 (Windows NT 10.0; Win64; x64) AppleWebKit/537.36 (KHTML, like Gecko) Chrome/90.0.4430.85 Safari/537.36"
85.208.96.207 - - [26/Dec/2025:14:13:35 +0000] "GET /casosvbg/con_est_cruces_varloc.php?r=83082501 HTTP/1.1" 404 1251 "-" "Mozilla/5.0 (compatible; SemrushBot/7~bl; +http://www.semrush.com/bot.html)"
185.191.171.16 - - [26/Dec/2025:14:13:47 +0000] "GET /casosvbg/con_est_resumen_prg.php?r=68223461 HTTP/1.1" 404 1251 "-" "Mozilla/5.0 (compatible; SemrushBot/7~bl; +http://www.semrush.com/bot.html)"
159.203.102.99 - - [26/Dec/2025:14:13:48 +0000] "GET /wp-includes/Text/Diff/ HTTP/1.1" 200 792 "binance.com" "Mozilla/5.0 (Windows NT 10.0; Win64; x64) AppleWebKit/537.36 (KHTML, like Gecko) Chrome/90.0.4430.85 Safari/537.36"
185.191.171.19 - - [26/Dec/2025:14:13:52 +0000] "GET /casosvbg/con_est_cruces_var.php?r=25345579 HTTP/1.1" 404 1251 "-" "Mozilla/5.0 (compatible; SemrushBot/7~bl; +http://www.semrush.com/bot.html)"
159.203.102.99 - - [26/Dec/2025:14:13:56 +0000] "GET /wp-includes/Text/Diff/Renderer/ HTTP/1.1" 200 694 "binance.com" "Mozilla/5.0 (Windows NT 10.0; Win64; x64) AppleWebKit/537.36 (KHTML, like Gecko) Chrome/90.0.4430.85 Safari/537.36"
159.203.102.99 - - [26/Dec/2025:14:14:07 +0000] "GET /wp-includes/sitemaps/ HTTP/1.1" 200 772 "binance.com" "Mozilla/5.0 (Windows NT 10.0; Win64; x64) AppleWebKit/537.36 (KHTML, like Gecko) Chrome/90.0.4430.85 Safari/537.36"
159.203.102.99 - - [26/Dec/2025:14:14:10 +0000] "GET /wp-includes/sitemaps/providers/ HTTP/1.1" 200 693 "binance.com" "Mozilla/5.0 (Windows NT 10.0; Win64; x64) AppleWebKit/537.36 (KHTML, like Gecko) Chrome/90.0.4430.85 Safari/537.36"
85.208.96.196 - - [26/Dec/2025:14:14:13 +0000] "GET /casosvbg/con_est_resumen_gral.php?r=25838457 HTTP/1.1" 404 1251 "-" "Mozilla/5.0 (compatible; SemrushBot/7~bl; +http://www.semrush.com/bot.html)"
185.191.171.16 - - [26/Dec/2025:14:14:23 +0000] "GET /casosvbg/con_est_resumen_prg.php?r=70639219 HTTP/1.1" 404 1251 "-" "Mozilla/5.0 (compatible; SemrushBot/7~bl; +http://www.semrush.com/bot.html)"
85.208.96.198 - - [26/Dec/2025:14:14:24 +0000] "GET /casosvbg/con_est_cruces_varloc.php?r=51505402 HTTP/1.1" 404 1251 "-" "Mozilla/5.0 (compatible; SemrushBot/7~bl; +http://www.semrush.com/bot.html)"
159.203.102.99 - - [26/Dec/2025:14:14:29 +0000] "GET /wp-includes/images/media/ HTTP/1.1" 200 688 "binance.com" "Mozilla/5.0 (Windows NT 10.0; Win64; x64) AppleWebKit/537.36 (KHTML, like Gecko) Chrome/90.0.4430.85 Safari/537.36"
14.228.135.93 - - [26/Dec/2025:14:14:31 +0000] "GET http://noestassola.com.co/casosvbg/con_est_cruces_var.php?r=1263023796 HTTP/1.1" 404 1251 "-" "Mozilla/5.0 (Windows NT 10.0; Win64; x64) AppleWebKit/537.36 (KHTML, like Gecko) Chrome/122.0.0.0 Safari/537.36"
159.203.102.99 - - [26/Dec/2025:14:14:35 +0000] "GET /wp-includes/images/wlw/ HTTP/1.1" 404 1251 "binance.com" "Mozilla/5.0 (Windows NT 10.0; Win64; x64) AppleWebKit/537.36 (KHTML, like Gecko) Chrome/90.0.4430.85 Safari/537.36"
159.203.102.99 - - [26/Dec/2025:14:14:40 +0000] "GET /wp-includes/js/%20 HTTP/1.1" 404 1251 "binance.com" "Mozilla/5.0 (Windows NT 10.0; Win64; x64) AppleWebKit/537.36 (KHTML, like Gecko) Chrome/90.0.4430.85 Safari/537.36"
159.203.102.99 - - [26/Dec/2025:14:14:42 +0000] "GET /wp-includes/js/codemirror/ HTTP/1.1" 200 690 "binance.com" "Mozilla/5.0 (Windows NT 10.0; Win64; x64) AppleWebKit/537.36 (KHTML, like Gecko) Chrome/90.0.4430.85 Safari/537.36"
159.203.102.99 - - [26/Dec/2025:14:14:49 +0000] "GET /.well-known/ HTTP/1.1" 200 790 "binance.com" "Mozilla/5.0 (Windows NT 10.0; Win64; x64) AppleWebKit/537.36 (KHTML, like Gecko) Chrome/90.0.4430.85 Safari/537.36"
185.191.171.19 - - [26/Dec/2025:14:15:40 +0000] "GET /casosvbg/con_est_resumen_prg.php?r=69031737 HTTP/1.1" 404 1251 "-" "Mozilla/5.0 (compatible; SemrushBot/7~bl; +http://www.semrush.com/bot.html)"
159.203.102.99 - - [26/Dec/2025:14:13:32 +0000] "GET /wp-includes/ HTTP/1.1" 200 1666 "binance.com" "Mozilla/5.0 (Windows NT 10.0; Win64; x64) AppleWebKit/537.36 (KHTML, like Gecko) Chrome/90.0.4430.85 Safari/537.36"
159.203.102.99 - - [26/Dec/2025:14:13:45 +0000] "GET /wp-includes/Text/ HTTP/1.1" 200 765 "binance.com" "Mozilla/5.0 (Windows NT 10.0; Win64; x64) AppleWebKit/537.36 (KHTML, like Gecko) Chrome/90.0.4430.85 Safari/537.36"
159.203.102.99 - - [26/Dec/2025:14:13:51 +0000] "GET /wp-includes/Text/Diff/Engine/ HTTP/1.1" 200 693 "binance.com" "Mozilla/5.0 (Windows NT 10.0; Win64; x64) AppleWebKit/537.36 (KHTML, like Gecko) Chrome/90.0.4430.85 Safari/537.36"
159.203.102.99 - - [26/Dec/2025:14:14:00 +0000] "GET /wp-includes/blocks/ HTTP/1.1" 200 2953 "binance.com" "Mozilla/5.0 (Windows NT 10.0; Win64; x64) AppleWebKit/537.36 (KHTML, like Gecko) Chrome/90.0.4430.85 Safari/537.36"
185.191.171.10 - - [26/Dec/2025:14:14:04 +0000] "GET /casosvbg/con_est_resumen_gral.php?r=334146 HTTP/1.1" 404 1251 "-" "Mozilla/5.0 (compatible; SemrushBot/7~bl; +http://www.semrush.com/bot.html)"
185.191.171.7 - - [26/Dec/2025:14:14:06 +0000] "GET /casosvbg/con_est_resumen_gral.php?r=61024843 HTTP/1.1" 404 1251 "-" "Mozilla/5.0 (compatible; SemrushBot/7~bl; +http://www.semrush.com/bot.html)"
85.208.96.212 - - [26/Dec/2025:14:14:08 +0000] "GET /casosvbg/con_est_cruces_var.php?r=49679375 HTTP/1.1" 404 1251 "-" "Mozilla/5.0 (compatible; SemrushBot/7~bl; +http://www.semrush.com/bot.html)"
185.191.171.13 - - [26/Dec/2025:14:14:12 +0000] "GET /casosvbg/con_est_resumen_gral.php?r=54124193 HTTP/1.1" 404 1251 "-" "Mozilla/5.0 (compatible; SemrushBot/7~bl; +http://www.semrush.com/bot.html)"
159.203.102.99 - - [26/Dec/2025:14:14:13 +0000] "GET /wp-includes/widgets/ HTTP/1.1" 200 686 "binance.com" "Mozilla/5.0 (Windows NT 10.0; Win64; x64) AppleWebKit/537.36 (KHTML, like Gecko) Chrome/90.0.4430.85 Safari/537.36"
159.203.102.99 - - [26/Dec/2025:14:14:18 +0000] "GET /wp-includes/css/dist/ HTTP/1.1" 200 1392 "binance.com" "Mozilla/5.0 (Windows NT 10.0; Win64; x64) AppleWebKit/537.36 (KHTML, like Gecko) Chrome/90.0.4430.85 Safari/537.36"
85.208.96.206 - - [26/Dec/2025:14:14:38 +0000] "GET /casosvbg/con_est_resumen_prg.php?r=81370131 HTTP/1.1" 404 1251 "-" "Mozilla/5.0 (compatible; SemrushBot/7~bl; +http://www.semrush.com/bot.html)"
85.208.96.203 - - [26/Dec/2025:14:14:46 +0000] "GET /casosvbg/con_est_resumen_gral.php?r=65226631 HTTP/1.1" 404 1251 "-" "Mozilla/5.0 (compatible; SemrushBot/7~bl; +http://www.semrush.com/bot.html)"
85.208.96.206 - - [26/Dec/2025:14:15:05 +0000] "GET /casosvbg/con_est_cruces_varloc.php?r=38050059 HTTP/1.1" 404 1251 "-" "Mozilla/5.0 (compatible; SemrushBot/7~bl; +http://www.semrush.com/bot.html)"
185.191.171.19 - - [26/Dec/2025:14:15:23 +0000] "GET /casosvbg/con_est_resumen_gral.php?r=35274931 HTTP/1.1" 404 1251 "-" "Mozilla/5.0 (compatible; SemrushBot/7~bl; +http://www.semrush.com/bot.html)"
85.208.96.206 - - [26/Dec/2025:14:15:25 +0000] "GET /casosvbg/con_est_resumen_gral.php?r=98513433 HTTP/1.1" 404 1251 "-" "Mozilla/5.0 (compatible; SemrushBot/7~bl; +http://www.semrush.com/bot.html)"
85.208.96.198 - - [26/Dec/2025:14:15:43 +0000] "GET /casosvbg/con_est_resumen_prg.php?r=88633522 HTTP/1.1" 404 1251 "-" "Mozilla/5.0 (compatible; SemrushBot/7~bl; +http://www.semrush.com/bot.html)"
185.191.171.10 - - [26/Dec/2025:14:15:45 +0000] "GET /casosvbg/con_est_cruces_var.php?r=45644407 HTTP/1.1" 404 1251 "-" "Mozilla/5.0 (compatible; SemrushBot/7~bl; +http://www.semrush.com/bot.html)"
185.191.171.12 - - [26/Dec/2025:14:15:56 +0000] "GET /casosvbg/con_est_resumen_gral.php?r=90536361 HTTP/1.1" 404 1251 "-" "Mozilla/5.0 (compatible; SemrushBot/7~bl; +http://www.semrush.com/bot.html)"
66.249.66.69 - - [26/Dec/2025:14:16:30 +0000] "GET /casosvbg/con_est_cruces_var.php?r=66243442 HTTP/1.1" 404 1251 "-" "Mozilla/5.0 (Linux; Android 6.0.1; Nexus 5X Build/MMB29P) AppleWebKit/537.36 (KHTML, like Gecko) Chrome/141.0.7390.122 Mobile Safari/537.36 (compatible; Googlebot/2.1; +http://www.google.com/bot.html)"
159.203.102.99 - - [26/Dec/2025:14:14:46 +0000] "GET /wp-includes/js/plupload/ HTTP/1.1" 200 788 "binance.com" "Mozilla/5.0 (Windows NT 10.0; Win64; x64) AppleWebKit/537.36 (KHTML, like Gecko) Chrome/90.0.4430.85 Safari/537.36"
85.208.96.194 - - [26/Dec/2025:14:15:27 +0000] "GET /casosvbg/con_est_cruces_var.php?r=96731580 HTTP/1.1" 404 1251 "-" "Mozilla/5.0 (compatible; SemrushBot/7~bl; +http://www.semrush.com/bot.html)"
185.191.171.1 - - [26/Dec/2025:14:15:28 +0000] "GET /casosvbg/con_est_cruces_var.php?r=92542715 HTTP/1.1" 404 1251 "-" "Mozilla/5.0 (compatible; SemrushBot/7~bl; +http://www.semrush.com/bot.html)"
185.191.171.5 - - [26/Dec/2025:14:15:32 +0000] "GET /casosvbg/con_est_resumen_gral.php?r=12656178 HTTP/1.1" 404 1251 "-" "Mozilla/5.0 (compatible; SemrushBot/7~bl; +http://www.semrush.com/bot.html)"
185.191.171.3 - - [26/Dec/2025:14:15:52 +0000] "GET /casosvbg/con_est_resumen_prg.php?r=66402890 HTTP/1.1" 404 1251 "-" "Mozilla/5.0 (compatible; SemrushBot/7~bl; +http://www.semrush.com/bot.html)"
185.191.171.11 - - [26/Dec/2025:14:16:14 +0000] "GET /casosvbg/con_est_resumen_prg.php?r=53256226 HTTP/1.1" 404 1251 "-" "Mozilla/5.0 (compatible; SemrushBot/7~bl; +http://www.semrush.com/bot.html)"
185.191.171.19 - - [26/Dec/2025:14:16:25 +0000] "GET /casosvbg/con_est_resumen_prg.php?r=91960819 HTTP/1.1" 404 1251 "-" "Mozilla/5.0 (compatible; SemrushBot/7~bl; +http://www.semrush.com/bot.html)"
85.208.96.198 - - [26/Dec/2025:14:16:47 +0000] "GET /casosvbg/con_est_resumen_prg.php?r=65453161 HTTP/1.1" 404 1251 "-" "Mozilla/5.0 (compatible; SemrushBot/7~bl; +http://www.semrush.com/bot.html)"
185.191.171.6 - - [26/Dec/2025:14:16:55 +0000] "GET /casosvbg/con_est_resumen_prg.php?r=95759324 HTTP/1.1" 404 1251 "-" "Mozilla/5.0 (compatible; SemrushBot/7~bl; +http://www.semrush.com/bot.html)"
85.208.96.198 - - [26/Dec/2025:14:17:01 +0000] "GET /casosvbg/con_est_resumen_prg.php?r=4919239 HTTP/1.1" 404 1251 "-" "Mozilla/5.0 (compatible; SemrushBot/7~bl; +http://www.semrush.com/bot.html)"
185.191.171.12 - - [26/Dec/2025:14:17:27 +0000] "GET /casosvbg/con_est_resumen_gral.php?r=27494544 HTTP/1.1" 404 1251 "-" "Mozilla/5.0 (compatible; SemrushBot/7~bl; +http://www.semrush.com/bot.html)"
85.208.96.208 - - [26/Dec/2025:14:17:44 +0000] "GET /casosvbg/con_est_resumen_prg.php?r=15259054 HTTP/1.1" 404 1251 "-" "Mozilla/5.0 (compatible; SemrushBot/7~bl; +http://www.semrush.com/bot.html)"
85.208.96.198 - - [26/Dec/2025:14:17:46 +0000] "GET /casosvbg/con_est_cruces_var.php?r=73318082 HTTP/1.1" 404 1251 "-" "Mozilla/5.0 (compatible; SemrushBot/7~bl; +http://www.semrush.com/bot.html)"
85.208.96.198 - - [26/Dec/2025:14:18:01 +0000] "GET /casosvbg/con_est_cruces_var.php?r=33932857 HTTP/1.1" 404 1251 "-" "Mozilla/5.0 (compatible; SemrushBot/7~bl; +http://www.semrush.com/bot.html)"
185.191.171.10 - - [26/Dec/2025:14:18:12 +0000] "GET /casosvbg/con_est_resumen_gral.php?r=89791910 HTTP/1.1" 404 1251 "-" "Mozilla/5.0 (compatible; SemrushBot/7~bl; +http://www.semrush.com/bot.html)"
85.208.96.198 - - [26/Dec/2025:14:18:28 +0000] "GET /casosvbg/con_est_resumen_gral.php?r=65640725 HTTP/1.1" 404 1251 "-" "Mozilla/5.0 (compatible; SemrushBot/7~bl; +http://www.semrush.com/bot.html)"
85.208.96.199 - - [26/Dec/2025:14:18:47 +0000] "GET /casosvbg/con_est_cruces_var.php?r=39845054 HTTP/1.1" 404 1251 "-" "Mozilla/5.0 (compatible; SemrushBot/7~bl; +http://www.semrush.com/bot.html)"
85.208.96.195 - - [26/Dec/2025:14:18:49 +0000] "GET /casosvbg/con_est_cruces_var.php?r=45438312 HTTP/1.1" 404 1251 "-" "Mozilla/5.0 (compatible; SemrushBot/7~bl; +http://www.semrush.com/bot.html)"
185.191.171.16 - - [26/Dec/2025:14:19:28 +0000] "GET /casosvbg/con_est_cruces_var.php?r=82500779 HTTP/1.1" 404 1251 "-" "Mozilla/5.0 (compatible; SemrushBot/7~bl; +http://www.semrush.com/bot.html)"
185.191.171.15 - - [26/Dec/2025:14:19:30 +0000] "GET /casosvbg/con_est_cruces_var.php?r=79362759 HTTP/1.1" 404 1251 "-" "Mozilla/5.0 (compatible; SemrushBot/7~bl; +http://www.semrush.com/bot.html)"
85.208.96.204 - - [26/Dec/2025:14:16:28 +0000] "GET /casosvbg/con_est_resumen_prg.php?r=30037934 HTTP/1.1" 404 1251 "-" "Mozilla/5.0 (compatible; SemrushBot/7~bl; +http://www.semrush.com/bot.html)"
85.208.96.205 - - [26/Dec/2025:14:16:54 +0000] "GET /casosvbg/con_est_resumen_prg.php?r=46677266 HTTP/1.1" 404 1251 "-" "Mozilla/5.0 (compatible; SemrushBot/7~bl; +http://www.semrush.com/bot.html)"
85.208.96.200 - - [26/Dec/2025:14:17:43 +0000] "GET /casosvbg/con_est_cruces_var.php?r=83553371 HTTP/1.1" 404 1251 "-" "Mozilla/5.0 (compatible; SemrushBot/7~bl; +http://www.semrush.com/bot.html)"
85.208.96.211 - - [26/Dec/2025:14:17:48 +0000] "GET /casosvbg/con_est_resumen_gral.php?r=12319490 HTTP/1.1" 404 1251 "-" "Mozilla/5.0 (compatible; SemrushBot/7~bl; +http://www.semrush.com/bot.html)"
85.208.96.210 - - [26/Dec/2025:14:18:10 +0000] "GET /casosvbg/con_est_cruces_var.php?r=58003656 HTTP/1.1" 404 1251 "-" "Mozilla/5.0 (compatible; SemrushBot/7~bl; +http://www.semrush.com/bot.html)"
185.191.171.2 - - [26/Dec/2025:14:18:13 +0000] "GET /casosvbg/con_est_resumen_prg.php?r=4683729 HTTP/1.1" 404 1251 "-" "Mozilla/5.0 (compatible; SemrushBot/7~bl; +http://www.semrush.com/bot.html)"
85.208.96.199 - - [26/Dec/2025:14:18:20 +0000] "GET /casosvbg/con_est_resumen_prg.php?r=96283637 HTTP/1.1" 404 1251 "-" "Mozilla/5.0 (compatible; SemrushBot/7~bl; +http://www.semrush.com/bot.html)"
85.208.96.200 - - [26/Dec/2025:14:18:26 +0000] "GET /casosvbg/con_est_cruces_var.php?r=47486638 HTTP/1.1" 404 1251 "-" "Mozilla/5.0 (compatible; SemrushBot/7~bl; +http://www.semrush.com/bot.html)"
85.208.96.203 - - [26/Dec/2025:14:18:41 +0000] "GET /casosvbg/con_est_resumen_prg.php?r=87553597 HTTP/1.1" 404 1251 "-" "Mozilla/5.0 (compatible; SemrushBot/7~bl; +http://www.semrush.com/bot.html)"
185.191.171.3 - - [26/Dec/2025:14:19:01 +0000] "GET /casosvbg/con_est_resumen_prg.php?r=95582185 HTTP/1.1" 404 1251 "-" "Mozilla/5.0 (compatible; SemrushBot/7~bl; +http://www.semrush.com/bot.html)"
85.208.96.208 - - [26/Dec/2025:14:19:12 +0000] "GET /casosvbg/con_est_resumen_prg.php?r=66111048 HTTP/1.1" 404 1251 "-" "Mozilla/5.0 (compatible; SemrushBot/7~bl; +http://www.semrush.com/bot.html)"
85.208.96.203 - - [26/Dec/2025:14:19:14 +0000] "GET /casosvbg/con_est_resumen_gral.php?r=27406178 HTTP/1.1" 404 1251 "-" "Mozilla/5.0 (compatible; SemrushBot/7~bl; +http://www.semrush.com/bot.html)"
20.89.192.33 - - [26/Dec/2025:14:19:25 +0000] "GET / HTTP/1.1" 403 1242 "-" "-"
85.208.96.199 - - [26/Dec/2025:14:19:41 +0000] "GET /casosvbg/con_est_cruces_varloc.php?r=77184015 HTTP/1.1" 404 1251 "-" "Mozilla/5.0 (compatible; SemrushBot/7~bl; +http://www.semrush.com/bot.html)"
85.208.96.203 - - [26/Dec/2025:14:19:57 +0000] "GET /casosvbg/con_est_resumen_gral.php?r=30767700 HTTP/1.1" 404 1251 "-" "Mozilla/5.0 (compatible; SemrushBot/7~bl; +http://www.semrush.com/bot.html)"
185.191.171.11 - - [26/Dec/2025:14:20:26 +0000] "GET /casosvbg/con_est_resumen_gral.php?r=50022783 HTTP/1.1" 404 1251 "-" "Mozilla/5.0 (compatible; SemrushBot/7~bl; +http://www.semrush.com/bot.html)"
85.208.96.204 - - [26/Dec/2025:14:20:42 +0000] "GET /casosvbg/con_est_resumen_prg.php?r=55997706 HTTP/1.1" 404 1251 "-" "Mozilla/5.0 (compatible; SemrushBot/7~bl; +http://www.semrush.com/bot.html)"
185.191.171.4 - - [26/Dec/2025:14:20:45 +0000] "GET /casosvbg/con_est_resumen_gral.php?r=29899673 HTTP/1.1" 404 1251 "-" "Mozilla/5.0 (compatible; SemrushBot/7~bl; +http://www.semrush.com/bot.html)"
85.208.96.197 - - [26/Dec/2025:14:21:10 +0000] "GET /casosvbg/con_est_cruces_var.php?r=68314756 HTTP/1.1" 404 1251 "-" "Mozilla/5.0 (compatible; SemrushBot/7~bl; +http://www.semrush.com/bot.html)"
85.208.96.208 - - [26/Dec/2025:14:22:03 +0000] "GET /casosvbg/con_est_resumen_prg.php?r=46248359 HTTP/1.1" 404 1251 "-" "Mozilla/5.0 (compatible; SemrushBot/7~bl; +http://www.semrush.com/bot.html)"
85.208.96.200 - - [26/Dec/2025:14:22:13 +0000] "GET /casosvbg/con_est_resumen_prg.php?r=21283830 HTTP/1.1" 404 1251 "-" "Mozilla/5.0 (compatible; SemrushBot/7~bl; +http://www.semrush.com/bot.html)"
85.208.96.199 - - [26/Dec/2025:14:16:44 +0000] "GET /casosvbg/con_est_resumen_prg.php?r=60827540 HTTP/1.1" 404 1251 "-" "Mozilla/5.0 (compatible; SemrushBot/7~bl; +http://www.semrush.com/bot.html)"
85.208.96.212 - - [26/Dec/2025:14:18:59 +0000] "GET /casosvbg/con_est_cruces_var.php?r=27137316 HTTP/1.1" 404 1251 "-" "Mozilla/5.0 (compatible; SemrushBot/7~bl; +http://www.semrush.com/bot.html)"
185.191.171.11 - - [26/Dec/2025:14:19:47 +0000] "GET /casosvbg/con_est_cruces_varloc.php?r=2005207 HTTP/1.1" 404 1251 "-" "Mozilla/5.0 (compatible; SemrushBot/7~bl; +http://www.semrush.com/bot.html)"
185.191.171.6 - - [26/Dec/2025:14:19:52 +0000] "GET /casosvbg/con_est_resumen_gral.php?r=1726255 HTTP/1.1" 404 1251 "-" "Mozilla/5.0 (compatible; SemrushBot/7~bl; +http://www.semrush.com/bot.html)"
185.191.171.15 - - [26/Dec/2025:14:20:31 +0000] "GET /casosvbg/con_est_resumen_gral.php?r=44741759 HTTP/1.1" 404 1251 "-" "Mozilla/5.0 (compatible; SemrushBot/7~bl; +http://www.semrush.com/bot.html)"
185.191.171.11 - - [26/Dec/2025:14:20:52 +0000] "GET /casosvbg/con_est_resumen_prg.php?r=53262910 HTTP/1.1" 404 1251 "-" "Mozilla/5.0 (compatible; SemrushBot/7~bl; +http://www.semrush.com/bot.html)"
85.208.96.199 - - [26/Dec/2025:14:20:56 +0000] "GET /casosvbg/con_est_resumen_gral.php?r=53105255 HTTP/1.1" 404 1251 "-" "Mozilla/5.0 (compatible; SemrushBot/7~bl; +http://www.semrush.com/bot.html)"
185.191.171.15 - - [26/Dec/2025:14:21:01 +0000] "GET /casosvbg/con_est_resumen_prg.php?r=62514233 HTTP/1.1" 404 1251 "-" "Mozilla/5.0 (compatible; SemrushBot/7~bl; +http://www.semrush.com/bot.html)"
85.208.96.200 - - [26/Dec/2025:14:21:29 +0000] "GET /casosvbg/con_est_resumen_prg.php?r=71234718 HTTP/1.1" 404 1251 "-" "Mozilla/5.0 (compatible; SemrushBot/7~bl; +http://www.semrush.com/bot.html)"
185.191.171.15 - - [26/Dec/2025:14:21:35 +0000] "GET /casosvbg/con_est_cruces_var.php?r=35262443 HTTP/1.1" 404 1251 "-" "Mozilla/5.0 (compatible; SemrushBot/7~bl; +http://www.semrush.com/bot.html)"
185.191.171.16 - - [26/Dec/2025:14:21:57 +0000] "GET /casosvbg/con_est_resumen_gral.php?r=46544327 HTTP/1.1" 404 1251 "-" "Mozilla/5.0 (compatible; SemrushBot/7~bl; +http://www.semrush.com/bot.html)"
185.191.171.13 - - [26/Dec/2025:14:21:58 +0000] "GET /casosvbg/con_est_cruces_var.php?r=89527830 HTTP/1.1" 404 1251 "-" "Mozilla/5.0 (compatible; SemrushBot/7~bl; +http://www.semrush.com/bot.html)"
66.249.66.69 - - [26/Dec/2025:14:22:24 +0000] "GET /casosvbg/con_est_resumen_gral.php?r=1183610327 HTTP/1.1" 404 1251 "-" "Mozilla/5.0 (Linux; Android 6.0.1; Nexus 5X Build/MMB29P) AppleWebKit/537.36 (KHTML, like Gecko) Chrome/141.0.7390.122 Mobile Safari/537.36 (compatible; Googlebot/2.1; +http://www.google.com/bot.html)"
185.191.171.3 - - [26/Dec/2025:14:22:32 +0000] "GET /casosvbg/con_est_resumen_prg.php?r=26756165 HTTP/1.1" 404 1251 "-" "Mozilla/5.0 (compatible; SemrushBot/7~bl; +http://www.semrush.com/bot.html)"
185.191.171.17 - - [26/Dec/2025:14:22:33 +0000] "GET /casosvbg/con_est_resumen_gral.php?r=38788584 HTTP/1.1" 404 1251 "-" "Mozilla/5.0 (compatible; SemrushBot/7~bl; +http://www.semrush.com/bot.html)"
85.208.96.212 - - [26/Dec/2025:14:22:39 +0000] "GET /casosvbg/con_est_resumen_prg.php?r=25723335 HTTP/1.1" 404 1251 "-" "Mozilla/5.0 (compatible; SemrushBot/7~bl; +http://www.semrush.com/bot.html)"
185.191.171.3 - - [26/Dec/2025:14:22:56 +0000] "GET /casosvbg/con_est_resumen_gral.php?r=44681275 HTTP/1.1" 404 1251 "-" "Mozilla/5.0 (compatible; SemrushBot/7~bl; +http://www.semrush.com/bot.html)"
85.208.96.203 - - [26/Dec/2025:14:23:05 +0000] "GET /casosvbg/con_est_resumen_prg.php?r=97431387 HTTP/1.1" 404 1251 "-" "Mozilla/5.0 (compatible; SemrushBot/7~bl; +http://www.semrush.com/bot.html)"
43.135.36.201 - - [26/Dec/2025:14:23:21 +0000] "GET /wp-blog-header.php HTTP/1.1" 500 0 "-" "Mozilla/5.0 (iPhone; CPU iPhone OS 13_2_3 like Mac OS X) AppleWebKit/605.1.15 (KHTML, like Gecko) Version/13.0.3 Mobile/15E148 Safari/604.1"
85.208.96.199 - - [26/Dec/2025:14:19:36 +0000] "GET /casosvbg/con_est_cruces_var.php?r=61449780 HTTP/1.1" 404 1251 "-" "Mozilla/5.0 (compatible; SemrushBot/7~bl; +http://www.semrush.com/bot.html)"
85.208.96.198 - - [26/Dec/2025:14:19:45 +0000] "GET /casosvbg/con_est_resumen_prg.php?r=63373570 HTTP/1.1" 404 1251 "-" "Mozilla/5.0 (compatible; SemrushBot/7~bl; +http://www.semrush.com/bot.html)"
85.208.96.200 - - [26/Dec/2025:14:20:51 +0000] "GET /casosvbg/con_est_resumen_prg.php?r=53195054 HTTP/1.1" 404 1251 "-" "Mozilla/5.0 (compatible; SemrushBot/7~bl; +http://www.semrush.com/bot.html)"
85.208.96.208 - - [26/Dec/2025:14:21:50 +0000] "GET /casosvbg/con_est_resumen_prg.php?r=68259883 HTTP/1.1" 404 1251 "-" "Mozilla/5.0 (compatible; SemrushBot/7~bl; +http://www.semrush.com/bot.html)"
185.191.171.5 - - [26/Dec/2025:14:22:28 +0000] "GET /casosvbg/con_est_resumen_gral.php?r=9057997 HTTP/1.1" 404 1251 "-" "Mozilla/5.0 (compatible; SemrushBot/7~bl; +http://www.semrush.com/bot.html)"
185.191.171.5 - - [26/Dec/2025:14:22:29 +0000] "GET /casosvbg/con_est_resumen_prg.php?r=32738614 HTTP/1.1" 404 1251 "-" "Mozilla/5.0 (compatible; SemrushBot/7~bl; +http://www.semrush.com/bot.html)"
185.191.171.13 - - [26/Dec/2025:14:22:31 +0000] "GET /casosvbg/con_est_cruces_varloc.php?r=98075058 HTTP/1.1" 404 1251 "-" "Mozilla/5.0 (compatible; SemrushBot/7~bl; +http://www.semrush.com/bot.html)"
185.191.171.10 - - [26/Dec/2025:14:22:59 +0000] "GET /casosvbg/con_est_resumen_gral.php?r=89226388 HTTP/1.1" 404 1251 "-" "Mozilla/5.0 (compatible; SemrushBot/7~bl; +http://www.semrush.com/bot.html)"
185.191.171.14 - - [26/Dec/2025:14:23:33 +0000] "GET /casosvbg/con_est_cruces_varloc.php?r=42418556 HTTP/1.1" 404 1251 "-" "Mozilla/5.0 (compatible; SemrushBot/7~bl; +http://www.semrush.com/bot.html)"
85.208.96.203 - - [26/Dec/2025:14:23:52 +0000] "GET /casosvbg/con_est_cruces_var.php?r=81578215 HTTP/1.1" 404 1251 "-" "Mozilla/5.0 (compatible; SemrushBot/7~bl; +http://www.semrush.com/bot.html)"
185.191.171.17 - - [26/Dec/2025:14:24:36 +0000] "GET /casosvbg/con_est_resumen_prg.php?r=88336217 HTTP/1.1" 404 1251 "-" "Mozilla/5.0 (compatible; SemrushBot/7~bl; +http://www.semrush.com/bot.html)"
85.208.96.198 - - [26/Dec/2025:14:24:48 +0000] "GET /casosvbg/con_est_cruces_varloc.php?r=13953257 HTTP/1.1" 404 1251 "-" "Mozilla/5.0 (compatible; SemrushBot/7~bl; +http://www.semrush.com/bot.html)"
185.191.171.8 - - [26/Dec/2025:14:24:58 +0000] "GET /casosvbg/con_est_cruces_var.php?r=83431359 HTTP/1.1" 404 1251 "-" "Mozilla/5.0 (compatible; SemrushBot/7~bl; +http://www.semrush.com/bot.html)"
85.208.96.194 - - [26/Dec/2025:14:25:06 +0000] "GET /casosvbg/con_est_resumen_gral.php?r=2721871 HTTP/1.1" 404 1251 "-" "Mozilla/5.0 (compatible; SemrushBot/7~bl; +http://www.semrush.com/bot.html)"
85.208.96.206 - - [26/Dec/2025:14:25:06 +0000] "GET /casosvbg/con_est_resumen_gral.php?r=91469610 HTTP/1.1" 404 1251 "-" "Mozilla/5.0 (compatible; SemrushBot/7~bl; +http://www.semrush.com/bot.html)"
66.249.66.192 - - [26/Dec/2025:14:25:09 +0000] "GET /casosvbg/con_est_resumen_gral.php?r=30810590 HTTP/1.1" 404 1251 "-" "Mozilla/5.0 (Linux; Android 6.0.1; Nexus 5X Build/MMB29P) AppleWebKit/537.36 (KHTML, like Gecko) Chrome/141.0.7390.122 Mobile Safari/537.36 (compatible; Googlebot/2.1; +http://www.google.com/bot.html)"
185.191.171.3 - - [26/Dec/2025:14:25:27 +0000] "GET /casosvbg/con_est_cruces_var.php?r=91840397 HTTP/1.1" 404 1251 "-" "Mozilla/5.0 (compatible; SemrushBot/7~bl; +http://www.semrush.com/bot.html)"
185.191.171.4 - - [26/Dec/2025:14:25:51 +0000] "GET /casosvbg/con_est_resumen_prg.php?r=88180955 HTTP/1.1" 404 1251 "-" "Mozilla/5.0 (compatible; SemrushBot/7~bl; +http://www.semrush.com/bot.html)"
85.208.96.200 - - [26/Dec/2025:14:25:57 +0000] "GET /casosvbg/con_est_resumen_prg.php?r=69787247 HTTP/1.1" 404 1251 "-" "Mozilla/5.0 (compatible; SemrushBot/7~bl; +http://www.semrush.com/bot.html)"
85.208.96.193 - - [26/Dec/2025:14:26:01 +0000] "GET /casosvbg/con_est_cruces_var.php?r=43207559 HTTP/1.1" 404 1251 "-" "Mozilla/5.0 (compatible; SemrushBot/7~bl; +http://www.semrush.com/bot.html)"
85.208.96.195 - - [26/Dec/2025:14:26:38 +0000] "GET /casosvbg/con_est_resumen_gral.php?r=8354266 HTTP/1.1" 404 1251 "-" "Mozilla/5.0 (compatible; SemrushBot/7~bl; +http://www.semrush.com/bot.html)"
85.208.96.196 - - [26/Dec/2025:14:26:45 +0000] "GET /casosvbg/con_est_resumen_prg.php?r=37118006 HTTP/1.1" 404 1251 "-" "Mozilla/5.0 (compatible; SemrushBot/7~bl; +http://www.semrush.com/bot.html)"
185.191.171.7 - - [26/Dec/2025:14:26:47 +0000] "GET /casosvbg/con_est_resumen_gral.php?r=12140181 HTTP/1.1" 404 1251 "-" "Mozilla/5.0 (compatible; SemrushBot/7~bl; +http://www.semrush.com/bot.html)"
85.208.96.204 - - [26/Dec/2025:14:27:10 +0000] "GET /casosvbg/con_est_cruces_varloc.php?r=11172268 HTTP/1.1" 404 1251 "-" "Mozilla/5.0 (compatible; SemrushBot/7~bl; +http://www.semrush.com/bot.html)"
185.191.171.15 - - [26/Dec/2025:14:27:25 +0000] "GET /casosvbg/con_est_resumen_prg.php?r=30898088 HTTP/1.1" 404 1251 "-" "Mozilla/5.0 (compatible; SemrushBot/7~bl; +http://www.semrush.com/bot.html)"
185.191.171.1 - - [26/Dec/2025:14:27:40 +0000] "GET /casosvbg/con_est_resumen_gral.php?r=55617935 HTTP/1.1" 404 1251 "-" "Mozilla/5.0 (compatible; SemrushBot/7~bl; +http://www.semrush.com/bot.html)"
185.191.171.11 - - [26/Dec/2025:14:27:59 +0000] "GET /casosvbg/con_est_cruces_var.php?r=30256261 HTTP/1.1" 404 1251 "-" "Mozilla/5.0 (compatible; SemrushBot/7~bl; +http://www.semrush.com/bot.html)"
185.191.171.4 - - [26/Dec/2025:14:28:00 +0000] "GET /casosvbg/con_est_resumen_prg.php?r=20881954 HTTP/1.1" 404 1251 "-" "Mozilla/5.0 (compatible; SemrushBot/7~bl; +http://www.semrush.com/bot.html)"
85.208.96.202 - - [26/Dec/2025:14:28:05 +0000] "GET /casosvbg/con_est_resumen_prg.php?r=62677236 HTTP/1.1" 404 1251 "-" "Mozilla/5.0 (compatible; SemrushBot/7~bl; +http://www.semrush.com/bot.html)"
185.191.171.17 - - [26/Dec/2025:14:28:06 +0000] "GET /robots.txt HTTP/1.1" 404 1251 "-" "Mozilla/5.0 (compatible; SemrushBot/7~bl; +http://www.semrush.com/bot.html)"
185.191.171.11 - - [26/Dec/2025:14:28:07 +0000] "GET /casosvbg/con_est_resumen_gral.php?r=36086460 HTTP/1.1" 404 1251 "-" "Mozilla/5.0 (compatible; SemrushBot/7~bl; +http://www.semrush.com/bot.html)"
185.191.171.2 - - [26/Dec/2025:14:28:12 +0000] "GET /casosvbg/con_est_resumen_prg.php?r=88572193 HTTP/1.1" 404 1251 "-" "Mozilla/5.0 (compatible; SemrushBot/7~bl; +http://www.semrush.com/bot.html)"
185.191.171.12 - - [26/Dec/2025:14:28:15 +0000] "GET /casosvbg/con_est_cruces_var.php?r=86619675 HTTP/1.1" 404 1251 "-" "Mozilla/5.0 (compatible; SemrushBot/7~bl; +http://www.semrush.com/bot.html)"
185.191.171.12 - - [26/Dec/2025:14:28:53 +0000] "GET /casosvbg/con_est_resumen_prg.php?r=58068056 HTTP/1.1" 404 1251 "-" "Mozilla/5.0 (compatible; SemrushBot/7~bl; +http://www.semrush.com/bot.html)"
185.191.171.17 - - [26/Dec/2025:14:29:04 +0000] "GET /casosvbg/con_est_resumen_prg.php?r=18852418 HTTP/1.1" 404 1251 "-" "Mozilla/5.0 (compatible; SemrushBot/7~bl; +http://www.semrush.com/bot.html)"
185.191.171.13 - - [26/Dec/2025:14:29:06 +0000] "GET /casosvbg/con_est_resumen_prg.php?r=13660018 HTTP/1.1" 404 1251 "-" "Mozilla/5.0 (compatible; SemrushBot/7~bl; +http://www.semrush.com/bot.html)"
185.191.171.2 - - [26/Dec/2025:14:29:39 +0000] "GET /casosvbg/con_est_cruces_var.php?r=25784721 HTTP/1.1" 404 1251 "-" "Mozilla/5.0 (compatible; SemrushBot/7~bl; +http://www.semrush.com/bot.html)"
85.208.96.207 - - [26/Dec/2025:14:30:08 +0000] "GET /casosvbg/con_est_resumen_gral.php?r=74151192 HTTP/1.1" 404 1251 "-" "Mozilla/5.0 (compatible; SemrushBot/7~bl; +http://www.semrush.com/bot.html)"
85.208.96.212 - - [26/Dec/2025:14:30:31 +0000] "GET /casosvbg/con_est_resumen_gral.php?r=40190019 HTTP/1.1" 404 1251 "-" "Mozilla/5.0 (compatible; SemrushBot/7~bl; +http://www.semrush.com/bot.html)"
85.208.96.212 - - [26/Dec/2025:14:30:46 +0000] "GET /casosvbg/con_est_resumen_gral.php?r=82704920 HTTP/1.1" 404 1251 "-" "Mozilla/5.0 (compatible; SemrushBot/7~bl; +http://www.semrush.com/bot.html)"
185.191.171.12 - - [26/Dec/2025:14:23:57 +0000] "GET /casosvbg/con_est_cruces_var.php?r=90749404 HTTP/1.1" 404 1251 "-" "Mozilla/5.0 (compatible; SemrushBot/7~bl; +http://www.semrush.com/bot.html)"
85.208.96.199 - - [26/Dec/2025:14:23:58 +0000] "GET /casosvbg/con_est_cruces_varloc.php?r=25484120 HTTP/1.1" 404 1251 "-" "Mozilla/5.0 (compatible; SemrushBot/7~bl; +http://www.semrush.com/bot.html)"
85.208.96.211 - - [26/Dec/2025:14:24:00 +0000] "GET /casosvbg/con_est_cruces_varloc.php?r=6917483 HTTP/1.1" 404 1251 "-" "Mozilla/5.0 (compatible; SemrushBot/7~bl; +http://www.semrush.com/bot.html)"
185.191.171.9 - - [26/Dec/2025:14:24:02 +0000] "GET /casosvbg/con_est_resumen_gral.php?r=28920916 HTTP/1.1" 404 1251 "-" "Mozilla/5.0 (compatible; SemrushBot/7~bl; +http://www.semrush.com/bot.html)"
85.208.96.209 - - [26/Dec/2025:14:24:31 +0000] "GET /casosvbg/con_est_cruces_var.php?r=16512773 HTTP/1.1" 404 1251 "-" "Mozilla/5.0 (compatible; SemrushBot/7~bl; +http://www.semrush.com/bot.html)"
185.191.171.3 - - [26/Dec/2025:14:25:01 +0000] "GET /casosvbg/con_est_resumen_prg.php?r=72634994 HTTP/1.1" 404 1251 "-" "Mozilla/5.0 (compatible; SemrushBot/7~bl; +http://www.semrush.com/bot.html)"
85.208.96.196 - - [26/Dec/2025:14:25:41 +0000] "GET /casosvbg/con_est_resumen_gral.php?r=28159117 HTTP/1.1" 404 1251 "-" "Mozilla/5.0 (compatible; SemrushBot/7~bl; +http://www.semrush.com/bot.html)"
85.208.96.208 - - [26/Dec/2025:14:26:02 +0000] "GET /casosvbg/con_est_cruces_var.php?r=88406113 HTTP/1.1" 404 1251 "-" "Mozilla/5.0 (compatible; SemrushBot/7~bl; +http://www.semrush.com/bot.html)"
185.191.171.7 - - [26/Dec/2025:14:26:05 +0000] "GET /casosvbg/con_est_resumen_gral.php?r=25881852 HTTP/1.1" 404 1251 "-" "Mozilla/5.0 (compatible; SemrushBot/7~bl; +http://www.semrush.com/bot.html)"
85.208.96.199 - - [26/Dec/2025:14:27:23 +0000] "GET /casosvbg/con_est_cruces_varloc.php?r=61485419 HTTP/1.1" 404 1251 "-" "Mozilla/5.0 (compatible; SemrushBot/7~bl; +http://www.semrush.com/bot.html)"
185.191.171.7 - - [26/Dec/2025:14:28:14 +0000] "GET /casosvbg/con_est_resumen_prg.php?r=40700373 HTTP/1.1" 404 1251 "-" "Mozilla/5.0 (compatible; SemrushBot/7~bl; +http://www.semrush.com/bot.html)"
185.191.171.12 - - [26/Dec/2025:14:29:08 +0000] "GET /casosvbg/con_est_resumen_gral.php?r=11791243 HTTP/1.1" 404 1251 "-" "Mozilla/5.0 (compatible; SemrushBot/7~bl; +http://www.semrush.com/bot.html)"
185.191.171.8 - - [26/Dec/2025:14:29:17 +0000] "GET /casosvbg/con_est_resumen_prg.php?r=9433166 HTTP/1.1" 404 1251 "-" "Mozilla/5.0 (compatible; SemrushBot/7~bl; +http://www.semrush.com/bot.html)"
185.191.171.10 - - [26/Dec/2025:14:29:47 +0000] "GET /casosvbg/con_est_resumen_prg.php?r=18873507 HTTP/1.1" 404 1251 "-" "Mozilla/5.0 (compatible; SemrushBot/7~bl; +http://www.semrush.com/bot.html)"
85.208.96.206 - - [26/Dec/2025:14:29:59 +0000] "GET /casosvbg/con_est_cruces_varloc.php?r=75699233 HTTP/1.1" 404 1251 "-" "Mozilla/5.0 (compatible; SemrushBot/7~bl; +http://www.semrush.com/bot.html)"
185.191.171.7 - - [26/Dec/2025:14:30:02 +0000] "GET /casosvbg/con_est_resumen_gral.php?r=40684989 HTTP/1.1" 404 1251 "-" "Mozilla/5.0 (compatible; SemrushBot/7~bl; +http://www.semrush.com/bot.html)"
85.208.96.205 - - [26/Dec/2025:14:30:07 +0000] "GET /casosvbg/con_est_resumen_prg.php?r=29909804 HTTP/1.1" 404 1251 "-" "Mozilla/5.0 (compatible; SemrushBot/7~bl; +http://www.semrush.com/bot.html)"
85.208.96.199 - - [26/Dec/2025:14:31:11 +0000] "GET /casosvbg/con_est_resumen_prg.php?r=12958461 HTTP/1.1" 404 1251 "-" "Mozilla/5.0 (compatible; SemrushBot/7~bl; +http://www.semrush.com/bot.html)"
185.191.171.11 - - [26/Dec/2025:14:31:27 +0000] "GET /casosvbg/con_est_resumen_gral.php?r=38372434 HTTP/1.1" 404 1251 "-" "Mozilla/5.0 (compatible; SemrushBot/7~bl; +http://www.semrush.com/bot.html)"
185.191.171.13 - - [26/Dec/2025:14:31:31 +0000] "GET /casosvbg/con_est_cruces_var.php?r=6965769 HTTP/1.1" 404 1251 "-" "Mozilla/5.0 (compatible; SemrushBot/7~bl; +http://www.semrush.com/bot.html)"
185.191.171.17 - - [26/Dec/2025:14:23:02 +0000] "GET /casosvbg/con_est_cruces_var.php?r=87928237 HTTP/1.1" 404 1251 "-" "Mozilla/5.0 (compatible; SemrushBot/7~bl; +http://www.semrush.com/bot.html)"
185.191.171.13 - - [26/Dec/2025:14:23:56 +0000] "GET /casosvbg/con_est_resumen_gral.php?r=78784360 HTTP/1.1" 404 1251 "-" "Mozilla/5.0 (compatible; SemrushBot/7~bl; +http://www.semrush.com/bot.html)"
85.208.96.208 - - [26/Dec/2025:14:23:58 +0000] "GET /casosvbg/con_est_cruces_var.php?r=1546887 HTTP/1.1" 404 1251 "-" "Mozilla/5.0 (compatible; SemrushBot/7~bl; +http://www.semrush.com/bot.html)"
185.191.171.2 - - [26/Dec/2025:14:24:07 +0000] "GET /casosvbg/con_est_resumen_gral.php?r=69400047 HTTP/1.1" 404 1251 "-" "Mozilla/5.0 (compatible; SemrushBot/7~bl; +http://www.semrush.com/bot.html)"
185.191.171.14 - - [26/Dec/2025:14:25:05 +0000] "GET /casosvbg/con_est_cruces_var.php?r=76623711 HTTP/1.1" 404 1251 "-" "Mozilla/5.0 (compatible; SemrushBot/7~bl; +http://www.semrush.com/bot.html)"
85.208.96.210 - - [26/Dec/2025:14:26:23 +0000] "GET /casosvbg/con_est_resumen_prg.php?r=67425810 HTTP/1.1" 404 1251 "-" "Mozilla/5.0 (compatible; SemrushBot/7~bl; +http://www.semrush.com/bot.html)"
