85.208.96.208 - - [26/Dec/2025:16:43:21 +0000] "GET /casosvbg/con_est_cruces_var.php?r=88087794 HTTP/1.1" 404 1251 "-" "Mozilla/5.0 (compatible; SemrushBot/7~bl; +http://www.semrush.com/bot.html)"
85.208.96.208 - - [26/Dec/2025:16:44:10 +0000] "GET /casosvbg/con_est_cruces_var.php?r=1366740 HTTP/1.1" 404 1251 "-" "Mozilla/5.0 (compatible; SemrushBot/7~bl; +http://www.semrush.com/bot.html)"
85.208.96.204 - - [26/Dec/2025:16:45:00 +0000] "GET /casosvbg/con_est_resumen_prg.php?r=5097402 HTTP/1.1" 404 1251 "-" "Mozilla/5.0 (compatible; SemrushBot/7~bl; +http://www.semrush.com/bot.html)"
185.191.171.19 - - [26/Dec/2025:16:45:00 +0000] "GET /casosvbg/con_est_cruces_var.php?r=10546548 HTTP/1.1" 404 1251 "-" "Mozilla/5.0 (compatible; SemrushBot/7~bl; +http://www.semrush.com/bot.html)"
185.191.171.17 - - [26/Dec/2025:16:45:02 +0000] "GET /casosvbg/con_est_cruces_var.php?r=52482352 HTTP/1.1" 404 1251 "-" "Mozilla/5.0 (compatible; SemrushBot/7~bl; +http://www.semrush.com/bot.html)"
85.208.96.199 - - [26/Dec/2025:16:45:54 +0000] "GET /casosvbg/con_est_resumen_gral.php?r=30197157 HTTP/1.1" 404 1251 "-" "Mozilla/5.0 (compatible; SemrushBot/7~bl; +http://www.semrush.com/bot.html)"
185.191.171.16 - - [26/Dec/2025:16:45:59 +0000] "GET /casosvbg/con_est_resumen_gral.php?r=34301835 HTTP/1.1" 404 1251 "-" "Mozilla/5.0 (compatible; SemrushBot/7~bl; +http://www.semrush.com/bot.html)"
85.208.96.196 - - [26/Dec/2025:16:46:17 +0000] "GET /casosvbg/con_est_resumen_gral.php?r=70934844 HTTP/1.1" 404 1251 "-" "Mozilla/5.0 (compatible; SemrushBot/7~bl; +http://www.semrush.com/bot.html)"
85.208.96.196 - - [26/Dec/2025:16:46:48 +0000] "GET /casosvbg/con_est_cruces_var.php?r=20910687 HTTP/1.1" 404 1251 "-" "Mozilla/5.0 (compatible; SemrushBot/7~bl; +http://www.semrush.com/bot.html)"
185.191.171.7 - - [26/Dec/2025:16:41:36 +0000] "GET /casosvbg/con_est_resumen_prg.php?r=86641377 HTTP/1.1" 404 1251 "-" "Mozilla/5.0 (compatible; SemrushBot/7~bl; +http://www.semrush.com/bot.html)"
185.191.171.18 - - [26/Dec/2025:16:41:42 +0000] "GET /casosvbg/con_est_resumen_prg.php?r=49875999 HTTP/1.1" 404 1251 "-" "Mozilla/5.0 (compatible; SemrushBot/7~bl; +http://www.semrush.com/bot.html)"
85.208.96.205 - - [26/Dec/2025:16:41:48 +0000] "GET /casosvbg/con_est_resumen_gral.php?r=70347556 HTTP/1.1" 404 1251 "-" "Mozilla/5.0 (compatible; SemrushBot/7~bl; +http://www.semrush.com/bot.html)"
185.191.171.1 - - [26/Dec/2025:16:43:18 +0000] "GET /casosvbg/con_est_resumen_gral.php?r=24020516 HTTP/1.1" 404 1251 "-" "Mozilla/5.0 (compatible; SemrushBot/7~bl; +http://www.semrush.com/bot.html)"
185.191.171.13 - - [26/Dec/2025:16:44:06 +0000] "GET /casosvbg/con_est_resumen_gral.php?r=68149471 HTTP/1.1" 404 1251 "-" "Mozilla/5.0 (compatible; SemrushBot/7~bl; +http://www.semrush.com/bot.html)"
185.191.171.15 - - [26/Dec/2025:16:44:32 +0000] "GET /casosvbg/con_est_resumen_gral.php?r=43027296 HTTP/1.1" 404 1251 "-" "Mozilla/5.0 (compatible; SemrushBot/7~bl; +http://www.semrush.com/bot.html)"
185.191.171.8 - - [26/Dec/2025:16:45:25 +0000] "GET /casosvbg/con_est_cruces_var.php?r=47567268 HTTP/1.1" 404 1251 "-" "Mozilla/5.0 (compatible; SemrushBot/7~bl; +http://www.semrush.com/bot.html)"
85.208.96.209 - - [26/Dec/2025:16:45:45 +0000] "GET /casosvbg/con_est_cruces_var.php?r=66993837 HTTP/1.1" 404 1251 "-" "Mozilla/5.0 (compatible; SemrushBot/7~bl; +http://www.semrush.com/bot.html)"
85.208.96.203 - - [26/Dec/2025:16:45:50 +0000] "GET /casosvbg/con_est_resumen_prg.php?r=75073658 HTTP/1.1" 404 1251 "-" "Mozilla/5.0 (compatible; SemrushBot/7~bl; +http://www.semrush.com/bot.html)"
185.191.171.5 - - [26/Dec/2025:16:45:57 +0000] "GET /casosvbg/con_est_cruces_var.php?r=94436619 HTTP/1.1" 404 1251 "-" "Mozilla/5.0 (compatible; SemrushBot/7~bl; +http://www.semrush.com/bot.html)"
185.191.171.18 - - [26/Dec/2025:16:45:58 +0000] "GET /casosvbg/con_est_cruces_var.php?r=4146889 HTTP/1.1" 404 1251 "-" "Mozilla/5.0 (compatible; SemrushBot/7~bl; +http://www.semrush.com/bot.html)"
185.191.171.4 - - [26/Dec/2025:16:46:05 +0000] "GET /casosvbg/con_est_cruces_var.php?r=72695361 HTTP/1.1" 404 1251 "-" "Mozilla/5.0 (compatible; SemrushBot/7~bl; +http://www.semrush.com/bot.html)"
85.208.96.198 - - [26/Dec/2025:16:46:08 +0000] "GET /casosvbg/con_est_resumen_prg.php?r=18929960 HTTP/1.1" 404 1251 "-" "Mozilla/5.0 (compatible; SemrushBot/7~bl; +http://www.semrush.com/bot.html)"
185.191.171.11 - - [26/Dec/2025:16:46:16 +0000] "GET /casosvbg/con_est_cruces_var.php?r=4656245 HTTP/1.1" 404 1251 "-" "Mozilla/5.0 (compatible; SemrushBot/7~bl; +http://www.semrush.com/bot.html)"
85.208.96.199 - - [26/Dec/2025:16:46:20 +0000] "GET /casosvbg/con_est_resumen_prg.php?r=98437481 HTTP/1.1" 404 1251 "-" "Mozilla/5.0 (compatible; SemrushBot/7~bl; +http://www.semrush.com/bot.html)"
185.191.171.9 - - [26/Dec/2025:16:46:21 +0000] "GET /casosvbg/con_est_resumen_gral.php?r=59647927 HTTP/1.1" 404 1251 "-" "Mozilla/5.0 (compatible; SemrushBot/7~bl; +http://www.semrush.com/bot.html)"
185.191.171.13 - - [26/Dec/2025:16:47:24 +0000] "GET /casosvbg/con_est_cruces_var.php?r=27777539 HTTP/1.1" 404 1251 "-" "Mozilla/5.0 (compatible; SemrushBot/7~bl; +http://www.semrush.com/bot.html)"
85.208.96.194 - - [26/Dec/2025:16:47:28 +0000] "GET /casosvbg/con_est_resumen_prg.php?r=14207056 HTTP/1.1" 404 1251 "-" "Mozilla/5.0 (compatible; SemrushBot/7~bl; +http://www.semrush.com/bot.html)"
185.191.171.13 - - [26/Dec/2025:16:47:40 +0000] "GET /casosvbg/con_est_cruces_var.php?r=39995956 HTTP/1.1" 404 1251 "-" "Mozilla/5.0 (compatible; SemrushBot/7~bl; +http://www.semrush.com/bot.html)"
185.191.171.16 - - [26/Dec/2025:16:47:55 +0000] "GET /casosvbg/con_est_resumen_prg.php?r=69782275 HTTP/1.1" 404 1251 "-" "Mozilla/5.0 (compatible; SemrushBot/7~bl; +http://www.semrush.com/bot.html)"
185.191.171.19 - - [26/Dec/2025:16:42:25 +0000] "GET /casosvbg/con_est_resumen_gral.php?r=8976008 HTTP/1.1" 404 1251 "-" "Mozilla/5.0 (compatible; SemrushBot/7~bl; +http://www.semrush.com/bot.html)"
185.191.171.8 - - [26/Dec/2025:16:42:45 +0000] "GET /casosvbg/con_est_cruces_varloc.php?r=91408504 HTTP/1.1" 404 1251 "-" "Mozilla/5.0 (compatible; SemrushBot/7~bl; +http://www.semrush.com/bot.html)"
85.208.96.196 - - [26/Dec/2025:16:42:56 +0000] "GET /casosvbg/con_est_resumen_prg.php?r=5086573 HTTP/1.1" 404 1251 "-" "Mozilla/5.0 (compatible; SemrushBot/7~bl; +http://www.semrush.com/bot.html)"
85.208.96.212 - - [26/Dec/2025:16:43:02 +0000] "GET /casosvbg/con_est_resumen_gral.php?r=62284767 HTTP/1.1" 404 1251 "-" "Mozilla/5.0 (compatible; SemrushBot/7~bl; +http://www.semrush.com/bot.html)"
185.191.171.4 - - [26/Dec/2025:16:43:27 +0000] "GET /casosvbg/con_est_cruces_var.php?r=75575079 HTTP/1.1" 404 1251 "-" "Mozilla/5.0 (compatible; SemrushBot/7~bl; +http://www.semrush.com/bot.html)"
85.208.96.203 - - [26/Dec/2025:16:43:57 +0000] "GET /casosvbg/con_est_cruces_var.php?r=4192584 HTTP/1.1" 404 1251 "-" "Mozilla/5.0 (compatible; SemrushBot/7~bl; +http://www.semrush.com/bot.html)"
85.208.96.198 - - [26/Dec/2025:16:44:25 +0000] "GET /casosvbg/con_est_resumen_prg.php?r=15295484 HTTP/1.1" 404 1251 "-" "Mozilla/5.0 (compatible; SemrushBot/7~bl; +http://www.semrush.com/bot.html)"
85.208.96.200 - - [26/Dec/2025:16:44:33 +0000] "GET /casosvbg/con_est_resumen_gral.php?r=10681136 HTTP/1.1" 404 1251 "-" "Mozilla/5.0 (compatible; SemrushBot/7~bl; +http://www.semrush.com/bot.html)"
85.208.96.195 - - [26/Dec/2025:16:45:20 +0000] "GET /casosvbg/con_est_resumen_gral.php?r=78244470 HTTP/1.1" 404 1251 "-" "Mozilla/5.0 (compatible; SemrushBot/7~bl; +http://www.semrush.com/bot.html)"
185.191.171.16 - - [26/Dec/2025:16:45:37 +0000] "GET /casosvbg/con_est_cruces_var.php?r=32050748 HTTP/1.1" 404 1251 "-" "Mozilla/5.0 (compatible; SemrushBot/7~bl; +http://www.semrush.com/bot.html)"
85.208.96.202 - - [26/Dec/2025:16:45:43 +0000] "GET /casosvbg/con_est_resumen_prg.php?r=19977324 HTTP/1.1" 404 1251 "-" "Mozilla/5.0 (compatible; SemrushBot/7~bl; +http://www.semrush.com/bot.html)"
185.191.171.10 - - [26/Dec/2025:16:45:52 +0000] "GET /casosvbg/con_est_cruces_var.php?r=98694640 HTTP/1.1" 404 1251 "-" "Mozilla/5.0 (compatible; SemrushBot/7~bl; +http://www.semrush.com/bot.html)"
85.208.96.202 - - [26/Dec/2025:16:46:04 +0000] "GET /casosvbg/con_est_resumen_gral.php?r=1981582 HTTP/1.1" 404 1251 "-" "Mozilla/5.0 (compatible; SemrushBot/7~bl; +http://www.semrush.com/bot.html)"
185.191.171.6 - - [26/Dec/2025:16:46:44 +0000] "GET /casosvbg/con_est_resumen_gral.php?r=2716212 HTTP/1.1" 404 1251 "-" "Mozilla/5.0 (compatible; SemrushBot/7~bl; +http://www.semrush.com/bot.html)"
85.208.96.194 - - [26/Dec/2025:16:47:00 +0000] "GET /casosvbg/con_est_cruces_var.php?r=63561387 HTTP/1.1" 404 1251 "-" "Mozilla/5.0 (compatible; SemrushBot/7~bl; +http://www.semrush.com/bot.html)"
85.208.96.194 - - [26/Dec/2025:16:47:09 +0000] "GET /casosvbg/con_est_cruces_var.php?r=51423269 HTTP/1.1" 404 1251 "-" "Mozilla/5.0 (compatible; SemrushBot/7~bl; +http://www.semrush.com/bot.html)"
185.191.171.16 - - [26/Dec/2025:16:47:20 +0000] "GET /casosvbg/con_est_cruces_varloc.php?r=8992510 HTTP/1.1" 404 1251 "-" "Mozilla/5.0 (compatible; SemrushBot/7~bl; +http://www.semrush.com/bot.html)"
185.191.171.11 - - [26/Dec/2025:16:48:22 +0000] "GET /casosvbg/con_est_resumen_prg.php?r=63802816 HTTP/1.1" 404 1251 "-" "Mozilla/5.0 (compatible; SemrushBot/7~bl; +http://www.semrush.com/bot.html)"
66.249.66.2 - - [26/Dec/2025:16:48:48 +0000] "GET /feed/ HTTP/1.1" 404 1251 "-" "Mozilla/5.0 (Linux; Android 6.0.1; Nexus 5X Build/MMB29P) AppleWebKit/537.36 (KHTML, like Gecko) Chrome/141.0.7390.122 Mobile Safari/537.36 (compatible; Googlebot/2.1; +http://www.google.com/bot.html)"
185.191.171.6 - - [26/Dec/2025:16:49:03 +0000] "GET /casosvbg/con_est_resumen_gral.php?r=81459916 HTTP/1.1" 404 1251 "-" "Mozilla/5.0 (compatible; SemrushBot/7~bl; +http://www.semrush.com/bot.html)"
85.208.96.198 - - [26/Dec/2025:16:47:01 +0000] "GET /casosvbg/con_est_cruces_var.php?r=70122939 HTTP/1.1" 404 1251 "-" "Mozilla/5.0 (compatible; SemrushBot/7~bl; +http://www.semrush.com/bot.html)"
85.208.96.206 - - [26/Dec/2025:16:48:26 +0000] "GET /casosvbg/con_est_resumen_gral.php?r=25664599 HTTP/1.1" 404 1251 "-" "Mozilla/5.0 (compatible; SemrushBot/7~bl; +http://www.semrush.com/bot.html)"
66.249.66.32 - - [26/Dec/2025:16:48:41 +0000] "GET /casosvbg/con_est_resumen_prg.php?r=99594 HTTP/1.1" 404 1251 "-" "Mozilla/5.0 (Linux; Android 6.0.1; Nexus 5X Build/MMB29P) AppleWebKit/537.36 (KHTML, like Gecko) Chrome/141.0.7390.122 Mobile Safari/537.36 (compatible; Googlebot/2.1; +http://www.google.com/bot.html)"
85.208.96.198 - - [26/Dec/2025:16:49:01 +0000] "GET /casosvbg/con_est_resumen_gral.php?r=59238193 HTTP/1.1" 404 1251 "-" "Mozilla/5.0 (compatible; SemrushBot/7~bl; +http://www.semrush.com/bot.html)"
185.191.171.2 - - [26/Dec/2025:16:49:16 +0000] "GET /casosvbg/con_est_resumen_prg.php?r=16391775 HTTP/1.1" 404 1251 "-" "Mozilla/5.0 (compatible; SemrushBot/7~bl; +http://www.semrush.com/bot.html)"
185.191.171.5 - - [26/Dec/2025:16:49:38 +0000] "GET /casosvbg/con_est_resumen_prg.php?r=87758906 HTTP/1.1" 404 1251 "-" "Mozilla/5.0 (compatible; SemrushBot/7~bl; +http://www.semrush.com/bot.html)"
185.191.171.19 - - [26/Dec/2025:16:50:15 +0000] "GET /casosvbg/con_est_resumen_prg.php?r=98541291 HTTP/1.1" 404 1251 "-" "Mozilla/5.0 (compatible; SemrushBot/7~bl; +http://www.semrush.com/bot.html)"
185.191.171.19 - - [26/Dec/2025:16:50:33 +0000] "GET /casosvbg/con_est_resumen_prg.php?r=9937110 HTTP/1.1" 404 1251 "-" "Mozilla/5.0 (compatible; SemrushBot/7~bl; +http://www.semrush.com/bot.html)"
85.208.96.208 - - [26/Dec/2025:16:51:14 +0000] "GET /casosvbg/con_est_cruces_varloc.php?r=53284019 HTTP/1.1" 404 1251 "-" "Mozilla/5.0 (compatible; SemrushBot/7~bl; +http://www.semrush.com/bot.html)"
85.208.96.199 - - [26/Dec/2025:16:51:31 +0000] "GET /casosvbg/con_est_resumen_prg.php?r=95356290 HTTP/1.1" 404 1251 "-" "Mozilla/5.0 (compatible; SemrushBot/7~bl; +http://www.semrush.com/bot.html)"
85.208.96.206 - - [26/Dec/2025:16:52:01 +0000] "GET /casosvbg/con_est_resumen_prg.php?r=40467700 HTTP/1.1" 404 1251 "-" "Mozilla/5.0 (compatible; SemrushBot/7~bl; +http://www.semrush.com/bot.html)"
185.191.171.2 - - [26/Dec/2025:16:52:24 +0000] "GET /casosvbg/con_est_resumen_gral.php?r=224837 HTTP/1.1" 404 1251 "-" "Mozilla/5.0 (compatible; SemrushBot/7~bl; +http://www.semrush.com/bot.html)"
85.208.96.207 - - [26/Dec/2025:16:52:39 +0000] "GET /casosvbg/con_est_cruces_varloc.php?r=3486725 HTTP/1.1" 404 1251 "-" "Mozilla/5.0 (compatible; SemrushBot/7~bl; +http://www.semrush.com/bot.html)"
85.208.96.199 - - [26/Dec/2025:16:52:54 +0000] "GET /casosvbg/con_est_resumen_prg.php?r=6540436 HTTP/1.1" 404 1251 "-" "Mozilla/5.0 (compatible; SemrushBot/7~bl; +http://www.semrush.com/bot.html)"
185.191.171.7 - - [26/Dec/2025:16:53:31 +0000] "GET /casosvbg/con_est_cruces_var.php?r=53289478 HTTP/1.1" 404 1251 "-" "Mozilla/5.0 (compatible; SemrushBot/7~bl; +http://www.semrush.com/bot.html)"
85.208.96.196 - - [26/Dec/2025:16:53:46 +0000] "GET /casosvbg/con_est_resumen_prg.php?r=44602874 HTTP/1.1" 404 1251 "-" "Mozilla/5.0 (compatible; SemrushBot/7~bl; +http://www.semrush.com/bot.html)"
185.191.171.1 - - [26/Dec/2025:16:54:00 +0000] "GET /casosvbg/con_est_resumen_prg.php?r=88383412 HTTP/1.1" 404 1251 "-" "Mozilla/5.0 (compatible; SemrushBot/7~bl; +http://www.semrush.com/bot.html)"
185.191.171.19 - - [26/Dec/2025:16:54:02 +0000] "GET /casosvbg/con_est_cruces_var.php?r=71237657 HTTP/1.1" 404 1251 "-" "Mozilla/5.0 (compatible; SemrushBot/7~bl; +http://www.semrush.com/bot.html)"
85.208.96.212 - - [26/Dec/2025:16:54:21 +0000] "GET /casosvbg/con_est_resumen_prg.php?r=41261682 HTTP/1.1" 404 1251 "-" "Mozilla/5.0 (compatible; SemrushBot/7~bl; +http://www.semrush.com/bot.html)"
85.208.96.196 - - [26/Dec/2025:16:54:22 +0000] "GET /casosvbg/con_est_resumen_prg.php?r=47529706 HTTP/1.1" 404 1251 "-" "Mozilla/5.0 (compatible; SemrushBot/7~bl; +http://www.semrush.com/bot.html)"
85.208.96.194 - - [26/Dec/2025:16:48:04 +0000] "GET /casosvbg/con_est_resumen_gral.php?r=82532221 HTTP/1.1" 404 1251 "-" "Mozilla/5.0 (compatible; SemrushBot/7~bl; +http://www.semrush.com/bot.html)"
185.191.171.6 - - [26/Dec/2025:16:48:49 +0000] "GET /casosvbg/con_est_cruces_var.php?r=80902626 HTTP/1.1" 404 1251 "-" "Mozilla/5.0 (compatible; SemrushBot/7~bl; +http://www.semrush.com/bot.html)"
177.60.77.60 - - [26/Dec/2025:16:49:10 +0000] "GET http://noestassola.com.co/casosvbg/con_est_resumen_gral.php?r=489185640 HTTP/1.1" 404 1251 "-" "Mozilla/5.0 (Windows NT 10.0; Win64; x64) AppleWebKit/537.36 (KHTML, like Gecko) Chrome/122.0.0.0 Safari/537.36 Trailer/93.3.3516.28"
185.191.171.5 - - [26/Dec/2025:16:49:23 +0000] "GET /casosvbg/con_est_resumen_gral.php?r=84723888 HTTP/1.1" 404 1251 "-" "Mozilla/5.0 (compatible; SemrushBot/7~bl; +http://www.semrush.com/bot.html)"
85.208.96.198 - - [26/Dec/2025:16:49:30 +0000] "GET /casosvbg/con_est_cruces_var.php?r=53374820 HTTP/1.1" 404 1251 "-" "Mozilla/5.0 (compatible; SemrushBot/7~bl; +http://www.semrush.com/bot.html)"
185.191.171.16 - - [26/Dec/2025:16:49:55 +0000] "GET /casosvbg/con_est_resumen_gral.php?r=62913833 HTTP/1.1" 404 1251 "-" "Mozilla/5.0 (compatible; SemrushBot/7~bl; +http://www.semrush.com/bot.html)"
85.208.96.210 - - [26/Dec/2025:16:50:00 +0000] "GET /casosvbg/con_est_resumen_gral.php?r=83272023 HTTP/1.1" 404 1251 "-" "Mozilla/5.0 (compatible; SemrushBot/7~bl; +http://www.semrush.com/bot.html)"
185.191.171.7 - - [26/Dec/2025:16:50:16 +0000] "GET /casosvbg/con_est_resumen_gral.php?r=36470133 HTTP/1.1" 404 1251 "-" "Mozilla/5.0 (compatible; SemrushBot/7~bl; +http://www.semrush.com/bot.html)"
185.191.171.6 - - [26/Dec/2025:16:50:18 +0000] "GET /casosvbg/con_est_resumen_gral.php?r=42888591 HTTP/1.1" 404 1251 "-" "Mozilla/5.0 (compatible; SemrushBot/7~bl; +http://www.semrush.com/bot.html)"
85.208.96.202 - - [26/Dec/2025:16:50:29 +0000] "GET /casosvbg/con_est_resumen_gral.php?r=22878368 HTTP/1.1" 404 1251 "-" "Mozilla/5.0 (compatible; SemrushBot/7~bl; +http://www.semrush.com/bot.html)"
185.191.171.11 - - [26/Dec/2025:16:50:46 +0000] "GET /casosvbg/con_est_resumen_prg.php?r=92208374 HTTP/1.1" 404 1251 "-" "Mozilla/5.0 (compatible; SemrushBot/7~bl; +http://www.semrush.com/bot.html)"
185.191.171.14 - - [26/Dec/2025:16:51:31 +0000] "GET /casosvbg/con_est_resumen_gral.php?r=53250582 HTTP/1.1" 404 1251 "-" "Mozilla/5.0 (compatible; SemrushBot/7~bl; +http://www.semrush.com/bot.html)"
85.208.96.205 - - [26/Dec/2025:16:52:02 +0000] "GET /casosvbg/con_est_resumen_gral.php?r=21708556 HTTP/1.1" 404 1251 "-" "Mozilla/5.0 (compatible; SemrushBot/7~bl; +http://www.semrush.com/bot.html)"
185.191.171.8 - - [26/Dec/2025:16:52:06 +0000] "GET /casosvbg/con_est_cruces_varloc.php?r=98887588 HTTP/1.1" 404 1251 "-" "Mozilla/5.0 (compatible; SemrushBot/7~bl; +http://www.semrush.com/bot.html)"
85.208.96.198 - - [26/Dec/2025:16:52:29 +0000] "GET /casosvbg/con_est_cruces_var.php?r=42201518 HTTP/1.1" 404 1251 "-" "Mozilla/5.0 (compatible; SemrushBot/7~bl; +http://www.semrush.com/bot.html)"
185.191.171.10 - - [26/Dec/2025:16:52:43 +0000] "GET /casosvbg/con_est_resumen_prg.php?r=23387500 HTTP/1.1" 404 1251 "-" "Mozilla/5.0 (compatible; SemrushBot/7~bl; +http://www.semrush.com/bot.html)"
85.208.96.202 - - [26/Dec/2025:16:52:55 +0000] "GET /casosvbg/con_est_cruces_varloc.php?r=2562424 HTTP/1.1" 404 1251 "-" "Mozilla/5.0 (compatible; SemrushBot/7~bl; +http://www.semrush.com/bot.html)"
85.208.96.199 - - [26/Dec/2025:16:53:04 +0000] "GET /casosvbg/con_est_cruces_varloc.php?r=86218091 HTTP/1.1" 404 1251 "-" "Mozilla/5.0 (compatible; SemrushBot/7~bl; +http://www.semrush.com/bot.html)"
85.208.96.212 - - [26/Dec/2025:16:53:41 +0000] "GET /casosvbg/con_est_cruces_var.php?r=78897003 HTTP/1.1" 404 1251 "-" "Mozilla/5.0 (compatible; SemrushBot/7~bl; +http://www.semrush.com/bot.html)"
185.191.171.12 - - [26/Dec/2025:16:54:04 +0000] "GET /casosvbg/con_est_cruces_varloc.php?r=25882017 HTTP/1.1" 404 1251 "-" "Mozilla/5.0 (compatible; SemrushBot/7~bl; +http://www.semrush.com/bot.html)"
85.208.96.207 - - [26/Dec/2025:16:49:29 +0000] "GET /casosvbg/con_est_cruces_var.php?r=89356253 HTTP/1.1" 404 1251 "-" "Mozilla/5.0 (compatible; SemrushBot/7~bl; +http://www.semrush.com/bot.html)"
185.191.171.11 - - [26/Dec/2025:16:49:59 +0000] "GET /casosvbg/con_est_resumen_prg.php?r=71763300 HTTP/1.1" 404 1251 "-" "Mozilla/5.0 (compatible; SemrushBot/7~bl; +http://www.semrush.com/bot.html)"
85.208.96.203 - - [26/Dec/2025:16:49:59 +0000] "GET /casosvbg/con_est_resumen_gral.php?r=24854164 HTTP/1.1" 404 1251 "-" "Mozilla/5.0 (compatible; SemrushBot/7~bl; +http://www.semrush.com/bot.html)"
85.208.96.198 - - [26/Dec/2025:16:50:06 +0000] "GET /casosvbg/con_est_cruces_var.php?r=29962099 HTTP/1.1" 404 1251 "-" "Mozilla/5.0 (compatible; SemrushBot/7~bl; +http://www.semrush.com/bot.html)"
185.191.171.16 - - [26/Dec/2025:16:50:12 +0000] "GET /casosvbg/con_est_resumen_prg.php?r=71546269 HTTP/1.1" 404 1251 "-" "Mozilla/5.0 (compatible; SemrushBot/7~bl; +http://www.semrush.com/bot.html)"
85.208.96.200 - - [26/Dec/2025:16:50:14 +0000] "GET /casosvbg/con_est_resumen_prg.php?r=98594423 HTTP/1.1" 404 1251 "-" "Mozilla/5.0 (compatible; SemrushBot/7~bl; +http://www.semrush.com/bot.html)"
85.208.96.206 - - [26/Dec/2025:16:50:20 +0000] "GET /casosvbg/con_est_resumen_prg.php?r=51792953 HTTP/1.1" 404 1251 "-" "Mozilla/5.0 (compatible; SemrushBot/7~bl; +http://www.semrush.com/bot.html)"
185.191.171.6 - - [26/Dec/2025:16:50:21 +0000] "GET /casosvbg/con_est_resumen_prg.php?r=46864550 HTTP/1.1" 404 1251 "-" "Mozilla/5.0 (compatible; SemrushBot/7~bl; +http://www.semrush.com/bot.html)"
85.208.96.208 - - [26/Dec/2025:16:50:51 +0000] "GET /casosvbg/con_est_resumen_gral.php?r=9549961 HTTP/1.1" 404 1251 "-" "Mozilla/5.0 (compatible; SemrushBot/7~bl; +http://www.semrush.com/bot.html)"
85.208.96.210 - - [26/Dec/2025:16:51:09 +0000] "GET /casosvbg/con_est_cruces_var.php?r=55514944 HTTP/1.1" 404 1251 "-" "Mozilla/5.0 (compatible; SemrushBot/7~bl; +http://www.semrush.com/bot.html)"
185.191.171.7 - - [26/Dec/2025:16:51:23 +0000] "GET /casosvbg/con_est_resumen_prg.php?r=85667310 HTTP/1.1" 404 1251 "-" "Mozilla/5.0 (compatible; SemrushBot/7~bl; +http://www.semrush.com/bot.html)"
185.191.171.12 - - [26/Dec/2025:16:52:25 +0000] "GET /casosvbg/con_est_resumen_prg.php?r=50778313 HTTP/1.1" 404 1251 "-" "Mozilla/5.0 (compatible; SemrushBot/7~bl; +http://www.semrush.com/bot.html)"
185.191.171.6 - - [26/Dec/2025:16:53:07 +0000] "GET /casosvbg/con_est_cruces_var.php?r=90187297 HTTP/1.1" 404 1251 "-" "Mozilla/5.0 (compatible; SemrushBot/7~bl; +http://www.semrush.com/bot.html)"
185.191.171.7 - - [26/Dec/2025:16:53:29 +0000] "GET /casosvbg/con_est_resumen_prg.php?r=25747180 HTTP/1.1" 404 1251 "-" "Mozilla/5.0 (compatible; SemrushBot/7~bl; +http://www.semrush.com/bot.html)"
185.191.171.2 - - [26/Dec/2025:16:53:36 +0000] "GET /casosvbg/con_est_cruces_var.php?r=52154407 HTTP/1.1" 404 1251 "-" "Mozilla/5.0 (compatible; SemrushBot/7~bl; +http://www.semrush.com/bot.html)"
85.208.96.210 - - [26/Dec/2025:16:54:12 +0000] "GET /casosvbg/con_est_cruces_var.php?r=9114372 HTTP/1.1" 404 1251 "-" "Mozilla/5.0 (compatible; SemrushBot/7~bl; +http://www.semrush.com/bot.html)"
85.208.96.196 - - [26/Dec/2025:16:54:40 +0000] "GET /casosvbg/con_est_resumen_prg.php?r=40319025 HTTP/1.1" 404 1251 "-" "Mozilla/5.0 (compatible; SemrushBot/7~bl; +http://www.semrush.com/bot.html)"
85.208.96.201 - - [26/Dec/2025:16:55:01 +0000] "GET /casosvbg/con_est_cruces_var.php?r=53257923 HTTP/1.1" 404 1251 "-" "Mozilla/5.0 (compatible; SemrushBot/7~bl; +http://www.semrush.com/bot.html)"
185.191.171.12 - - [26/Dec/2025:16:55:22 +0000] "GET /casosvbg/con_est_cruces_var.php?r=32892261 HTTP/1.1" 404 1251 "-" "Mozilla/5.0 (compatible; SemrushBot/7~bl; +http://www.semrush.com/bot.html)"
85.208.96.195 - - [26/Dec/2025:16:55:24 +0000] "GET /casosvbg/con_est_cruces_var.php?r=44268334 HTTP/1.1" 404 1251 "-" "Mozilla/5.0 (compatible; SemrushBot/7~bl; +http://www.semrush.com/bot.html)"
185.191.171.9 - - [26/Dec/2025:16:56:05 +0000] "GET /casosvbg/con_est_resumen_gral.php?r=86569494 HTTP/1.1" 404 1251 "-" "Mozilla/5.0 (compatible; SemrushBot/7~bl; +http://www.semrush.com/bot.html)"
85.208.96.207 - - [26/Dec/2025:16:56:22 +0000] "GET /casosvbg/con_est_resumen_prg.php?r=37775013 HTTP/1.1" 404 1251 "-" "Mozilla/5.0 (compatible; SemrushBot/7~bl; +http://www.semrush.com/bot.html)"
185.191.171.8 - - [26/Dec/2025:16:56:32 +0000] "GET /casosvbg/con_est_cruces_var.php?r=69520273 HTTP/1.1" 404 1251 "-" "Mozilla/5.0 (compatible; SemrushBot/7~bl; +http://www.semrush.com/bot.html)"
85.208.96.201 - - [26/Dec/2025:16:56:39 +0000] "GET /casosvbg/con_est_resumen_gral.php?r=28648707 HTTP/1.1" 404 1251 "-" "Mozilla/5.0 (compatible; SemrushBot/7~bl; +http://www.semrush.com/bot.html)"
185.191.171.18 - - [26/Dec/2025:16:56:53 +0000] "GET /casosvbg/con_est_cruces_var.php?r=64223837 HTTP/1.1" 404 1251 "-" "Mozilla/5.0 (compatible; SemrushBot/7~bl; +http://www.semrush.com/bot.html)"
85.208.96.196 - - [26/Dec/2025:16:57:32 +0000] "GET /casosvbg/con_est_resumen_prg.php?r=73542664 HTTP/1.1" 404 1251 "-" "Mozilla/5.0 (compatible; SemrushBot/7~bl; +http://www.semrush.com/bot.html)"
185.191.171.16 - - [26/Dec/2025:16:57:48 +0000] "GET /casosvbg/con_est_resumen_prg.php?r=83193902 HTTP/1.1" 404 1251 "-" "Mozilla/5.0 (compatible; SemrushBot/7~bl; +http://www.semrush.com/bot.html)"
185.191.171.1 - - [26/Dec/2025:16:58:05 +0000] "GET /robots.txt HTTP/1.1" 404 1251 "-" "Mozilla/5.0 (compatible; SemrushBot/7~bl; +http://www.semrush.com/bot.html)"
185.191.171.14 - - [26/Dec/2025:16:58:30 +0000] "GET /casosvbg/con_est_resumen_prg.php?r=99219403 HTTP/1.1" 404 1251 "-" "Mozilla/5.0 (compatible; SemrushBot/7~bl; +http://www.semrush.com/bot.html)"
185.191.171.15 - - [26/Dec/2025:16:58:37 +0000] "GET /casosvbg/con_est_cruces_varloc.php?r=70777451 HTTP/1.1" 404 1251 "-" "Mozilla/5.0 (compatible; SemrushBot/7~bl; +http://www.semrush.com/bot.html)"
185.191.171.12 - - [26/Dec/2025:16:58:43 +0000] "GET /casosvbg/con_est_resumen_gral.php?r=62756537 HTTP/1.1" 404 1251 "-" "Mozilla/5.0 (compatible; SemrushBot/7~bl; +http://www.semrush.com/bot.html)"
185.191.171.10 - - [26/Dec/2025:16:58:46 +0000] "GET /casosvbg/con_est_cruces_var.php?r=61471949 HTTP/1.1" 404 1251 "-" "Mozilla/5.0 (compatible; SemrushBot/7~bl; +http://www.semrush.com/bot.html)"
85.208.96.198 - - [26/Dec/2025:16:58:48 +0000] "GET /casosvbg/con_est_resumen_prg.php?r=48662569 HTTP/1.1" 404 1251 "-" "Mozilla/5.0 (compatible; SemrushBot/7~bl; +http://www.semrush.com/bot.html)"
185.191.171.16 - - [26/Dec/2025:16:58:59 +0000] "GET /casosvbg/con_est_cruces_var.php?r=16042062 HTTP/1.1" 404 1251 "-" "Mozilla/5.0 (compatible; SemrushBot/7~bl; +http://www.semrush.com/bot.html)"
185.191.171.19 - - [26/Dec/2025:16:59:06 +0000] "GET /casosvbg/con_est_resumen_prg.php?r=70367478 HTTP/1.1" 404 1251 "-" "Mozilla/5.0 (compatible; SemrushBot/7~bl; +http://www.semrush.com/bot.html)"
185.191.171.17 - - [26/Dec/2025:16:59:38 +0000] "GET /casosvbg/con_est_resumen_prg.php?r=31944013 HTTP/1.1" 404 1251 "-" "Mozilla/5.0 (compatible; SemrushBot/7~bl; +http://www.semrush.com/bot.html)"
185.191.171.5 - - [26/Dec/2025:17:00:36 +0000] "GET /casosvbg/con_est_resumen_prg.php?r=49224418 HTTP/1.1" 404 1251 "-" "Mozilla/5.0 (compatible; SemrushBot/7~bl; +http://www.semrush.com/bot.html)"
185.191.171.12 - - [26/Dec/2025:16:54:25 +0000] "GET /casosvbg/con_est_resumen_prg.php?r=28998921 HTTP/1.1" 404 1251 "-" "Mozilla/5.0 (compatible; SemrushBot/7~bl; +http://www.semrush.com/bot.html)"
185.191.171.4 - - [26/Dec/2025:16:54:31 +0000] "GET /casosvbg/con_est_resumen_prg.php?r=2919006 HTTP/1.1" 404 1251 "-" "Mozilla/5.0 (compatible; SemrushBot/7~bl; +http://www.semrush.com/bot.html)"
185.191.171.8 - - [26/Dec/2025:16:54:36 +0000] "GET /casosvbg/con_est_cruces_var.php?r=83118688 HTTP/1.1" 404 1251 "-" "Mozilla/5.0 (compatible; SemrushBot/7~bl; +http://www.semrush.com/bot.html)"
185.191.171.12 - - [26/Dec/2025:16:54:42 +0000] "GET /casosvbg/con_est_cruces_var.php?r=43915521 HTTP/1.1" 404 1251 "-" "Mozilla/5.0 (compatible; SemrushBot/7~bl; +http://www.semrush.com/bot.html)"
185.191.171.9 - - [26/Dec/2025:16:55:31 +0000] "GET /casosvbg/con_est_resumen_prg.php?r=46834449 HTTP/1.1" 404 1251 "-" "Mozilla/5.0 (compatible; SemrushBot/7~bl; +http://www.semrush.com/bot.html)"
185.191.171.17 - - [26/Dec/2025:16:56:53 +0000] "GET /robots.txt HTTP/1.1" 404 1251 "-" "Mozilla/5.0 (compatible; SemrushBot/7~bl; +http://www.semrush.com/bot.html)"
85.208.96.209 - - [26/Dec/2025:16:57:10 +0000] "GET /casosvbg/con_est_resumen_prg.php?r=66108841 HTTP/1.1" 404 1251 "-" "Mozilla/5.0 (compatible; SemrushBot/7~bl; +http://www.semrush.com/bot.html)"
85.208.96.196 - - [26/Dec/2025:16:57:15 +0000] "GET /casosvbg/con_est_resumen_prg.php?r=14105635 HTTP/1.1" 404 1251 "-" "Mozilla/5.0 (compatible; SemrushBot/7~bl; +http://www.semrush.com/bot.html)"
66.249.66.32 - - [26/Dec/2025:16:57:17 +0000] "GET /casosvbg/con_est_resumen_prg.php?r=56866 HTTP/1.1" 404 1251 "-" "Mozilla/5.0 (Linux; Android 6.0.1; Nexus 5X Build/MMB29P) AppleWebKit/537.36 (KHTML, like Gecko) Chrome/141.0.7390.122 Mobile Safari/537.36 (compatible; Googlebot/2.1; +http://www.google.com/bot.html)"
85.208.96.211 - - [26/Dec/2025:16:57:41 +0000] "GET /casosvbg/con_est_resumen_gral.php?r=28872125 HTTP/1.1" 404 1251 "-" "Mozilla/5.0 (compatible; SemrushBot/7~bl; +http://www.semrush.com/bot.html)"
185.191.171.10 - - [26/Dec/2025:16:57:43 +0000] "GET /casosvbg/con_est_cruces_var.php?r=56911858 HTTP/1.1" 404 1251 "-" "Mozilla/5.0 (compatible; SemrushBot/7~bl; +http://www.semrush.com/bot.html)"
185.191.171.16 - - [26/Dec/2025:16:57:56 +0000] "GET /casosvbg/con_est_resumen_gral.php?r=62672295 HTTP/1.1" 404 1251 "-" "Mozilla/5.0 (compatible; SemrushBot/7~bl; +http://www.semrush.com/bot.html)"
185.191.171.16 - - [26/Dec/2025:16:58:03 +0000] "GET /casosvbg/con_est_resumen_gral.php?r=26329920 HTTP/1.1" 404 1251 "-" "Mozilla/5.0 (compatible; SemrushBot/7~bl; +http://www.semrush.com/bot.html)"
185.191.171.18 - - [26/Dec/2025:16:58:05 +0000] "GET /casosvbg/con_est_resumen_gral.php?r=32445856 HTTP/1.1" 404 1251 "-" "Mozilla/5.0 (compatible; SemrushBot/7~bl; +http://www.semrush.com/bot.html)"
85.208.96.205 - - [26/Dec/2025:16:58:12 +0000] "GET /casosvbg/con_est_resumen_prg.php?r=77926360 HTTP/1.1" 404 1251 "-" "Mozilla/5.0 (compatible; SemrushBot/7~bl; +http://www.semrush.com/bot.html)"
185.191.171.16 - - [26/Dec/2025:16:58:36 +0000] "GET /casosvbg/con_est_resumen_gral.php?r=40576738 HTTP/1.1" 404 1251 "-" "Mozilla/5.0 (compatible; SemrushBot/7~bl; +http://www.semrush.com/bot.html)"
85.208.96.194 - - [26/Dec/2025:16:59:26 +0000] "GET /casosvbg/con_est_cruces_var.php?r=53654280 HTTP/1.1" 404 1251 "-" "Mozilla/5.0 (compatible; SemrushBot/7~bl; +http://www.semrush.com/bot.html)"
85.208.96.205 - - [26/Dec/2025:16:59:29 +0000] "GET /casosvbg/con_est_resumen_gral.php?r=24531039 HTTP/1.1" 404 1251 "-" "Mozilla/5.0 (compatible; SemrushBot/7~bl; +http://www.semrush.com/bot.html)"
185.191.171.16 - - [26/Dec/2025:16:59:43 +0000] "GET /casosvbg/con_est_cruces_varloc.php?r=94939842 HTTP/1.1" 404 1251 "-" "Mozilla/5.0 (compatible; SemrushBot/7~bl; +http://www.semrush.com/bot.html)"
185.191.171.14 - - [26/Dec/2025:17:00:24 +0000] "GET /casosvbg/con_est_cruces_var.php?r=78147404 HTTP/1.1" 404 1251 "-" "Mozilla/5.0 (compatible; SemrushBot/7~bl; +http://www.semrush.com/bot.html)"
85.208.96.196 - - [26/Dec/2025:16:54:23 +0000] "GET /casosvbg/con_est_resumen_gral.php?r=1347735 HTTP/1.1" 404 1251 "-" "Mozilla/5.0 (compatible; SemrushBot/7~bl; +http://www.semrush.com/bot.html)"
185.191.171.8 - - [26/Dec/2025:16:54:28 +0000] "GET /casosvbg/con_est_cruces_varloc.php?r=20608530 HTTP/1.1" 404 1251 "-" "Mozilla/5.0 (compatible; SemrushBot/7~bl; +http://www.semrush.com/bot.html)"
185.191.171.11 - - [26/Dec/2025:16:54:29 +0000] "GET /casosvbg/con_est_cruces_var.php?r=85658274 HTTP/1.1" 404 1251 "-" "Mozilla/5.0 (compatible; SemrushBot/7~bl; +http://www.semrush.com/bot.html)"
85.208.96.208 - - [26/Dec/2025:16:54:56 +0000] "GET /casosvbg/con_est_cruces_varloc.php?r=25123260 HTTP/1.1" 404 1251 "-" "Mozilla/5.0 (compatible; SemrushBot/7~bl; +http://www.semrush.com/bot.html)"
185.191.171.11 - - [26/Dec/2025:16:55:29 +0000] "GET /casosvbg/con_est_resumen_prg.php?r=92334320 HTTP/1.1" 404 1251 "-" "Mozilla/5.0 (compatible; SemrushBot/7~bl; +http://www.semrush.com/bot.html)"
185.191.171.16 - - [26/Dec/2025:16:55:30 +0000] "GET /casosvbg/con_est_resumen_prg.php?r=47417586 HTTP/1.1" 404 1251 "-" "Mozilla/5.0 (compatible; SemrushBot/7~bl; +http://www.semrush.com/bot.html)"
85.208.96.196 - - [26/Dec/2025:16:56:09 +0000] "GET /casosvbg/con_est_resumen_prg.php?r=78581823 HTTP/1.1" 404 1251 "-" "Mozilla/5.0 (compatible; SemrushBot/7~bl; +http://www.semrush.com/bot.html)"
85.208.96.194 - - [26/Dec/2025:16:56:55 +0000] "GET /casosvbg/con_est_resumen_prg.php?r=47255450 HTTP/1.1" 404 1251 "-" "Mozilla/5.0 (compatible; SemrushBot/7~bl; +http://www.semrush.com/bot.html)"
85.208.96.196 - - [26/Dec/2025:16:57:15 +0000] "GET /casosvbg/con_est_resumen_prg.php?r=61521609 HTTP/1.1" 404 1251 "-" "Mozilla/5.0 (compatible; SemrushBot/7~bl; +http://www.semrush.com/bot.html)"
85.208.96.209 - - [26/Dec/2025:16:58:25 +0000] "GET /casosvbg/con_est_resumen_prg.php?r=18348155 HTTP/1.1" 404 1251 "-" "Mozilla/5.0 (compatible; SemrushBot/7~bl; +http://www.semrush.com/bot.html)"
85.208.96.197 - - [26/Dec/2025:16:58:30 +0000] "GET /casosvbg/con_est_resumen_gral.php?r=21074727 HTTP/1.1" 404 1251 "-" "Mozilla/5.0 (compatible; SemrushBot/7~bl; +http://www.semrush.com/bot.html)"
85.208.96.194 - - [26/Dec/2025:16:58:42 +0000] "GET /casosvbg/con_est_resumen_prg.php?r=25571289 HTTP/1.1" 404 1251 "-" "Mozilla/5.0 (compatible; SemrushBot/7~bl; +http://www.semrush.com/bot.html)"
85.208.96.194 - - [26/Dec/2025:16:58:45 +0000] "GET /casosvbg/con_est_resumen_prg.php?r=37970311 HTTP/1.1" 404 1251 "-" "Mozilla/5.0 (compatible; SemrushBot/7~bl; +http://www.semrush.com/bot.html)"
85.208.96.197 - - [26/Dec/2025:16:58:49 +0000] "GET /casosvbg/con_est_resumen_prg.php?r=58148903 HTTP/1.1" 404 1251 "-" "Mozilla/5.0 (compatible; SemrushBot/7~bl; +http://www.semrush.com/bot.html)"
185.191.171.10 - - [26/Dec/2025:16:59:33 +0000] "GET /casosvbg/con_est_cruces_var.php?r=32457631 HTTP/1.1" 404 1251 "-" "Mozilla/5.0 (compatible; SemrushBot/7~bl; +http://www.semrush.com/bot.html)"
185.191.171.11 - - [26/Dec/2025:16:59:48 +0000] "GET /casosvbg/con_est_resumen_prg.php?r=23444791 HTTP/1.1" 404 1251 "-" "Mozilla/5.0 (compatible; SemrushBot/7~bl; +http://www.semrush.com/bot.html)"
185.191.171.5 - - [26/Dec/2025:17:00:14 +0000] "GET /casosvbg/con_est_cruces_var.php?r=1913288 HTTP/1.1" 404 1251 "-" "Mozilla/5.0 (compatible; SemrushBot/7~bl; +http://www.semrush.com/bot.html)"
185.191.171.8 - - [26/Dec/2025:17:01:09 +0000] "GET /casosvbg/con_est_cruces_varloc.php?r=59998538 HTTP/1.1" 404 1251 "-" "Mozilla/5.0 (compatible; SemrushBot/7~bl; +http://www.semrush.com/bot.html)"
185.191.171.11 - - [26/Dec/2025:17:01:17 +0000] "GET /casosvbg/con_est_resumen_gral.php?r=68269407 HTTP/1.1" 404 1251 "-" "Mozilla/5.0 (compatible; SemrushBot/7~bl; +http://www.semrush.com/bot.html)"
85.208.96.209 - - [26/Dec/2025:17:01:48 +0000] "GET /casosvbg/con_est_resumen_gral.php?r=74701937 HTTP/1.1" 404 1251 "-" "Mozilla/5.0 (compatible; SemrushBot/7~bl; +http://www.semrush.com/bot.html)"
85.208.96.193 - - [26/Dec/2025:17:01:56 +0000] "GET /casosvbg/con_est_resumen_prg.php?r=33758746 HTTP/1.1" 404 1251 "-" "Mozilla/5.0 (compatible; SemrushBot/7~bl; +http://www.semrush.com/bot.html)"
185.191.171.3 - - [26/Dec/2025:17:02:12 +0000] "GET /casosvbg/con_est_resumen_prg.php?r=70031954 HTTP/1.1" 404 1251 "-" "Mozilla/5.0 (compatible; SemrushBot/7~bl; +http://www.semrush.com/bot.html)"
85.208.96.197 - - [26/Dec/2025:17:02:36 +0000] "GET /casosvbg/con_est_resumen_gral.php?r=76031897 HTTP/1.1" 404 1251 "-" "Mozilla/5.0 (compatible; SemrushBot/7~bl; +http://www.semrush.com/bot.html)"
85.208.96.199 - - [26/Dec/2025:17:02:39 +0000] "GET /casosvbg/con_est_resumen_prg.php?r=25425752 HTTP/1.1" 404 1251 "-" "Mozilla/5.0 (compatible; SemrushBot/7~bl; +http://www.semrush.com/bot.html)"
85.208.96.201 - - [26/Dec/2025:17:02:44 +0000] "GET /casosvbg/con_est_resumen_gral.php?r=69543522 HTTP/1.1" 404 1251 "-" "Mozilla/5.0 (compatible; SemrushBot/7~bl; +http://www.semrush.com/bot.html)"
85.208.96.202 - - [26/Dec/2025:17:02:47 +0000] "GET /casosvbg/con_est_resumen_gral.php?r=66213331 HTTP/1.1" 404 1251 "-" "Mozilla/5.0 (compatible; SemrushBot/7~bl; +http://www.semrush.com/bot.html)"
85.208.96.202 - - [26/Dec/2025:17:02:56 +0000] "GET /casosvbg/con_est_resumen_gral.php?r=57889825 HTTP/1.1" 404 1251 "-" "Mozilla/5.0 (compatible; SemrushBot/7~bl; +http://www.semrush.com/bot.html)"
185.191.171.5 - - [26/Dec/2025:17:02:59 +0000] "GET /casosvbg/con_est_resumen_prg.php?r=79673223 HTTP/1.1" 404 1251 "-" "Mozilla/5.0 (compatible; SemrushBot/7~bl; +http://www.semrush.com/bot.html)"
185.191.171.15 - - [26/Dec/2025:17:03:15 +0000] "GET /casosvbg/con_est_resumen_prg.php?r=68693513 HTTP/1.1" 404 1251 "-" "Mozilla/5.0 (compatible; SemrushBot/7~bl; +http://www.semrush.com/bot.html)"
85.208.96.200 - - [26/Dec/2025:17:03:41 +0000] "GET /casosvbg/con_est_cruces_var.php?r=16706347 HTTP/1.1" 404 1251 "-" "Mozilla/5.0 (compatible; SemrushBot/7~bl; +http://www.semrush.com/bot.html)"
85.208.96.205 - - [26/Dec/2025:17:04:26 +0000] "GET /casosvbg/con_est_resumen_prg.php?r=31980303 HTTP/1.1" 404 1251 "-" "Mozilla/5.0 (compatible; SemrushBot/7~bl; +http://www.semrush.com/bot.html)"
66.249.66.32 - - [26/Dec/2025:17:04:40 +0000] "GET /casosvbg/index.php HTTP/1.1" 404 1251 "-" "Mozilla/5.0 (Linux; Android 6.0.1; Nexus 5X Build/MMB29P) AppleWebKit/537.36 (KHTML, like Gecko) Chrome/141.0.7390.122 Mobile Safari/537.36 (compatible; Googlebot/2.1; +http://www.google.com/bot.html)"
185.191.171.8 - - [26/Dec/2025:17:05:03 +0000] "GET /casosvbg/con_est_cruces_var.php?r=30508590 HTTP/1.1" 404 1251 "-" "Mozilla/5.0 (compatible; SemrushBot/7~bl; +http://www.semrush.com/bot.html)"
85.208.96.200 - - [26/Dec/2025:17:05:09 +0000] "GET /casosvbg/con_est_cruces_var.php?r=1046359 HTTP/1.1" 404 1251 "-" "Mozilla/5.0 (compatible; SemrushBot/7~bl; +http://www.semrush.com/bot.html)"
85.208.96.203 - - [26/Dec/2025:17:05:24 +0000] "GET /casosvbg/con_est_resumen_prg.php?r=86319821 HTTP/1.1" 404 1251 "-" "Mozilla/5.0 (compatible; SemrushBot/7~bl; +http://www.semrush.com/bot.html)"
185.191.171.3 - - [26/Dec/2025:17:05:32 +0000] "GET /casosvbg/con_est_cruces_var.php?r=23624472 HTTP/1.1" 404 1251 "-" "Mozilla/5.0 (compatible; SemrushBot/7~bl; +http://www.semrush.com/bot.html)"
85.208.96.205 - - [26/Dec/2025:17:05:42 +0000] "GET /casosvbg/con_est_resumen_prg.php?r=41455258 HTTP/1.1" 404 1251 "-" "Mozilla/5.0 (compatible; SemrushBot/7~bl; +http://www.semrush.com/bot.html)"
66.249.66.34 - - [26/Dec/2025:17:01:03 +0000] "GET /2020/tips-salvavidas-ante-la-violencia-de-genero/ HTTP/1.1" 404 1251 "-" "Mozilla/5.0 (Linux; Android 6.0.1; Nexus 5X Build/MMB29P) AppleWebKit/537.36 (KHTML, like Gecko) Chrome/141.0.7390.122 Mobile Safari/537.36 (compatible; Googlebot/2.1; +http://www.google.com/bot.html)"
85.208.96.202 - - [26/Dec/2025:17:01:57 +0000] "GET /casosvbg/con_est_cruces_var.php?r=20057505 HTTP/1.1" 404 1251 "-" "Mozilla/5.0 (compatible; SemrushBot/7~bl; +http://www.semrush.com/bot.html)"
85.208.96.203 - - [26/Dec/2025:17:02:26 +0000] "GET /casosvbg/con_est_cruces_var.php?r=78147404 HTTP/1.1" 404 1251 "-" "Mozilla/5.0 (compatible; SemrushBot/7~bl; +http://www.semrush.com/bot.html)"
185.191.171.14 - - [26/Dec/2025:17:02:34 +0000] "GET /casosvbg/con_est_cruces_var.php?r=83046257 HTTP/1.1" 404 1251 "-" "Mozilla/5.0 (compatible; SemrushBot/7~bl; +http://www.semrush.com/bot.html)"
85.208.96.201 - - [26/Dec/2025:17:02:58 +0000] "GET /casosvbg/con_est_resumen_prg.php?r=85595954 HTTP/1.1" 404 1251 "-" "Mozilla/5.0 (compatible; SemrushBot/7~bl; +http://www.semrush.com/bot.html)"
85.208.96.205 - - [26/Dec/2025:17:03:18 +0000] "GET /casosvbg/con_est_cruces_varloc.php?r=22779881 HTTP/1.1" 404 1251 "-" "Mozilla/5.0 (compatible; SemrushBot/7~bl; +http://www.semrush.com/bot.html)"
85.208.96.203 - - [26/Dec/2025:17:03:21 +0000] "GET /casosvbg/con_est_cruces_var.php?r=6741057 HTTP/1.1" 404 1251 "-" "Mozilla/5.0 (compatible; SemrushBot/7~bl; +http://www.semrush.com/bot.html)"
185.191.171.17 - - [26/Dec/2025:17:03:32 +0000] "GET /casosvbg/con_est_resumen_prg.php?r=62901108 HTTP/1.1" 404 1251 "-" "Mozilla/5.0 (compatible; SemrushBot/7~bl; +http://www.semrush.com/bot.html)"
185.191.171.3 - - [26/Dec/2025:17:03:41 +0000] "GET /casosvbg/con_est_resumen_gral.php?r=67932387 HTTP/1.1" 404 1251 "-" "Mozilla/5.0 (compatible; SemrushBot/7~bl; +http://www.semrush.com/bot.html)"
185.191.171.3 - - [26/Dec/2025:17:04:51 +0000] "GET /casosvbg/con_est_cruces_var.php?r=61828952 HTTP/1.1" 404 1251 "-" "Mozilla/5.0 (compatible; SemrushBot/7~bl; +http://www.semrush.com/bot.html)"
185.191.171.1 - - [26/Dec/2025:17:05:14 +0000] "GET /casosvbg/con_est_resumen_gral.php?r=8300859 HTTP/1.1" 404 1251 "-" "Mozilla/5.0 (compatible; SemrushBot/7~bl; +http://www.semrush.com/bot.html)"
185.191.171.1 - - [26/Dec/2025:17:05:29 +0000] "GET /casosvbg/con_est_resumen_prg.php?r=86767316 HTTP/1.1" 404 1251 "-" "Mozilla/5.0 (compatible; SemrushBot/7~bl; +http://www.semrush.com/bot.html)"
85.208.96.209 - - [26/Dec/2025:17:06:06 +0000] "GET /casosvbg/con_est_cruces_var.php?r=39013020 HTTP/1.1" 404 1251 "-" "Mozilla/5.0 (compatible; SemrushBot/7~bl; +http://www.semrush.com/bot.html)"
185.191.171.19 - - [26/Dec/2025:17:06:13 +0000] "GET /casosvbg/con_est_resumen_prg.php?r=73711564 HTTP/1.1" 404 1251 "-" "Mozilla/5.0 (compatible; SemrushBot/7~bl; +http://www.semrush.com/bot.html)"
185.191.171.19 - - [26/Dec/2025:17:06:22 +0000] "GET /casosvbg/con_est_resumen_gral.php?r=174362 HTTP/1.1" 404 1251 "-" "Mozilla/5.0 (compatible; SemrushBot/7~bl; +http://www.semrush.com/bot.html)"
85.208.96.211 - - [26/Dec/2025:17:06:54 +0000] "GET /casosvbg/con_est_cruces_var.php?r=47827451 HTTP/1.1" 404 1251 "-" "Mozilla/5.0 (compatible; SemrushBot/7~bl; +http://www.semrush.com/bot.html)"
85.208.96.209 - - [26/Dec/2025:17:07:01 +0000] "GET /casosvbg/con_est_resumen_prg.php?r=18978671 HTTP/1.1" 404 1251 "-" "Mozilla/5.0 (compatible; SemrushBot/7~bl; +http://www.semrush.com/bot.html)"
85.208.96.210 - - [26/Dec/2025:17:07:02 +0000] "GET /casosvbg/con_est_cruces_varloc.php?r=99736671 HTTP/1.1" 404 1251 "-" "Mozilla/5.0 (compatible; SemrushBot/7~bl; +http://www.semrush.com/bot.html)"
185.191.171.18 - - [26/Dec/2025:17:07:04 +0000] "GET /casosvbg/con_est_cruces_varloc.php?r=98374153 HTTP/1.1" 404 1251 "-" "Mozilla/5.0 (compatible; SemrushBot/7~bl; +http://www.semrush.com/bot.html)"
185.191.171.15 - - [26/Dec/2025:17:07:29 +0000] "GET /casosvbg/con_est_resumen_prg.php?r=60832803 HTTP/1.1" 404 1251 "-" "Mozilla/5.0 (compatible; SemrushBot/7~bl; +http://www.semrush.com/bot.html)"
185.191.171.3 - - [26/Dec/2025:17:00:52 +0000] "GET /casosvbg/con_est_cruces_var.php?r=39001769 HTTP/1.1" 404 1251 "-" "Mozilla/5.0 (compatible; SemrushBot/7~bl; +http://www.semrush.com/bot.html)"
185.191.171.15 - - [26/Dec/2025:17:01:07 +0000] "GET /casosvbg/con_est_cruces_var.php?r=6847792 HTTP/1.1" 404 1251 "-" "Mozilla/5.0 (compatible; SemrushBot/7~bl; +http://www.semrush.com/bot.html)"
66.249.66.32 - - [26/Dec/2025:17:01:10 +0000] "GET /2020/tips-salvavidas-ante-la-violencia-de-genero/ HTTP/1.1" 404 1251 "-" "Mozilla/5.0 (Linux; Android 6.0.1; Nexus 5X Build/MMB29P) AppleWebKit/537.36 (KHTML, like Gecko) Chrome/141.0.7390.122 Mobile Safari/537.36 (compatible; Googlebot/2.1; +http://www.google.com/bot.html)"
85.208.96.197 - - [26/Dec/2025:17:01:23 +0000] "GET /casosvbg/con_est_cruces_var.php?r=77933118 HTTP/1.1" 404 1251 "-" "Mozilla/5.0 (compatible; SemrushBot/7~bl; +http://www.semrush.com/bot.html)"
85.208.96.202 - - [26/Dec/2025:17:02:08 +0000] "GET /casosvbg/con_est_resumen_gral.php?r=27823576 HTTP/1.1" 404 1251 "-" "Mozilla/5.0 (compatible; SemrushBot/7~bl; +http://www.semrush.com/bot.html)"
85.208.96.194 - - [26/Dec/2025:17:02:49 +0000] "GET /casosvbg/con_est_resumen_gral.php?r=33470186 HTTP/1.1" 404 1251 "-" "Mozilla/5.0 (compatible; SemrushBot/7~bl; +http://www.semrush.com/bot.html)"
185.191.171.15 - - [26/Dec/2025:17:03:37 +0000] "GET /casosvbg/con_est_resumen_gral.php?r=70585714 HTTP/1.1" 404 1251 "-" "Mozilla/5.0 (compatible; SemrushBot/7~bl; +http://www.semrush.com/bot.html)"
185.191.171.1 - - [26/Dec/2025:17:03:43 +0000] "GET /casosvbg/con_est_cruces_var.php?r=43209818 HTTP/1.1" 404 1251 "-" "Mozilla/5.0 (compatible; SemrushBot/7~bl; +http://www.semrush.com/bot.html)"
85.208.96.211 - - [26/Dec/2025:17:04:15 +0000] "GET /casosvbg/con_est_resumen_prg.php?r=55118512 HTTP/1.1" 404 1251 "-" "Mozilla/5.0 (compatible; SemrushBot/7~bl; +http://www.semrush.com/bot.html)"
66.249.66.32 - - [26/Dec/2025:17:04:27 +0000] "GET /casosvbg/index.php HTTP/1.1" 404 1251 "-" "Mozilla/5.0 (Linux; Android 6.0.1; Nexus 5X Build/MMB29P) AppleWebKit/537.36 (KHTML, like Gecko) Chrome/141.0.7390.122 Mobile Safari/537.36 (compatible; Googlebot/2.1; +http://www.google.com/bot.html)"
85.208.96.194 - - [26/Dec/2025:17:05:43 +0000] "GET /casosvbg/con_est_resumen_prg.php?r=15445751 HTTP/1.1" 404 1251 "-" "Mozilla/5.0 (compatible; SemrushBot/7~bl; +http://www.semrush.com/bot.html)"
85.208.96.200 - - [26/Dec/2025:17:06:09 +0000] "GET /casosvbg/con_est_resumen_prg.php?r=52940738 HTTP/1.1" 404 1251 "-" "Mozilla/5.0 (compatible; SemrushBot/7~bl; +http://www.semrush.com/bot.html)"
185.191.171.8 - - [26/Dec/2025:17:06:17 +0000] "GET /casosvbg/con_est_resumen_prg.php?r=88809206 HTTP/1.1" 404 1251 "-" "Mozilla/5.0 (compatible; SemrushBot/7~bl; +http://www.semrush.com/bot.html)"
85.208.96.205 - - [26/Dec/2025:17:06:46 +0000] "GET /casosvbg/con_est_cruces_var.php?r=58384467 HTTP/1.1" 404 1251 "-" "Mozilla/5.0 (compatible; SemrushBot/7~bl; +http://www.semrush.com/bot.html)"
185.191.171.12 - - [26/Dec/2025:17:06:55 +0000] "GET /casosvbg/con_est_resumen_prg.php?r=96878529 HTTP/1.1" 404 1251 "-" "Mozilla/5.0 (compatible; SemrushBot/7~bl; +http://www.semrush.com/bot.html)"
66.249.66.192 - - [26/Dec/2025:17:07:02 +0000] "GET /2020/esta-cuarentena-no-estas-sola/ HTTP/1.1" 404 1251 "-" "Mozilla/5.0 (Linux; Android 6.0.1; Nexus 5X Build/MMB29P) AppleWebKit/537.36 (KHTML, like Gecko) Chrome/141.0.7390.122 Mobile Safari/537.36 (compatible; Googlebot/2.1; +http://www.google.com/bot.html)"
185.191.171.15 - - [26/Dec/2025:17:07:07 +0000] "GET /casosvbg/con_est_cruces_var.php?r=81730159 HTTP/1.1" 404 1251 "-" "Mozilla/5.0 (compatible; SemrushBot/7~bl; +http://www.semrush.com/bot.html)"
85.208.96.210 - - [26/Dec/2025:17:07:16 +0000] "GET /casosvbg/con_est_resumen_prg.php?r=29732616 HTTP/1.1" 404 1251 "-" "Mozilla/5.0 (compatible; SemrushBot/7~bl; +http://www.semrush.com/bot.html)"
85.208.96.211 - - [26/Dec/2025:17:07:33 +0000] "GET /casosvbg/con_est_cruces_varloc.php?r=13953257 HTTP/1.1" 404 1251 "-" "Mozilla/5.0 (compatible; SemrushBot/7~bl; +http://www.semrush.com/bot.html)"
85.208.96.202 - - [26/Dec/2025:17:07:34 +0000] "GET /casosvbg/con_est_cruces_varloc.php?r=46966532 HTTP/1.1" 404 1251 "-" "Mozilla/5.0 (compatible; SemrushBot/7~bl; +http://www.semrush.com/bot.html)"
185.191.171.4 - - [26/Dec/2025:17:08:50 +0000] "GET /casosvbg/con_est_resumen_gral.php?r=16753314 HTTP/1.1" 404 1251 "-" "Mozilla/5.0 (compatible; SemrushBot/7~bl; +http://www.semrush.com/bot.html)"
85.208.96.202 - - [26/Dec/2025:17:09:24 +0000] "GET /casosvbg/con_est_cruces_varloc.php?r=27030261 HTTP/1.1" 404 1251 "-" "Mozilla/5.0 (compatible; SemrushBot/7~bl; +http://www.semrush.com/bot.html)"
185.191.171.3 - - [26/Dec/2025:17:09:28 +0000] "GET /casosvbg/con_est_resumen_prg.php?r=71370432 HTTP/1.1" 404 1251 "-" "Mozilla/5.0 (compatible; SemrushBot/7~bl; +http://www.semrush.com/bot.html)"
85.208.96.205 - - [26/Dec/2025:17:09:45 +0000] "GET /casosvbg/con_est_resumen_prg.php?r=80797615 HTTP/1.1" 404 1251 "-" "Mozilla/5.0 (compatible; SemrushBot/7~bl; +http://www.semrush.com/bot.html)"
185.191.171.2 - - [26/Dec/2025:17:09:49 +0000] "GET /casosvbg/con_est_cruces_var.php?r=36944797 HTTP/1.1" 404 1251 "-" "Mozilla/5.0 (compatible; SemrushBot/7~bl; +http://www.semrush.com/bot.html)"
85.208.96.208 - - [26/Dec/2025:17:10:12 +0000] "GET /casosvbg/con_est_resumen_prg.php?r=57221682 HTTP/1.1" 404 1251 "-" "Mozilla/5.0 (compatible; SemrushBot/7~bl; +http://www.semrush.com/bot.html)"
85.208.96.197 - - [26/Dec/2025:17:10:14 +0000] "GET /casosvbg/con_est_cruces_varloc.php?r=66622078 HTTP/1.1" 404 1251 "-" "Mozilla/5.0 (compatible; SemrushBot/7~bl; +http://www.semrush.com/bot.html)"
85.208.96.212 - - [26/Dec/2025:17:10:23 +0000] "GET /casosvbg/con_est_cruces_var.php?r=34306711 HTTP/1.1" 404 1251 "-" "Mozilla/5.0 (compatible; SemrushBot/7~bl; +http://www.semrush.com/bot.html)"
85.208.96.207 - - [26/Dec/2025:17:11:02 +0000] "GET /casosvbg/con_est_resumen_prg.php?r=70572074 HTTP/1.1" 404 1251 "-" "Mozilla/5.0 (compatible; SemrushBot/7~bl; +http://www.semrush.com/bot.html)"
85.208.96.202 - - [26/Dec/2025:17:11:06 +0000] "GET /casosvbg/con_est_resumen_gral.php?r=88579267 HTTP/1.1" 404 1251 "-" "Mozilla/5.0 (compatible; SemrushBot/7~bl; +http://www.semrush.com/bot.html)"
185.191.171.16 - - [26/Dec/2025:17:11:18 +0000] "GET /casosvbg/con_est_resumen_gral.php?r=57822492 HTTP/1.1" 404 1251 "-" "Mozilla/5.0 (compatible; SemrushBot/7~bl; +http://www.semrush.com/bot.html)"
85.208.96.210 - - [26/Dec/2025:17:11:40 +0000] "GET /casosvbg/con_est_resumen_gral.php?r=45131381 HTTP/1.1" 404 1251 "-" "Mozilla/5.0 (compatible; SemrushBot/7~bl; +http://www.semrush.com/bot.html)"
185.191.171.5 - - [26/Dec/2025:17:11:46 +0000] "GET /casosvbg/con_est_resumen_gral.php?r=74102402 HTTP/1.1" 404 1251 "-" "Mozilla/5.0 (compatible; SemrushBot/7~bl; +http://www.semrush.com/bot.html)"
85.208.96.211 - - [26/Dec/2025:17:12:08 +0000] "GET /casosvbg/con_est_resumen_gral.php?r=18166562 HTTP/1.1" 404 1251 "-" "Mozilla/5.0 (compatible; SemrushBot/7~bl; +http://www.semrush.com/bot.html)"
85.208.96.194 - - [26/Dec/2025:17:12:38 +0000] "GET /casosvbg/con_est_resumen_gral.php?r=43409390 HTTP/1.1" 404 1251 "-" "Mozilla/5.0 (compatible; SemrushBot/7~bl; +http://www.semrush.com/bot.html)"
85.208.96.205 - - [26/Dec/2025:17:12:50 +0000] "GET /casosvbg/con_est_cruces_var.php?r=41841235 HTTP/1.1" 404 1251 "-" "Mozilla/5.0 (compatible; SemrushBot/7~bl; +http://www.semrush.com/bot.html)"
85.208.96.210 - - [26/Dec/2025:17:12:53 +0000] "GET /casosvbg/con_est_resumen_gral.php?r=1423972 HTTP/1.1" 404 1251 "-" "Mozilla/5.0 (compatible; SemrushBot/7~bl; +http://www.semrush.com/bot.html)"
185.191.171.1 - - [26/Dec/2025:17:13:41 +0000] "GET /casosvbg/con_est_resumen_gral.php?r=298265263 HTTP/1.1" 404 1251 "-" "Mozilla/5.0 (compatible; SemrushBot/7~bl; +http://www.semrush.com/bot.html)"
146.19.191.124 - - [26/Dec/2025:17:13:43 +0000] "GET /wp-blog.php HTTP/1.1" 404 1251 "-" "python-requests/2.32.5"
85.208.96.210 - - [26/Dec/2025:17:06:09 +0000] "GET /casosvbg/con_est_resumen_prg.php?r=67253133 HTTP/1.1" 404 1251 "-" "Mozilla/5.0 (compatible; SemrushBot/7~bl; +http://www.semrush.com/bot.html)"
85.208.96.205 - - [26/Dec/2025:17:06:25 +0000] "GET /casosvbg/con_est_cruces_var.php?r=81342296 HTTP/1.1" 404 1251 "-" "Mozilla/5.0 (compatible; SemrushBot/7~bl; +http://www.semrush.com/bot.html)"
85.208.96.207 - - [26/Dec/2025:17:06:52 +0000] "GET /casosvbg/con_est_cruces_var.php?r=67845697 HTTP/1.1" 404 1251 "-" "Mozilla/5.0 (compatible; SemrushBot/7~bl; +http://www.semrush.com/bot.html)"
185.191.171.13 - - [26/Dec/2025:17:07:00 +0000] "GET /casosvbg/con_est_resumen_prg.php?r=42266331 HTTP/1.1" 404 1251 "-" "Mozilla/5.0 (compatible; SemrushBot/7~bl; +http://www.semrush.com/bot.html)"
85.208.96.209 - - [26/Dec/2025:17:07:41 +0000] "GET /casosvbg/con_est_cruces_var.php?r=99982528 HTTP/1.1" 404 1251 "-" "Mozilla/5.0 (compatible; SemrushBot/7~bl; +http://www.semrush.com/bot.html)"
