185.191.171.13 - - [26/Dec/2025:15:18:41 +0000] "GET /casosvbg/con_est_cruces_var.php?r=93905522 HTTP/1.1" 404 1251 "-" "Mozilla/5.0 (compatible; SemrushBot/7~bl; +http://www.semrush.com/bot.html)"
185.191.171.19 - - [26/Dec/2025:15:18:42 +0000] "GET /casosvbg/con_est_resumen_prg.php?r=50633632 HTTP/1.1" 404 1251 "-" "Mozilla/5.0 (compatible; SemrushBot/7~bl; +http://www.semrush.com/bot.html)"
85.208.96.209 - - [26/Dec/2025:15:18:44 +0000] "GET /casosvbg/con_est_resumen_gral.php?r=27348536 HTTP/1.1" 404 1251 "-" "Mozilla/5.0 (compatible; SemrushBot/7~bl; +http://www.semrush.com/bot.html)"
85.208.96.197 - - [26/Dec/2025:15:18:56 +0000] "GET /casosvbg/con_est_resumen_prg.php?r=57646616 HTTP/1.1" 404 1251 "-" "Mozilla/5.0 (compatible; SemrushBot/7~bl; +http://www.semrush.com/bot.html)"
85.208.96.193 - - [26/Dec/2025:15:18:57 +0000] "GET /casosvbg/con_est_resumen_gral.php?r=52184863 HTTP/1.1" 404 1251 "-" "Mozilla/5.0 (compatible; SemrushBot/7~bl; +http://www.semrush.com/bot.html)"
85.208.96.203 - - [26/Dec/2025:15:19:36 +0000] "GET /casosvbg/con_est_resumen_gral.php?r=89971436 HTTP/1.1" 404 1251 "-" "Mozilla/5.0 (compatible; SemrushBot/7~bl; +http://www.semrush.com/bot.html)"
185.191.171.9 - - [26/Dec/2025:15:20:23 +0000] "GET /casosvbg/con_est_cruces_var.php?r=67131518 HTTP/1.1" 404 1251 "-" "Mozilla/5.0 (compatible; SemrushBot/7~bl; +http://www.semrush.com/bot.html)"
85.208.96.199 - - [26/Dec/2025:15:20:24 +0000] "GET /casosvbg/con_est_resumen_gral.php?r=93892702 HTTP/1.1" 404 1251 "-" "Mozilla/5.0 (compatible; SemrushBot/7~bl; +http://www.semrush.com/bot.html)"
85.208.96.206 - - [26/Dec/2025:15:21:01 +0000] "GET /casosvbg/con_est_resumen_prg.php?r=26707902 HTTP/1.1" 404 1251 "-" "Mozilla/5.0 (compatible; SemrushBot/7~bl; +http://www.semrush.com/bot.html)"
85.208.96.202 - - [26/Dec/2025:15:21:27 +0000] "GET /casosvbg/con_est_resumen_gral.php?r=28517860 HTTP/1.1" 404 1251 "-" "Mozilla/5.0 (compatible; SemrushBot/7~bl; +http://www.semrush.com/bot.html)"
85.208.96.203 - - [26/Dec/2025:15:21:30 +0000] "GET /casosvbg/con_est_resumen_prg.php?r=35920853 HTTP/1.1" 404 1251 "-" "Mozilla/5.0 (compatible; SemrushBot/7~bl; +http://www.semrush.com/bot.html)"
185.191.171.10 - - [26/Dec/2025:15:21:46 +0000] "GET /casosvbg/con_est_cruces_var.php?r=76103657 HTTP/1.1" 404 1251 "-" "Mozilla/5.0 (compatible; SemrushBot/7~bl; +http://www.semrush.com/bot.html)"
185.191.171.15 - - [26/Dec/2025:15:21:55 +0000] "GET /casosvbg/con_est_cruces_var.php?r=7746898 HTTP/1.1" 404 1251 "-" "Mozilla/5.0 (compatible; SemrushBot/7~bl; +http://www.semrush.com/bot.html)"
85.208.96.207 - - [26/Dec/2025:15:17:17 +0000] "GET /casosvbg/con_est_cruces_var.php?r=33042709 HTTP/1.1" 404 1251 "-" "Mozilla/5.0 (compatible; SemrushBot/7~bl; +http://www.semrush.com/bot.html)"
85.208.96.209 - - [26/Dec/2025:15:17:21 +0000] "GET /casosvbg/con_est_resumen_prg.php?r=84880782 HTTP/1.1" 404 1251 "-" "Mozilla/5.0 (compatible; SemrushBot/7~bl; +http://www.semrush.com/bot.html)"
185.191.171.8 - - [26/Dec/2025:15:17:31 +0000] "GET /casosvbg/con_est_cruces_var.php?r=15830149 HTTP/1.1" 404 1251 "-" "Mozilla/5.0 (compatible; SemrushBot/7~bl; +http://www.semrush.com/bot.html)"
185.191.171.15 - - [26/Dec/2025:15:17:35 +0000] "GET /casosvbg/con_est_resumen_prg.php?r=72597618 HTTP/1.1" 404 1251 "-" "Mozilla/5.0 (compatible; SemrushBot/7~bl; +http://www.semrush.com/bot.html)"
185.191.171.8 - - [26/Dec/2025:15:18:31 +0000] "GET /casosvbg/con_est_resumen_gral.php?r=12107152 HTTP/1.1" 404 1251 "-" "Mozilla/5.0 (compatible; SemrushBot/7~bl; +http://www.semrush.com/bot.html)"
85.208.96.201 - - [26/Dec/2025:15:18:45 +0000] "GET /casosvbg/con_est_resumen_prg.php?r=8801480 HTTP/1.1" 404 1251 "-" "Mozilla/5.0 (compatible; SemrushBot/7~bl; +http://www.semrush.com/bot.html)"
85.208.96.210 - - [26/Dec/2025:15:19:19 +0000] "GET /casosvbg/con_est_cruces_var.php?r=99336515 HTTP/1.1" 404 1251 "-" "Mozilla/5.0 (compatible; SemrushBot/7~bl; +http://www.semrush.com/bot.html)"
85.208.96.203 - - [26/Dec/2025:15:19:28 +0000] "GET /casosvbg/con_est_cruces_var.php?r=61324817 HTTP/1.1" 404 1251 "-" "Mozilla/5.0 (compatible; SemrushBot/7~bl; +http://www.semrush.com/bot.html)"
85.208.96.203 - - [26/Dec/2025:15:19:37 +0000] "GET /casosvbg/con_est_resumen_gral.php?r=33718646 HTTP/1.1" 404 1251 "-" "Mozilla/5.0 (compatible; SemrushBot/7~bl; +http://www.semrush.com/bot.html)"
185.191.171.13 - - [26/Dec/2025:15:19:58 +0000] "GET /casosvbg/con_est_resumen_prg.php?r=37652192 HTTP/1.1" 404 1251 "-" "Mozilla/5.0 (compatible; SemrushBot/7~bl; +http://www.semrush.com/bot.html)"
185.191.171.16 - - [26/Dec/2025:15:20:35 +0000] "GET /casosvbg/con_est_resumen_prg.php?r=78757879 HTTP/1.1" 404 1251 "-" "Mozilla/5.0 (compatible; SemrushBot/7~bl; +http://www.semrush.com/bot.html)"
185.191.171.16 - - [26/Dec/2025:15:21:07 +0000] "GET /casosvbg/con_est_cruces_var.php?r=40187506 HTTP/1.1" 404 1251 "-" "Mozilla/5.0 (compatible; SemrushBot/7~bl; +http://www.semrush.com/bot.html)"
85.208.96.203 - - [26/Dec/2025:15:21:23 +0000] "GET /casosvbg/con_est_resumen_gral.php?r=22398339 HTTP/1.1" 404 1251 "-" "Mozilla/5.0 (compatible; SemrushBot/7~bl; +http://www.semrush.com/bot.html)"
85.208.96.207 - - [26/Dec/2025:15:21:41 +0000] "GET /casosvbg/con_est_cruces_var.php?r=72025887 HTTP/1.1" 404 1251 "-" "Mozilla/5.0 (compatible; SemrushBot/7~bl; +http://www.semrush.com/bot.html)"
185.191.171.7 - - [26/Dec/2025:15:21:52 +0000] "GET /casosvbg/con_est_resumen_prg.php?r=30766529 HTTP/1.1" 404 1251 "-" "Mozilla/5.0 (compatible; SemrushBot/7~bl; +http://www.semrush.com/bot.html)"
185.191.171.15 - - [26/Dec/2025:15:22:20 +0000] "GET /casosvbg/con_est_resumen_prg.php?r=33905974 HTTP/1.1" 404 1251 "-" "Mozilla/5.0 (compatible; SemrushBot/7~bl; +http://www.semrush.com/bot.html)"
185.191.171.14 - - [26/Dec/2025:15:22:53 +0000] "GET /casosvbg/con_est_resumen_gral.php?r=43803096 HTTP/1.1" 404 1251 "-" "Mozilla/5.0 (compatible; SemrushBot/7~bl; +http://www.semrush.com/bot.html)"
85.208.96.203 - - [26/Dec/2025:15:22:56 +0000] "GET /casosvbg/con_est_resumen_gral.php?r=73117964 HTTP/1.1" 404 1251 "-" "Mozilla/5.0 (compatible; SemrushBot/7~bl; +http://www.semrush.com/bot.html)"
85.208.96.195 - - [26/Dec/2025:15:24:36 +0000] "GET /casosvbg/con_est_resumen_prg.php?r=14821648 HTTP/1.1" 404 1251 "-" "Mozilla/5.0 (compatible; SemrushBot/7~bl; +http://www.semrush.com/bot.html)"
185.191.171.16 - - [26/Dec/2025:15:24:59 +0000] "GET /casosvbg/con_est_resumen_prg.php?r=26063578 HTTP/1.1" 404 1251 "-" "Mozilla/5.0 (compatible; SemrushBot/7~bl; +http://www.semrush.com/bot.html)"
185.191.171.11 - - [26/Dec/2025:15:21:19 +0000] "GET /casosvbg/con_est_resumen_gral.php?r=65280993 HTTP/1.1" 404 1251 "-" "Mozilla/5.0 (compatible; SemrushBot/7~bl; +http://www.semrush.com/bot.html)"
185.191.171.16 - - [26/Dec/2025:15:21:26 +0000] "GET /casosvbg/con_est_resumen_prg.php?r=53400280 HTTP/1.1" 404 1251 "-" "Mozilla/5.0 (compatible; SemrushBot/7~bl; +http://www.semrush.com/bot.html)"
85.208.96.199 - - [26/Dec/2025:15:21:42 +0000] "GET /casosvbg/con_est_cruces_var.php?r=75057498 HTTP/1.1" 404 1251 "-" "Mozilla/5.0 (compatible; SemrushBot/7~bl; +http://www.semrush.com/bot.html)"
185.191.171.7 - - [26/Dec/2025:15:21:54 +0000] "GET /casosvbg/con_est_resumen_prg.php?r=99568153 HTTP/1.1" 404 1251 "-" "Mozilla/5.0 (compatible; SemrushBot/7~bl; +http://www.semrush.com/bot.html)"
185.191.171.7 - - [26/Dec/2025:15:22:04 +0000] "GET /casosvbg/con_est_resumen_gral.php?r=67334372 HTTP/1.1" 404 1251 "-" "Mozilla/5.0 (compatible; SemrushBot/7~bl; +http://www.semrush.com/bot.html)"
85.208.96.205 - - [26/Dec/2025:15:22:51 +0000] "GET /casosvbg/con_est_cruces_var.php?r=97780980 HTTP/1.1" 404 1251 "-" "Mozilla/5.0 (compatible; SemrushBot/7~bl; +http://www.semrush.com/bot.html)"
85.208.96.211 - - [26/Dec/2025:15:23:02 +0000] "GET /casosvbg/con_est_resumen_prg.php?r=11464861 HTTP/1.1" 404 1251 "-" "Mozilla/5.0 (compatible; SemrushBot/7~bl; +http://www.semrush.com/bot.html)"
185.191.171.7 - - [26/Dec/2025:15:23:02 +0000] "GET /casosvbg/con_est_cruces_var.php?r=44047633 HTTP/1.1" 404 1251 "-" "Mozilla/5.0 (compatible; SemrushBot/7~bl; +http://www.semrush.com/bot.html)"
185.191.171.11 - - [26/Dec/2025:15:23:05 +0000] "GET /casosvbg/con_est_cruces_var.php?r=35127652 HTTP/1.1" 404 1251 "-" "Mozilla/5.0 (compatible; SemrushBot/7~bl; +http://www.semrush.com/bot.html)"
85.208.96.203 - - [26/Dec/2025:15:23:19 +0000] "GET /casosvbg/con_est_cruces_var.php?r=83984737 HTTP/1.1" 404 1251 "-" "Mozilla/5.0 (compatible; SemrushBot/7~bl; +http://www.semrush.com/bot.html)"
185.191.171.15 - - [26/Dec/2025:15:23:26 +0000] "GET /casosvbg/con_est_resumen_gral.php?r=40400592 HTTP/1.1" 404 1251 "-" "Mozilla/5.0 (compatible; SemrushBot/7~bl; +http://www.semrush.com/bot.html)"
185.191.171.11 - - [26/Dec/2025:15:23:43 +0000] "GET /casosvbg/con_est_resumen_gral.php?r=60038091 HTTP/1.1" 404 1251 "-" "Mozilla/5.0 (compatible; SemrushBot/7~bl; +http://www.semrush.com/bot.html)"
85.208.96.212 - - [26/Dec/2025:15:24:03 +0000] "GET /casosvbg/con_est_resumen_prg.php?r=34572722 HTTP/1.1" 404 1251 "-" "Mozilla/5.0 (compatible; SemrushBot/7~bl; +http://www.semrush.com/bot.html)"
185.191.171.18 - - [26/Dec/2025:15:24:31 +0000] "GET /casosvbg/con_est_resumen_prg.php?r=78302981 HTTP/1.1" 404 1251 "-" "Mozilla/5.0 (compatible; SemrushBot/7~bl; +http://www.semrush.com/bot.html)"
85.208.96.200 - - [26/Dec/2025:15:24:33 +0000] "GET /casosvbg/con_est_resumen_gral.php?r=26458376 HTTP/1.1" 404 1251 "-" "Mozilla/5.0 (compatible; SemrushBot/7~bl; +http://www.semrush.com/bot.html)"
185.191.171.2 - - [26/Dec/2025:15:24:54 +0000] "GET /casosvbg/con_est_resumen_prg.php?r=88348291 HTTP/1.1" 404 1251 "-" "Mozilla/5.0 (compatible; SemrushBot/7~bl; +http://www.semrush.com/bot.html)"
85.208.96.211 - - [26/Dec/2025:15:25:06 +0000] "GET /casosvbg/con_est_resumen_prg.php?r=73768873 HTTP/1.1" 404 1251 "-" "Mozilla/5.0 (compatible; SemrushBot/7~bl; +http://www.semrush.com/bot.html)"
185.191.171.19 - - [26/Dec/2025:15:25:07 +0000] "GET /casosvbg/con_est_resumen_gral.php?r=94042504 HTTP/1.1" 404 1251 "-" "Mozilla/5.0 (compatible; SemrushBot/7~bl; +http://www.semrush.com/bot.html)"
185.191.171.3 - - [26/Dec/2025:15:25:35 +0000] "GET /casosvbg/con_est_resumen_prg.php?r=36435780 HTTP/1.1" 404 1251 "-" "Mozilla/5.0 (compatible; SemrushBot/7~bl; +http://www.semrush.com/bot.html)"
85.208.96.209 - - [26/Dec/2025:15:25:56 +0000] "GET /casosvbg/con_est_resumen_gral.php?r=92184245 HTTP/1.1" 404 1251 "-" "Mozilla/5.0 (compatible; SemrushBot/7~bl; +http://www.semrush.com/bot.html)"
49.51.245.241 - - [26/Dec/2025:15:22:41 +0000] "GET /?NA HTTP/1.1" 200 1454 "-" "Mozilla/5.0 (iPhone; CPU iPhone OS 13_2_3 like Mac OS X) AppleWebKit/605.1.15 (KHTML, like Gecko) Version/13.0.3 Mobile/15E148 Safari/604.1"
85.208.96.195 - - [26/Dec/2025:15:23:00 +0000] "GET /casosvbg/con_est_cruces_var.php?r=21871208 HTTP/1.1" 404 1251 "-" "Mozilla/5.0 (compatible; SemrushBot/7~bl; +http://www.semrush.com/bot.html)"
185.191.171.7 - - [26/Dec/2025:15:23:00 +0000] "GET /casosvbg/con_est_resumen_gral.php?r=80108392 HTTP/1.1" 404 1251 "-" "Mozilla/5.0 (compatible; SemrushBot/7~bl; +http://www.semrush.com/bot.html)"
185.191.171.7 - - [26/Dec/2025:15:23:20 +0000] "GET /casosvbg/con_est_resumen_gral.php?r=72962339 HTTP/1.1" 404 1251 "-" "Mozilla/5.0 (compatible; SemrushBot/7~bl; +http://www.semrush.com/bot.html)"
185.191.171.1 - - [26/Dec/2025:15:23:38 +0000] "GET /casosvbg/con_est_cruces_var.php?r=68150913 HTTP/1.1" 404 1251 "-" "Mozilla/5.0 (compatible; SemrushBot/7~bl; +http://www.semrush.com/bot.html)"
185.191.171.11 - - [26/Dec/2025:15:24:06 +0000] "GET /casosvbg/con_est_resumen_gral.php?r=76073894 HTTP/1.1" 404 1251 "-" "Mozilla/5.0 (compatible; SemrushBot/7~bl; +http://www.semrush.com/bot.html)"
85.208.96.203 - - [26/Dec/2025:15:24:06 +0000] "GET /casosvbg/con_est_cruces_var.php?r=19634870 HTTP/1.1" 404 1251 "-" "Mozilla/5.0 (compatible; SemrushBot/7~bl; +http://www.semrush.com/bot.html)"
85.208.96.211 - - [26/Dec/2025:15:24:34 +0000] "GET /casosvbg/con_est_resumen_prg.php?r=37198745 HTTP/1.1" 404 1251 "-" "Mozilla/5.0 (compatible; SemrushBot/7~bl; +http://www.semrush.com/bot.html)"
85.208.96.202 - - [26/Dec/2025:15:25:06 +0000] "GET /casosvbg/con_est_cruces_var.php?r=32589022 HTTP/1.1" 404 1251 "-" "Mozilla/5.0 (compatible; SemrushBot/7~bl; +http://www.semrush.com/bot.html)"
85.208.96.200 - - [26/Dec/2025:15:25:37 +0000] "GET /casosvbg/con_est_resumen_prg.php?r=34870633 HTTP/1.1" 404 1251 "-" "Mozilla/5.0 (compatible; SemrushBot/7~bl; +http://www.semrush.com/bot.html)"
85.208.96.199 - - [26/Dec/2025:15:25:42 +0000] "GET /casosvbg/con_est_cruces_var.php?r=49328062 HTTP/1.1" 404 1251 "-" "Mozilla/5.0 (compatible; SemrushBot/7~bl; +http://www.semrush.com/bot.html)"
185.191.171.18 - - [26/Dec/2025:15:26:59 +0000] "GET /casosvbg/con_est_resumen_prg.php?r=62992576 HTTP/1.1" 404 1251 "-" "Mozilla/5.0 (compatible; SemrushBot/7~bl; +http://www.semrush.com/bot.html)"
85.208.96.203 - - [26/Dec/2025:15:27:04 +0000] "GET /casosvbg/con_est_cruces_var.php?r=77214096 HTTP/1.1" 404 1251 "-" "Mozilla/5.0 (compatible; SemrushBot/7~bl; +http://www.semrush.com/bot.html)"
85.208.96.204 - - [26/Dec/2025:15:27:05 +0000] "GET /casosvbg/con_est_resumen_gral.php?r=91019761 HTTP/1.1" 404 1251 "-" "Mozilla/5.0 (compatible; SemrushBot/7~bl; +http://www.semrush.com/bot.html)"
85.208.96.203 - - [26/Dec/2025:15:27:17 +0000] "GET /casosvbg/con_est_resumen_gral.php?r=17571140 HTTP/1.1" 404 1251 "-" "Mozilla/5.0 (compatible; SemrushBot/7~bl; +http://www.semrush.com/bot.html)"
85.208.96.206 - - [26/Dec/2025:15:27:40 +0000] "GET /casosvbg/con_est_resumen_gral.php?r=99778095 HTTP/1.1" 404 1251 "-" "Mozilla/5.0 (compatible; SemrushBot/7~bl; +http://www.semrush.com/bot.html)"
185.191.171.18 - - [26/Dec/2025:15:27:44 +0000] "GET /casosvbg/con_est_resumen_prg.php?r=14553329 HTTP/1.1" 404 1251 "-" "Mozilla/5.0 (compatible; SemrushBot/7~bl; +http://www.semrush.com/bot.html)"
85.208.96.203 - - [26/Dec/2025:15:27:46 +0000] "GET /casosvbg/con_est_cruces_varloc.php?r=35319765 HTTP/1.1" 404 1251 "-" "Mozilla/5.0 (compatible; SemrushBot/7~bl; +http://www.semrush.com/bot.html)"
85.208.96.195 - - [26/Dec/2025:15:28:11 +0000] "GET /casosvbg/con_est_cruces_varloc.php?r=95313883 HTTP/1.1" 404 1251 "-" "Mozilla/5.0 (compatible; SemrushBot/7~bl; +http://www.semrush.com/bot.html)"
85.208.96.202 - - [26/Dec/2025:15:28:39 +0000] "GET /casosvbg/con_est_resumen_gral.php?r=34177155 HTTP/1.1" 404 1251 "-" "Mozilla/5.0 (compatible; SemrushBot/7~bl; +http://www.semrush.com/bot.html)"
185.191.171.10 - - [26/Dec/2025:15:25:58 +0000] "GET /casosvbg/con_est_cruces_var.php?r=48208546 HTTP/1.1" 404 1251 "-" "Mozilla/5.0 (compatible; SemrushBot/7~bl; +http://www.semrush.com/bot.html)"
85.208.96.203 - - [26/Dec/2025:15:26:12 +0000] "GET /casosvbg/con_est_cruces_varloc.php?r=9418310 HTTP/1.1" 404 1251 "-" "Mozilla/5.0 (compatible; SemrushBot/7~bl; +http://www.semrush.com/bot.html)"
66.249.66.32 - - [26/Dec/2025:15:26:18 +0000] "GET /casosvbg/con_est_resumen_prg.php?r=95014 HTTP/1.1" 404 1251 "-" "Mozilla/5.0 (Linux; Android 6.0.1; Nexus 5X Build/MMB29P) AppleWebKit/537.36 (KHTML, like Gecko) Chrome/141.0.7390.122 Mobile Safari/537.36 (compatible; Googlebot/2.1; +http://www.google.com/bot.html)"
85.208.96.196 - - [26/Dec/2025:15:26:22 +0000] "GET /casosvbg/con_est_resumen_prg.php?r=15478027 HTTP/1.1" 404 1251 "-" "Mozilla/5.0 (compatible; SemrushBot/7~bl; +http://www.semrush.com/bot.html)"
85.208.96.200 - - [26/Dec/2025:15:26:26 +0000] "GET /casosvbg/con_est_resumen_gral.php?r=66527833 HTTP/1.1" 404 1251 "-" "Mozilla/5.0 (compatible; SemrushBot/7~bl; +http://www.semrush.com/bot.html)"
185.191.171.14 - - [26/Dec/2025:15:27:08 +0000] "GET /casosvbg/con_est_resumen_prg.php?r=31075431 HTTP/1.1" 404 1251 "-" "Mozilla/5.0 (compatible; SemrushBot/7~bl; +http://www.semrush.com/bot.html)"
85.208.96.206 - - [26/Dec/2025:15:27:24 +0000] "GET /casosvbg/con_est_cruces_var.php?r=85566132 HTTP/1.1" 404 1251 "-" "Mozilla/5.0 (compatible; SemrushBot/7~bl; +http://www.semrush.com/bot.html)"
216.244.66.198 - - [26/Dec/2025:15:28:02 +0000] "GET /tag/obligacion-de-investigar-y-sancionar/ HTTP/1.1" 404 1251 "-" "Mozilla/5.0 (compatible; DotBot/1.2; +https://opensiteexplorer.org/dotbot; help@moz.com)"
185.191.171.19 - - [26/Dec/2025:15:28:07 +0000] "GET /casosvbg/con_est_cruces_var.php?r=27649537 HTTP/1.1" 404 1251 "-" "Mozilla/5.0 (compatible; SemrushBot/7~bl; +http://www.semrush.com/bot.html)"
185.191.171.11 - - [26/Dec/2025:15:28:47 +0000] "GET /casosvbg/con_est_resumen_gral.php?r=43809321 HTTP/1.1" 404 1251 "-" "Mozilla/5.0 (compatible; SemrushBot/7~bl; +http://www.semrush.com/bot.html)"
85.208.96.206 - - [26/Dec/2025:15:29:08 +0000] "GET /casosvbg/con_est_resumen_prg.php?r=40947413 HTTP/1.1" 404 1251 "-" "Mozilla/5.0 (compatible; SemrushBot/7~bl; +http://www.semrush.com/bot.html)"
185.191.171.11 - - [26/Dec/2025:15:29:10 +0000] "GET /casosvbg/con_est_resumen_gral.php?r=49337799 HTTP/1.1" 404 1251 "-" "Mozilla/5.0 (compatible; SemrushBot/7~bl; +http://www.semrush.com/bot.html)"
185.191.171.7 - - [26/Dec/2025:15:29:20 +0000] "GET /casosvbg/con_est_cruces_var.php?r=96149995 HTTP/1.1" 404 1251 "-" "Mozilla/5.0 (compatible; SemrushBot/7~bl; +http://www.semrush.com/bot.html)"
85.208.96.197 - - [26/Dec/2025:15:29:53 +0000] "GET /casosvbg/con_est_resumen_gral.php?r=46250648 HTTP/1.1" 404 1251 "-" "Mozilla/5.0 (compatible; SemrushBot/7~bl; +http://www.semrush.com/bot.html)"
85.208.96.210 - - [26/Dec/2025:15:29:54 +0000] "GET /casosvbg/con_est_cruces_var.php?r=26656675 HTTP/1.1" 404 1251 "-" "Mozilla/5.0 (compatible; SemrushBot/7~bl; +http://www.semrush.com/bot.html)"
85.208.96.206 - - [26/Dec/2025:15:30:19 +0000] "GET /casosvbg/con_est_cruces_var.php?r=63113303 HTTP/1.1" 404 1251 "-" "Mozilla/5.0 (compatible; SemrushBot/7~bl; +http://www.semrush.com/bot.html)"
85.208.96.198 - - [26/Dec/2025:15:30:27 +0000] "GET /casosvbg/con_est_cruces_var.php?r=15789103 HTTP/1.1" 404 1251 "-" "Mozilla/5.0 (compatible; SemrushBot/7~bl; +http://www.semrush.com/bot.html)"
185.191.171.3 - - [26/Dec/2025:15:31:09 +0000] "GET /casosvbg/con_est_cruces_var.php?r=67428096 HTTP/1.1" 404 1251 "-" "Mozilla/5.0 (compatible; SemrushBot/7~bl; +http://www.semrush.com/bot.html)"
185.191.171.7 - - [26/Dec/2025:15:31:17 +0000] "GET /casosvbg/con_est_cruces_varloc.php?r=92375123 HTTP/1.1" 404 1251 "-" "Mozilla/5.0 (compatible; SemrushBot/7~bl; +http://www.semrush.com/bot.html)"
85.208.96.206 - - [26/Dec/2025:15:25:34 +0000] "GET /casosvbg/con_est_resumen_gral.php?r=77850244 HTTP/1.1" 404 1251 "-" "Mozilla/5.0 (compatible; SemrushBot/7~bl; +http://www.semrush.com/bot.html)"
185.191.171.8 - - [26/Dec/2025:15:25:55 +0000] "GET /casosvbg/con_est_resumen_prg.php?r=79795383 HTTP/1.1" 404 1251 "-" "Mozilla/5.0 (compatible; SemrushBot/7~bl; +http://www.semrush.com/bot.html)"
85.208.96.209 - - [26/Dec/2025:15:26:03 +0000] "GET /casosvbg/con_est_resumen_prg.php?r=72218871 HTTP/1.1" 404 1251 "-" "Mozilla/5.0 (compatible; SemrushBot/7~bl; +http://www.semrush.com/bot.html)"
85.208.96.196 - - [26/Dec/2025:15:27:04 +0000] "GET /casosvbg/con_est_resumen_gral.php?r=96117678 HTTP/1.1" 404 1251 "-" "Mozilla/5.0 (compatible; SemrushBot/7~bl; +http://www.semrush.com/bot.html)"
85.208.96.212 - - [26/Dec/2025:15:27:05 +0000] "GET /casosvbg/con_est_resumen_gral.php?r=18415175 HTTP/1.1" 404 1251 "-" "Mozilla/5.0 (compatible; SemrushBot/7~bl; +http://www.semrush.com/bot.html)"
85.208.96.199 - - [26/Dec/2025:15:27:10 +0000] "GET /casosvbg/con_est_resumen_prg.php?r=77009043 HTTP/1.1" 404 1251 "-" "Mozilla/5.0 (compatible; SemrushBot/7~bl; +http://www.semrush.com/bot.html)"
85.208.96.205 - - [26/Dec/2025:15:27:21 +0000] "GET /casosvbg/con_est_resumen_gral.php?r=6522989 HTTP/1.1" 404 1251 "-" "Mozilla/5.0 (compatible; SemrushBot/7~bl; +http://www.semrush.com/bot.html)"
185.191.171.19 - - [26/Dec/2025:15:27:30 +0000] "GET /casosvbg/con_est_resumen_prg.php?r=33867390 HTTP/1.1" 404 1251 "-" "Mozilla/5.0 (compatible; SemrushBot/7~bl; +http://www.semrush.com/bot.html)"
185.191.171.3 - - [26/Dec/2025:15:28:58 +0000] "GET /casosvbg/con_est_resumen_prg.php?r=10450602 HTTP/1.1" 404 1251 "-" "Mozilla/5.0 (compatible; SemrushBot/7~bl; +http://www.semrush.com/bot.html)"
185.191.171.11 - - [26/Dec/2025:15:29:11 +0000] "GET /casosvbg/con_est_cruces_varloc.php?r=14225152 HTTP/1.1" 404 1251 "-" "Mozilla/5.0 (compatible; SemrushBot/7~bl; +http://www.semrush.com/bot.html)"
185.191.171.3 - - [26/Dec/2025:15:29:34 +0000] "GET /casosvbg/con_est_resumen_gral.php?r=55618441 HTTP/1.1" 404 1251 "-" "Mozilla/5.0 (compatible; SemrushBot/7~bl; +http://www.semrush.com/bot.html)"
85.208.96.205 - - [26/Dec/2025:15:29:57 +0000] "GET /casosvbg/con_est_resumen_gral.php?r=87857747 HTTP/1.1" 404 1251 "-" "Mozilla/5.0 (compatible; SemrushBot/7~bl; +http://www.semrush.com/bot.html)"
185.191.171.14 - - [26/Dec/2025:15:30:02 +0000] "GET /casosvbg/con_est_resumen_gral.php?r=27432068 HTTP/1.1" 404 1251 "-" "Mozilla/5.0 (compatible; SemrushBot/7~bl; +http://www.semrush.com/bot.html)"
185.191.171.14 - - [26/Dec/2025:15:31:14 +0000] "GET /casosvbg/con_est_cruces_var.php?r=68932900 HTTP/1.1" 404 1251 "-" "Mozilla/5.0 (compatible; SemrushBot/7~bl; +http://www.semrush.com/bot.html)"
185.191.171.14 - - [26/Dec/2025:15:31:27 +0000] "GET /casosvbg/con_est_cruces_var.php?r=23760190 HTTP/1.1" 404 1251 "-" "Mozilla/5.0 (compatible; SemrushBot/7~bl; +http://www.semrush.com/bot.html)"
185.191.171.5 - - [26/Dec/2025:15:31:30 +0000] "GET /casosvbg/con_est_resumen_prg.php?r=56046353 HTTP/1.1" 404 1251 "-" "Mozilla/5.0 (compatible; SemrushBot/7~bl; +http://www.semrush.com/bot.html)"
85.208.96.204 - - [26/Dec/2025:15:31:58 +0000] "GET /casosvbg/con_est_resumen_prg.php?r=31369127 HTTP/1.1" 404 1251 "-" "Mozilla/5.0 (compatible; SemrushBot/7~bl; +http://www.semrush.com/bot.html)"
85.208.96.194 - - [26/Dec/2025:15:32:13 +0000] "GET /casosvbg/con_est_cruces_varloc.php?r=11446157 HTTP/1.1" 404 1251 "-" "Mozilla/5.0 (compatible; SemrushBot/7~bl; +http://www.semrush.com/bot.html)"
85.208.96.206 - - [26/Dec/2025:15:33:05 +0000] "GET /robots.txt HTTP/1.1" 404 1251 "-" "Mozilla/5.0 (compatible; SemrushBot/7~bl; +http://www.semrush.com/bot.html)"
85.208.96.210 - - [26/Dec/2025:15:33:05 +0000] "GET /casosvbg/con_est_cruces_var.php?r=86519400 HTTP/1.1" 404 1251 "-" "Mozilla/5.0 (compatible; SemrushBot/7~bl; +http://www.semrush.com/bot.html)"
185.191.171.13 - - [26/Dec/2025:15:29:24 +0000] "GET /casosvbg/con_est_resumen_prg.php?r=64953740 HTTP/1.1" 404 1251 "-" "Mozilla/5.0 (compatible; SemrushBot/7~bl; +http://www.semrush.com/bot.html)"
85.208.96.210 - - [26/Dec/2025:15:29:46 +0000] "GET /casosvbg/con_est_resumen_prg.php?r=8846229 HTTP/1.1" 404 1251 "-" "Mozilla/5.0 (compatible; SemrushBot/7~bl; +http://www.semrush.com/bot.html)"
185.191.171.18 - - [26/Dec/2025:15:29:52 +0000] "GET /casosvbg/con_est_resumen_prg.php?r=29604357 HTTP/1.1" 404 1251 "-" "Mozilla/5.0 (compatible; SemrushBot/7~bl; +http://www.semrush.com/bot.html)"
185.191.171.11 - - [26/Dec/2025:15:29:55 +0000] "GET /casosvbg/con_est_resumen_prg.php?r=45740653 HTTP/1.1" 404 1251 "-" "Mozilla/5.0 (compatible; SemrushBot/7~bl; +http://www.semrush.com/bot.html)"
85.208.96.202 - - [26/Dec/2025:15:30:19 +0000] "GET /casosvbg/con_est_cruces_var.php?r=93782157 HTTP/1.1" 404 1251 "-" "Mozilla/5.0 (compatible; SemrushBot/7~bl; +http://www.semrush.com/bot.html)"
85.208.96.206 - - [26/Dec/2025:15:30:46 +0000] "GET /casosvbg/con_est_resumen_prg.php?r=23981544 HTTP/1.1" 404 1251 "-" "Mozilla/5.0 (compatible; SemrushBot/7~bl; +http://www.semrush.com/bot.html)"
185.191.171.14 - - [26/Dec/2025:15:31:12 +0000] "GET /casosvbg/con_est_resumen_gral.php?r=55846863 HTTP/1.1" 404 1251 "-" "Mozilla/5.0 (compatible; SemrushBot/7~bl; +http://www.semrush.com/bot.html)"
43.166.245.120 - - [26/Dec/2025:15:31:14 +0000] "GET /wp-load.php HTTP/1.1" 500 0 "-" "Mozilla/5.0 (iPhone; CPU iPhone OS 13_2_3 like Mac OS X) AppleWebKit/605.1.15 (KHTML, like Gecko) Version/13.0.3 Mobile/15E148 Safari/604.1"
85.208.96.205 - - [26/Dec/2025:15:31:22 +0000] "GET /casosvbg/con_est_resumen_gral.php?r=46391830 HTTP/1.1" 404 1251 "-" "Mozilla/5.0 (compatible; SemrushBot/7~bl; +http://www.semrush.com/bot.html)"
85.208.96.194 - - [26/Dec/2025:15:31:30 +0000] "GET /casosvbg/con_est_resumen_gral.php?r=34423444 HTTP/1.1" 404 1251 "-" "Mozilla/5.0 (compatible; SemrushBot/7~bl; +http://www.semrush.com/bot.html)"
185.191.171.17 - - [26/Dec/2025:15:32:11 +0000] "GET /casosvbg/con_est_resumen_prg.php?r=24337653 HTTP/1.1" 404 1251 "-" "Mozilla/5.0 (compatible; SemrushBot/7~bl; +http://www.semrush.com/bot.html)"
185.191.171.13 - - [26/Dec/2025:15:32:40 +0000] "GET /casosvbg/con_est_cruces_var.php?r=13244098 HTTP/1.1" 404 1251 "-" "Mozilla/5.0 (compatible; SemrushBot/7~bl; +http://www.semrush.com/bot.html)"
185.191.171.13 - - [26/Dec/2025:15:32:54 +0000] "GET /casosvbg/con_est_resumen_gral.php?r=53992074 HTTP/1.1" 404 1251 "-" "Mozilla/5.0 (compatible; SemrushBot/7~bl; +http://www.semrush.com/bot.html)"
185.191.171.13 - - [26/Dec/2025:15:33:17 +0000] "GET /casosvbg/con_est_cruces_var.php?r=65317441 HTTP/1.1" 404 1251 "-" "Mozilla/5.0 (compatible; SemrushBot/7~bl; +http://www.semrush.com/bot.html)"
185.191.171.18 - - [26/Dec/2025:15:33:29 +0000] "GET /casosvbg/con_est_resumen_gral.php?r=66348228 HTTP/1.1" 404 1251 "-" "Mozilla/5.0 (compatible; SemrushBot/7~bl; +http://www.semrush.com/bot.html)"
85.208.96.208 - - [26/Dec/2025:15:33:52 +0000] "GET /casosvbg/con_est_resumen_gral.php?r=92625921 HTTP/1.1" 404 1251 "-" "Mozilla/5.0 (compatible; SemrushBot/7~bl; +http://www.semrush.com/bot.html)"
185.191.171.13 - - [26/Dec/2025:15:33:53 +0000] "GET /casosvbg/con_est_resumen_prg.php?r=70741771 HTTP/1.1" 404 1251 "-" "Mozilla/5.0 (compatible; SemrushBot/7~bl; +http://www.semrush.com/bot.html)"
85.208.96.202 - - [26/Dec/2025:15:34:00 +0000] "GET /casosvbg/con_est_cruces_var.php?r=98839026 HTTP/1.1" 404 1251 "-" "Mozilla/5.0 (compatible; SemrushBot/7~bl; +http://www.semrush.com/bot.html)"
66.249.66.36 - - [26/Dec/2025:15:34:37 +0000] "GET / HTTP/1.1" 200 1233 "-" "Mozilla/5.0 (Linux; Android 6.0.1; Nexus 5X Build/MMB29P) AppleWebKit/537.36 (KHTML, like Gecko) Chrome/141.0.7390.122 Mobile Safari/537.36 (compatible; Googlebot/2.1; +http://www.google.com/bot.html)"
185.191.171.18 - - [26/Dec/2025:15:31:20 +0000] "GET /casosvbg/con_est_cruces_var.php?r=27123172 HTTP/1.1" 404 1251 "-" "Mozilla/5.0 (compatible; SemrushBot/7~bl; +http://www.semrush.com/bot.html)"
85.208.96.208 - - [26/Dec/2025:15:31:28 +0000] "GET /casosvbg/con_est_cruces_varloc.php?r=4919239 HTTP/1.1" 404 1251 "-" "Mozilla/5.0 (compatible; SemrushBot/7~bl; +http://www.semrush.com/bot.html)"
185.191.171.7 - - [26/Dec/2025:15:31:33 +0000] "GET /casosvbg/con_est_resumen_gral.php?r=58910539 HTTP/1.1" 404 1251 "-" "Mozilla/5.0 (compatible; SemrushBot/7~bl; +http://www.semrush.com/bot.html)"
185.191.171.17 - - [26/Dec/2025:15:31:47 +0000] "GET /casosvbg/con_est_resumen_gral.php?r=53032139 HTTP/1.1" 404 1251 "-" "Mozilla/5.0 (compatible; SemrushBot/7~bl; +http://www.semrush.com/bot.html)"
85.208.96.196 - - [26/Dec/2025:15:32:38 +0000] "GET /casosvbg/con_est_resumen_gral.php?r=58965586 HTTP/1.1" 404 1251 "-" "Mozilla/5.0 (compatible; SemrushBot/7~bl; +http://www.semrush.com/bot.html)"
185.191.171.2 - - [26/Dec/2025:15:32:55 +0000] "GET /casosvbg/con_est_cruces_var.php?r=66703670 HTTP/1.1" 404 1251 "-" "Mozilla/5.0 (compatible; SemrushBot/7~bl; +http://www.semrush.com/bot.html)"
185.191.171.8 - - [26/Dec/2025:15:33:23 +0000] "GET /casosvbg/con_est_cruces_var.php?r=27066424 HTTP/1.1" 404 1251 "-" "Mozilla/5.0 (compatible; SemrushBot/7~bl; +http://www.semrush.com/bot.html)"
85.208.96.201 - - [26/Dec/2025:15:33:56 +0000] "GET /casosvbg/con_est_cruces_var.php?r=71398413 HTTP/1.1" 404 1251 "-" "Mozilla/5.0 (compatible; SemrushBot/7~bl; +http://www.semrush.com/bot.html)"
85.208.96.199 - - [26/Dec/2025:15:34:08 +0000] "GET /casosvbg/con_est_cruces_varloc.php?r=15084666 HTTP/1.1" 404 1251 "-" "Mozilla/5.0 (compatible; SemrushBot/7~bl; +http://www.semrush.com/bot.html)"
85.208.96.202 - - [26/Dec/2025:15:34:23 +0000] "GET /casosvbg/con_est_resumen_prg.php?r=41958747 HTTP/1.1" 404 1251 "-" "Mozilla/5.0 (compatible; SemrushBot/7~bl; +http://www.semrush.com/bot.html)"
66.249.66.37 - - [26/Dec/2025:15:34:44 +0000] "GET /_autoindex/assets/js/tablesort.number.js HTTP/1.1" 200 322 "http://www.noestassola.com.co/" "Mozilla/5.0 (Linux; Android 6.0.1; Nexus 5X Build/MMB29P) AppleWebKit/537.36 (KHTML, like Gecko) Chrome/141.0.7390.122 Mobile Safari/537.36 (compatible; Googlebot/2.1; +http://www.google.com/bot.html)"
66.249.66.37 - - [26/Dec/2025:15:34:44 +0000] "GET /_autoindex/assets/js/tablesort.js HTTP/1.1" 200 2137 "http://www.noestassola.com.co/" "Mozilla/5.0 (Linux; Android 6.0.1; Nexus 5X Build/MMB29P) AppleWebKit/537.36 (KHTML, like Gecko) Chrome/141.0.7390.122 Mobile Safari/537.36 (compatible; Googlebot/2.1; +http://www.google.com/bot.html)"
66.249.66.37 - - [26/Dec/2025:15:34:45 +0000] "GET /_autoindex/assets/css/autoindex.css HTTP/1.1" 200 1170 "http://www.noestassola.com.co/" "Mozilla/5.0 (Linux; Android 6.0.1; Nexus 5X Build/MMB29P) AppleWebKit/537.36 (KHTML, like Gecko) Chrome/141.0.7390.122 Mobile Safari/537.36 (compatible; Googlebot/2.1; +http://www.google.com/bot.html)"
85.208.96.202 - - [26/Dec/2025:15:34:47 +0000] "GET /casosvbg/con_est_resumen_gral.php?r=61306908 HTTP/1.1" 404 1251 "-" "Mozilla/5.0 (compatible; SemrushBot/7~bl; +http://www.semrush.com/bot.html)"
66.249.66.36 - - [26/Dec/2025:15:34:57 +0000] "GET /_autoindex/assets/icons/file-text.svg HTTP/1.1" 200 394 "http://www.noestassola.com.co/" "Mozilla/5.0 (Linux; Android 6.0.1; Nexus 5X Build/MMB29P) AppleWebKit/537.36 (KHTML, like Gecko) Chrome/141.0.7390.122 Mobile Safari/537.36 (compatible; Googlebot/2.1; +http://www.google.com/bot.html)"
185.191.171.14 - - [26/Dec/2025:15:35:13 +0000] "GET /casosvbg/con_est_cruces_var.php?r=90394641 HTTP/1.1" 404 1251 "-" "Mozilla/5.0 (compatible; SemrushBot/7~bl; +http://www.semrush.com/bot.html)"
185.191.171.11 - - [26/Dec/2025:15:35:17 +0000] "GET /casosvbg/con_est_resumen_gral.php?r=80393860 HTTP/1.1" 404 1251 "-" "Mozilla/5.0 (compatible; SemrushBot/7~bl; +http://www.semrush.com/bot.html)"
66.249.66.161 - - [26/Dec/2025:15:34:45 +0000] "GET /_autoindex/assets/icons/folder-fill.svg HTTP/1.1" 200 333 "http://www.noestassola.com.co/" "Mozilla/5.0 (Linux; Android 6.0.1; Nexus 5X Build/MMB29P) AppleWebKit/537.36 (KHTML, like Gecko) Chrome/141.0.7390.122 Mobile Safari/537.36 (compatible; Googlebot/2.1; +http://www.google.com/bot.html)"
85.208.96.205 - - [26/Dec/2025:15:35:22 +0000] "GET /casosvbg/con_est_resumen_prg.php?r=45230248 HTTP/1.1" 404 1251 "-" "Mozilla/5.0 (compatible; SemrushBot/7~bl; +http://www.semrush.com/bot.html)"
185.191.171.2 - - [26/Dec/2025:15:35:34 +0000] "GET /casosvbg/con_est_resumen_gral.php?r=30854393 HTTP/1.1" 404 1251 "-" "Mozilla/5.0 (compatible; SemrushBot/7~bl; +http://www.semrush.com/bot.html)"
185.191.171.17 - - [26/Dec/2025:15:35:46 +0000] "GET /casosvbg/con_est_resumen_gral.php?r=35576736 HTTP/1.1" 404 1251 "-" "Mozilla/5.0 (compatible; SemrushBot/7~bl; +http://www.semrush.com/bot.html)"
85.208.96.194 - - [26/Dec/2025:15:36:15 +0000] "GET /casosvbg/con_est_resumen_prg.php?r=25244412 HTTP/1.1" 404 1251 "-" "Mozilla/5.0 (compatible; SemrushBot/7~bl; +http://www.semrush.com/bot.html)"
85.208.96.199 - - [26/Dec/2025:15:37:25 +0000] "GET /casosvbg/con_est_cruces_var.php?r=2202607 HTTP/1.1" 404 1251 "-" "Mozilla/5.0 (compatible; SemrushBot/7~bl; +http://www.semrush.com/bot.html)"
85.208.96.202 - - [26/Dec/2025:15:37:27 +0000] "GET /casosvbg/con_est_resumen_prg.php?r=10013500 HTTP/1.1" 404 1251 "-" "Mozilla/5.0 (compatible; SemrushBot/7~bl; +http://www.semrush.com/bot.html)"
185.191.171.14 - - [26/Dec/2025:15:38:02 +0000] "GET /casosvbg/con_est_resumen_gral.php?r=76892253 HTTP/1.1" 404 1251 "-" "Mozilla/5.0 (compatible; SemrushBot/7~bl; +http://www.semrush.com/bot.html)"
85.208.96.206 - - [26/Dec/2025:15:38:08 +0000] "GET /casosvbg/con_est_resumen_prg.php?r=27382215 HTTP/1.1" 404 1251 "-" "Mozilla/5.0 (compatible; SemrushBot/7~bl; +http://www.semrush.com/bot.html)"
85.208.96.196 - - [26/Dec/2025:15:38:15 +0000] "GET /casosvbg/con_est_resumen_gral.php?r=54487667 HTTP/1.1" 404 1251 "-" "Mozilla/5.0 (compatible; SemrushBot/7~bl; +http://www.semrush.com/bot.html)"
185.191.171.6 - - [26/Dec/2025:15:38:17 +0000] "GET /casosvbg/con_est_cruces_var.php?r=52076969 HTTP/1.1" 404 1251 "-" "Mozilla/5.0 (compatible; SemrushBot/7~bl; +http://www.semrush.com/bot.html)"
66.249.66.195 - - [26/Dec/2025:15:38:20 +0000] "GET /casosvbg/con_est_resumen_gral.php?r=1383771013 HTTP/1.1" 404 1251 "-" "Mozilla/5.0 (Linux; Android 6.0.1; Nexus 5X Build/MMB29P) AppleWebKit/537.36 (KHTML, like Gecko) Chrome/141.0.7390.122 Mobile Safari/537.36 (compatible; Googlebot/2.1; +http://www.google.com/bot.html)"
185.191.171.12 - - [26/Dec/2025:15:38:37 +0000] "GET /casosvbg/con_est_resumen_gral.php?r=25854924 HTTP/1.1" 404 1251 "-" "Mozilla/5.0 (compatible; SemrushBot/7~bl; +http://www.semrush.com/bot.html)"
185.191.171.11 - - [26/Dec/2025:15:38:39 +0000] "GET /casosvbg/con_est_resumen_gral.php?r=21212748 HTTP/1.1" 404 1251 "-" "Mozilla/5.0 (compatible; SemrushBot/7~bl; +http://www.semrush.com/bot.html)"
185.191.171.18 - - [26/Dec/2025:15:38:41 +0000] "GET /casosvbg/con_est_resumen_gral.php?r=88932002 HTTP/1.1" 404 1251 "-" "Mozilla/5.0 (compatible; SemrushBot/7~bl; +http://www.semrush.com/bot.html)"
185.191.171.3 - - [26/Dec/2025:15:39:40 +0000] "GET /casosvbg/con_est_cruces_var.php?r=41787342 HTTP/1.1" 404 1251 "-" "Mozilla/5.0 (compatible; SemrushBot/7~bl; +http://www.semrush.com/bot.html)"
85.208.96.194 - - [26/Dec/2025:15:39:43 +0000] "GET /casosvbg/con_est_cruces_var.php?r=61837787 HTTP/1.1" 404 1251 "-" "Mozilla/5.0 (compatible; SemrushBot/7~bl; +http://www.semrush.com/bot.html)"
185.191.171.4 - - [26/Dec/2025:15:39:48 +0000] "GET /casosvbg/con_est_resumen_gral.php?r=35948565 HTTP/1.1" 404 1251 "-" "Mozilla/5.0 (compatible; SemrushBot/7~bl; +http://www.semrush.com/bot.html)"
185.191.171.10 - - [26/Dec/2025:15:39:53 +0000] "GET /casosvbg/con_est_resumen_prg.php?r=52058398 HTTP/1.1" 404 1251 "-" "Mozilla/5.0 (compatible; SemrushBot/7~bl; +http://www.semrush.com/bot.html)"
185.191.171.13 - - [26/Dec/2025:15:35:34 +0000] "GET /casosvbg/con_est_cruces_var.php?r=42604285 HTTP/1.1" 404 1251 "-" "Mozilla/5.0 (compatible; SemrushBot/7~bl; +http://www.semrush.com/bot.html)"
185.191.171.5 - - [26/Dec/2025:15:35:36 +0000] "GET /casosvbg/con_est_cruces_varloc.php?r=5569808 HTTP/1.1" 404 1251 "-" "Mozilla/5.0 (compatible; SemrushBot/7~bl; +http://www.semrush.com/bot.html)"
185.191.171.12 - - [26/Dec/2025:15:35:39 +0000] "GET /casosvbg/con_est_resumen_gral.php?r=70573379 HTTP/1.1" 404 1251 "-" "Mozilla/5.0 (compatible; SemrushBot/7~bl; +http://www.semrush.com/bot.html)"
85.208.96.210 - - [26/Dec/2025:15:35:56 +0000] "GET /casosvbg/con_est_resumen_prg.php?r=59391770 HTTP/1.1" 404 1251 "-" "Mozilla/5.0 (compatible; SemrushBot/7~bl; +http://www.semrush.com/bot.html)"
185.191.171.11 - - [26/Dec/2025:15:35:56 +0000] "GET /casosvbg/con_est_cruces_var.php?r=51719891 HTTP/1.1" 404 1251 "-" "Mozilla/5.0 (compatible; SemrushBot/7~bl; +http://www.semrush.com/bot.html)"
185.191.171.17 - - [26/Dec/2025:15:36:04 +0000] "GET /casosvbg/con_est_resumen_gral.php?r=50078522 HTTP/1.1" 404 1251 "-" "Mozilla/5.0 (compatible; SemrushBot/7~bl; +http://www.semrush.com/bot.html)"
185.191.171.14 - - [26/Dec/2025:15:36:13 +0000] "GET /casosvbg/con_est_cruces_varloc.php?r=58519826 HTTP/1.1" 404 1251 "-" "Mozilla/5.0 (compatible; SemrushBot/7~bl; +http://www.semrush.com/bot.html)"
85.208.96.203 - - [26/Dec/2025:15:36:47 +0000] "GET /casosvbg/con_est_resumen_prg.php?r=62472320 HTTP/1.1" 404 1251 "-" "Mozilla/5.0 (compatible; SemrushBot/7~bl; +http://www.semrush.com/bot.html)"
85.208.96.194 - - [26/Dec/2025:15:37:31 +0000] "GET /casosvbg/con_est_resumen_prg.php?r=61321924 HTTP/1.1" 404 1251 "-" "Mozilla/5.0 (compatible; SemrushBot/7~bl; +http://www.semrush.com/bot.html)"
185.191.171.14 - - [26/Dec/2025:15:37:33 +0000] "GET /casosvbg/con_est_cruces_var.php?r=47901901 HTTP/1.1" 404 1251 "-" "Mozilla/5.0 (compatible; SemrushBot/7~bl; +http://www.semrush.com/bot.html)"
185.191.171.12 - - [26/Dec/2025:15:37:38 +0000] "GET /casosvbg/con_est_resumen_gral.php?r=95613409 HTTP/1.1" 404 1251 "-" "Mozilla/5.0 (compatible; SemrushBot/7~bl; +http://www.semrush.com/bot.html)"
185.191.171.4 - - [26/Dec/2025:15:38:51 +0000] "GET /casosvbg/con_est_cruces_varloc.php?r=96365847 HTTP/1.1" 404 1251 "-" "Mozilla/5.0 (compatible; SemrushBot/7~bl; +http://www.semrush.com/bot.html)"
85.208.96.194 - - [26/Dec/2025:15:39:13 +0000] "GET /casosvbg/con_est_resumen_prg.php?r=16834276 HTTP/1.1" 404 1251 "-" "Mozilla/5.0 (compatible; SemrushBot/7~bl; +http://www.semrush.com/bot.html)"
85.208.96.205 - - [26/Dec/2025:15:39:17 +0000] "GET /casosvbg/con_est_cruces_varloc.php?r=89802042 HTTP/1.1" 404 1251 "-" "Mozilla/5.0 (compatible; SemrushBot/7~bl; +http://www.semrush.com/bot.html)"
185.191.171.4 - - [26/Dec/2025:15:39:34 +0000] "GET /casosvbg/con_est_resumen_prg.php?r=11864209 HTTP/1.1" 404 1251 "-" "Mozilla/5.0 (compatible; SemrushBot/7~bl; +http://www.semrush.com/bot.html)"
85.208.96.207 - - [26/Dec/2025:15:39:36 +0000] "GET /casosvbg/con_est_resumen_prg.php?r=57601425 HTTP/1.1" 404 1251 "-" "Mozilla/5.0 (compatible; SemrushBot/7~bl; +http://www.semrush.com/bot.html)"
85.208.96.195 - - [26/Dec/2025:15:39:39 +0000] "GET /casosvbg/con_est_resumen_gral.php?r=90525564 HTTP/1.1" 404 1251 "-" "Mozilla/5.0 (compatible; SemrushBot/7~bl; +http://www.semrush.com/bot.html)"
185.191.171.17 - - [26/Dec/2025:15:39:50 +0000] "GET /casosvbg/con_est_resumen_gral.php?r=84474694 HTTP/1.1" 404 1251 "-" "Mozilla/5.0 (compatible; SemrushBot/7~bl; +http://www.semrush.com/bot.html)"
85.208.96.198 - - [26/Dec/2025:15:40:04 +0000] "GET /casosvbg/con_est_resumen_prg.php?r=29289369 HTTP/1.1" 404 1251 "-" "Mozilla/5.0 (compatible; SemrushBot/7~bl; +http://www.semrush.com/bot.html)"
185.191.171.2 - - [26/Dec/2025:15:40:21 +0000] "GET /casosvbg/con_est_cruces_var.php?r=98177672 HTTP/1.1" 404 1251 "-" "Mozilla/5.0 (compatible; SemrushBot/7~bl; +http://www.semrush.com/bot.html)"
85.208.96.199 - - [26/Dec/2025:15:33:19 +0000] "GET /casosvbg/con_est_cruces_varloc.php?r=6759808 HTTP/1.1" 404 1251 "-" "Mozilla/5.0 (compatible; SemrushBot/7~bl; +http://www.semrush.com/bot.html)"
185.191.171.17 - - [26/Dec/2025:15:33:22 +0000] "GET /casosvbg/con_est_resumen_prg.php?r=98598196 HTTP/1.1" 404 1251 "-" "Mozilla/5.0 (compatible; SemrushBot/7~bl; +http://www.semrush.com/bot.html)"
185.191.171.1 - - [26/Dec/2025:15:34:09 +0000] "GET /casosvbg/con_est_resumen_prg.php?r=37643470 HTTP/1.1" 404 1251 "-" "Mozilla/5.0 (compatible; SemrushBot/7~bl; +http://www.semrush.com/bot.html)"
185.191.171.17 - - [26/Dec/2025:15:34:09 +0000] "GET /casosvbg/con_est_cruces_var.php?r=62977511 HTTP/1.1" 404 1251 "-" "Mozilla/5.0 (compatible; SemrushBot/7~bl; +http://www.semrush.com/bot.html)"
85.208.96.199 - - [26/Dec/2025:15:34:10 +0000] "GET /casosvbg/con_est_resumen_prg.php?r=25653161 HTTP/1.1" 404 1251 "-" "Mozilla/5.0 (compatible; SemrushBot/7~bl; +http://www.semrush.com/bot.html)"
85.208.96.205 - - [26/Dec/2025:15:34:43 +0000] "GET /casosvbg/con_est_cruces_var.php?r=22681915 HTTP/1.1" 404 1251 "-" "Mozilla/5.0 (compatible; SemrushBot/7~bl; +http://www.semrush.com/bot.html)"
66.249.66.197 - - [26/Dec/2025:15:34:56 +0000] "GET /_autoindex/assets/icons/file.svg HTTP/1.1" 200 354 "http://www.noestassola.com.co/" "Mozilla/5.0 (Linux; Android 6.0.1; Nexus 5X Build/MMB29P) AppleWebKit/537.36 (KHTML, like Gecko) Chrome/141.0.7390.122 Mobile Safari/537.36 (compatible; Googlebot/2.1; +http://www.google.com/bot.html)"
185.191.171.13 - - [26/Dec/2025:15:35:19 +0000] "GET /casosvbg/con_est_resumen_gral.php?r=60414894 HTTP/1.1" 404 1251 "-" "Mozilla/5.0 (compatible; SemrushBot/7~bl; +http://www.semrush.com/bot.html)"
185.191.171.3 - - [26/Dec/2025:15:35:28 +0000] "GET /casosvbg/con_est_resumen_gral.php?r=35991422 HTTP/1.1" 404 1251 "-" "Mozilla/5.0 (compatible; SemrushBot/7~bl; +http://www.semrush.com/bot.html)"
85.208.96.199 - - [26/Dec/2025:15:35:51 +0000] "GET /casosvbg/con_est_resumen_gral.php?r=40762744 HTTP/1.1" 404 1251 "-" "Mozilla/5.0 (compatible; SemrushBot/7~bl; +http://www.semrush.com/bot.html)"
85.208.96.199 - - [26/Dec/2025:15:36:43 +0000] "GET /casosvbg/con_est_resumen_gral.php?r=45379428 HTTP/1.1" 404 1251 "-" "Mozilla/5.0 (compatible; SemrushBot/7~bl; +http://www.semrush.com/bot.html)"
85.208.96.196 - - [26/Dec/2025:15:37:02 +0000] "GET /casosvbg/con_est_resumen_prg.php?r=83903165 HTTP/1.1" 404 1251 "-" "Mozilla/5.0 (compatible; SemrushBot/7~bl; +http://www.semrush.com/bot.html)"
185.191.171.1 - - [26/Dec/2025:15:37:30 +0000] "GET /casosvbg/con_est_resumen_prg.php?r=12614663 HTTP/1.1" 404 1251 "-" "Mozilla/5.0 (compatible; SemrushBot/7~bl; +http://www.semrush.com/bot.html)"
85.208.96.195 - - [26/Dec/2025:15:37:39 +0000] "GET /casosvbg/con_est_resumen_gral.php?r=825272 HTTP/1.1" 404 1251 "-" "Mozilla/5.0 (compatible; SemrushBot/7~bl; +http://www.semrush.com/bot.html)"
185.191.171.17 - - [26/Dec/2025:15:37:41 +0000] "GET /casosvbg/con_est_resumen_prg.php?r=52434762 HTTP/1.1" 404 1251 "-" "Mozilla/5.0 (compatible; SemrushBot/7~bl; +http://www.semrush.com/bot.html)"
85.208.96.196 - - [26/Dec/2025:15:38:49 +0000] "GET /casosvbg/con_est_cruces_var.php?r=8570898 HTTP/1.1" 404 1251 "-" "Mozilla/5.0 (compatible; SemrushBot/7~bl; +http://www.semrush.com/bot.html)"
85.208.96.202 - - [26/Dec/2025:15:39:22 +0000] "GET /casosvbg/con_est_resumen_gral.php?r=85952113 HTTP/1.1" 404 1251 "-" "Mozilla/5.0 (compatible; SemrushBot/7~bl; +http://www.semrush.com/bot.html)"
85.208.96.199 - - [26/Dec/2025:15:40:19 +0000] "GET /casosvbg/con_est_resumen_gral.php?r=53741845 HTTP/1.1" 404 1251 "-" "Mozilla/5.0 (compatible; SemrushBot/7~bl; +http://www.semrush.com/bot.html)"
185.191.171.14 - - [26/Dec/2025:15:40:50 +0000] "GET /casosvbg/con_est_cruces_var.php?r=61152081 HTTP/1.1" 404 1251 "-" "Mozilla/5.0 (compatible; SemrushBot/7~bl; +http://www.semrush.com/bot.html)"
185.191.171.11 - - [26/Dec/2025:15:40:00 +0000] "GET /casosvbg/con_est_resumen_prg.php?r=3720964 HTTP/1.1" 404 1251 "-" "Mozilla/5.0 (compatible; SemrushBot/7~bl; +http://www.semrush.com/bot.html)"
185.191.171.5 - - [26/Dec/2025:15:40:04 +0000] "GET /casosvbg/con_est_resumen_prg.php?r=54195279 HTTP/1.1" 404 1251 "-" "Mozilla/5.0 (compatible; SemrushBot/7~bl; +http://www.semrush.com/bot.html)"
85.208.96.209 - - [26/Dec/2025:15:40:20 +0000] "GET /casosvbg/con_est_resumen_prg.php?r=5485875 HTTP/1.1" 404 1251 "-" "Mozilla/5.0 (compatible; SemrushBot/7~bl; +http://www.semrush.com/bot.html)"
85.208.96.204 - - [26/Dec/2025:15:41:22 +0000] "GET /casosvbg/con_est_resumen_gral.php?r=68030489 HTTP/1.1" 404 1251 "-" "Mozilla/5.0 (compatible; SemrushBot/7~bl; +http://www.semrush.com/bot.html)"
185.191.171.3 - - [26/Dec/2025:15:41:31 +0000] "GET /casosvbg/con_est_cruces_varloc.php?r=7658951 HTTP/1.1" 404 1251 "-" "Mozilla/5.0 (compatible; SemrushBot/7~bl; +http://www.semrush.com/bot.html)"
185.191.171.5 - - [26/Dec/2025:15:41:31 +0000] "GET /casosvbg/con_est_resumen_prg.php?r=61572710 HTTP/1.1" 404 1251 "-" "Mozilla/5.0 (compatible; SemrushBot/7~bl; +http://www.semrush.com/bot.html)"
85.208.96.206 - - [26/Dec/2025:15:41:44 +0000] "GET /casosvbg/con_est_cruces_var.php?r=40682898 HTTP/1.1" 404 1251 "-" "Mozilla/5.0 (compatible; SemrushBot/7~bl; +http://www.semrush.com/bot.html)"
85.208.96.211 - - [26/Dec/2025:15:42:03 +0000] "GET /casosvbg/con_est_cruces_var.php?r=65937423 HTTP/1.1" 404 1251 "-" "Mozilla/5.0 (compatible; SemrushBot/7~bl; +http://www.semrush.com/bot.html)"
185.191.171.15 - - [26/Dec/2025:15:42:58 +0000] "GET /casosvbg/con_est_cruces_var.php?r=71232599 HTTP/1.1" 404 1251 "-" "Mozilla/5.0 (compatible; SemrushBot/7~bl; +http://www.semrush.com/bot.html)"
185.191.171.10 - - [26/Dec/2025:15:43:19 +0000] "GET /casosvbg/con_est_cruces_var.php?r=26282413 HTTP/1.1" 404 1251 "-" "Mozilla/5.0 (compatible; SemrushBot/7~bl; +http://www.semrush.com/bot.html)"
185.191.171.10 - - [26/Dec/2025:15:43:24 +0000] "GET /casosvbg/con_est_resumen_prg.php?r=34696222 HTTP/1.1" 404 1251 "-" "Mozilla/5.0 (compatible; SemrushBot/7~bl; +http://www.semrush.com/bot.html)"
85.208.96.202 - - [26/Dec/2025:15:43:25 +0000] "GET /casosvbg/con_est_resumen_gral.php?r=66838361 HTTP/1.1" 404 1251 "-" "Mozilla/5.0 (compatible; SemrushBot/7~bl; +http://www.semrush.com/bot.html)"
185.191.171.9 - - [26/Dec/2025:15:43:26 +0000] "GET /casosvbg/con_est_resumen_gral.php?r=43260456 HTTP/1.1" 404 1251 "-" "Mozilla/5.0 (compatible; SemrushBot/7~bl; +http://www.semrush.com/bot.html)"
66.249.66.160 - - [26/Dec/2025:15:43:43 +0000] "GET /casosvbg/soft/Formulario%20Unificado%20FINAL%2031-07-2013.pdf HTTP/1.1" 404 1251 "-" "Mozilla/5.0 (Linux; Android 6.0.1; Nexus 5X Build/MMB29P) AppleWebKit/537.36 (KHTML, like Gecko) Chrome/141.0.7390.122 Mobile Safari/537.36 (compatible; Googlebot/2.1; +http://www.google.com/bot.html)"
185.191.171.9 - - [26/Dec/2025:15:43:53 +0000] "GET /casosvbg/con_est_resumen_gral.php?r=32529228 HTTP/1.1" 404 1251 "-" "Mozilla/5.0 (compatible; SemrushBot/7~bl; +http://www.semrush.com/bot.html)"
185.191.171.16 - - [26/Dec/2025:15:44:32 +0000] "GET /casosvbg/con_est_resumen_prg.php?r=54209098 HTTP/1.1" 404 1251 "-" "Mozilla/5.0 (compatible; SemrushBot/7~bl; +http://www.semrush.com/bot.html)"
85.208.96.203 - - [26/Dec/2025:15:45:04 +0000] "GET /casosvbg/con_est_resumen_prg.php?r=54050506 HTTP/1.1" 404 1251 "-" "Mozilla/5.0 (compatible; SemrushBot/7~bl; +http://www.semrush.com/bot.html)"
85.208.96.197 - - [26/Dec/2025:15:45:36 +0000] "GET /casosvbg/con_est_cruces_varloc.php?r=8726310 HTTP/1.1" 404 1251 "-" "Mozilla/5.0 (compatible; SemrushBot/7~bl; +http://www.semrush.com/bot.html)"
85.208.96.196 - - [26/Dec/2025:15:45:48 +0000] "GET /casosvbg/con_est_resumen_prg.php?r=88002264 HTTP/1.1" 404 1251 "-" "Mozilla/5.0 (compatible; SemrushBot/7~bl; +http://www.semrush.com/bot.html)"
185.191.171.14 - - [26/Dec/2025:15:40:58 +0000] "GET /casosvbg/con_est_resumen_prg.php?r=33870469 HTTP/1.1" 404 1251 "-" "Mozilla/5.0 (compatible; SemrushBot/7~bl; +http://www.semrush.com/bot.html)"
85.208.96.200 - - [26/Dec/2025:15:41:44 +0000] "GET /casosvbg/con_est_resumen_prg.php?r=51641973 HTTP/1.1" 404 1251 "-" "Mozilla/5.0 (compatible; SemrushBot/7~bl; +http://www.semrush.com/bot.html)"
185.191.171.18 - - [26/Dec/2025:15:41:46 +0000] "GET /casosvbg/con_est_cruces_var.php?r=27179380 HTTP/1.1" 404 1251 "-" "Mozilla/5.0 (compatible; SemrushBot/7~bl; +http://www.semrush.com/bot.html)"
185.191.171.5 - - [26/Dec/2025:15:41:55 +0000] "GET /casosvbg/con_est_cruces_var.php?r=45611885 HTTP/1.1" 404 1251 "-" "Mozilla/5.0 (compatible; SemrushBot/7~bl; +http://www.semrush.com/bot.html)"
85.208.96.197 - - [26/Dec/2025:15:42:17 +0000] "GET /casosvbg/con_est_resumen_prg.php?r=996921230 HTTP/1.1" 404 1251 "-" "Mozilla/5.0 (compatible; SemrushBot/7~bl; +http://www.semrush.com/bot.html)"
85.208.96.211 - - [26/Dec/2025:15:42:46 +0000] "GET /casosvbg/con_est_resumen_prg.php?r=72648484 HTTP/1.1" 404 1251 "-" "Mozilla/5.0 (compatible; SemrushBot/7~bl; +http://www.semrush.com/bot.html)"
66.249.66.32 - - [26/Dec/2025:15:43:30 +0000] "GET /casosvbg/soft/Formulario%20Unificado%20FINAL%2031-07-2013.pdf HTTP/1.1" 404 1251 "-" "Mozilla/5.0 (Linux; Android 6.0.1; Nexus 5X Build/MMB29P) AppleWebKit/537.36 (KHTML, like Gecko) Chrome/141.0.7390.122 Mobile Safari/537.36 (compatible; Googlebot/2.1; +http://www.google.com/bot.html)"
85.208.96.197 - - [26/Dec/2025:15:43:49 +0000] "GET /casosvbg/con_est_resumen_prg.php?r=25092400 HTTP/1.1" 404 1251 "-" "Mozilla/5.0 (compatible; SemrushBot/7~bl; +http://www.semrush.com/bot.html)"
185.191.171.6 - - [26/Dec/2025:15:43:58 +0000] "GET /casosvbg/con_est_cruces_var.php?r=45791976 HTTP/1.1" 404 1251 "-" "Mozilla/5.0 (compatible; SemrushBot/7~bl; +http://www.semrush.com/bot.html)"
185.191.171.7 - - [26/Dec/2025:15:44:08 +0000] "GET /casosvbg/con_est_cruces_var.php?r=74552175 HTTP/1.1" 404 1251 "-" "Mozilla/5.0 (compatible; SemrushBot/7~bl; +http://www.semrush.com/bot.html)"
185.191.171.12 - - [26/Dec/2025:15:44:12 +0000] "GET /casosvbg/con_est_resumen_prg.php?r=41866663 HTTP/1.1" 404 1251 "-" "Mozilla/5.0 (compatible; SemrushBot/7~bl; +http://www.semrush.com/bot.html)"
85.208.96.193 - - [26/Dec/2025:15:44:14 +0000] "GET /casosvbg/con_est_resumen_prg.php?r=8542488 HTTP/1.1" 404 1251 "-" "Mozilla/5.0 (compatible; SemrushBot/7~bl; +http://www.semrush.com/bot.html)"
85.208.96.210 - - [26/Dec/2025:15:44:24 +0000] "GET /casosvbg/con_est_resumen_gral.php?r=59938603 HTTP/1.1" 404 1251 "-" "Mozilla/5.0 (compatible; SemrushBot/7~bl; +http://www.semrush.com/bot.html)"
85.208.96.202 - - [26/Dec/2025:15:44:57 +0000] "GET /casosvbg/con_est_resumen_prg.php?r=796124 HTTP/1.1" 404 1251 "-" "Mozilla/5.0 (compatible; SemrushBot/7~bl; +http://www.semrush.com/bot.html)"
85.208.96.199 - - [26/Dec/2025:15:46:00 +0000] "GET /casosvbg/con_est_resumen_gral.php?r=45754707 HTTP/1.1" 404 1251 "-" "Mozilla/5.0 (compatible; SemrushBot/7~bl; +http://www.semrush.com/bot.html)"
85.208.96.195 - - [26/Dec/2025:15:46:02 +0000] "GET /casosvbg/con_est_resumen_prg.php?r=65839335 HTTP/1.1" 404 1251 "-" "Mozilla/5.0 (compatible; SemrushBot/7~bl; +http://www.semrush.com/bot.html)"
85.208.96.196 - - [26/Dec/2025:15:46:17 +0000] "GET /casosvbg/con_est_cruces_var.php?r=27977154 HTTP/1.1" 404 1251 "-" "Mozilla/5.0 (compatible; SemrushBot/7~bl; +http://www.semrush.com/bot.html)"
85.208.96.202 - - [26/Dec/2025:15:46:20 +0000] "GET /casosvbg/con_est_resumen_gral.php?r=14125505 HTTP/1.1" 404 1251 "-" "Mozilla/5.0 (compatible; SemrushBot/7~bl; +http://www.semrush.com/bot.html)"
85.208.96.194 - - [26/Dec/2025:15:46:32 +0000] "GET /casosvbg/con_est_cruces_var.php?r=85440263 HTTP/1.1" 404 1251 "-" "Mozilla/5.0 (compatible; SemrushBot/7~bl; +http://www.semrush.com/bot.html)"
