66.249.66.75 - - [27/Dec/2025:12:08:45 +0000] "GET /?products/30696640 HTTP/1.1" 200 27061 "-" "Mozilla/5.0 (Linux; Android 6.0.1; Nexus 5X Build/MMB29P) AppleWebKit/537.36 (KHTML, like Gecko) Chrome/141.0.7390.122 Mobile Safari/537.36 (compatible; GoogleOther)"
57.141.6.36 - - [27/Dec/2025:12:08:47 +0000] "GET /?products%2F1569295 HTTP/2" 200 278925 "-" "meta-externalagent/1.1 (+https://developers.facebook.com/docs/sharing/webmasters/crawler)"
57.141.6.2 - - [27/Dec/2025:12:08:51 +0000] "GET /?products%2F15496984 HTTP/2" 200 278925 "-" "meta-externalagent/1.1 (+https://developers.facebook.com/docs/sharing/webmasters/crawler)"
57.141.6.16 - - [27/Dec/2025:12:08:53 +0000] "GET /?products%2F18251939 HTTP/2" 200 278925 "-" "meta-externalagent/1.1 (+https://developers.facebook.com/docs/sharing/webmasters/crawler)"
57.141.6.2 - - [27/Dec/2025:12:08:56 +0000] "GET /?products%2F27543739 HTTP/2" 200 278925 "-" "meta-externalagent/1.1 (+https://developers.facebook.com/docs/sharing/webmasters/crawler)"
57.141.6.26 - - [27/Dec/2025:12:08:59 +0000] "GET /?products%2F25517562 HTTP/2" 200 278925 "-" "meta-externalagent/1.1 (+https://developers.facebook.com/docs/sharing/webmasters/crawler)"
57.141.6.33 - - [27/Dec/2025:12:09:02 +0000] "GET /?products%2F16238851 HTTP/2" 200 278925 "-" "meta-externalagent/1.1 (+https://developers.facebook.com/docs/sharing/webmasters/crawler)"
57.141.6.7 - - [27/Dec/2025:12:09:04 +0000] "GET /?products%2F14006817 HTTP/2" 200 278925 "-" "meta-externalagent/1.1 (+https://developers.facebook.com/docs/sharing/webmasters/crawler)"
57.141.6.3 - - [27/Dec/2025:12:09:06 +0000] "GET /?products%2F20581362 HTTP/2" 200 278925 "-" "meta-externalagent/1.1 (+https://developers.facebook.com/docs/sharing/webmasters/crawler)"
57.141.6.24 - - [27/Dec/2025:12:09:15 +0000] "GET /?products%2F31365062 HTTP/2" 200 278925 "-" "meta-externalagent/1.1 (+https://developers.facebook.com/docs/sharing/webmasters/crawler)"
66.249.66.12 - - [27/Dec/2025:12:09:18 +0000] "GET /robots.txt HTTP/1.1" 200 81 "-" "Mozilla/5.0 (compatible; Googlebot/2.1; +http://www.google.com/bot.html)"
66.249.66.75 - - [27/Dec/2025:12:09:18 +0000] "GET /?products/3347740 HTTP/1.1" 200 24563 "-" "Mozilla/5.0 (Linux; Android 6.0.1; Nexus 5X Build/MMB29P) AppleWebKit/537.36 (KHTML, like Gecko) Chrome/141.0.7390.122 Mobile Safari/537.36 (compatible; GoogleOther)"
57.141.6.33 - - [27/Dec/2025:12:08:16 +0000] "GET /?products%2F30411228 HTTP/2" 200 278925 "-" "meta-externalagent/1.1 (+https://developers.facebook.com/docs/sharing/webmasters/crawler)"
57.141.6.22 - - [27/Dec/2025:12:08:19 +0000] "GET /?products%2F24970995 HTTP/2" 200 278925 "-" "meta-externalagent/1.1 (+https://developers.facebook.com/docs/sharing/webmasters/crawler)"
57.141.6.36 - - [27/Dec/2025:12:08:21 +0000] "GET /?products%2F7226651 HTTP/2" 200 278925 "-" "meta-externalagent/1.1 (+https://developers.facebook.com/docs/sharing/webmasters/crawler)"
57.141.6.26 - - [27/Dec/2025:12:08:37 +0000] "GET /?products%2F6977284 HTTP/2" 200 278925 "-" "meta-externalagent/1.1 (+https://developers.facebook.com/docs/sharing/webmasters/crawler)"
57.141.6.29 - - [27/Dec/2025:12:08:44 +0000] "GET /?products%2F28904384 HTTP/2" 200 278925 "-" "meta-externalagent/1.1 (+https://developers.facebook.com/docs/sharing/webmasters/crawler)"
57.141.6.32 - - [27/Dec/2025:12:08:49 +0000] "GET /?products%2F24421662 HTTP/2" 200 278925 "-" "meta-externalagent/1.1 (+https://developers.facebook.com/docs/sharing/webmasters/crawler)"
57.141.6.32 - - [27/Dec/2025:12:08:55 +0000] "GET /?products%2F27683328 HTTP/2" 200 278925 "-" "meta-externalagent/1.1 (+https://developers.facebook.com/docs/sharing/webmasters/crawler)"
66.249.66.75 - - [27/Dec/2025:12:08:56 +0000] "GET /?products/20824273 HTTP/1.1" 200 24460 "-" "Mozilla/5.0 (Linux; Android 6.0.1; Nexus 5X Build/MMB29P) AppleWebKit/537.36 (KHTML, like Gecko) Chrome/141.0.7390.122 Mobile Safari/537.36 (compatible; GoogleOther)"
51.222.168.7 - - [27/Dec/2025:12:08:58 +0000] "GET /wp-content/uploads/bears-backup/bbackup_2025-05-28-04-15-44/_f/fonts/?SA HTTP/2" 200 3262 "-" "Mozilla/5.0 (compatible; AhrefsBot/7.0; +http://ahrefs.com/robot/)"
57.141.6.5 - - [27/Dec/2025:12:08:58 +0000] "GET /?products%2F12076240 HTTP/2" 200 278925 "-" "meta-externalagent/1.1 (+https://developers.facebook.com/docs/sharing/webmasters/crawler)"
57.141.6.36 - - [27/Dec/2025:12:09:01 +0000] "GET /?products%2F14745417 HTTP/2" 200 278925 "-" "meta-externalagent/1.1 (+https://developers.facebook.com/docs/sharing/webmasters/crawler)"
66.249.66.77 - - [27/Dec/2025:12:09:02 +0000] "GET /height=323/img/x/product/details/20230119/sd1_1ccb515cbaf976c7422b462763aacfe51e534b34.jpg HTTP/1.1" 404 46863 "-" "Googlebot-Image/1.0"
170.10.164.126 - - [27/Dec/2025:12:09:07 +0000] "POST /wp-cron.php?doing_wp_cron=1766837347.1129300594329833984375 HTTP/1.1" 200 0 "-" "WordPress/6.8.3; https://alianzatejedorasdevida.org"
57.141.6.38 - - [27/Dec/2025:12:09:08 +0000] "GET /?products%2F19208784 HTTP/2" 200 278925 "-" "meta-externalagent/1.1 (+https://developers.facebook.com/docs/sharing/webmasters/crawler)"
57.141.6.34 - - [27/Dec/2025:12:09:10 +0000] "GET /?products%2F25306584 HTTP/2" 200 278925 "-" "meta-externalagent/1.1 (+https://developers.facebook.com/docs/sharing/webmasters/crawler)"
57.141.6.35 - - [27/Dec/2025:12:09:12 +0000] "GET /?products%2F18048240 HTTP/2" 200 278925 "-" "meta-externalagent/1.1 (+https://developers.facebook.com/docs/sharing/webmasters/crawler)"
57.141.6.11 - - [27/Dec/2025:12:09:20 +0000] "GET /?products%2F28974906 HTTP/2" 200 278925 "-" "meta-externalagent/1.1 (+https://developers.facebook.com/docs/sharing/webmasters/crawler)"
57.141.6.8 - - [27/Dec/2025:12:09:27 +0000] "GET /?products%2F16480328 HTTP/2" 200 278925 "-" "meta-externalagent/1.1 (+https://developers.facebook.com/docs/sharing/webmasters/crawler)"
57.141.6.34 - - [27/Dec/2025:12:09:31 +0000] "GET /?products%2F7830151 HTTP/2" 200 278925 "-" "meta-externalagent/1.1 (+https://developers.facebook.com/docs/sharing/webmasters/crawler)"
57.141.6.3 - - [27/Dec/2025:12:09:33 +0000] "GET /?products%2F22298040 HTTP/2" 200 278925 "-" "meta-externalagent/1.1 (+https://developers.facebook.com/docs/sharing/webmasters/crawler)"
57.141.6.7 - - [27/Dec/2025:12:09:18 +0000] "GET /?products%2F22555840 HTTP/2" 200 278925 "-" "meta-externalagent/1.1 (+https://developers.facebook.com/docs/sharing/webmasters/crawler)"
57.141.6.19 - - [27/Dec/2025:12:09:23 +0000] "GET /?products%2F16085217 HTTP/2" 200 278925 "-" "meta-externalagent/1.1 (+https://developers.facebook.com/docs/sharing/webmasters/crawler)"
57.141.6.32 - - [27/Dec/2025:12:09:24 +0000] "GET /?products%2F28810295 HTTP/2" 200 278925 "-" "meta-externalagent/1.1 (+https://developers.facebook.com/docs/sharing/webmasters/crawler)"
57.141.6.37 - - [27/Dec/2025:12:09:28 +0000] "GET /?products%2F21518640 HTTP/2" 200 278925 "-" "meta-externalagent/1.1 (+https://developers.facebook.com/docs/sharing/webmasters/crawler)"
57.141.6.9 - - [27/Dec/2025:12:09:30 +0000] "GET /?products%2F15566239 HTTP/2" 200 278925 "-" "meta-externalagent/1.1 (+https://developers.facebook.com/docs/sharing/webmasters/crawler)"
57.141.6.37 - - [27/Dec/2025:12:09:36 +0000] "GET /?products%2F10465484 HTTP/2" 200 278925 "-" "meta-externalagent/1.1 (+https://developers.facebook.com/docs/sharing/webmasters/crawler)"
57.141.6.19 - - [27/Dec/2025:12:09:43 +0000] "GET /?products%2F15953562 HTTP/2" 200 278925 "-" "meta-externalagent/1.1 (+https://developers.facebook.com/docs/sharing/webmasters/crawler)"
57.141.6.11 - - [27/Dec/2025:12:09:46 +0000] "GET /?products%2F30197551 HTTP/2" 200 278925 "-" "meta-externalagent/1.1 (+https://developers.facebook.com/docs/sharing/webmasters/crawler)"
57.141.6.11 - - [27/Dec/2025:12:09:51 +0000] "GET /?products%2F3762640 HTTP/2" 200 278925 "-" "meta-externalagent/1.1 (+https://developers.facebook.com/docs/sharing/webmasters/crawler)"
57.141.6.37 - - [27/Dec/2025:12:09:53 +0000] "GET /?products%2F25384340 HTTP/2" 200 278925 "-" "meta-externalagent/1.1 (+https://developers.facebook.com/docs/sharing/webmasters/crawler)"
57.141.6.27 - - [27/Dec/2025:12:09:54 +0000] "GET /?products%2F10137139 HTTP/2" 200 278925 "-" "meta-externalagent/1.1 (+https://developers.facebook.com/docs/sharing/webmasters/crawler)"
57.141.6.8 - - [27/Dec/2025:12:10:01 +0000] "GET /?products%2F23337240 HTTP/2" 200 278925 "-" "meta-externalagent/1.1 (+https://developers.facebook.com/docs/sharing/webmasters/crawler)"
57.141.6.11 - - [27/Dec/2025:12:10:04 +0000] "GET /?products%2F31025328 HTTP/2" 200 278925 "-" "meta-externalagent/1.1 (+https://developers.facebook.com/docs/sharing/webmasters/crawler)"
57.141.6.35 - - [27/Dec/2025:12:10:06 +0000] "GET /?products%2F22591417 HTTP/2" 200 278925 "-" "meta-externalagent/1.1 (+https://developers.facebook.com/docs/sharing/webmasters/crawler)"
66.249.66.192 - - [27/Dec/2025:12:10:12 +0000] "GET /wp-content/uploads/2023/10/Cotizacion-equipos-ATV-600x600.jpg HTTP/1.1" 200 66032 "-" "Googlebot-Image/1.0"
57.141.6.6 - - [27/Dec/2025:12:10:12 +0000] "GET /?products%2F2276295 HTTP/2" 200 278925 "-" "meta-externalagent/1.1 (+https://developers.facebook.com/docs/sharing/webmasters/crawler)"
57.141.6.18 - - [27/Dec/2025:12:10:19 +0000] "GET /?products%2F5979095 HTTP/2" 200 278925 "-" "meta-externalagent/1.1 (+https://developers.facebook.com/docs/sharing/webmasters/crawler)"
57.141.6.35 - - [27/Dec/2025:12:10:20 +0000] "GET /?products%2F19926484 HTTP/2" 200 278925 "-" "meta-externalagent/1.1 (+https://developers.facebook.com/docs/sharing/webmasters/crawler)"
57.141.6.13 - - [27/Dec/2025:12:10:23 +0000] "GET /?products%2F15354084 HTTP/2" 200 278925 "-" "meta-externalagent/1.1 (+https://developers.facebook.com/docs/sharing/webmasters/crawler)"
57.141.6.26 - - [27/Dec/2025:12:10:24 +0000] "GET /?products%2F5503306 HTTP/2" 200 278925 "-" "meta-externalagent/1.1 (+https://developers.facebook.com/docs/sharing/webmasters/crawler)"
57.141.6.11 - - [27/Dec/2025:12:10:26 +0000] "GET /?products%2F5417695 HTTP/2" 200 278925 "-" "meta-externalagent/1.1 (+https://developers.facebook.com/docs/sharing/webmasters/crawler)"
57.141.6.16 - - [27/Dec/2025:12:10:34 +0000] "GET /?products%2F29717917 HTTP/2" 200 278925 "-" "meta-externalagent/1.1 (+https://developers.facebook.com/docs/sharing/webmasters/crawler)"
57.141.6.1 - - [27/Dec/2025:12:09:22 +0000] "GET /?products%2F15285806 HTTP/2" 200 278925 "-" "meta-externalagent/1.1 (+https://developers.facebook.com/docs/sharing/webmasters/crawler)"
57.141.6.13 - - [27/Dec/2025:12:09:38 +0000] "GET /?products%2F21175762 HTTP/2" 200 278925 "-" "meta-externalagent/1.1 (+https://developers.facebook.com/docs/sharing/webmasters/crawler)"
57.141.6.15 - - [27/Dec/2025:12:09:40 +0000] "GET /?products%2F20347540 HTTP/2" 200 278925 "-" "meta-externalagent/1.1 (+https://developers.facebook.com/docs/sharing/webmasters/crawler)"
57.141.6.19 - - [27/Dec/2025:12:09:41 +0000] "GET /?products%2F17697317 HTTP/2" 200 278925 "-" "meta-externalagent/1.1 (+https://developers.facebook.com/docs/sharing/webmasters/crawler)"
57.141.6.27 - - [27/Dec/2025:12:09:45 +0000] "GET /?products%2F12631506 HTTP/2" 200 278925 "-" "meta-externalagent/1.1 (+https://developers.facebook.com/docs/sharing/webmasters/crawler)"
57.141.6.33 - - [27/Dec/2025:12:09:49 +0000] "GET /?products%2F7954095 HTTP/2" 200 278925 "-" "meta-externalagent/1.1 (+https://developers.facebook.com/docs/sharing/webmasters/crawler)"
57.141.6.19 - - [27/Dec/2025:12:09:56 +0000] "GET /?products%2F24324484 HTTP/2" 200 278925 "-" "meta-externalagent/1.1 (+https://developers.facebook.com/docs/sharing/webmasters/crawler)"
57.141.6.10 - - [27/Dec/2025:12:09:59 +0000] "GET /?products%2F5924739 HTTP/2" 200 278925 "-" "meta-externalagent/1.1 (+https://developers.facebook.com/docs/sharing/webmasters/crawler)"
57.141.6.34 - - [27/Dec/2025:12:10:03 +0000] "GET /?products%2F27779828 HTTP/2" 200 278925 "-" "meta-externalagent/1.1 (+https://developers.facebook.com/docs/sharing/webmasters/crawler)"
66.249.66.193 - - [27/Dec/2025:12:10:10 +0000] "GET /?products/14341417 HTTP/1.1" 200 27530 "-" "Mozilla/5.0 (Linux; Android 6.0.1; Nexus 5X Build/MMB29P) AppleWebKit/537.36 (KHTML, like Gecko) Chrome/141.0.7390.122 Mobile Safari/537.36 (compatible; GoogleOther)"
57.141.6.32 - - [27/Dec/2025:12:10:09 +0000] "GET /?products%2F31346506 HTTP/2" 200 278925 "-" "meta-externalagent/1.1 (+https://developers.facebook.com/docs/sharing/webmasters/crawler)"
57.141.6.37 - - [27/Dec/2025:12:10:10 +0000] "GET /?products%2F12685440 HTTP/2" 200 278925 "-" "meta-externalagent/1.1 (+https://developers.facebook.com/docs/sharing/webmasters/crawler)"
57.141.6.5 - - [27/Dec/2025:12:10:14 +0000] "GET /?products%2F12474617 HTTP/2" 200 278925 "-" "meta-externalagent/1.1 (+https://developers.facebook.com/docs/sharing/webmasters/crawler)"
57.141.6.17 - - [27/Dec/2025:12:10:21 +0000] "GET /?products%2F20606351 HTTP/2" 200 278925 "-" "meta-externalagent/1.1 (+https://developers.facebook.com/docs/sharing/webmasters/crawler)"
57.141.6.6 - - [27/Dec/2025:12:10:28 +0000] "GET /?products%2F23629384 HTTP/2" 200 278925 "-" "meta-externalagent/1.1 (+https://developers.facebook.com/docs/sharing/webmasters/crawler)"
57.141.6.16 - - [27/Dec/2025:12:10:31 +0000] "GET /?products%2F8070762 HTTP/2" 200 278925 "-" "meta-externalagent/1.1 (+https://developers.facebook.com/docs/sharing/webmasters/crawler)"
57.141.6.12 - - [27/Dec/2025:12:10:33 +0000] "GET /?products%2F12503584 HTTP/2" 200 278925 "-" "meta-externalagent/1.1 (+https://developers.facebook.com/docs/sharing/webmasters/crawler)"
57.141.6.36 - - [27/Dec/2025:12:10:39 +0000] "GET /?products%2F22275039 HTTP/2" 200 278925 "-" "meta-externalagent/1.1 (+https://developers.facebook.com/docs/sharing/webmasters/crawler)"
57.141.6.30 - - [27/Dec/2025:12:10:43 +0000] "GET /?products%2F28550495 HTTP/2" 200 278925 "-" "meta-externalagent/1.1 (+https://developers.facebook.com/docs/sharing/webmasters/crawler)"
57.141.6.27 - - [27/Dec/2025:12:10:46 +0000] "GET /?products%2F16634406 HTTP/2" 200 278925 "-" "meta-externalagent/1.1 (+https://developers.facebook.com/docs/sharing/webmasters/crawler)"
57.141.6.10 - - [27/Dec/2025:12:10:48 +0000] "GET /?products%2F10439506 HTTP/2" 200 278925 "-" "meta-externalagent/1.1 (+https://developers.facebook.com/docs/sharing/webmasters/crawler)"
114.119.133.103 - - [27/Dec/2025:12:09:34 +0000] "GET /?sitemap.xml HTTP/1.1" 403 0 "-" "Mozilla/5.0 (Linux; Android 7.0;) AppleWebKit/537.36 (KHTML, like Gecko) Mobile Safari/537.36 (compatible; PetalBot;+https://webmaster.petalsearch.com/site/petalbot)"
57.141.6.24 - - [27/Dec/2025:12:09:34 +0000] "GET /?products%2F15176539 HTTP/2" 200 278925 "-" "meta-externalagent/1.1 (+https://developers.facebook.com/docs/sharing/webmasters/crawler)"
57.141.6.17 - - [27/Dec/2025:12:09:48 +0000] "GET /?products%2F30196539 HTTP/2" 200 278925 "-" "meta-externalagent/1.1 (+https://developers.facebook.com/docs/sharing/webmasters/crawler)"
57.141.6.33 - - [27/Dec/2025:12:09:58 +0000] "GET /?products%2F5846962 HTTP/2" 200 278925 "-" "meta-externalagent/1.1 (+https://developers.facebook.com/docs/sharing/webmasters/crawler)"
170.10.164.126 - - [27/Dec/2025:12:10:07 +0000] "POST /wp-cron.php?doing_wp_cron=1766837407.4308559894561767578125 HTTP/1.1" 200 0 "-" "WordPress/6.8.3; https://alianzatejedorasdevida.org"
57.141.6.1 - - [27/Dec/2025:12:10:07 +0000] "GET /?products%2F22477906 HTTP/2" 200 278925 "-" "meta-externalagent/1.1 (+https://developers.facebook.com/docs/sharing/webmasters/crawler)"
57.141.6.24 - - [27/Dec/2025:12:10:15 +0000] "GET /?products%2F11025695 HTTP/2" 200 278925 "-" "meta-externalagent/1.1 (+https://developers.facebook.com/docs/sharing/webmasters/crawler)"
57.141.6.22 - - [27/Dec/2025:12:10:17 +0000] "GET /?products%2F6314551 HTTP/2" 200 278925 "-" "meta-externalagent/1.1 (+https://developers.facebook.com/docs/sharing/webmasters/crawler)"
66.249.66.192 - - [27/Dec/2025:12:10:18 +0000] "GET /?products/14439073 HTTP/1.1" 200 24150 "-" "Mozilla/5.0 (Linux; Android 6.0.1; Nexus 5X Build/MMB29P) AppleWebKit/537.36 (KHTML, like Gecko) Chrome/141.0.7390.122 Mobile Safari/537.36 (compatible; GoogleOther)"
57.141.6.38 - - [27/Dec/2025:12:10:29 +0000] "GET /?products%2F21697517 HTTP/2" 200 278925 "-" "meta-externalagent/1.1 (+https://developers.facebook.com/docs/sharing/webmasters/crawler)"
57.141.6.12 - - [27/Dec/2025:12:10:36 +0000] "GET /?products%2F8782539 HTTP/2" 200 278925 "-" "meta-externalagent/1.1 (+https://developers.facebook.com/docs/sharing/webmasters/crawler)"
57.141.6.23 - - [27/Dec/2025:12:10:37 +0000] "GET /?products%2F15410351 HTTP/2" 200 278925 "-" "meta-externalagent/1.1 (+https://developers.facebook.com/docs/sharing/webmasters/crawler)"
57.141.6.30 - - [27/Dec/2025:12:10:41 +0000] "GET /?products%2F23260895 HTTP/2" 200 278925 "-" "meta-externalagent/1.1 (+https://developers.facebook.com/docs/sharing/webmasters/crawler)"
57.141.6.6 - - [27/Dec/2025:12:10:42 +0000] "GET /?products%2F15124573 HTTP/2" 200 278925 "-" "meta-externalagent/1.1 (+https://developers.facebook.com/docs/sharing/webmasters/crawler)"
66.249.66.162 - - [27/Dec/2025:12:10:51 +0000] "GET /robots.txt HTTP/1.1" 200 81 "-" "Mozilla/5.0 (compatible; Googlebot/2.1; +http://www.google.com/bot.html)"
57.141.6.35 - - [27/Dec/2025:12:10:52 +0000] "GET /?products%2F24168606 HTTP/2" 200 278925 "-" "meta-externalagent/1.1 (+https://developers.facebook.com/docs/sharing/webmasters/crawler)"
57.141.6.11 - - [27/Dec/2025:12:10:55 +0000] "GET /?products%2F14169273 HTTP/2" 200 278925 "-" "meta-externalagent/1.1 (+https://developers.facebook.com/docs/sharing/webmasters/crawler)"
57.141.6.35 - - [27/Dec/2025:12:11:00 +0000] "GET /?products%2F6594462 HTTP/2" 200 278925 "-" "meta-externalagent/1.1 (+https://developers.facebook.com/docs/sharing/webmasters/crawler)"
57.141.6.5 - - [27/Dec/2025:12:11:03 +0000] "GET /?products%2F10269306 HTTP/2" 200 278925 "-" "meta-externalagent/1.1 (+https://developers.facebook.com/docs/sharing/webmasters/crawler)"
57.141.6.8 - - [27/Dec/2025:12:11:05 +0000] "GET /?products%2F18733428 HTTP/2" 200 278925 "-" "meta-externalagent/1.1 (+https://developers.facebook.com/docs/sharing/webmasters/crawler)"
170.10.164.126 - - [27/Dec/2025:12:11:07 +0000] "POST /wp-cron.php?doing_wp_cron=1766837467.7319200038909912109375 HTTP/1.1" 200 0 "-" "WordPress/6.8.3; https://alianzatejedorasdevida.org"
57.141.6.34 - - [27/Dec/2025:12:10:45 +0000] "GET /?products%2F12492239 HTTP/2" 200 278925 "-" "meta-externalagent/1.1 (+https://developers.facebook.com/docs/sharing/webmasters/crawler)"
57.141.6.1 - - [27/Dec/2025:12:10:52 +0000] "GET /?products%2F10811895 HTTP/2" 200 278925 "-" "meta-externalagent/1.1 (+https://developers.facebook.com/docs/sharing/webmasters/crawler)"
57.141.6.9 - - [27/Dec/2025:12:10:54 +0000] "GET /?products%2F11718828 HTTP/2" 200 278925 "-" "meta-externalagent/1.1 (+https://developers.facebook.com/docs/sharing/webmasters/crawler)"
57.141.6.4 - - [27/Dec/2025:12:10:57 +0000] "GET /?products%2F27286206 HTTP/2" 200 278925 "-" "meta-externalagent/1.1 (+https://developers.facebook.com/docs/sharing/webmasters/crawler)"
57.141.6.24 - - [27/Dec/2025:12:10:59 +0000] "GET /?products%2F18772317 HTTP/2" 200 278925 "-" "meta-externalagent/1.1 (+https://developers.facebook.com/docs/sharing/webmasters/crawler)"
57.141.6.8 - - [27/Dec/2025:12:11:08 +0000] "GET /?products%2F26383673 HTTP/2" 200 278925 "-" "meta-externalagent/1.1 (+https://developers.facebook.com/docs/sharing/webmasters/crawler)"
57.141.6.12 - - [27/Dec/2025:12:11:11 +0000] "GET /?products%2F4800517 HTTP/2" 200 278925 "-" "meta-externalagent/1.1 (+https://developers.facebook.com/docs/sharing/webmasters/crawler)"
57.141.6.35 - - [27/Dec/2025:12:11:14 +0000] "GET /?products%2F2677406 HTTP/2" 200 278925 "-" "meta-externalagent/1.1 (+https://developers.facebook.com/docs/sharing/webmasters/crawler)"
66.249.66.41 - - [27/Dec/2025:12:11:21 +0000] "GET /?products/7869895 HTTP/1.1" 200 27607 "-" "Mozilla/5.0 (Linux; Android 6.0.1; Nexus 5X Build/MMB29P) AppleWebKit/537.36 (KHTML, like Gecko) Chrome/141.0.7390.122 Mobile Safari/537.36 (compatible; GoogleOther)"
57.141.6.36 - - [27/Dec/2025:12:11:28 +0000] "GET /?products%2F18011340 HTTP/2" 200 278925 "-" "meta-externalagent/1.1 (+https://developers.facebook.com/docs/sharing/webmasters/crawler)"
57.141.6.27 - - [27/Dec/2025:12:11:32 +0000] "GET /?products%2F9518851 HTTP/2" 200 278925 "-" "meta-externalagent/1.1 (+https://developers.facebook.com/docs/sharing/webmasters/crawler)"
57.141.6.7 - - [27/Dec/2025:12:11:33 +0000] "GET /?products%2F13928973 HTTP/2" 200 278925 "-" "meta-externalagent/1.1 (+https://developers.facebook.com/docs/sharing/webmasters/crawler)"
57.141.6.7 - - [27/Dec/2025:12:11:35 +0000] "GET /?products%2F7532717 HTTP/2" 200 278925 "-" "meta-externalagent/1.1 (+https://developers.facebook.com/docs/sharing/webmasters/crawler)"
54.39.0.44 - - [27/Dec/2025:12:11:37 +0000] "GET /proyecto-mujeres-tejiendo-un-futuro-de-paz-putumayo-contrato-de-subvencion/ HTTP/2" 403 0 "-" "Mozilla/5.0 (compatible; AhrefsBot/7.0; +http://ahrefs.com/robot/)"
57.141.6.14 - - [27/Dec/2025:12:11:38 +0000] "GET /?products%2F1866106 HTTP/2" 200 278925 "-" "meta-externalagent/1.1 (+https://developers.facebook.com/docs/sharing/webmasters/crawler)"
57.141.6.9 - - [27/Dec/2025:12:11:41 +0000] "GET /?products%2F2373228 HTTP/2" 200 278925 "-" "meta-externalagent/1.1 (+https://developers.facebook.com/docs/sharing/webmasters/crawler)"
57.141.6.14 - - [27/Dec/2025:12:11:51 +0000] "GET /?products%2F31313195 HTTP/2" 200 278925 "-" "meta-externalagent/1.1 (+https://developers.facebook.com/docs/sharing/webmasters/crawler)"
57.141.6.24 - - [27/Dec/2025:12:11:54 +0000] "GET /?products%2F26670106 HTTP/2" 200 278925 "-" "meta-externalagent/1.1 (+https://developers.facebook.com/docs/sharing/webmasters/crawler)"
216.244.66.246 - - [27/Dec/2025:12:11:56 +0000] "GET /robots.txt HTTP/1.1" 200 81 "-" "Mozilla/5.0 (compatible; DotBot/1.2; +https://opensiteexplorer.org/dotbot; help@moz.com)"
57.141.6.5 - - [27/Dec/2025:12:11:55 +0000] "GET /?products%2F17047095 HTTP/2" 200 278925 "-" "meta-externalagent/1.1 (+https://developers.facebook.com/docs/sharing/webmasters/crawler)"
57.141.6.34 - - [27/Dec/2025:12:11:56 +0000] "GET /?products%2F19621839 HTTP/2" 200 278925 "-" "meta-externalagent/1.1 (+https://developers.facebook.com/docs/sharing/webmasters/crawler)"
66.249.66.75 - - [27/Dec/2025:12:10:51 +0000] "GET /?products/21426973 HTTP/1.1" 200 25190 "-" "Mozilla/5.0 (Linux; Android 6.0.1; Nexus 5X Build/MMB29P) AppleWebKit/537.36 (KHTML, like Gecko) Chrome/141.0.7390.122 Mobile Safari/537.36 (compatible; GoogleOther)"
57.141.6.23 - - [27/Dec/2025:12:10:50 +0000] "GET /?products%2F22064228 HTTP/2" 200 278925 "-" "meta-externalagent/1.1 (+https://developers.facebook.com/docs/sharing/webmasters/crawler)"
57.141.6.2 - - [27/Dec/2025:12:11:02 +0000] "GET /?products%2F13182039 HTTP/2" 200 278925 "-" "meta-externalagent/1.1 (+https://developers.facebook.com/docs/sharing/webmasters/crawler)"
57.141.6.37 - - [27/Dec/2025:12:11:07 +0000] "GET /?products%2F24620651 HTTP/2" 200 278925 "-" "meta-externalagent/1.1 (+https://developers.facebook.com/docs/sharing/webmasters/crawler)"
57.141.6.16 - - [27/Dec/2025:12:11:09 +0000] "GET /?products%2F17436562 HTTP/2" 200 278925 "-" "meta-externalagent/1.1 (+https://developers.facebook.com/docs/sharing/webmasters/crawler)"
57.141.6.6 - - [27/Dec/2025:12:11:12 +0000] "GET /?products%2F9126184 HTTP/2" 200 278925 "-" "meta-externalagent/1.1 (+https://developers.facebook.com/docs/sharing/webmasters/crawler)"
57.141.6.19 - - [27/Dec/2025:12:11:17 +0000] "GET /?products%2F26711673 HTTP/2" 200 278925 "-" "meta-externalagent/1.1 (+https://developers.facebook.com/docs/sharing/webmasters/crawler)"
57.141.6.19 - - [27/Dec/2025:12:11:21 +0000] "GET /?products%2F4290917 HTTP/2" 200 278925 "-" "meta-externalagent/1.1 (+https://developers.facebook.com/docs/sharing/webmasters/crawler)"
66.249.66.39 - - [27/Dec/2025:12:11:27 +0000] "GET /wp-content/uploads/2022/11/WhatsApp-Image-2022-10-31-at-8.54.50-AM-600x400.jpeg HTTP/1.1" 200 39162 "-" "Googlebot-Image/1.0"
57.141.6.21 - - [27/Dec/2025:12:11:25 +0000] "GET /?products%2F2937039 HTTP/2" 200 278925 "-" "meta-externalagent/1.1 (+https://developers.facebook.com/docs/sharing/webmasters/crawler)"
57.141.6.14 - - [27/Dec/2025:12:11:27 +0000] "GET /?products%2F23334251 HTTP/2" 200 278925 "-" "meta-externalagent/1.1 (+https://developers.facebook.com/docs/sharing/webmasters/crawler)"
57.141.6.21 - - [27/Dec/2025:12:11:36 +0000] "GET /?products%2F6100840 HTTP/2" 200 278925 "-" "meta-externalagent/1.1 (+https://developers.facebook.com/docs/sharing/webmasters/crawler)"
57.141.6.31 - - [27/Dec/2025:12:11:42 +0000] "GET /?products%2F3816762 HTTP/2" 200 278925 "-" "meta-externalagent/1.1 (+https://developers.facebook.com/docs/sharing/webmasters/crawler)"
57.141.6.18 - - [27/Dec/2025:12:11:44 +0000] "GET /?products%2F10733951 HTTP/2" 200 278925 "-" "meta-externalagent/1.1 (+https://developers.facebook.com/docs/sharing/webmasters/crawler)"
66.249.66.161 - - [27/Dec/2025:12:11:45 +0000] "GET /?products/2942840 HTTP/1.1" 200 26241 "-" "Mozilla/5.0 (Linux; Android 6.0.1; Nexus 5X Build/MMB29P) AppleWebKit/537.36 (KHTML, like Gecko) Chrome/141.0.7390.122 Mobile Safari/537.36 (compatible; GoogleOther)"
57.141.6.12 - - [27/Dec/2025:12:11:46 +0000] "GET /?products%2F2323351 HTTP/2" 200 278925 "-" "meta-externalagent/1.1 (+https://developers.facebook.com/docs/sharing/webmasters/crawler)"
57.141.6.31 - - [27/Dec/2025:12:11:48 +0000] "GET /?products%2F12907606 HTTP/2" 200 278925 "-" "meta-externalagent/1.1 (+https://developers.facebook.com/docs/sharing/webmasters/crawler)"
66.249.66.12 - - [27/Dec/2025:12:11:52 +0000] "GET /robots.txt HTTP/1.1" 200 81 "-" "Mozilla/5.0 (compatible; Googlebot/2.1; +http://www.google.com/bot.html)"
57.141.6.1 - - [27/Dec/2025:12:11:52 +0000] "GET /?products%2F12412651 HTTP/2" 200 278925 "-" "meta-externalagent/1.1 (+https://developers.facebook.com/docs/sharing/webmasters/crawler)"
57.141.6.1 - - [27/Dec/2025:12:12:01 +0000] "GET /?products%2F11438406 HTTP/2" 200 278925 "-" "meta-externalagent/1.1 (+https://developers.facebook.com/docs/sharing/webmasters/crawler)"
57.141.6.36 - - [27/Dec/2025:12:12:04 +0000] "GET /?products%2F9556184 HTTP/2" 200 278925 "-" "meta-externalagent/1.1 (+https://developers.facebook.com/docs/sharing/webmasters/crawler)"
57.141.6.37 - - [27/Dec/2025:12:11:16 +0000] "GET /?products%2F19908451 HTTP/2" 200 278925 "-" "meta-externalagent/1.1 (+https://developers.facebook.com/docs/sharing/webmasters/crawler)"
57.141.6.31 - - [27/Dec/2025:12:11:19 +0000] "GET /?products%2F30933139 HTTP/2" 200 278925 "-" "meta-externalagent/1.1 (+https://developers.facebook.com/docs/sharing/webmasters/crawler)"
57.141.6.21 - - [27/Dec/2025:12:11:20 +0000] "GET /?products%2F11906040 HTTP/2" 200 278925 "-" "meta-externalagent/1.1 (+https://developers.facebook.com/docs/sharing/webmasters/crawler)"
57.141.6.10 - - [27/Dec/2025:12:11:23 +0000] "GET /?products%2F1802228 HTTP/2" 200 278925 "-" "meta-externalagent/1.1 (+https://developers.facebook.com/docs/sharing/webmasters/crawler)"
57.141.6.10 - - [27/Dec/2025:12:11:25 +0000] "GET /?products%2F26408506 HTTP/2" 200 278925 "-" "meta-externalagent/1.1 (+https://developers.facebook.com/docs/sharing/webmasters/crawler)"
57.141.6.2 - - [27/Dec/2025:12:11:30 +0000] "GET /?products%2F14248173 HTTP/2" 200 278925 "-" "meta-externalagent/1.1 (+https://developers.facebook.com/docs/sharing/webmasters/crawler)"
57.141.6.27 - - [27/Dec/2025:12:11:39 +0000] "GET /?products%2F27085139 HTTP/2" 200 278925 "-" "meta-externalagent/1.1 (+https://developers.facebook.com/docs/sharing/webmasters/crawler)"
57.141.6.8 - - [27/Dec/2025:12:11:44 +0000] "GET /?products%2F13998762 HTTP/2" 200 278925 "-" "meta-externalagent/1.1 (+https://developers.facebook.com/docs/sharing/webmasters/crawler)"
57.141.6.14 - - [27/Dec/2025:12:11:49 +0000] "GET /?products%2F17765862 HTTP/2" 200 278925 "-" "meta-externalagent/1.1 (+https://developers.facebook.com/docs/sharing/webmasters/crawler)"
66.249.66.75 - - [27/Dec/2025:12:11:52 +0000] "GET /?products/19232206 HTTP/1.1" 200 24533 "-" "Mozilla/5.0 (Linux; Android 6.0.1; Nexus 5X Build/MMB29P) AppleWebKit/537.36 (KHTML, like Gecko) Chrome/141.0.7390.122 Mobile Safari/537.36 (compatible; GoogleOther)"
57.141.6.2 - - [27/Dec/2025:12:11:58 +0000] "GET /?products%2F26274784 HTTP/2" 200 278925 "-" "meta-externalagent/1.1 (+https://developers.facebook.com/docs/sharing/webmasters/crawler)"
57.141.6.12 - - [27/Dec/2025:12:12:14 +0000] "GET /?products%2F14809951 HTTP/2" 200 278925 "-" "meta-externalagent/1.1 (+https://developers.facebook.com/docs/sharing/webmasters/crawler)"
57.141.6.14 - - [27/Dec/2025:12:12:16 +0000] "GET /?products%2F3725317 HTTP/2" 200 278925 "-" "meta-externalagent/1.1 (+https://developers.facebook.com/docs/sharing/webmasters/crawler)"
57.141.6.31 - - [27/Dec/2025:12:12:19 +0000] "GET /?products%2F5651495 HTTP/2" 200 278925 "-" "meta-externalagent/1.1 (+https://developers.facebook.com/docs/sharing/webmasters/crawler)"
57.141.6.7 - - [27/Dec/2025:12:12:23 +0000] "GET /?products%2F6906495 HTTP/2" 200 278925 "-" "meta-externalagent/1.1 (+https://developers.facebook.com/docs/sharing/webmasters/crawler)"
57.141.6.21 - - [27/Dec/2025:12:12:24 +0000] "GET /?products%2F11986384 HTTP/2" 200 278925 "-" "meta-externalagent/1.1 (+https://developers.facebook.com/docs/sharing/webmasters/crawler)"
57.141.6.1 - - [27/Dec/2025:12:12:27 +0000] "GET /?products%2F29908184 HTTP/2" 200 278925 "-" "meta-externalagent/1.1 (+https://developers.facebook.com/docs/sharing/webmasters/crawler)"
57.141.6.21 - - [27/Dec/2025:12:12:27 +0000] "GET /?products%2F13880528 HTTP/2" 200 278925 "-" "meta-externalagent/1.1 (+https://developers.facebook.com/docs/sharing/webmasters/crawler)"
57.141.6.11 - - [27/Dec/2025:12:12:29 +0000] "GET /?products%2F11192928 HTTP/2" 200 278925 "-" "meta-externalagent/1.1 (+https://developers.facebook.com/docs/sharing/webmasters/crawler)"
57.141.6.5 - - [27/Dec/2025:12:12:34 +0000] "GET /?products%2F27156306 HTTP/2" 200 278925 "-" "meta-externalagent/1.1 (+https://developers.facebook.com/docs/sharing/webmasters/crawler)"
57.141.6.37 - - [27/Dec/2025:12:12:40 +0000] "GET /?products%2F16908528 HTTP/2" 200 278925 "-" "meta-externalagent/1.1 (+https://developers.facebook.com/docs/sharing/webmasters/crawler)"
57.141.6.5 - - [27/Dec/2025:12:12:05 +0000] "GET /?products%2F18222151 HTTP/2" 200 278925 "-" "meta-externalagent/1.1 (+https://developers.facebook.com/docs/sharing/webmasters/crawler)"
170.10.164.126 - - [27/Dec/2025:12:12:08 +0000] "POST /wp-cron.php?doing_wp_cron=1766837528.2190959453582763671875 HTTP/1.1" 200 0 "-" "WordPress/6.8.3; https://alianzatejedorasdevida.org"
57.141.6.17 - - [27/Dec/2025:12:12:08 +0000] "GET /?products%2F25397084 HTTP/2" 200 278925 "-" "meta-externalagent/1.1 (+https://developers.facebook.com/docs/sharing/webmasters/crawler)"
57.141.6.31 - - [27/Dec/2025:12:12:11 +0000] "GET /?products%2F17959384 HTTP/2" 200 278925 "-" "meta-externalagent/1.1 (+https://developers.facebook.com/docs/sharing/webmasters/crawler)"
57.141.6.4 - - [27/Dec/2025:12:12:12 +0000] "GET /?products%2F17725562 HTTP/2" 200 278925 "-" "meta-externalagent/1.1 (+https://developers.facebook.com/docs/sharing/webmasters/crawler)"
57.141.6.26 - - [27/Dec/2025:12:12:15 +0000] "GET /?products%2F6063517 HTTP/2" 200 278925 "-" "meta-externalagent/1.1 (+https://developers.facebook.com/docs/sharing/webmasters/crawler)"
57.141.6.29 - - [27/Dec/2025:12:12:30 +0000] "GET /?products%2F22739706 HTTP/2" 200 278925 "-" "meta-externalagent/1.1 (+https://developers.facebook.com/docs/sharing/webmasters/crawler)"
57.141.6.31 - - [27/Dec/2025:12:12:31 +0000] "GET /?products%2F15254506 HTTP/2" 200 278925 "-" "meta-externalagent/1.1 (+https://developers.facebook.com/docs/sharing/webmasters/crawler)"
57.141.6.35 - - [27/Dec/2025:12:12:33 +0000] "GET /?products%2F5521595 HTTP/2" 200 278925 "-" "meta-externalagent/1.1 (+https://developers.facebook.com/docs/sharing/webmasters/crawler)"
57.141.6.29 - - [27/Dec/2025:12:12:39 +0000] "GET /?products%2F28661140 HTTP/2" 200 278925 "-" "meta-externalagent/1.1 (+https://developers.facebook.com/docs/sharing/webmasters/crawler)"
57.141.6.11 - - [27/Dec/2025:12:12:41 +0000] "GET /?products%2F26374906 HTTP/2" 200 278925 "-" "meta-externalagent/1.1 (+https://developers.facebook.com/docs/sharing/webmasters/crawler)"
57.141.6.32 - - [27/Dec/2025:12:12:51 +0000] "GET /?products%2F18165240 HTTP/2" 200 278925 "-" "meta-externalagent/1.1 (+https://developers.facebook.com/docs/sharing/webmasters/crawler)"
57.141.6.11 - - [27/Dec/2025:12:12:53 +0000] "GET /?products%2F23778906 HTTP/2" 200 278925 "-" "meta-externalagent/1.1 (+https://developers.facebook.com/docs/sharing/webmasters/crawler)"
57.141.6.34 - - [27/Dec/2025:12:12:55 +0000] "GET /?products%2F15163273 HTTP/2" 200 278925 "-" "meta-externalagent/1.1 (+https://developers.facebook.com/docs/sharing/webmasters/crawler)"
57.141.6.17 - - [27/Dec/2025:12:13:03 +0000] "GET /?products%2F5517939 HTTP/2" 200 278925 "-" "meta-externalagent/1.1 (+https://developers.facebook.com/docs/sharing/webmasters/crawler)"
182.43.65.17 - - [27/Dec/2025:12:13:06 +0000] "GET /wp-login.php HTTP/1.1" 403 0 "-" "Apache-HttpClient/4.5.2 (Java/1.8.0_161)"
182.43.65.17 - - [27/Dec/2025:12:13:06 +0000] "GET /?author=1 HTTP/1.1" 403 0 "-" "Apache-HttpClient/4.5.2 (Java/1.8.0_161)"
182.43.65.17 - - [27/Dec/2025:12:13:07 +0000] "GET /?author=2 HTTP/1.1" 403 0 "-" "Apache-HttpClient/4.5.2 (Java/1.8.0_161)"
182.43.65.17 - - [27/Dec/2025:12:13:07 +0000] "GET /?author=3 HTTP/1.1" 403 0 "-" "Apache-HttpClient/4.5.2 (Java/1.8.0_161)"
182.43.65.17 - - [27/Dec/2025:12:13:07 +0000] "GET /?author=4 HTTP/1.1" 403 0 "-" "Apache-HttpClient/4.5.2 (Java/1.8.0_161)"
182.43.65.17 - - [27/Dec/2025:12:13:07 +0000] "GET /?author=5 HTTP/1.1" 403 0 "-" "Apache-HttpClient/4.5.2 (Java/1.8.0_161)"
182.43.65.17 - - [27/Dec/2025:12:13:08 +0000] "GET /?author=6 HTTP/1.1" 403 0 "-" "Apache-HttpClient/4.5.2 (Java/1.8.0_161)"
182.43.65.17 - - [27/Dec/2025:12:13:08 +0000] "GET /?author=7 HTTP/1.1" 403 0 "-" "Apache-HttpClient/4.5.2 (Java/1.8.0_161)"
182.43.65.17 - - [27/Dec/2025:12:13:08 +0000] "GET /?author=8 HTTP/1.1" 403 0 "-" "Apache-HttpClient/4.5.2 (Java/1.8.0_161)"
182.43.65.17 - - [27/Dec/2025:12:13:08 +0000] "GET /?author=9 HTTP/1.1" 403 0 "-" "Apache-HttpClient/4.5.2 (Java/1.8.0_161)"
57.141.6.16 - - [27/Dec/2025:12:11:59 +0000] "GET /?products%2F16712340 HTTP/2" 200 278925 "-" "meta-externalagent/1.1 (+https://developers.facebook.com/docs/sharing/webmasters/crawler)"
57.141.6.3 - - [27/Dec/2025:12:12:02 +0000] "GET /?products%2F17290673 HTTP/2" 200 278925 "-" "meta-externalagent/1.1 (+https://developers.facebook.com/docs/sharing/webmasters/crawler)"
57.141.6.24 - - [27/Dec/2025:12:12:07 +0000] "GET /?products%2F11955017 HTTP/2" 200 278925 "-" "meta-externalagent/1.1 (+https://developers.facebook.com/docs/sharing/webmasters/crawler)"
57.141.6.32 - - [27/Dec/2025:12:12:09 +0000] "GET /?products%2F15544917 HTTP/2" 200 278925 "-" "meta-externalagent/1.1 (+https://developers.facebook.com/docs/sharing/webmasters/crawler)"
66.249.66.77 - - [27/Dec/2025:12:12:13 +0000] "GET /?products/13569962 HTTP/1.1" 200 24703 "-" "Mozilla/5.0 (Linux; Android 6.0.1; Nexus 5X Build/MMB29P) AppleWebKit/537.36 (KHTML, like Gecko) Chrome/141.0.7390.122 Mobile Safari/537.36 (compatible; GoogleOther)"
57.141.6.10 - - [27/Dec/2025:12:12:18 +0000] "GET /?products%2F23755895 HTTP/2" 200 278925 "-" "meta-externalagent/1.1 (+https://developers.facebook.com/docs/sharing/webmasters/crawler)"
57.141.6.28 - - [27/Dec/2025:12:12:21 +0000] "GET /?products%2F25501006 HTTP/2" 200 278925 "-" "meta-externalagent/1.1 (+https://developers.facebook.com/docs/sharing/webmasters/crawler)"
57.141.6.6 - - [27/Dec/2025:12:12:22 +0000] "GET /?products%2F15669539 HTTP/2" 200 278925 "-" "meta-externalagent/1.1 (+https://developers.facebook.com/docs/sharing/webmasters/crawler)"
57.141.6.12 - - [27/Dec/2025:12:12:36 +0000] "GET /?products%2F2351273 HTTP/2" 200 278925 "-" "meta-externalagent/1.1 (+https://developers.facebook.com/docs/sharing/webmasters/crawler)"
57.141.6.33 - - [27/Dec/2025:12:12:37 +0000] "GET /?products%2F31233162 HTTP/2" 200 278925 "-" "meta-externalagent/1.1 (+https://developers.facebook.com/docs/sharing/webmasters/crawler)"
66.249.66.39 - - [27/Dec/2025:12:12:42 +0000] "GET /wp-content/uploads/2022/11/Blanco-Naranja-Parrillada-Fiesta-del-Barrio-Invitacion-1-2-600x600.jpg HTTP/1.1" 200 90545 "-" "Googlebot-Image/1.0"
57.141.6.29 - - [27/Dec/2025:12:12:43 +0000] "GET /?products%2F5802506 HTTP/2" 200 278925 "-" "meta-externalagent/1.1 (+https://developers.facebook.com/docs/sharing/webmasters/crawler)"
57.141.6.35 - - [27/Dec/2025:12:12:45 +0000] "GET /?products%2F17050084 HTTP/2" 200 278925 "-" "meta-externalagent/1.1 (+https://developers.facebook.com/docs/sharing/webmasters/crawler)"
57.141.6.35 - - [27/Dec/2025:12:12:47 +0000] "GET /?products%2F16832240 HTTP/2" 200 278925 "-" "meta-externalagent/1.1 (+https://developers.facebook.com/docs/sharing/webmasters/crawler)"
57.141.6.20 - - [27/Dec/2025:12:12:52 +0000] "GET /?products%2F20843162 HTTP/2" 200 278925 "-" "meta-externalagent/1.1 (+https://developers.facebook.com/docs/sharing/webmasters/crawler)"
66.249.66.39 - - [27/Dec/2025:12:12:56 +0000] "GET /?products/3485506 HTTP/1.1" 200 24664 "-" "Mozilla/5.0 (Linux; Android 6.0.1; Nexus 5X Build/MMB29P) AppleWebKit/537.36 (KHTML, like Gecko) Chrome/141.0.7390.122 Mobile Safari/537.36 (compatible; GoogleOther)"
57.141.6.32 - - [27/Dec/2025:12:12:56 +0000] "GET /?products%2F1989128 HTTP/2" 200 278925 "-" "meta-externalagent/1.1 (+https://developers.facebook.com/docs/sharing/webmasters/crawler)"
57.141.6.28 - - [27/Dec/2025:12:12:59 +0000] "GET /?products%2F20768195 HTTP/2" 200 278925 "-" "meta-externalagent/1.1 (+https://developers.facebook.com/docs/sharing/webmasters/crawler)"
57.141.6.12 - - [27/Dec/2025:12:12:58 +0000] "GET /?products%2F12997206 HTTP/2" 200 278925 "-" "meta-externalagent/1.1 (+https://developers.facebook.com/docs/sharing/webmasters/crawler)"
57.141.6.6 - - [27/Dec/2025:12:13:00 +0000] "GET /?products%2F17858439 HTTP/2" 200 278925 "-" "meta-externalagent/1.1 (+https://developers.facebook.com/docs/sharing/webmasters/crawler)"
170.10.164.126 - - [27/Dec/2025:12:13:06 +0000] "POST /wp-cron.php?doing_wp_cron=1766837586.9113199710845947265625 HTTP/1.1" 200 0 "-" "WordPress/6.8.3; https://alianzatejedorasdevida.org"
182.43.65.17 - - [27/Dec/2025:12:13:09 +0000] "GET /?author=10 HTTP/1.1" 403 0 "-" "Apache-HttpClient/4.5.2 (Java/1.8.0_161)"
182.43.65.17 - - [27/Dec/2025:12:13:09 +0000] "GET /?author=11 HTTP/1.1" 403 0 "-" "Apache-HttpClient/4.5.2 (Java/1.8.0_161)"
182.43.65.17 - - [27/Dec/2025:12:13:09 +0000] "GET /?author=12 HTTP/1.1" 403 0 "-" "Apache-HttpClient/4.5.2 (Java/1.8.0_161)"
182.43.65.17 - - [27/Dec/2025:12:13:09 +0000] "GET /?author=13 HTTP/1.1" 403 0 "-" "Apache-HttpClient/4.5.2 (Java/1.8.0_161)"
182.43.65.17 - - [27/Dec/2025:12:13:10 +0000] "GET /?author=14 HTTP/1.1" 403 0 "-" "Apache-HttpClient/4.5.2 (Java/1.8.0_161)"
182.43.65.17 - - [27/Dec/2025:12:13:10 +0000] "GET /?author=15 HTTP/1.1" 403 0 "-" "Apache-HttpClient/4.5.2 (Java/1.8.0_161)"
182.43.65.17 - - [27/Dec/2025:12:13:10 +0000] "GET /?author=16 HTTP/1.1" 403 0 "-" "Apache-HttpClient/4.5.2 (Java/1.8.0_161)"
182.43.65.17 - - [27/Dec/2025:12:13:10 +0000] "GET /?author=17 HTTP/1.1" 403 0 "-" "Apache-HttpClient/4.5.2 (Java/1.8.0_161)"
182.43.65.17 - - [27/Dec/2025:12:13:10 +0000] "GET /?author=18 HTTP/1.1" 403 0 "-" "Apache-HttpClient/4.5.2 (Java/1.8.0_161)"
182.43.65.17 - - [27/Dec/2025:12:13:11 +0000] "GET /?author=19 HTTP/1.1" 403 0 "-" "Apache-HttpClient/4.5.2 (Java/1.8.0_161)"
182.43.65.17 - - [27/Dec/2025:12:13:11 +0000] "GET /?author=20 HTTP/1.1" 403 0 "-" "Apache-HttpClient/4.5.2 (Java/1.8.0_161)"
57.141.6.7 - - [27/Dec/2025:12:13:14 +0000] "GET /?products%2F22757273 HTTP/2" 200 278925 "-" "meta-externalagent/1.1 (+https://developers.facebook.com/docs/sharing/webmasters/crawler)"
57.141.6.11 - - [27/Dec/2025:12:13:22 +0000] "GET /?products%2F18632862 HTTP/2" 200 278925 "-" "meta-externalagent/1.1 (+https://developers.facebook.com/docs/sharing/webmasters/crawler)"
57.141.6.35 - - [27/Dec/2025:12:13:23 +0000] "GET /?products%2F1736473 HTTP/2" 200 278925 "-" "meta-externalagent/1.1 (+https://developers.facebook.com/docs/sharing/webmasters/crawler)"
57.141.6.36 - - [27/Dec/2025:12:13:24 +0000] "GET /?products%2F6125662 HTTP/2" 200 278925 "-" "meta-externalagent/1.1 (+https://developers.facebook.com/docs/sharing/webmasters/crawler)"
57.141.6.21 - - [27/Dec/2025:12:13:27 +0000] "GET /?products%2F17686595 HTTP/2" 200 278925 "-" "meta-externalagent/1.1 (+https://developers.facebook.com/docs/sharing/webmasters/crawler)"
57.141.6.2 - - [27/Dec/2025:12:13:31 +0000] "GET /?products%2F16718040 HTTP/2" 200 278925 "-" "meta-externalagent/1.1 (+https://developers.facebook.com/docs/sharing/webmasters/crawler)"
57.141.6.21 - - [27/Dec/2025:12:13:32 +0000] "GET /?products%2F14532995 HTTP/2" 200 278925 "-" "meta-externalagent/1.1 (+https://developers.facebook.com/docs/sharing/webmasters/crawler)"
57.141.6.27 - - [27/Dec/2025:12:13:33 +0000] "GET /?products%2F3673351 HTTP/2" 200 278925 "-" "meta-externalagent/1.1 (+https://developers.facebook.com/docs/sharing/webmasters/crawler)"
57.141.6.37 - - [27/Dec/2025:12:13:36 +0000] "GET /?products%2F29227251 HTTP/2" 200 278925 "-" "meta-externalagent/1.1 (+https://developers.facebook.com/docs/sharing/webmasters/crawler)"
57.141.6.17 - - [27/Dec/2025:12:13:40 +0000] "GET /?products%2F13661339 HTTP/2" 200 278925 "-" "meta-externalagent/1.1 (+https://developers.facebook.com/docs/sharing/webmasters/crawler)"
57.141.6.34 - - [27/Dec/2025:12:13:42 +0000] "GET /?products%2F17855340 HTTP/2" 200 278925 "-" "meta-externalagent/1.1 (+https://developers.facebook.com/docs/sharing/webmasters/crawler)"
57.141.6.29 - - [27/Dec/2025:12:13:44 +0000] "GET /?products%2F16830517 HTTP/2" 200 278925 "-" "meta-externalagent/1.1 (+https://developers.facebook.com/docs/sharing/webmasters/crawler)"
57.141.6.28 - - [27/Dec/2025:12:13:46 +0000] "GET /?products%2F18519217 HTTP/2" 200 278925 "-" "meta-externalagent/1.1 (+https://developers.facebook.com/docs/sharing/webmasters/crawler)"
57.141.6.36 - - [27/Dec/2025:12:13:50 +0000] "GET /?products%2F16578917 HTTP/2" 200 278925 "-" "meta-externalagent/1.1 (+https://developers.facebook.com/docs/sharing/webmasters/crawler)"
57.141.6.37 - - [27/Dec/2025:12:12:44 +0000] "GET /?products%2F31284151 HTTP/2" 200 278925 "-" "meta-externalagent/1.1 (+https://developers.facebook.com/docs/sharing/webmasters/crawler)"
57.141.6.23 - - [27/Dec/2025:12:12:48 +0000] "GET /?products%2F30559684 HTTP/2" 200 278925 "-" "meta-externalagent/1.1 (+https://developers.facebook.com/docs/sharing/webmasters/crawler)"
57.141.6.34 - - [27/Dec/2025:12:12:49 +0000] "GET /?products%2F5641873 HTTP/2" 200 278925 "-" "meta-externalagent/1.1 (+https://developers.facebook.com/docs/sharing/webmasters/crawler)"
66.249.66.39 - - [27/Dec/2025:12:12:54 +0000] "GET /robots.txt HTTP/1.1" 200 81 "-" "Mozilla/5.0 (compatible; Googlebot/2.1; +http://www.google.com/bot.html)"
57.141.6.23 - - [27/Dec/2025:12:13:02 +0000] "GET /?products%2F28039628 HTTP/2" 200 278925 "-" "meta-externalagent/1.1 (+https://developers.facebook.com/docs/sharing/webmasters/crawler)"
57.141.6.27 - - [27/Dec/2025:12:13:04 +0000] "GET /?products%2F5148140 HTTP/2" 200 278925 "-" "meta-externalagent/1.1 (+https://developers.facebook.com/docs/sharing/webmasters/crawler)"
66.249.66.162 - - [27/Dec/2025:12:13:07 +0000] "GET /wp-content/uploads/2016/06/13559056_1206338602817011_8206483238373324500_o-150x150.jpg HTTP/1.1" 200 8171 "-" "Googlebot-Image/1.0"
57.141.6.22 - - [27/Dec/2025:12:13:06 +0000] "GET /?products%2F26360651 HTTP/2" 200 278925 "-" "meta-externalagent/1.1 (+https://developers.facebook.com/docs/sharing/webmasters/crawler)"
57.141.6.13 - - [27/Dec/2025:12:13:07 +0000] "GET /?products%2F17283906 HTTP/2" 200 278925 "-" "meta-externalagent/1.1 (+https://developers.facebook.com/docs/sharing/webmasters/crawler)"
57.141.6.34 - - [27/Dec/2025:12:13:08 +0000] "GET /?products%2F5961528 HTTP/2" 200 278925 "-" "meta-externalagent/1.1 (+https://developers.facebook.com/docs/sharing/webmasters/crawler)"
57.141.6.15 - - [27/Dec/2025:12:13:10 +0000] "GET /?products%2F10552128 HTTP/2" 200 278925 "-" "meta-externalagent/1.1 (+https://developers.facebook.com/docs/sharing/webmasters/crawler)"
57.141.6.8 - - [27/Dec/2025:12:13:12 +0000] "GET /?products%2F22139173 HTTP/2" 200 278925 "-" "meta-externalagent/1.1 (+https://developers.facebook.com/docs/sharing/webmasters/crawler)"
57.141.6.20 - - [27/Dec/2025:12:13:15 +0000] "GET /?products%2F28583206 HTTP/2" 200 278925 "-" "meta-externalagent/1.1 (+https://developers.facebook.com/docs/sharing/webmasters/crawler)"
57.141.6.31 - - [27/Dec/2025:12:13:17 +0000] "GET /?products%2F19048540 HTTP/2" 200 278925 "-" "meta-externalagent/1.1 (+https://developers.facebook.com/docs/sharing/webmasters/crawler)"
57.141.6.16 - - [27/Dec/2025:12:13:25 +0000] "GET /?products%2F30902106 HTTP/2" 200 278925 "-" "meta-externalagent/1.1 (+https://developers.facebook.com/docs/sharing/webmasters/crawler)"
57.141.6.7 - - [27/Dec/2025:12:13:39 +0000] "GET /?products%2F7460473 HTTP/2" 200 278925 "-" "meta-externalagent/1.1 (+https://developers.facebook.com/docs/sharing/webmasters/crawler)"
57.141.6.11 - - [27/Dec/2025:12:13:45 +0000] "GET /?products%2F4712551 HTTP/2" 200 278925 "-" "meta-externalagent/1.1 (+https://developers.facebook.com/docs/sharing/webmasters/crawler)"
57.141.6.32 - - [27/Dec/2025:12:13:48 +0000] "GET /?products%2F6282973 HTTP/2" 200 278925 "-" "meta-externalagent/1.1 (+https://developers.facebook.com/docs/sharing/webmasters/crawler)"
57.141.6.35 - - [27/Dec/2025:12:13:51 +0000] "GET /?products%2F24113684 HTTP/2" 200 278925 "-" "meta-externalagent/1.1 (+https://developers.facebook.com/docs/sharing/webmasters/crawler)"
66.249.66.12 - - [27/Dec/2025:12:13:57 +0000] "GET /?products/11241406 HTTP/1.1" 200 28287 "-" "Mozilla/5.0 (Linux; Android 6.0.1; Nexus 5X Build/MMB29P) AppleWebKit/537.36 (KHTML, like Gecko) Chrome/141.0.7390.122 Mobile Safari/537.36 (compatible; GoogleOther)"
66.249.66.12 - - [27/Dec/2025:12:13:58 +0000] "GET /?products/23245140 HTTP/1.1" 200 25050 "-" "Mozilla/5.0 (Linux; Android 6.0.1; Nexus 5X Build/MMB29P) AppleWebKit/537.36 (KHTML, like Gecko) Chrome/141.0.7390.122 Mobile Safari/537.36 (compatible; GoogleOther)"
57.141.6.5 - - [27/Dec/2025:12:13:11 +0000] "GET /?products%2F6405784 HTTP/2" 200 278925 "-" "meta-externalagent/1.1 (+https://developers.facebook.com/docs/sharing/webmasters/crawler)"
57.141.6.9 - - [27/Dec/2025:12:13:18 +0000] "GET /?products%2F22690717 HTTP/2" 200 278925 "-" "meta-externalagent/1.1 (+https://developers.facebook.com/docs/sharing/webmasters/crawler)"
57.141.6.27 - - [27/Dec/2025:12:13:19 +0000] "GET /?products%2F22038240 HTTP/2" 200 278925 "-" "meta-externalagent/1.1 (+https://developers.facebook.com/docs/sharing/webmasters/crawler)"
57.141.6.22 - - [27/Dec/2025:12:13:20 +0000] "GET /?products%2F28403340 HTTP/2" 200 278925 "-" "meta-externalagent/1.1 (+https://developers.facebook.com/docs/sharing/webmasters/crawler)"
57.141.6.2 - - [27/Dec/2025:12:13:28 +0000] "GET /?products%2F21645551 HTTP/2" 200 278925 "-" "meta-externalagent/1.1 (+https://developers.facebook.com/docs/sharing/webmasters/crawler)"
57.141.6.26 - - [27/Dec/2025:12:13:29 +0000] "GET /?products%2F27737595 HTTP/2" 200 278925 "-" "meta-externalagent/1.1 (+https://developers.facebook.com/docs/sharing/webmasters/crawler)"
66.249.66.161 - - [27/Dec/2025:12:13:35 +0000] "GET /?products/13730251 HTTP/1.1" 200 26024 "-" "Mozilla/5.0 (Linux; Android 6.0.1; Nexus 5X Build/MMB29P) AppleWebKit/537.36 (KHTML, like Gecko) Chrome/141.0.7390.122 Mobile Safari/537.36 (compatible; GoogleOther)"
57.141.6.27 - - [27/Dec/2025:12:13:35 +0000] "GET /?products%2F10217340 HTTP/2" 200 278925 "-" "meta-externalagent/1.1 (+https://developers.facebook.com/docs/sharing/webmasters/crawler)"
57.141.6.11 - - [27/Dec/2025:12:13:38 +0000] "GET /?products%2F12522962 HTTP/2" 200 278925 "-" "meta-externalagent/1.1 (+https://developers.facebook.com/docs/sharing/webmasters/crawler)"
57.141.6.2 - - [27/Dec/2025:12:13:41 +0000] "GET /?products%2F23429317 HTTP/2" 200 278925 "-" "meta-externalagent/1.1 (+https://developers.facebook.com/docs/sharing/webmasters/crawler)"
57.141.6.18 - - [27/Dec/2025:12:13:50 +0000] "GET /?products%2F5219684 HTTP/2" 200 278925 "-" "meta-externalagent/1.1 (+https://developers.facebook.com/docs/sharing/webmasters/crawler)"
57.141.6.1 - - [27/Dec/2025:12:13:55 +0000] "GET /?products%2F11527928 HTTP/2" 200 278925 "-" "meta-externalagent/1.1 (+https://developers.facebook.com/docs/sharing/webmasters/crawler)"
57.141.6.11 - - [27/Dec/2025:12:13:55 +0000] "GET /?products%2F25051317 HTTP/2" 200 278925 "-" "meta-externalagent/1.1 (+https://developers.facebook.com/docs/sharing/webmasters/crawler)"
57.141.6.23 - - [27/Dec/2025:12:13:58 +0000] "GET /?products%2F20017139 HTTP/2" 200 278925 "-" "meta-externalagent/1.1 (+https://developers.facebook.com/docs/sharing/webmasters/crawler)"
57.141.6.24 - - [27/Dec/2025:12:13:59 +0000] "GET /?products%2F11048706 HTTP/2" 200 278925 "-" "meta-externalagent/1.1 (+https://developers.facebook.com/docs/sharing/webmasters/crawler)"
170.10.164.126 - - [27/Dec/2025:12:14:06 +0000] "POST /wp-cron.php?doing_wp_cron=1766837646.4982609748840332031250 HTTP/1.1" 200 0 "-" "WordPress/6.8.3; https://alianzatejedorasdevida.org"
57.141.6.38 - - [27/Dec/2025:12:14:11 +0000] "GET /?products%2F6801140 HTTP/2" 200 278925 "-" "meta-externalagent/1.1 (+https://developers.facebook.com/docs/sharing/webmasters/crawler)"
57.141.6.37 - - [27/Dec/2025:12:14:14 +0000] "GET /?products%2F26955239 HTTP/2" 200 278925 "-" "meta-externalagent/1.1 (+https://developers.facebook.com/docs/sharing/webmasters/crawler)"
