57.141.6.17 - - [27/Dec/2025:12:27:47 +0000] "GET /?products%2F4972351 HTTP/2" 500 384 "-" "meta-externalagent/1.1 (+https://developers.facebook.com/docs/sharing/webmasters/crawler)"
170.10.164.126 - - [27/Dec/2025:12:28:47 +0000] "POST /wp-cron.php?doing_wp_cron=1766838526.9539549350738525390625 HTTP/1.1" 200 0 "-" "WordPress/6.8.3; https://alianzatejedorasdevida.org"
170.10.164.126 - - [27/Dec/2025:12:28:48 +0000] "POST /wp-cron.php?doing_wp_cron=1766838527.4542210102081298828125 HTTP/1.1" 200 0 "-" "WordPress/6.8.3; https://alianzatejedorasdevida.org"
170.10.164.126 - - [27/Dec/2025:12:28:50 +0000] "POST /wp-cron.php?doing_wp_cron=1766838530.5618700981140136718750 HTTP/1.1" 200 0 "-" "WordPress/6.8.3; https://alianzatejedorasdevida.org"
170.10.164.126 - - [27/Dec/2025:12:28:51 +0000] "POST /wp-cron.php?doing_wp_cron=1766838531.2486200332641601562500 HTTP/1.1" 200 0 "-" "WordPress/6.8.3; https://alianzatejedorasdevida.org"
57.141.6.28 - - [27/Dec/2025:12:27:48 +0000] "GET /?products%2F16500973 HTTP/2" 200 278925 "-" "meta-externalagent/1.1 (+https://developers.facebook.com/docs/sharing/webmasters/crawler)"
170.10.164.126 - - [27/Dec/2025:12:29:54 +0000] "POST /wp-cron.php?doing_wp_cron=1766838594.1524710655212402343750 HTTP/1.1" 200 0 "-" "WordPress/6.8.3; https://alianzatejedorasdevida.org"
57.141.6.22 - - [27/Dec/2025:12:27:58 +0000] "GET /?products%2F2813206 HTTP/2" 200 278925 "-" "meta-externalagent/1.1 (+https://developers.facebook.com/docs/sharing/webmasters/crawler)"
170.10.164.126 - - [27/Dec/2025:12:29:57 +0000] "POST /wp-cron.php?doing_wp_cron=1766838596.7548298835754394531250 HTTP/1.1" 200 0 "-" "WordPress/6.8.3; https://alianzatejedorasdevida.org"
57.141.6.33 - - [27/Dec/2025:12:27:58 +0000] "GET /?products%2F14295595 HTTP/2" 500 384 "-" "meta-externalagent/1.1 (+https://developers.facebook.com/docs/sharing/webmasters/crawler)"
57.141.6.23 - - [27/Dec/2025:12:27:59 +0000] "GET /?products%2F27777828 HTTP/2" 200 278925 "-" "meta-externalagent/1.1 (+https://developers.facebook.com/docs/sharing/webmasters/crawler)"
170.10.164.126 - - [27/Dec/2025:12:30:02 +0000] "POST /wp-cron.php?doing_wp_cron=1766838602.1478209495544433593750 HTTP/1.1" 200 0 "-" "WordPress/6.8.3; https://alianzatejedorasdevida.org"
57.141.6.32 - - [27/Dec/2025:12:28:02 +0000] "GET /?products%2F15205506 HTTP/2" 500 384 "-" "meta-externalagent/1.1 (+https://developers.facebook.com/docs/sharing/webmasters/crawler)"
170.10.164.126 - - [27/Dec/2025:12:30:05 +0000] "POST /wp-cron.php?doing_wp_cron=1766838604.7873311042785644531250 HTTP/1.1" 200 0 "-" "WordPress/6.8.3; https://alianzatejedorasdevida.org"
57.141.6.16 - - [27/Dec/2025:12:28:06 +0000] "GET /?products%2F30279239 HTTP/2" 500 384 "-" "meta-externalagent/1.1 (+https://developers.facebook.com/docs/sharing/webmasters/crawler)"
57.141.6.14 - - [27/Dec/2025:12:28:08 +0000] "GET /?products%2F12413984 HTTP/2" 500 384 "-" "meta-externalagent/1.1 (+https://developers.facebook.com/docs/sharing/webmasters/crawler)"
57.141.6.16 - - [27/Dec/2025:12:28:41 +0000] "GET /?products%2F13472817 HTTP/2" 200 278925 "-" "meta-externalagent/1.1 (+https://developers.facebook.com/docs/sharing/webmasters/crawler)"
57.141.6.29 - - [27/Dec/2025:12:28:34 +0000] "GET /?products%2F13903517 HTTP/2" 200 278925 "-" "meta-externalagent/1.1 (+https://developers.facebook.com/docs/sharing/webmasters/crawler)"
57.141.6.24 - - [27/Dec/2025:12:28:57 +0000] "GET /?products%2F14987662 HTTP/2" 200 278925 "-" "meta-externalagent/1.1 (+https://developers.facebook.com/docs/sharing/webmasters/crawler)"
57.141.6.28 - - [27/Dec/2025:12:30:59 +0000] "GET /?products%2F25808317 HTTP/2" 200 278925 "-" "meta-externalagent/1.1 (+https://developers.facebook.com/docs/sharing/webmasters/crawler)"
66.249.66.204 - - [27/Dec/2025:12:31:14 +0000] "GET /?products/8033251 HTTP/1.1" 200 25134 "-" "Mozilla/5.0 (Linux; Android 6.0.1; Nexus 5X Build/MMB29P) AppleWebKit/537.36 (KHTML, like Gecko) Chrome/141.0.7390.122 Mobile Safari/537.36 (compatible; GoogleOther)"
66.249.66.12 - - [27/Dec/2025:12:29:34 +0000] "GET /?products/31038306 HTTP/1.1" 200 25230 "-" "Mozilla/5.0 (Linux; Android 6.0.1; Nexus 5X Build/MMB29P) AppleWebKit/537.36 (KHTML, like Gecko) Chrome/141.0.7390.122 Mobile Safari/537.36 (compatible; GoogleOther)"
66.249.66.12 - - [27/Dec/2025:12:30:13 +0000] "GET /wp-content/uploads/2021/01/hdl-box-2-219x300.jpg HTTP/1.1" 200 5656 "-" "Googlebot-Image/1.0"
57.141.6.17 - - [27/Dec/2025:12:28:14 +0000] "GET /?products%2F9712062 HTTP/2" 200 278925 "-" "meta-externalagent/1.1 (+https://developers.facebook.com/docs/sharing/webmasters/crawler)"
170.10.164.126 - - [27/Dec/2025:12:30:00 +0000] "POST /wp-cron.php?doing_wp_cron=1766838599.7539410591125488281250 HTTP/1.1" 200 0 "-" "WordPress/6.8.3; https://alianzatejedorasdevida.org"
170.10.164.126 - - [27/Dec/2025:12:30:01 +0000] "POST /wp-cron.php?doing_wp_cron=1766838600.5487248897552490234375 HTTP/1.1" 200 0 "-" "WordPress/6.8.3; https://alianzatejedorasdevida.org"
170.10.164.126 - - [27/Dec/2025:12:30:03 +0000] "POST /wp-cron.php?doing_wp_cron=1766838603.0488688945770263671875 HTTP/1.1" 200 0 "-" "WordPress/6.8.3; https://alianzatejedorasdevida.org"
57.141.6.8 - - [27/Dec/2025:12:28:14 +0000] "GET /?products%2F26629251 HTTP/2" 500 384 "-" "meta-externalagent/1.1 (+https://developers.facebook.com/docs/sharing/webmasters/crawler)"
57.141.6.18 - - [27/Dec/2025:12:28:23 +0000] "GET /?products%2F25002939 HTTP/2" 200 278925 "-" "meta-externalagent/1.1 (+https://developers.facebook.com/docs/sharing/webmasters/crawler)"
57.141.6.30 - - [27/Dec/2025:12:28:48 +0000] "GET /?products%2F20941239 HTTP/2" 200 278925 "-" "meta-externalagent/1.1 (+https://developers.facebook.com/docs/sharing/webmasters/crawler)"
57.141.6.24 - - [27/Dec/2025:12:28:26 +0000] "GET /?products%2F8704717 HTTP/2" 200 278925 "-" "meta-externalagent/1.1 (+https://developers.facebook.com/docs/sharing/webmasters/crawler)"
57.141.6.13 - - [27/Dec/2025:12:28:35 +0000] "GET /?products%2F24783684 HTTP/2" 200 278925 "-" "meta-externalagent/1.1 (+https://developers.facebook.com/docs/sharing/webmasters/crawler)"
57.141.6.18 - - [27/Dec/2025:12:28:40 +0000] "GET /?products%2F2064528 HTTP/2" 200 278925 "-" "meta-externalagent/1.1 (+https://developers.facebook.com/docs/sharing/webmasters/crawler)"
57.141.6.5 - - [27/Dec/2025:12:28:53 +0000] "GET /?products%2F22446540 HTTP/2" 200 278925 "-" "meta-externalagent/1.1 (+https://developers.facebook.com/docs/sharing/webmasters/crawler)"
57.141.6.4 - - [27/Dec/2025:12:29:02 +0000] "GET /?products%2F27384762 HTTP/2" 200 278925 "-" "meta-externalagent/1.1 (+https://developers.facebook.com/docs/sharing/webmasters/crawler)"
57.141.6.6 - - [27/Dec/2025:12:29:54 +0000] "GET /?products%2F9928606 HTTP/2" 200 278925 "-" "meta-externalagent/1.1 (+https://developers.facebook.com/docs/sharing/webmasters/crawler)"
66.249.66.75 - - [27/Dec/2025:12:30:38 +0000] "GET /wp-content/uploads/2025/06/mocoa_1-300x110.jpg HTTP/1.1" 200 14016 "-" "Googlebot-Image/1.0"
62.164.177.243 - - [27/Dec/2025:12:31:03 +0000] "POST /xmlrpc.php HTTP/1.1" 200 224 "-" "Mozilla/5.0 (Windows NT 10.0; Win64; x64) AppleWebKit/537.36 (KHTML, like Gecko) Chrome/138.0.0.0 Safari/537.36 Edg/138.0.0.0"
57.141.6.8 - - [27/Dec/2025:12:31:49 +0000] "GET /?products%2F6525195 HTTP/2" 200 278925 "-" "meta-externalagent/1.1 (+https://developers.facebook.com/docs/sharing/webmasters/crawler)"
66.249.66.76 - - [27/Dec/2025:12:31:53 +0000] "GET /wp-content/uploads/2020/09/eco-friendly-tote-bag-3-min.jpg HTTP/1.1" 200 13630 "-" "Googlebot-Image/1.0"
66.249.66.163 - - [27/Dec/2025:12:32:43 +0000] "GET /wp-content/uploads/2021/01/adr-logo-client4.png HTTP/1.1" 200 926 "-" "Googlebot-Image/1.0"
66.249.66.163 - - [27/Dec/2025:12:32:55 +0000] "GET /ads.txt HTTP/1.1" 200 25623 "-" "Mozilla/5.0 (compatible; Googlebot/2.1; +http://www.google.com/bot.html)"
66.249.66.76 - - [27/Dec/2025:12:33:01 +0000] "GET /ads.txt HTTP/1.1" 200 25623 "-" "Mozilla/5.0 (compatible; Googlebot/2.1; +http://www.google.com/bot.html)"
57.141.6.14 - - [27/Dec/2025:12:28:27 +0000] "GET /?products%2F2187040 HTTP/2" 200 278925 "-" "meta-externalagent/1.1 (+https://developers.facebook.com/docs/sharing/webmasters/crawler)"
57.141.6.14 - - [27/Dec/2025:12:28:40 +0000] "GET /?products%2F9161928 HTTP/2" 200 278925 "-" "meta-externalagent/1.1 (+https://developers.facebook.com/docs/sharing/webmasters/crawler)"
57.141.6.1 - - [27/Dec/2025:12:28:30 +0000] "GET /?products%2F8146440 HTTP/2" 200 278925 "-" "meta-externalagent/1.1 (+https://developers.facebook.com/docs/sharing/webmasters/crawler)"
57.141.6.33 - - [27/Dec/2025:12:28:31 +0000] "GET /?products%2F12321728 HTTP/2" 200 278925 "-" "meta-externalagent/1.1 (+https://developers.facebook.com/docs/sharing/webmasters/crawler)"
57.141.6.37 - - [27/Dec/2025:12:29:11 +0000] "GET /?products%2F7258595 HTTP/2" 200 278925 "-" "meta-externalagent/1.1 (+https://developers.facebook.com/docs/sharing/webmasters/crawler)"
57.141.6.8 - - [27/Dec/2025:12:29:00 +0000] "GET /?products%2F18138251 HTTP/2" 200 278925 "-" "meta-externalagent/1.1 (+https://developers.facebook.com/docs/sharing/webmasters/crawler)"
217.31.60.27 - - [27/Dec/2025:12:31:08 +0000] "GET / HTTP/1.1" 403 0 "http://alianzatejedorasdevida.org" "Go-http-client/1.1"
170.10.164.126 - - [27/Dec/2025:12:31:50 +0000] "POST /wp-cron.php?doing_wp_cron=1766838710.9613978862762451171875 HTTP/1.1" 200 0 "-" "WordPress/6.8.3; https://alianzatejedorasdevida.org"
66.249.66.192 - - [27/Dec/2025:12:32:18 +0000] "GET /wp-content/uploads/2025/06/3.-Slider-1.jpg HTTP/1.1" 200 217018 "-" "Googlebot-Image/1.0"
57.141.6.38 - - [27/Dec/2025:12:32:37 +0000] "GET /?products%2F29934162 HTTP/2" 200 278925 "-" "meta-externalagent/1.1 (+https://developers.facebook.com/docs/sharing/webmasters/crawler)"
170.10.164.126 - - [27/Dec/2025:12:33:24 +0000] "POST /wp-cron.php?doing_wp_cron=1766838804.2878050804138183593750 HTTP/1.1" 200 0 "-" "WordPress/6.8.3; https://alianzatejedorasdevida.org"
57.141.6.6 - - [27/Dec/2025:12:34:48 +0000] "GET /?products%2F9282062 HTTP/2" 200 278925 "-" "meta-externalagent/1.1 (+https://developers.facebook.com/docs/sharing/webmasters/crawler)"
54.39.6.40 - - [27/Dec/2025:12:34:52 +0000] "GET /author/editor/page/52/?payment-mode=manual&form-id=110 HTTP/2" 403 0 "-" "Mozilla/5.0 (compatible; AhrefsBot/7.0; +http://ahrefs.com/robot/)"
170.10.164.126 - - [27/Dec/2025:12:35:28 +0000] "POST /wp-cron.php?doing_wp_cron=1766838928.2091081142425537109375 HTTP/1.1" 200 0 "-" "WordPress/6.8.3; https://alianzatejedorasdevida.org"
66.249.66.163 - - [27/Dec/2025:12:37:43 +0000] "GET /wp-content/uploads/2023/11/TDR-ABOGADAS-MTFP-300x300.jpg HTTP/1.1" 200 31007 "-" "Googlebot-Image/1.0"
57.141.6.13 - - [27/Dec/2025:12:37:53 +0000] "GET /?products%2F26288539 HTTP/2" 200 278925 "-" "meta-externalagent/1.1 (+https://developers.facebook.com/docs/sharing/webmasters/crawler)"
66.249.66.161 - - [27/Dec/2025:12:39:01 +0000] "GET /?products/4538073 HTTP/1.1" 200 27871 "-" "Mozilla/5.0 (Linux; Android 6.0.1; Nexus 5X Build/MMB29P) AppleWebKit/537.36 (KHTML, like Gecko) Chrome/141.0.7390.122 Mobile Safari/537.36 (compatible; GoogleOther)"
170.10.164.126 - - [27/Dec/2025:12:39:07 +0000] "POST /wp-cron.php?doing_wp_cron=1766839147.4031569957733154296875 HTTP/1.1" 200 0 "-" "WordPress/6.8.3; https://alianzatejedorasdevida.org"
66.249.66.162 - - [27/Dec/2025:12:39:19 +0000] "GET /?products/29095162 HTTP/1.1" 200 24529 "-" "Mozilla/5.0 (Linux; Android 6.0.1; Nexus 5X Build/MMB29P) AppleWebKit/537.36 (KHTML, like Gecko) Chrome/141.0.7390.122 Mobile Safari/537.36 (compatible; GoogleOther)"
66.249.66.76 - - [27/Dec/2025:12:39:23 +0000] "GET /wp-content/uploads/2021/01/apt-bg-reviews-1536x668.jpg HTTP/1.1" 200 7307 "-" "Googlebot-Image/1.0"
57.141.6.27 - - [27/Dec/2025:12:39:30 +0000] "GET /?products%2F19809584 HTTP/2" 200 278925 "-" "meta-externalagent/1.1 (+https://developers.facebook.com/docs/sharing/webmasters/crawler)"
207.246.240.104 - - [27/Dec/2025:12:39:32 +0000] "POST /xmlrpc.php HTTP/1.1" 200 416 "-" "Mozilla/5.0 (Windows NT 6.0; rv:34.0) Gecko/20100101 Firefox/34.0"
66.249.66.204 - - [27/Dec/2025:12:33:08 +0000] "GET /wp-content/uploads/2021/01/btr-bg-video-1024x421.jpg HTTP/1.1" 200 8774 "-" "Googlebot-Image/1.0"
66.249.66.12 - - [27/Dec/2025:12:33:54 +0000] "GET /?products/23847773 HTTP/1.1" 200 24721 "-" "Mozilla/5.0 (Linux; Android 6.0.1; Nexus 5X Build/MMB29P) AppleWebKit/537.36 (KHTML, like Gecko) Chrome/141.0.7390.122 Mobile Safari/537.36 (compatible; GoogleOther)"
57.141.6.2 - - [27/Dec/2025:12:34:06 +0000] "GET /?products%2F17618651 HTTP/2" 200 278925 "-" "meta-externalagent/1.1 (+https://developers.facebook.com/docs/sharing/webmasters/crawler)"
66.249.66.192 - - [27/Dec/2025:12:34:23 +0000] "GET /wp-content/uploads/2023/11/DSC_0380-scaled-1-300x300.jpg HTTP/1.1" 200 26904 "-" "Googlebot-Image/1.0"
66.249.66.75 - - [27/Dec/2025:12:34:48 +0000] "GET /wp-content/uploads/2022/03/plt-hero-img-1-min-150x150.png HTTP/1.1" 200 6795 "-" "Googlebot-Image/1.0"
66.249.66.204 - - [27/Dec/2025:12:34:57 +0000] "GET /?products/13968739 HTTP/1.1" 200 26286 "-" "Mozilla/5.0 (Linux; Android 6.0.1; Nexus 5X Build/MMB29P) AppleWebKit/537.36 (KHTML, like Gecko) Chrome/141.0.7390.122 Mobile Safari/537.36 (compatible; GoogleOther)"
57.141.6.24 - - [27/Dec/2025:12:35:27 +0000] "GET /?products%2F21721162 HTTP/2" 200 278925 "-" "meta-externalagent/1.1 (+https://developers.facebook.com/docs/sharing/webmasters/crawler)"
66.249.66.75 - - [27/Dec/2025:12:36:03 +0000] "GET /wp-content/uploads/2025/06/1.-Cocvir-flipbox-1-1-600x337.jpg HTTP/1.1" 200 38119 "-" "Googlebot-Image/1.0"
57.141.6.23 - - [27/Dec/2025:12:36:43 +0000] "GET /?products%2F15843151 HTTP/2" 200 278925 "-" "meta-externalagent/1.1 (+https://developers.facebook.com/docs/sharing/webmasters/crawler)"
170.10.164.126 - - [27/Dec/2025:12:37:20 +0000] "POST /wp-cron.php?doing_wp_cron=1766839039.9898951053619384765625 HTTP/1.1" 200 0 "-" "WordPress/6.8.3; https://alianzatejedorasdevida.org"
57.141.6.20 - - [27/Dec/2025:12:37:19 +0000] "GET /?products%2F20027784 HTTP/2" 200 278925 "-" "meta-externalagent/1.1 (+https://developers.facebook.com/docs/sharing/webmasters/crawler)"
170.10.164.126 - - [27/Dec/2025:12:38:28 +0000] "POST /wp-cron.php?doing_wp_cron=1766839108.2739129066467285156250 HTTP/1.1" 200 0 "-" "WordPress/6.8.3; https://alianzatejedorasdevida.org"
51.75.23.111 - - [27/Dec/2025:12:39:06 +0000] "GET / HTTP/1.1" 200 54221 "-" "Mozilla/5.0 (Windows NT 10.0; Win64; x64) AppleWebKit/537.36 (KHTML, like Gecko) Chrome/139.0.0.0 Safari/537.36"
13.229.184.236 - - [27/Dec/2025:12:39:23 +0000] "GET / HTTP/1.1" 200 63046 "-" "Mozilla/5.0 (Windows NT 10.0; Win64; x64) AppleWebKit/537.36 (KHTML, like Gecko) Chrome/60.0.3112.113 Safari/537.36 Assetnote/1.0.0"
13.229.184.236 - - [27/Dec/2025:12:39:26 +0000] "HEAD /apps HTTP/1.1" 404 0 "-" "Mozilla/5.0 (Windows NT 10.0; Win64; x64) AppleWebKit/537.36 (KHTML, like Gecko) Chrome/60.0.3112.113 Safari/537.36 Assetnote/1.0.0"
13.229.184.236 - - [27/Dec/2025:12:39:27 +0000] "HEAD /api/action HTTP/1.1" 404 0 "-" "Mozilla/5.0 (Windows NT 10.0; Win64; x64) AppleWebKit/537.36 (KHTML, like Gecko) Chrome/60.0.3112.113 Safari/537.36 Assetnote/1.0.0"
13.229.184.236 - - [27/Dec/2025:12:39:28 +0000] "HEAD /api/actions HTTP/1.1" 404 0 "-" "Mozilla/5.0 (Windows NT 10.0; Win64; x64) AppleWebKit/537.36 (KHTML, like Gecko) Chrome/60.0.3112.113 Safari/537.36 Assetnote/1.0.0"
13.229.184.236 - - [27/Dec/2025:12:39:29 +0000] "HEAD /_next/data HTTP/1.1" 404 0 "-" "Mozilla/5.0 (Windows NT 10.0; Win64; x64) AppleWebKit/537.36 (KHTML, like Gecko) Chrome/60.0.3112.113 Safari/537.36 Assetnote/1.0.0"
13.229.184.236 - - [27/Dec/2025:12:39:30 +0000] "POST / HTTP/1.1" 200 63048 "-" "Mozilla/5.0 (Windows NT 10.0; Win64; x64) AppleWebKit/537.36 (KHTML, like Gecko) Chrome/60.0.3112.113 Safari/537.36 Assetnote/1.0.0"
207.246.240.104 - - [27/Dec/2025:12:39:33 +0000] "POST /xmlrpc.php HTTP/1.1" 200 416 "-" "Mozilla/5.0 (Windows NT 6.0; rv:34.0) Gecko/20100101 Firefox/34.0"
207.246.240.104 - - [27/Dec/2025:12:39:37 +0000] "POST /xmlrpc.php HTTP/1.1" 403 0 "-" "Mozilla/5.0 (Windows NT 6.0; rv:34.0) Gecko/20100101 Firefox/34.0"
170.10.164.126 - - [27/Dec/2025:12:32:38 +0000] "POST /wp-cron.php?doing_wp_cron=1766838758.0533950328826904296875 HTTP/1.1" 200 0 "-" "WordPress/6.8.3; https://alianzatejedorasdevida.org"
66.249.66.41 - - [27/Dec/2025:12:32:41 +0000] "GET /?products/15367639 HTTP/1.1" 200 25127 "-" "Mozilla/5.0 (Linux; Android 6.0.1; Nexus 5X Build/MMB29P) AppleWebKit/537.36 (KHTML, like Gecko) Chrome/141.0.7390.122 Mobile Safari/537.36 (compatible; GoogleOther)"
57.141.6.2 - - [27/Dec/2025:12:33:23 +0000] "GET /?products%2F8854728 HTTP/2" 200 278925 "-" "meta-externalagent/1.1 (+https://developers.facebook.com/docs/sharing/webmasters/crawler)"
170.10.164.126 - - [27/Dec/2025:12:34:07 +0000] "POST /wp-cron.php?doing_wp_cron=1766838847.3717699050903320312500 HTTP/1.1" 200 0 "-" "WordPress/6.8.3; https://alianzatejedorasdevida.org"
216.244.66.246 - - [27/Dec/2025:12:35:35 +0000] "GET /contratacion-comunicadora/feed/ HTTP/1.1" 403 0 "-" "Mozilla/5.0 (compatible; DotBot/1.2; +https://opensiteexplorer.org/dotbot; help@moz.com)"
66.249.66.192 - - [27/Dec/2025:12:35:50 +0000] "GET /?products/31162673 HTTP/1.1" 200 26517 "-" "Mozilla/5.0 (Linux; Android 6.0.1; Nexus 5X Build/MMB29P) AppleWebKit/537.36 (KHTML, like Gecko) Chrome/141.0.7390.122 Mobile Safari/537.36 (compatible; GoogleOther)"
170.10.164.126 - - [27/Dec/2025:12:36:07 +0000] "POST /wp-cron.php?doing_wp_cron=1766838967.2766389846801757812500 HTTP/1.1" 200 0 "-" "WordPress/6.8.3; https://alianzatejedorasdevida.org"
57.141.6.33 - - [27/Dec/2025:12:36:06 +0000] "GET /?products%2F2749428 HTTP/2" 200 278925 "-" "meta-externalagent/1.1 (+https://developers.facebook.com/docs/sharing/webmasters/crawler)"
66.249.66.162 - - [27/Dec/2025:12:36:36 +0000] "GET /?products/20543651 HTTP/1.1" 200 24679 "-" "Mozilla/5.0 (Linux; Android 6.0.1; Nexus 5X Build/MMB29P) AppleWebKit/537.36 (KHTML, like Gecko) Chrome/141.0.7390.122 Mobile Safari/537.36 (compatible; GoogleOther)"
66.249.66.75 - - [27/Dec/2025:12:37:15 +0000] "GET /?products/13532728 HTTP/1.1" 200 25331 "-" "Mozilla/5.0 (Linux; Android 6.0.1; Nexus 5X Build/MMB29P) AppleWebKit/537.36 (KHTML, like Gecko) Chrome/141.0.7390.122 Mobile Safari/537.36 (compatible; GoogleOther)"
66.249.66.193 - - [27/Dec/2025:12:37:18 +0000] "GET /wp-content/uploads/2025/06/1.-Asomi-Slider-R3.jpg HTTP/1.1" 200 110017 "-" "Googlebot-Image/1.0"
66.249.66.39 - - [27/Dec/2025:12:37:48 +0000] "GET /?products/6308617 HTTP/1.1" 200 24184 "-" "Mozilla/5.0 (Linux; Android 6.0.1; Nexus 5X Build/MMB29P) AppleWebKit/537.36 (KHTML, like Gecko) Chrome/141.0.7390.122 Mobile Safari/537.36 (compatible; GoogleOther)"
66.249.66.76 - - [27/Dec/2025:12:38:08 +0000] "GET /wp-content/uploads/2024/03/430074350_824678359693178_8352906196152372303_n-300x300.jpg HTTP/1.1" 200 23413 "-" "Googlebot-Image/1.0"
66.249.66.162 - - [27/Dec/2025:12:38:17 +0000] "GET /?products/30453051 HTTP/1.1" 200 25350 "-" "Mozilla/5.0 (Linux; Android 6.0.1; Nexus 5X Build/MMB29P) AppleWebKit/537.36 (KHTML, like Gecko) Chrome/141.0.7390.122 Mobile Safari/537.36 (compatible; GoogleOther)"
57.141.6.32 - - [27/Dec/2025:12:38:27 +0000] "GET /?products%2F19256384 HTTP/2" 200 278925 "-" "meta-externalagent/1.1 (+https://developers.facebook.com/docs/sharing/webmasters/crawler)"
57.141.6.21 - - [27/Dec/2025:12:38:59 +0000] "GET /?products%2F9103173 HTTP/2" 200 278925 "-" "meta-externalagent/1.1 (+https://developers.facebook.com/docs/sharing/webmasters/crawler)"
207.246.240.104 - - [27/Dec/2025:12:39:34 +0000] "POST /xmlrpc.php HTTP/1.1" 200 416 "-" "Mozilla/5.0 (Windows NT 6.0; rv:34.0) Gecko/20100101 Firefox/34.0"
109.95.158.82 - - [27/Dec/2025:12:39:39 +0000] "POST /xmlrpc.php HTTP/1.1" 200 416 "-" "Mozilla/5.0 (Windows NT 5.1; rv:40.0) Gecko/20100101 Firefox/40.0"
66.249.66.161 - - [27/Dec/2025:12:39:48 +0000] "GET /wp-content/uploads/2024/06/comision-estatale-derechos-humanos-1.png HTTP/1.1" 200 611919 "-" "Googlebot-Image/1.0"
66.249.66.39 - - [27/Dec/2025:12:39:48 +0000] "GET /?products/14366984 HTTP/1.1" 200 24227 "-" "Mozilla/5.0 (Linux; Android 6.0.1; Nexus 5X Build/MMB29P) AppleWebKit/537.36 (KHTML, like Gecko) Chrome/141.0.7390.122 Mobile Safari/537.36 (compatible; GoogleOther)"
57.141.6.37 - - [27/Dec/2025:12:40:01 +0000] "GET /?products%2F14841173 HTTP/2" 200 278925 "-" "meta-externalagent/1.1 (+https://developers.facebook.com/docs/sharing/webmasters/crawler)"
66.249.66.41 - - [27/Dec/2025:12:40:09 +0000] "GET /?products/8819517 HTTP/1.1" 200 25264 "-" "Mozilla/5.0 (Linux; Android 6.0.1; Nexus 5X Build/MMB29P) AppleWebKit/537.36 (KHTML, like Gecko) Chrome/141.0.7390.122 Mobile Safari/537.36 (compatible; GoogleOther)"
66.249.66.75 - - [27/Dec/2025:12:40:31 +0000] "GET /?products/10670362 HTTP/1.1" 200 27641 "-" "Mozilla/5.0 (Linux; Android 6.0.1; Nexus 5X Build/MMB29P) AppleWebKit/537.36 (KHTML, like Gecko) Chrome/141.0.7390.122 Mobile Safari/537.36 (compatible; GoogleOther)"
66.249.66.12 - - [27/Dec/2025:12:40:50 +0000] "GET /?products/14237340 HTTP/1.1" 200 28492 "-" "Mozilla/5.0 (Linux; Android 6.0.1; Nexus 5X Build/MMB29P) AppleWebKit/537.36 (KHTML, like Gecko) Chrome/141.0.7390.122 Mobile Safari/537.36 (compatible; GoogleOther)"
66.249.66.12 - - [27/Dec/2025:12:40:53 +0000] "GET /?products/5119184 HTTP/1.1" 200 24874 "-" "Mozilla/5.0 (Linux; Android 6.0.1; Nexus 5X Build/MMB29P) AppleWebKit/537.36 (KHTML, like Gecko) Chrome/141.0.7390.122 Mobile Safari/537.36 (compatible; GoogleOther)"
185.170.167.18 - - [27/Dec/2025:12:40:53 +0000] "GET /invitacion-para-cotizar-la-compra-de-elementos-para-kit-de-apoyo-en-el-emprendimiento-productivo/ HTTP/1.1" 200 59605 "-" "Mozilla/5.0 (compatible; BacklinksExtendedBot)"
66.249.66.12 - - [27/Dec/2025:12:40:58 +0000] "GET /?products/2350406 HTTP/1.1" 200 24807 "-" "Mozilla/5.0 (Linux; Android 6.0.1; Nexus 5X Build/MMB29P) AppleWebKit/537.36 (KHTML, like Gecko) Chrome/141.0.7390.122 Mobile Safari/537.36 (compatible; GoogleOther)"
66.249.66.12 - - [27/Dec/2025:12:41:01 +0000] "GET /?products/18748584 HTTP/1.1" 200 25073 "-" "Mozilla/5.0 (Linux; Android 6.0.1; Nexus 5X Build/MMB29P) AppleWebKit/537.36 (KHTML, like Gecko) Chrome/141.0.7390.122 Mobile Safari/537.36 (compatible; GoogleOther)"
66.249.66.12 - - [27/Dec/2025:12:41:03 +0000] "GET /?products/6973362 HTTP/1.1" 200 24623 "-" "Mozilla/5.0 (Linux; Android 6.0.1; Nexus 5X Build/MMB29P) AppleWebKit/537.36 (KHTML, like Gecko) Chrome/141.0.7390.122 Mobile Safari/537.36 (compatible; GoogleOther)"
66.249.66.39 - - [27/Dec/2025:12:41:10 +0000] "GET /?products/8118339 HTTP/1.1" 200 26224 "-" "Mozilla/5.0 (Linux; Android 6.0.1; Nexus 5X Build/MMB29P) AppleWebKit/537.36 (KHTML, like Gecko) Chrome/141.0.7390.122 Mobile Safari/537.36 (compatible; GoogleOther)"
66.249.66.39 - - [27/Dec/2025:12:41:13 +0000] "GET /?products/17468539 HTTP/1.1" 200 28126 "-" "Mozilla/5.0 (Linux; Android 6.0.1; Nexus 5X Build/MMB29P) AppleWebKit/537.36 (KHTML, like Gecko) Chrome/141.0.7390.122 Mobile Safari/537.36 (compatible; GoogleOther)"
66.249.66.161 - - [27/Dec/2025:12:41:15 +0000] "GET /?products/8492406 HTTP/1.1" 200 28284 "-" "Mozilla/5.0 (Linux; Android 6.0.1; Nexus 5X Build/MMB29P) AppleWebKit/537.36 (KHTML, like Gecko) Chrome/141.0.7390.122 Mobile Safari/537.36 (compatible; GoogleOther)"
66.249.66.39 - - [27/Dec/2025:12:41:16 +0000] "GET /?products/14916373 HTTP/1.1" 200 26130 "-" "Mozilla/5.0 (Linux; Android 6.0.1; Nexus 5X Build/MMB29P) AppleWebKit/537.36 (KHTML, like Gecko) Chrome/141.0.7390.122 Mobile Safari/537.36 (compatible; GoogleOther)"
66.249.66.39 - - [27/Dec/2025:12:41:18 +0000] "GET /?products/17689340 HTTP/1.1" 200 25262 "-" "Mozilla/5.0 (Linux; Android 6.0.1; Nexus 5X Build/MMB29P) AppleWebKit/537.36 (KHTML, like Gecko) Chrome/141.0.7390.122 Mobile Safari/537.36 (compatible; GoogleOther)"
66.249.66.161 - - [27/Dec/2025:12:41:19 +0000] "GET /?products/20763906 HTTP/1.1" 200 25078 "-" "Mozilla/5.0 (Linux; Android 6.0.1; Nexus 5X Build/MMB29P) AppleWebKit/537.36 (KHTML, like Gecko) Chrome/141.0.7390.122 Mobile Safari/537.36 (compatible; GoogleOther)"
66.249.66.39 - - [27/Dec/2025:12:39:35 +0000] "GET /?products/9444695 HTTP/1.1" 200 24518 "-" "Mozilla/5.0 (Linux; Android 6.0.1; Nexus 5X Build/MMB29P) AppleWebKit/537.36 (KHTML, like Gecko) Chrome/141.0.7390.122 Mobile Safari/537.36 (compatible; GoogleOther)"
207.246.240.104 - - [27/Dec/2025:12:39:35 +0000] "POST /xmlrpc.php HTTP/1.1" 200 416 "-" "Mozilla/5.0 (Windows NT 6.0; rv:34.0) Gecko/20100101 Firefox/34.0"
109.95.158.82 - - [27/Dec/2025:12:39:41 +0000] "POST /xmlrpc.php HTTP/1.1" 200 416 "-" "Mozilla/5.0 (Windows NT 5.1; rv:40.0) Gecko/20100101 Firefox/40.0"
109.95.158.82 - - [27/Dec/2025:12:39:45 +0000] "POST /xmlrpc.php HTTP/1.1" 403 0 "-" "Mozilla/5.0 (Windows NT 5.1; rv:40.0) Gecko/20100101 Firefox/40.0"
66.249.66.12 - - [27/Dec/2025:12:39:59 +0000] "GET /?products/20800773 HTTP/1.1" 200 28199 "-" "Mozilla/5.0 (Linux; Android 6.0.1; Nexus 5X Build/MMB29P) AppleWebKit/537.36 (KHTML, like Gecko) Chrome/141.0.7390.122 Mobile Safari/537.36 (compatible; GoogleOther)"
66.249.66.39 - - [27/Dec/2025:12:40:18 +0000] "GET /?products/14357651 HTTP/1.1" 200 25858 "-" "Mozilla/5.0 (Linux; Android 6.0.1; Nexus 5X Build/MMB29P) AppleWebKit/537.36 (KHTML, like Gecko) Chrome/141.0.7390.122 Mobile Safari/537.36 (compatible; GoogleOther)"
36.50.135.109 - - [27/Dec/2025:12:40:21 +0000] "POST /xmlrpc.php HTTP/1.1" 200 416 "-" "Mozilla/5.0 (Windows NT 6.1; WOW64; rv:38.0) Gecko/20100101 Firefox/38.0"
66.249.66.161 - - [27/Dec/2025:12:40:25 +0000] "GET /?products/26187640 HTTP/1.1" 200 25811 "-" "Mozilla/5.0 (Linux; Android 6.0.1; Nexus 5X Build/MMB29P) AppleWebKit/537.36 (KHTML, like Gecko) Chrome/141.0.7390.122 Mobile Safari/537.36 (compatible; GoogleOther)"
36.50.135.109 - - [27/Dec/2025:12:40:27 +0000] "POST /xmlrpc.php HTTP/1.1" 200 416 "-" "Mozilla/5.0 (Windows NT 6.1; WOW64; rv:38.0) Gecko/20100101 Firefox/38.0"
36.50.135.109 - - [27/Dec/2025:12:40:31 +0000] "POST /xmlrpc.php HTTP/1.1" 200 3678 "-" "Mozilla/5.0 (Windows NT 6.1; WOW64; rv:38.0) Gecko/20100101 Firefox/38.0"
57.141.6.35 - - [27/Dec/2025:12:40:30 +0000] "GET /?products%2F14530028 HTTP/2" 200 278925 "-" "meta-externalagent/1.1 (+https://developers.facebook.com/docs/sharing/webmasters/crawler)"
36.50.135.109 - - [27/Dec/2025:12:40:37 +0000] "POST /xmlrpc.php HTTP/1.1" 403 0 "-" "Mozilla/5.0 (Windows NT 6.1; WOW64; rv:38.0) Gecko/20100101 Firefox/38.0"
66.249.66.161 - - [27/Dec/2025:12:40:46 +0000] "GET /?products/19287184 HTTP/1.1" 200 25360 "-" "Mozilla/5.0 (Linux; Android 6.0.1; Nexus 5X Build/MMB29P) AppleWebKit/537.36 (KHTML, like Gecko) Chrome/141.0.7390.122 Mobile Safari/537.36 (compatible; GoogleOther)"
185.170.167.18 - - [27/Dec/2025:12:40:53 +0000] "GET /robots.txt HTTP/1.1" 200 81 "-" "Mozilla/5.0 (compatible; BacklinksExtendedBot)"
66.249.66.75 - - [27/Dec/2025:12:41:03 +0000] "GET /wp-content/uploads/2021/01/hdl-intro-1-150x150.jpg HTTP/1.1" 200 2557 "-" "Googlebot-Image/1.0"
66.249.66.75 - - [27/Dec/2025:12:41:12 +0000] "GET /?products/15642684 HTTP/1.1" 200 25119 "-" "Mozilla/5.0 (Linux; Android 6.0.1; Nexus 5X Build/MMB29P) AppleWebKit/537.36 (KHTML, like Gecko) Chrome/141.0.7390.122 Mobile Safari/537.36 (compatible; GoogleOther)"
66.249.66.39 - - [27/Dec/2025:12:41:25 +0000] "GET /?products/26317895 HTTP/1.1" 200 25404 "-" "Mozilla/5.0 (Linux; Android 6.0.1; Nexus 5X Build/MMB29P) AppleWebKit/537.36 (KHTML, like Gecko) Chrome/141.0.7390.122 Mobile Safari/537.36 (compatible; GoogleOther)"
66.249.66.76 - - [27/Dec/2025:12:41:32 +0000] "GET /?products/5721006 HTTP/1.1" 200 27317 "-" "Mozilla/5.0 (Linux; Android 6.0.1; Nexus 5X Build/MMB29P) AppleWebKit/537.36 (KHTML, like Gecko) Chrome/141.0.7390.122 Mobile Safari/537.36 (compatible; GoogleOther)"
83.166.138.97 - - [27/Dec/2025:12:41:32 +0000] "POST /xmlrpc.php HTTP/1.1" 200 416 "-" "Mozilla/5.0 (Windows NT 10.0; Win64; x64) AppleWebKit/537.36 (KHTML, like Gecko) Chrome/90.0.4430.212 Safari/537.36"
109.95.158.82 - - [27/Dec/2025:12:39:42 +0000] "POST /xmlrpc.php HTTP/1.1" 200 416 "-" "Mozilla/5.0 (Windows NT 5.1; rv:40.0) Gecko/20100101 Firefox/40.0"
109.95.158.82 - - [27/Dec/2025:12:39:43 +0000] "POST /xmlrpc.php HTTP/1.1" 200 416 "-" "Mozilla/5.0 (Windows NT 5.1; rv:40.0) Gecko/20100101 Firefox/40.0"
66.249.66.204 - - [27/Dec/2025:12:40:13 +0000] "GET /odr/order/apiGetCartItems/ HTTP/1.1" 200 25134 "https://alianzatejedorasdevida.org/?products/8819517" "Mozilla/5.0 (Linux; Android 6.0.1; Nexus 5X Build/MMB29P) AppleWebKit/537.36 (KHTML, like Gecko) Chrome/141.0.7390.122 Mobile Safari/537.36 (compatible; Googlebot/2.1; +http://www.google.com/bot.html)"
170.10.164.126 - - [27/Dec/2025:12:40:19 +0000] "POST /wp-cron.php?doing_wp_cron=1766839219.4182319641113281250000 HTTP/1.1" 200 0 "-" "WordPress/6.8.3; https://alianzatejedorasdevida.org"
36.50.135.109 - - [27/Dec/2025:12:40:18 +0000] "POST /xmlrpc.php HTTP/1.1" 200 416 "-" "Mozilla/5.0 (Windows NT 6.1; WOW64; rv:38.0) Gecko/20100101 Firefox/38.0"
36.50.135.109 - - [27/Dec/2025:12:40:24 +0000] "POST /xmlrpc.php HTTP/1.1" 200 416 "-" "Mozilla/5.0 (Windows NT 6.1; WOW64; rv:38.0) Gecko/20100101 Firefox/38.0"
36.50.135.109 - - [27/Dec/2025:12:40:33 +0000] "POST /xmlrpc.php HTTP/1.1" 200 3678 "-" "Mozilla/5.0 (Windows NT 6.1; WOW64; rv:38.0) Gecko/20100101 Firefox/38.0"
66.249.66.12 - - [27/Dec/2025:12:40:37 +0000] "GET /?products/3175973 HTTP/1.1" 200 26195 "-" "Mozilla/5.0 (Linux; Android 6.0.1; Nexus 5X Build/MMB29P) AppleWebKit/537.36 (KHTML, like Gecko) Chrome/141.0.7390.122 Mobile Safari/537.36 (compatible; GoogleOther)"
57.141.6.33 - - [27/Dec/2025:12:40:58 +0000] "GET /?products%2F12064895 HTTP/2" 200 278925 "-" "meta-externalagent/1.1 (+https://developers.facebook.com/docs/sharing/webmasters/crawler)"
66.249.66.161 - - [27/Dec/2025:12:41:05 +0000] "GET /?products/14971595 HTTP/1.1" 200 24780 "-" "Mozilla/5.0 (Linux; Android 6.0.1; Nexus 5X Build/MMB29P) AppleWebKit/537.36 (KHTML, like Gecko) Chrome/141.0.7390.122 Mobile Safari/537.36 (compatible; GoogleOther)"
66.249.66.161 - - [27/Dec/2025:12:41:09 +0000] "GET /?products/27915995 HTTP/1.1" 200 27025 "-" "Mozilla/5.0 (Linux; Android 6.0.1; Nexus 5X Build/MMB29P) AppleWebKit/537.36 (KHTML, like Gecko) Chrome/141.0.7390.122 Mobile Safari/537.36 (compatible; GoogleOther)"
66.249.66.75 - - [27/Dec/2025:12:41:22 +0000] "GET /?products/2825162 HTTP/1.1" 200 24696 "-" "Mozilla/5.0 (Linux; Android 6.0.1; Nexus 5X Build/MMB29P) AppleWebKit/537.36 (KHTML, like Gecko) Chrome/141.0.7390.122 Mobile Safari/537.36 (compatible; GoogleOther)"
66.249.66.161 - - [27/Dec/2025:12:41:28 +0000] "GET /wp-content/uploads/2016/06/Altavos-mayo-2016-100x100.jpg HTTP/1.1" 200 3750 "-" "Googlebot-Image/1.0"
57.141.6.27 - - [27/Dec/2025:12:41:26 +0000] "GET /?products%2F28800462 HTTP/2" 200 278925 "-" "meta-externalagent/1.1 (+https://developers.facebook.com/docs/sharing/webmasters/crawler)"
66.249.66.39 - - [27/Dec/2025:12:41:30 +0000] "GET /?products/21699039 HTTP/1.1" 200 27939 "-" "Mozilla/5.0 (Linux; Android 6.0.1; Nexus 5X Build/MMB29P) AppleWebKit/537.36 (KHTML, like Gecko) Chrome/141.0.7390.122 Mobile Safari/537.36 (compatible; GoogleOther)"
83.166.138.97 - - [27/Dec/2025:12:41:30 +0000] "POST /xmlrpc.php HTTP/1.1" 200 416 "-" "Mozilla/5.0 (Windows NT 10.0; Win64; x64) AppleWebKit/537.36 (KHTML, like Gecko) Chrome/90.0.4430.212 Safari/537.36"
83.166.138.97 - - [27/Dec/2025:12:41:33 +0000] "POST /xmlrpc.php HTTP/1.1" 200 416 "-" "Mozilla/5.0 (Windows NT 10.0; Win64; x64) AppleWebKit/537.36 (KHTML, like Gecko) Chrome/90.0.4430.212 Safari/537.36"
66.249.66.39 - - [27/Dec/2025:12:41:34 +0000] "GET /?products/16887951 HTTP/1.1" 200 25740 "-" "Mozilla/5.0 (Linux; Android 6.0.1; Nexus 5X Build/MMB29P) AppleWebKit/537.36 (KHTML, like Gecko) Chrome/141.0.7390.122 Mobile Safari/537.36 (compatible; GoogleOther)"
83.166.138.97 - - [27/Dec/2025:12:41:38 +0000] "POST /xmlrpc.php HTTP/1.1" 403 0 "-" "Mozilla/5.0 (Windows NT 10.0; Win64; x64) AppleWebKit/537.36 (KHTML, like Gecko) Chrome/90.0.4430.212 Safari/537.36"
66.249.66.39 - - [27/Dec/2025:12:41:20 +0000] "GET /?products/4482706 HTTP/1.1" 200 24925 "-" "Mozilla/5.0 (Linux; Android 6.0.1; Nexus 5X Build/MMB29P) AppleWebKit/537.36 (KHTML, like Gecko) Chrome/141.0.7390.122 Mobile Safari/537.36 (compatible; GoogleOther)"
66.249.66.192 - - [27/Dec/2025:12:41:23 +0000] "GET /?products/17110084 HTTP/1.1" 200 24416 "-" "Mozilla/5.0 (Linux; Android 6.0.1; Nexus 5X Build/MMB29P) AppleWebKit/537.36 (KHTML, like Gecko) Chrome/141.0.7390.122 Mobile Safari/537.36 (compatible; GoogleOther)"
66.249.66.13 - - [27/Dec/2025:12:41:26 +0000] "GET /?products/5249451 HTTP/1.1" 200 25417 "-" "Mozilla/5.0 (Linux; Android 6.0.1; Nexus 5X Build/MMB29P) AppleWebKit/537.36 (KHTML, like Gecko) Chrome/141.0.7390.122 Mobile Safari/537.36 (compatible; GoogleOther)"
170.10.164.126 - - [27/Dec/2025:12:41:27 +0000] "POST /wp-cron.php?doing_wp_cron=1766839287.7541921138763427734375 HTTP/1.1" 200 0 "-" "WordPress/6.8.3; https://alianzatejedorasdevida.org"
66.249.66.13 - - [27/Dec/2025:12:41:27 +0000] "GET /?products/1690073 HTTP/1.1" 200 24454 "-" "Mozilla/5.0 (Linux; Android 6.0.1; Nexus 5X Build/MMB29P) AppleWebKit/537.36 (KHTML, like Gecko) Chrome/141.0.7390.122 Mobile Safari/537.36 (compatible; GoogleOther)"
66.249.66.40 - - [27/Dec/2025:12:41:29 +0000] "GET /?products/1866673 HTTP/1.1" 200 25001 "-" "Mozilla/5.0 (Linux; Android 6.0.1; Nexus 5X Build/MMB29P) AppleWebKit/537.36 (KHTML, like Gecko) Chrome/141.0.7390.122 Mobile Safari/537.36 (compatible; GoogleOther)"
66.249.66.40 - - [27/Dec/2025:12:41:37 +0000] "GET /?products/22330362 HTTP/1.1" 200 24979 "-" "Mozilla/5.0 (Linux; Android 6.0.1; Nexus 5X Build/MMB29P) AppleWebKit/537.36 (KHTML, like Gecko) Chrome/141.0.7390.122 Mobile Safari/537.36 (compatible; GoogleOther)"
66.249.66.163 - - [27/Dec/2025:12:41:39 +0000] "GET /?products/21728795 HTTP/1.1" 200 26077 "-" "Mozilla/5.0 (Linux; Android 6.0.1; Nexus 5X Build/MMB29P) AppleWebKit/537.36 (KHTML, like Gecko) Chrome/141.0.7390.122 Mobile Safari/537.36 (compatible; GoogleOther)"
66.249.66.163 - - [27/Dec/2025:12:41:41 +0000] "GET /?products/26105384 HTTP/1.1" 200 25070 "-" "Mozilla/5.0 (Linux; Android 6.0.1; Nexus 5X Build/MMB29P) AppleWebKit/537.36 (KHTML, like Gecko) Chrome/141.0.7390.122 Mobile Safari/537.36 (compatible; GoogleOther)"
103.69.96.134 - - [27/Dec/2025:12:41:41 +0000] "POST /xmlrpc.php HTTP/1.1" 200 416 "-" "Mozilla/5.0 (Windows NT 6.1; Win64; x64) AppleWebKit/537.36 (KHTML, like Gecko) Chrome/60.0.3112.90 Safari/537.36"
103.69.96.134 - - [27/Dec/2025:12:41:45 +0000] "POST /xmlrpc.php HTTP/1.1" 200 416 "-" "Mozilla/5.0 (Windows NT 6.1; Win64; x64) AppleWebKit/537.36 (KHTML, like Gecko) Chrome/60.0.3112.90 Safari/537.36"
66.249.66.41 - - [27/Dec/2025:12:41:47 +0000] "GET /?products/14783106 HTTP/1.1" 200 26442 "-" "Mozilla/5.0 (Linux; Android 6.0.1; Nexus 5X Build/MMB29P) AppleWebKit/537.36 (KHTML, like Gecko) Chrome/141.0.7390.122 Mobile Safari/537.36 (compatible; GoogleOther)"
103.69.96.134 - - [27/Dec/2025:12:41:48 +0000] "POST /xmlrpc.php HTTP/1.1" 403 0 "-" "Mozilla/5.0 (Windows NT 6.1; Win64; x64) AppleWebKit/537.36 (KHTML, like Gecko) Chrome/60.0.3112.90 Safari/537.36"
66.249.66.78 - - [27/Dec/2025:12:41:53 +0000] "GET /wp-content/uploads/2025/06/1.-Mujer-derechos-humanos-construccion-de-paz-768x512.jpg HTTP/1.1" 200 66030 "-" "Googlebot-Image/1.0"
57.141.6.9 - - [27/Dec/2025:12:41:53 +0000] "GET /?products%2F15015695 HTTP/2" 200 278925 "-" "meta-externalagent/1.1 (+https://developers.facebook.com/docs/sharing/webmasters/crawler)"
66.249.66.76 - - [27/Dec/2025:12:41:56 +0000] "GET /?products/15409395 HTTP/1.1" 200 24843 "-" "Mozilla/5.0 (Linux; Android 6.0.1; Nexus 5X Build/MMB29P) AppleWebKit/537.36 (KHTML, like Gecko) Chrome/141.0.7390.122 Mobile Safari/537.36 (compatible; GoogleOther)"
66.249.66.39 - - [27/Dec/2025:12:41:59 +0000] "GET /?products/22091262 HTTP/1.1" 200 27231 "-" "Mozilla/5.0 (Linux; Android 6.0.1; Nexus 5X Build/MMB29P) AppleWebKit/537.36 (KHTML, like Gecko) Chrome/141.0.7390.122 Mobile Safari/537.36 (compatible; GoogleOther)"
66.249.66.77 - - [27/Dec/2025:12:41:43 +0000] "GET /?products/20214828 HTTP/1.1" 200 26076 "-" "Mozilla/5.0 (Linux; Android 6.0.1; Nexus 5X Build/MMB29P) AppleWebKit/537.36 (KHTML, like Gecko) Chrome/141.0.7390.122 Mobile Safari/537.36 (compatible; GoogleOther)"
66.249.66.40 - - [27/Dec/2025:12:41:46 +0000] "GET /?products/20205173 HTTP/1.1" 200 26167 "-" "Mozilla/5.0 (Linux; Android 6.0.1; Nexus 5X Build/MMB29P) AppleWebKit/537.36 (KHTML, like Gecko) Chrome/141.0.7390.122 Mobile Safari/537.36 (compatible; GoogleOther)"
66.249.66.76 - - [27/Dec/2025:12:41:48 +0000] "GET /?products/19338140 HTTP/1.1" 200 24921 "-" "Mozilla/5.0 (Linux; Android 6.0.1; Nexus 5X Build/MMB29P) AppleWebKit/537.36 (KHTML, like Gecko) Chrome/141.0.7390.122 Mobile Safari/537.36 (compatible; GoogleOther)"
66.249.66.78 - - [27/Dec/2025:12:41:51 +0000] "GET /?products/8388984 HTTP/1.1" 200 26162 "-" "Mozilla/5.0 (Linux; Android 6.0.1; Nexus 5X Build/MMB29P) AppleWebKit/537.36 (KHTML, like Gecko) Chrome/141.0.7390.122 Mobile Safari/537.36 (compatible; GoogleOther)"
66.249.66.41 - - [27/Dec/2025:12:41:52 +0000] "GET /?products/9059551 HTTP/1.1" 200 24993 "-" "Mozilla/5.0 (Linux; Android 6.0.1; Nexus 5X Build/MMB29P) AppleWebKit/537.36 (KHTML, like Gecko) Chrome/141.0.7390.122 Mobile Safari/537.36 (compatible; GoogleOther)"
66.249.66.78 - - [27/Dec/2025:12:41:54 +0000] "GET /?products/15537739 HTTP/1.1" 200 24590 "-" "Mozilla/5.0 (Linux; Android 6.0.1; Nexus 5X Build/MMB29P) AppleWebKit/537.36 (KHTML, like Gecko) Chrome/141.0.7390.122 Mobile Safari/537.36 (compatible; GoogleOther)"
66.249.66.41 - - [27/Dec/2025:12:41:58 +0000] "GET /?products/17578051 HTTP/1.1" 200 26014 "-" "Mozilla/5.0 (Linux; Android 6.0.1; Nexus 5X Build/MMB29P) AppleWebKit/537.36 (KHTML, like Gecko) Chrome/141.0.7390.122 Mobile Safari/537.36 (compatible; GoogleOther)"
66.249.66.164 - - [27/Dec/2025:12:42:01 +0000] "GET /?products/27133717 HTTP/1.1" 200 25590 "-" "Mozilla/5.0 (Linux; Android 6.0.1; Nexus 5X Build/MMB29P) AppleWebKit/537.36 (KHTML, like Gecko) Chrome/141.0.7390.122 Mobile Safari/537.36 (compatible; GoogleOther)"
66.249.66.194 - - [27/Dec/2025:12:42:02 +0000] "GET /?products/9667739 HTTP/1.1" 200 24669 "-" "Mozilla/5.0 (Linux; Android 6.0.1; Nexus 5X Build/MMB29P) AppleWebKit/537.36 (KHTML, like Gecko) Chrome/141.0.7390.122 Mobile Safari/537.36 (compatible; GoogleOther)"
66.249.66.162 - - [27/Dec/2025:12:42:07 +0000] "GET /?products/19533306 HTTP/1.1" 200 27207 "-" "Mozilla/5.0 (Linux; Android 6.0.1; Nexus 5X Build/MMB29P) AppleWebKit/537.36 (KHTML, like Gecko) Chrome/141.0.7390.122 Mobile Safari/537.36 (compatible; GoogleOther)"
66.249.66.192 - - [27/Dec/2025:12:42:10 +0000] "GET /?products/23469317 HTTP/1.1" 200 24866 "-" "Mozilla/5.0 (Linux; Android 6.0.1; Nexus 5X Build/MMB29P) AppleWebKit/537.36 (KHTML, like Gecko) Chrome/141.0.7390.122 Mobile Safari/537.36 (compatible; GoogleOther)"
66.249.66.39 - - [27/Dec/2025:12:42:12 +0000] "GET /?products/2464706 HTTP/1.1" 200 24810 "-" "Mozilla/5.0 (Linux; Android 6.0.1; Nexus 5X Build/MMB29P) AppleWebKit/537.36 (KHTML, like Gecko) Chrome/141.0.7390.122 Mobile Safari/537.36 (compatible; GoogleOther)"
66.249.66.204 - - [27/Dec/2025:12:42:13 +0000] "GET /?products/16491273 HTTP/1.1" 200 31323 "-" "Mozilla/5.0 (Linux; Android 6.0.1; Nexus 5X Build/MMB29P) AppleWebKit/537.36 (KHTML, like Gecko) Chrome/141.0.7390.122 Mobile Safari/537.36 (compatible; GoogleOther)"
66.249.66.75 - - [27/Dec/2025:12:42:16 +0000] "GET /?products/24236140 HTTP/1.1" 200 26149 "-" "Mozilla/5.0 (Linux; Android 6.0.1; Nexus 5X Build/MMB29P) AppleWebKit/537.36 (KHTML, like Gecko) Chrome/141.0.7390.122 Mobile Safari/537.36 (compatible; GoogleOther)"
66.249.66.75 - - [27/Dec/2025:12:42:17 +0000] "GET /?products/11748717 HTTP/1.1" 200 25950 "-" "Mozilla/5.0 (Linux; Android 6.0.1; Nexus 5X Build/MMB29P) AppleWebKit/537.36 (KHTML, like Gecko) Chrome/141.0.7390.122 Mobile Safari/537.36 (compatible; GoogleOther)"
66.249.66.13 - - [27/Dec/2025:12:41:33 +0000] "GET /?products/24335717 HTTP/1.1" 200 25092 "-" "Mozilla/5.0 (Linux; Android 6.0.1; Nexus 5X Build/MMB29P) AppleWebKit/537.36 (KHTML, like Gecko) Chrome/141.0.7390.122 Mobile Safari/537.36 (compatible; GoogleOther)"
66.249.66.75 - - [27/Dec/2025:12:41:36 +0000] "GET /?products/23307373 HTTP/1.1" 200 25079 "-" "Mozilla/5.0 (Linux; Android 6.0.1; Nexus 5X Build/MMB29P) AppleWebKit/537.36 (KHTML, like Gecko) Chrome/141.0.7390.122 Mobile Safari/537.36 (compatible; GoogleOther)"
83.166.138.97 - - [27/Dec/2025:12:41:35 +0000] "POST /xmlrpc.php HTTP/1.1" 200 416 "-" "Mozilla/5.0 (Windows NT 10.0; Win64; x64) AppleWebKit/537.36 (KHTML, like Gecko) Chrome/90.0.4430.212 Safari/537.36"
103.69.96.134 - - [27/Dec/2025:12:41:39 +0000] "POST /xmlrpc.php HTTP/1.1" 200 416 "-" "Mozilla/5.0 (Windows NT 6.1; Win64; x64) AppleWebKit/537.36 (KHTML, like Gecko) Chrome/60.0.3112.90 Safari/537.36"
66.249.66.12 - - [27/Dec/2025:12:41:40 +0000] "GET /?products/16011406 HTTP/1.1" 200 26643 "-" "Mozilla/5.0 (Linux; Android 6.0.1; Nexus 5X Build/MMB29P) AppleWebKit/537.36 (KHTML, like Gecko) Chrome/141.0.7390.122 Mobile Safari/537.36 (compatible; GoogleOther)"
103.69.96.134 - - [27/Dec/2025:12:41:43 +0000] "POST /xmlrpc.php HTTP/1.1" 200 416 "-" "Mozilla/5.0 (Windows NT 6.1; Win64; x64) AppleWebKit/537.36 (KHTML, like Gecko) Chrome/60.0.3112.90 Safari/537.36"
66.249.66.192 - - [27/Dec/2025:12:41:44 +0000] "GET /?products/21091717 HTTP/1.1" 200 25460 "-" "Mozilla/5.0 (Linux; Android 6.0.1; Nexus 5X Build/MMB29P) AppleWebKit/537.36 (KHTML, like Gecko) Chrome/141.0.7390.122 Mobile Safari/537.36 (compatible; GoogleOther)"
66.249.66.13 - - [27/Dec/2025:12:41:50 +0000] "GET /?products/2087273 HTTP/1.1" 200 24929 "-" "Mozilla/5.0 (Linux; Android 6.0.1; Nexus 5X Build/MMB29P) AppleWebKit/537.36 (KHTML, like Gecko) Chrome/141.0.7390.122 Mobile Safari/537.36 (compatible; GoogleOther)"
66.249.66.194 - - [27/Dec/2025:12:41:55 +0000] "GET /?products/19438939 HTTP/1.1" 200 24842 "-" "Mozilla/5.0 (Linux; Android 6.0.1; Nexus 5X Build/MMB29P) AppleWebKit/537.36 (KHTML, like Gecko) Chrome/141.0.7390.122 Mobile Safari/537.36 (compatible; GoogleOther)"
66.249.66.41 - - [27/Dec/2025:12:42:03 +0000] "GET /?products/13074373 HTTP/1.1" 200 26056 "-" "Mozilla/5.0 (Linux; Android 6.0.1; Nexus 5X Build/MMB29P) AppleWebKit/537.36 (KHTML, like Gecko) Chrome/141.0.7390.122 Mobile Safari/537.36 (compatible; GoogleOther)"
66.249.66.163 - - [27/Dec/2025:12:42:05 +0000] "GET /?products/29986606 HTTP/1.1" 200 24560 "-" "Mozilla/5.0 (Linux; Android 6.0.1; Nexus 5X Build/MMB29P) AppleWebKit/537.36 (KHTML, like Gecko) Chrome/141.0.7390.122 Mobile Safari/537.36 (compatible; GoogleOther)"
66.249.66.76 - - [27/Dec/2025:12:42:06 +0000] "GET /?products/4745928 HTTP/1.1" 200 25636 "-" "Mozilla/5.0 (Linux; Android 6.0.1; Nexus 5X Build/MMB29P) AppleWebKit/537.36 (KHTML, like Gecko) Chrome/141.0.7390.122 Mobile Safari/537.36 (compatible; GoogleOther)"
66.249.66.76 - - [27/Dec/2025:12:42:09 +0000] "GET /?products/23419906 HTTP/1.1" 200 24640 "-" "Mozilla/5.0 (Linux; Android 6.0.1; Nexus 5X Build/MMB29P) AppleWebKit/537.36 (KHTML, like Gecko) Chrome/141.0.7390.122 Mobile Safari/537.36 (compatible; GoogleOther)"
66.249.66.192 - - [27/Dec/2025:12:42:20 +0000] "GET /?products/12497862 HTTP/1.1" 200 25928 "-" "Mozilla/5.0 (Linux; Android 6.0.1; Nexus 5X Build/MMB29P) AppleWebKit/537.36 (KHTML, like Gecko) Chrome/141.0.7390.122 Mobile Safari/537.36 (compatible; GoogleOther)"
57.141.6.29 - - [27/Dec/2025:12:42:19 +0000] "GET /?products%2F13805551 HTTP/2" 200 278925 "-" "meta-externalagent/1.1 (+https://developers.facebook.com/docs/sharing/webmasters/crawler)"
66.249.66.40 - - [27/Dec/2025:12:42:22 +0000] "GET /?products/3843562 HTTP/1.1" 200 25685 "-" "Mozilla/5.0 (Linux; Android 6.0.1; Nexus 5X Build/MMB29P) AppleWebKit/537.36 (KHTML, like Gecko) Chrome/141.0.7390.122 Mobile Safari/537.36 (compatible; GoogleOther)"
62.164.177.240 - - [27/Dec/2025:12:42:17 +0000] "POST /xmlrpc.php HTTP/1.1" 200 224 "-" "Mozilla/5.0 (Macintosh; Intel Mac OS X 10_15_7) AppleWebKit/605.1.15 (KHTML, like Gecko) Version/17.5 Safari/605.1.15"
97.74.92.57 - - [27/Dec/2025:12:42:27 +0000] "POST /xmlrpc.php HTTP/1.1" 200 416 "-" "Mozilla/5.0 (Windows NT 10.0; Win64; x64) AppleWebKit/537.36 (KHTML, like Gecko) Chrome/57.0.2987.133 Safari/537.36"
66.249.66.12 - - [27/Dec/2025:12:42:32 +0000] "GET /?products/13598562 HTTP/1.1" 200 28418 "-" "Mozilla/5.0 (Linux; Android 6.0.1; Nexus 5X Build/MMB29P) AppleWebKit/537.36 (KHTML, like Gecko) Chrome/141.0.7390.122 Mobile Safari/537.36 (compatible; GoogleOther)"
66.249.66.75 - - [27/Dec/2025:12:42:33 +0000] "GET /?products/3476228 HTTP/1.1" 200 24536 "-" "Mozilla/5.0 (Linux; Android 6.0.1; Nexus 5X Build/MMB29P) AppleWebKit/537.36 (KHTML, like Gecko) Chrome/141.0.7390.122 Mobile Safari/537.36 (compatible; GoogleOther)"
66.249.66.76 - - [27/Dec/2025:12:42:35 +0000] "GET /?products/16192506 HTTP/1.1" 200 24839 "-" "Mozilla/5.0 (Linux; Android 6.0.1; Nexus 5X Build/MMB29P) AppleWebKit/537.36 (KHTML, like Gecko) Chrome/141.0.7390.122 Mobile Safari/537.36 (compatible; GoogleOther)"
66.249.66.12 - - [27/Dec/2025:12:42:36 +0000] "GET /?products/24868028 HTTP/1.1" 200 25018 "-" "Mozilla/5.0 (Linux; Android 6.0.1; Nexus 5X Build/MMB29P) AppleWebKit/537.36 (KHTML, like Gecko) Chrome/141.0.7390.122 Mobile Safari/537.36 (compatible; GoogleOther)"
97.74.92.57 - - [27/Dec/2025:12:42:35 +0000] "POST /xmlrpc.php HTTP/1.1" 200 3678 "-" "Mozilla/5.0 (Windows NT 10.0; Win64; x64) AppleWebKit/537.36 (KHTML, like Gecko) Chrome/57.0.2987.133 Safari/537.36"
97.74.92.57 - - [27/Dec/2025:12:42:38 +0000] "POST /xmlrpc.php HTTP/1.1" 403 0 "-" "Mozilla/5.0 (Windows NT 10.0; Win64; x64) AppleWebKit/537.36 (KHTML, like Gecko) Chrome/57.0.2987.133 Safari/537.36"
66.249.66.204 - - [27/Dec/2025:12:42:39 +0000] "GET /?products/17897240 HTTP/1.1" 200 24733 "-" "Mozilla/5.0 (Linux; Android 6.0.1; Nexus 5X Build/MMB29P) AppleWebKit/537.36 (KHTML, like Gecko) Chrome/141.0.7390.122 Mobile Safari/537.36 (compatible; GoogleOther)"
66.249.66.193 - - [27/Dec/2025:12:42:41 +0000] "GET /?products/14657062 HTTP/1.1" 200 26346 "-" "Mozilla/5.0 (Linux; Android 6.0.1; Nexus 5X Build/MMB29P) AppleWebKit/537.36 (KHTML, like Gecko) Chrome/141.0.7390.122 Mobile Safari/537.36 (compatible; GoogleOther)"
66.249.66.163 - - [27/Dec/2025:12:42:43 +0000] "GET /?products/21638406 HTTP/1.1" 200 26609 "-" "Mozilla/5.0 (Linux; Android 6.0.1; Nexus 5X Build/MMB29P) AppleWebKit/537.36 (KHTML, like Gecko) Chrome/141.0.7390.122 Mobile Safari/537.36 (compatible; GoogleOther)"
66.249.66.41 - - [27/Dec/2025:12:42:43 +0000] "GET /wp-content/uploads/2025/06/biodiversidad.jpg HTTP/1.1" 200 68003 "-" "Googlebot-Image/1.0"
66.249.66.77 - - [27/Dec/2025:12:42:44 +0000] "GET /?products/23398973 HTTP/1.1" 200 25307 "-" "Mozilla/5.0 (Linux; Android 6.0.1; Nexus 5X Build/MMB29P) AppleWebKit/537.36 (KHTML, like Gecko) Chrome/141.0.7390.122 Mobile Safari/537.36 (compatible; GoogleOther)"
66.249.66.163 - - [27/Dec/2025:12:42:45 +0000] "GET /?products/13590139 HTTP/1.1" 200 25092 "-" "Mozilla/5.0 (Linux; Android 6.0.1; Nexus 5X Build/MMB29P) AppleWebKit/537.36 (KHTML, like Gecko) Chrome/141.0.7390.122 Mobile Safari/537.36 (compatible; GoogleOther)"
66.249.66.163 - - [27/Dec/2025:12:42:47 +0000] "GET /?products/31277884 HTTP/1.1" 200 26277 "-" "Mozilla/5.0 (Linux; Android 6.0.1; Nexus 5X Build/MMB29P) AppleWebKit/537.36 (KHTML, like Gecko) Chrome/141.0.7390.122 Mobile Safari/537.36 (compatible; GoogleOther)"
66.249.66.194 - - [27/Dec/2025:12:42:50 +0000] "GET /?products/16555517 HTTP/1.1" 200 27258 "-" "Mozilla/5.0 (Linux; Android 6.0.1; Nexus 5X Build/MMB29P) AppleWebKit/537.36 (KHTML, like Gecko) Chrome/141.0.7390.122 Mobile Safari/537.36 (compatible; GoogleOther)"
66.249.66.75 - - [27/Dec/2025:12:42:18 +0000] "GET /wp-content/uploads/2020/09/give16.jpg HTTP/1.1" 200 37763 "-" "Googlebot-Image/1.0"
170.10.164.126 - - [27/Dec/2025:12:42:18 +0000] "POST /wp-cron.php?doing_wp_cron=1766839338.4010651111602783203125 HTTP/1.1" 200 0 "-" "WordPress/6.8.3; https://alianzatejedorasdevida.org"
66.249.66.161 - - [27/Dec/2025:12:42:19 +0000] "GET /?products/5854884 HTTP/1.1" 200 24053 "-" "Mozilla/5.0 (Linux; Android 6.0.1; Nexus 5X Build/MMB29P) AppleWebKit/537.36 (KHTML, like Gecko) Chrome/141.0.7390.122 Mobile Safari/537.36 (compatible; GoogleOther)"
66.249.66.39 - - [27/Dec/2025:12:42:26 +0000] "GET /?products/15817551 HTTP/1.1" 200 24988 "-" "Mozilla/5.0 (Linux; Android 6.0.1; Nexus 5X Build/MMB29P) AppleWebKit/537.36 (KHTML, like Gecko) Chrome/141.0.7390.122 Mobile Safari/537.36 (compatible; GoogleOther)"
66.249.66.39 - - [27/Dec/2025:12:42:28 +0000] "GET /?products/20908817 HTTP/1.1" 200 24956 "-" "Mozilla/5.0 (Linux; Android 6.0.1; Nexus 5X Build/MMB29P) AppleWebKit/537.36 (KHTML, like Gecko) Chrome/141.0.7390.122 Mobile Safari/537.36 (compatible; GoogleOther)"
66.249.66.39 - - [27/Dec/2025:12:42:30 +0000] "GET /?products/19117851 HTTP/1.1" 200 25256 "-" "Mozilla/5.0 (Linux; Android 6.0.1; Nexus 5X Build/MMB29P) AppleWebKit/537.36 (KHTML, like Gecko) Chrome/141.0.7390.122 Mobile Safari/537.36 (compatible; GoogleOther)"
97.74.92.57 - - [27/Dec/2025:12:42:30 +0000] "POST /xmlrpc.php HTTP/1.1" 200 416 "-" "Mozilla/5.0 (Windows NT 10.0; Win64; x64) AppleWebKit/537.36 (KHTML, like Gecko) Chrome/57.0.2987.133 Safari/537.36"
97.74.92.57 - - [27/Dec/2025:12:42:32 +0000] "POST /xmlrpc.php HTTP/1.1" 200 416 "-" "Mozilla/5.0 (Windows NT 10.0; Win64; x64) AppleWebKit/537.36 (KHTML, like Gecko) Chrome/57.0.2987.133 Safari/537.36"
66.249.66.40 - - [27/Dec/2025:12:42:37 +0000] "GET /?products/8873417 HTTP/1.1" 200 24967 "-" "Mozilla/5.0 (Linux; Android 6.0.1; Nexus 5X Build/MMB29P) AppleWebKit/537.36 (KHTML, like Gecko) Chrome/141.0.7390.122 Mobile Safari/537.36 (compatible; GoogleOther)"
