Sid Gifari File Manager
🏠 Root
/
home
/
alianzatejedoras
/
access-logs
/
📝 Editing: alianzatejedorasdevida.org-ssl_log
66.249.66.192 - - [27/Dec/2025:12:01:40 +0000] "GET /?products/18006551 HTTP/1.1" 200 25053 "-" "Mozilla/5.0 (Linux; Android 6.0.1; Nexus 5X Build/MMB29P) AppleWebKit/537.36 (KHTML, like Gecko) Chrome/141.0.7390.122 Mobile Safari/537.36 (compatible; GoogleOther)"
57.141.6.7 - - [27/Dec/2025:12:01:41 +0000] "GET /?products%2F6568484 HTTP/2" 200 278925 "-" "meta-externalagent/1.1 (+https://developers.facebook.com/docs/sharing/webmasters/crawler)"
66.249.66.13 - - [27/Dec/2025:12:01:42 +0000] "GET /?products/10433739 HTTP/1.1" 200 24112 "-" "Mozilla/5.0 (Linux; Android 6.0.1; Nexus 5X Build/MMB29P) AppleWebKit/537.36 (KHTML, like Gecko) Chrome/141.0.7390.122 Mobile Safari/537.36 (compatible; GoogleOther)"
66.249.66.13 - - [27/Dec/2025:12:01:43 +0000] "GET /?products/9708584 HTTP/1.1" 200 27094 "-" "Mozilla/5.0 (Linux; Android 6.0.1; Nexus 5X Build/MMB29P) AppleWebKit/537.36 (KHTML, like Gecko) Chrome/141.0.7390.122 Mobile Safari/537.36 (compatible; GoogleOther)"
66.249.66.40 - - [27/Dec/2025:12:01:47 +0000] "GET /?products/25749028 HTTP/1.1" 200 24382 "-" "Mozilla/5.0 (Linux; Android 6.0.1; Nexus 5X Build/MMB29P) AppleWebKit/537.36 (KHTML, like Gecko) Chrome/141.0.7390.122 Mobile Safari/537.36 (compatible; GoogleOther)"
57.141.6.16 - - [27/Dec/2025:12:01:47 +0000] "GET /?products%2F12730106 HTTP/2" 200 278925 "-" "meta-externalagent/1.1 (+https://developers.facebook.com/docs/sharing/webmasters/crawler)"
66.249.66.13 - - [27/Dec/2025:12:01:49 +0000] "GET /?products/30222417 HTTP/1.1" 200 24576 "-" "Mozilla/5.0 (Linux; Android 6.0.1; Nexus 5X Build/MMB29P) AppleWebKit/537.36 (KHTML, like Gecko) Chrome/141.0.7390.122 Mobile Safari/537.36 (compatible; GoogleOther)"
66.249.66.162 - - [27/Dec/2025:12:01:51 +0000] "GET /wp-content/uploads/2024/04/WhatsApp-Image-2024-04-26-at-9.16.27-AM-2-1568x1045.jpeg HTTP/1.1" 200 261778 "-" "Googlebot-Image/1.0"
66.249.66.75 - - [27/Dec/2025:12:02:00 +0000] "GET /?products/15151662 HTTP/1.1" 200 27491 "-" "Mozilla/5.0 (Linux; Android 6.0.1; Nexus 5X Build/MMB29P) AppleWebKit/537.36 (KHTML, like Gecko) Chrome/141.0.7390.122 Mobile Safari/537.36 (compatible; GoogleOther)"
57.141.6.14 - - [27/Dec/2025:12:02:02 +0000] "GET /?products%2F9839873 HTTP/2" 200 278925 "-" "meta-externalagent/1.1 (+https://developers.facebook.com/docs/sharing/webmasters/crawler)"
57.141.6.1 - - [27/Dec/2025:12:02:05 +0000] "GET /?products%2F15895306 HTTP/2" 200 278925 "-" "meta-externalagent/1.1 (+https://developers.facebook.com/docs/sharing/webmasters/crawler)"
170.10.164.126 - - [27/Dec/2025:12:02:09 +0000] "POST /wp-cron.php?doing_wp_cron=1766836929.1857430934906005859375 HTTP/1.1" 200 0 "-" "WordPress/6.8.3; https://alianzatejedorasdevida.org"
57.141.6.7 - - [27/Dec/2025:12:02:21 +0000] "GET /?products%2F23160062 HTTP/2" 200 278925 "-" "meta-externalagent/1.1 (+https://developers.facebook.com/docs/sharing/webmasters/crawler)"
57.141.6.14 - - [27/Dec/2025:12:02:23 +0000] "GET /?products%2F17983362 HTTP/2" 200 278925 "-" "meta-externalagent/1.1 (+https://developers.facebook.com/docs/sharing/webmasters/crawler)"
57.141.6.3 - - [27/Dec/2025:12:02:38 +0000] "GET /?products%2F14195251 HTTP/2" 200 278925 "-" "meta-externalagent/1.1 (+https://developers.facebook.com/docs/sharing/webmasters/crawler)"
66.249.66.162 - - [27/Dec/2025:12:02:40 +0000] "GET /?products/13001417 HTTP/1.1" 200 24655 "-" "Mozilla/5.0 (Linux; Android 6.0.1; Nexus 5X Build/MMB29P) AppleWebKit/537.36 (KHTML, like Gecko) Chrome/141.0.7390.122 Mobile Safari/537.36 (compatible; GoogleOther)"
57.141.6.19 - - [27/Dec/2025:12:02:41 +0000] "GET /?products%2F11178606 HTTP/2" 200 278925 "-" "meta-externalagent/1.1 (+https://developers.facebook.com/docs/sharing/webmasters/crawler)"
57.141.6.30 - - [27/Dec/2025:12:02:46 +0000] "GET /?products%2F27173551 HTTP/2" 200 278925 "-" "meta-externalagent/1.1 (+https://developers.facebook.com/docs/sharing/webmasters/crawler)"
57.141.6.32 - - [27/Dec/2025:12:02:51 +0000] "GET /?products%2F5115540 HTTP/2" 200 278925 "-" "meta-externalagent/1.1 (+https://developers.facebook.com/docs/sharing/webmasters/crawler)"
66.249.66.41 - - [27/Dec/2025:12:01:45 +0000] "GET /?products/3314451 HTTP/1.1" 200 25594 "-" "Mozilla/5.0 (Linux; Android 6.0.1; Nexus 5X Build/MMB29P) AppleWebKit/537.36 (KHTML, like Gecko) Chrome/141.0.7390.122 Mobile Safari/537.36 (compatible; GoogleOther)"
57.141.6.22 - - [27/Dec/2025:12:01:44 +0000] "GET /?products%2F2411684 HTTP/2" 200 278925 "-" "meta-externalagent/1.1 (+https://developers.facebook.com/docs/sharing/webmasters/crawler)"
66.249.66.12 - - [27/Dec/2025:12:01:46 +0000] "GET /?products/7567351 HTTP/1.1" 200 26047 "-" "Mozilla/5.0 (Linux; Android 6.0.1; Nexus 5X Build/MMB29P) AppleWebKit/537.36 (KHTML, like Gecko) Chrome/141.0.7390.122 Mobile Safari/537.36 (compatible; GoogleOther)"
66.249.66.76 - - [27/Dec/2025:12:01:50 +0000] "GET /?products/16445240 HTTP/1.1" 200 24907 "-" "Mozilla/5.0 (Linux; Android 6.0.1; Nexus 5X Build/MMB29P) AppleWebKit/537.36 (KHTML, like Gecko) Chrome/141.0.7390.122 Mobile Safari/537.36 (compatible; GoogleOther)"
66.249.66.39 - - [27/Dec/2025:12:01:53 +0000] "GET /?products/26683284 HTTP/1.1" 200 26014 "-" "Mozilla/5.0 (Linux; Android 6.0.1; Nexus 5X Build/MMB29P) AppleWebKit/537.36 (KHTML, like Gecko) Chrome/141.0.7390.122 Mobile Safari/537.36 (compatible; GoogleOther)"
57.141.6.21 - - [27/Dec/2025:12:01:52 +0000] "GET /?products%2F5599539 HTTP/2" 200 278925 "-" "meta-externalagent/1.1 (+https://developers.facebook.com/docs/sharing/webmasters/crawler)"
57.141.6.36 - - [27/Dec/2025:12:01:57 +0000] "GET /?products%2F15593206 HTTP/2" 200 278925 "-" "meta-externalagent/1.1 (+https://developers.facebook.com/docs/sharing/webmasters/crawler)"
66.249.66.194 - - [27/Dec/2025:12:01:59 +0000] "GET /?products/12941039 HTTP/1.1" 200 26263 "-" "Mozilla/5.0 (Linux; Android 6.0.1; Nexus 5X Build/MMB29P) AppleWebKit/537.36 (KHTML, like Gecko) Chrome/141.0.7390.122 Mobile Safari/537.36 (compatible; GoogleOther)"
57.141.6.19 - - [27/Dec/2025:12:02:00 +0000] "GET /?products%2F3427217 HTTP/2" 200 278925 "-" "meta-externalagent/1.1 (+https://developers.facebook.com/docs/sharing/webmasters/crawler)"
57.141.6.30 - - [27/Dec/2025:12:02:18 +0000] "GET /?products%2F30073484 HTTP/2" 200 278925 "-" "meta-externalagent/1.1 (+https://developers.facebook.com/docs/sharing/webmasters/crawler)"
57.141.6.8 - - [27/Dec/2025:12:02:28 +0000] "GET /?products%2F2645506 HTTP/2" 200 278925 "-" "meta-externalagent/1.1 (+https://developers.facebook.com/docs/sharing/webmasters/crawler)"
57.141.6.1 - - [27/Dec/2025:12:02:43 +0000] "GET /?products%2F9983528 HTTP/2" 200 278925 "-" "meta-externalagent/1.1 (+https://developers.facebook.com/docs/sharing/webmasters/crawler)"
66.249.66.13 - - [27/Dec/2025:12:02:53 +0000] "GET /?products/3453662 HTTP/1.1" 200 24817 "-" "Mozilla/5.0 (Linux; Android 6.0.1; Nexus 5X Build/MMB29P) AppleWebKit/537.36 (KHTML, like Gecko) Chrome/141.0.7390.122 Mobile Safari/537.36 (compatible; GoogleOther)"
57.141.6.22 - - [27/Dec/2025:12:02:53 +0000] "GET /?products%2F17619640 HTTP/2" 200 278925 "-" "meta-externalagent/1.1 (+https://developers.facebook.com/docs/sharing/webmasters/crawler)"
51.222.168.142 - - [27/Dec/2025:12:02:57 +0000] "GET /wp-content/uploads/2023/09/?ND HTTP/2" 200 6480 "-" "Mozilla/5.0 (compatible; AhrefsBot/7.0; +http://ahrefs.com/robot/)"
57.141.6.20 - - [27/Dec/2025:12:02:58 +0000] "GET /?products%2F7185273 HTTP/2" 200 278925 "-" "meta-externalagent/1.1 (+https://developers.facebook.com/docs/sharing/webmasters/crawler)"
66.249.66.12 - - [27/Dec/2025:12:03:10 +0000] "GET /?products/15438540 HTTP/1.1" 200 27098 "-" "Mozilla/5.0 (Linux; Android 6.0.1; Nexus 5X Build/MMB29P) AppleWebKit/537.36 (KHTML, like Gecko) Chrome/141.0.7390.122 Mobile Safari/537.36 (compatible; GoogleOther)"
66.249.66.40 - - [27/Dec/2025:12:03:11 +0000] "GET /?products/19609162 HTTP/1.1" 200 25106 "-" "Mozilla/5.0 (Linux; Android 6.0.1; Nexus 5X Build/MMB29P) AppleWebKit/537.36 (KHTML, like Gecko) Chrome/141.0.7390.122 Mobile Safari/537.36 (compatible; GoogleOther)"
57.141.6.4 - - [27/Dec/2025:12:01:50 +0000] "GET /?products%2F14992606 HTTP/2" 200 278925 "-" "meta-externalagent/1.1 (+https://developers.facebook.com/docs/sharing/webmasters/crawler)"
66.249.66.15 - - [27/Dec/2025:12:01:52 +0000] "GET /?products/17739351 HTTP/1.1" 200 25238 "-" "Mozilla/5.0 (Linux; Android 6.0.1; Nexus 5X Build/MMB29P) AppleWebKit/537.36 (KHTML, like Gecko) Chrome/141.0.7390.122 Mobile Safari/537.36 (compatible; GoogleOther)"
57.141.6.36 - - [27/Dec/2025:12:01:55 +0000] "GET /?products%2F7651028 HTTP/2" 200 278925 "-" "meta-externalagent/1.1 (+https://developers.facebook.com/docs/sharing/webmasters/crawler)"
57.141.6.5 - - [27/Dec/2025:12:02:08 +0000] "GET /?products%2F20406839 HTTP/2" 200 278925 "-" "meta-externalagent/1.1 (+https://developers.facebook.com/docs/sharing/webmasters/crawler)"
57.141.6.38 - - [27/Dec/2025:12:02:10 +0000] "GET /?products%2F18996317 HTTP/2" 200 278925 "-" "meta-externalagent/1.1 (+https://developers.facebook.com/docs/sharing/webmasters/crawler)"
57.141.6.12 - - [27/Dec/2025:12:02:13 +0000] "GET /?products%2F13078117 HTTP/2" 200 278925 "-" "meta-externalagent/1.1 (+https://developers.facebook.com/docs/sharing/webmasters/crawler)"
57.141.6.9 - - [27/Dec/2025:12:02:15 +0000] "GET /?products%2F19933862 HTTP/2" 200 278925 "-" "meta-externalagent/1.1 (+https://developers.facebook.com/docs/sharing/webmasters/crawler)"
57.141.6.38 - - [27/Dec/2025:12:02:26 +0000] "GET /?products%2F16517795 HTTP/2" 200 278925 "-" "meta-externalagent/1.1 (+https://developers.facebook.com/docs/sharing/webmasters/crawler)"
57.141.6.5 - - [27/Dec/2025:12:02:31 +0000] "GET /?products%2F24298239 HTTP/2" 200 278925 "-" "meta-externalagent/1.1 (+https://developers.facebook.com/docs/sharing/webmasters/crawler)"
57.141.6.11 - - [27/Dec/2025:12:02:33 +0000] "GET /?products%2F19360306 HTTP/2" 200 278925 "-" "meta-externalagent/1.1 (+https://developers.facebook.com/docs/sharing/webmasters/crawler)"
57.141.6.32 - - [27/Dec/2025:12:02:36 +0000] "GET /?products%2F22888984 HTTP/2" 200 278925 "-" "meta-externalagent/1.1 (+https://developers.facebook.com/docs/sharing/webmasters/crawler)"
66.249.66.77 - - [27/Dec/2025:12:02:41 +0000] "GET /wp-content/uploads/2021/01/adr-bg-video-300x300.jpg HTTP/1.1" 200 1338 "-" "Googlebot-Image/1.0"
57.141.6.33 - - [27/Dec/2025:12:02:48 +0000] "GET /?products%2F2248117 HTTP/2" 200 278925 "-" "meta-externalagent/1.1 (+https://developers.facebook.com/docs/sharing/webmasters/crawler)"
57.141.6.14 - - [27/Dec/2025:12:03:00 +0000] "GET /?products%2F11270862 HTTP/2" 200 278925 "-" "meta-externalagent/1.1 (+https://developers.facebook.com/docs/sharing/webmasters/crawler)"
57.141.6.18 - - [27/Dec/2025:12:03:03 +0000] "GET /?products%2F10552095 HTTP/2" 200 278925 "-" "meta-externalagent/1.1 (+https://developers.facebook.com/docs/sharing/webmasters/crawler)"
57.141.6.31 - - [27/Dec/2025:12:03:07 +0000] "GET /?products%2F13966051 HTTP/2" 200 278925 "-" "meta-externalagent/1.1 (+https://developers.facebook.com/docs/sharing/webmasters/crawler)"
57.141.6.35 - - [27/Dec/2025:12:03:15 +0000] "GET /?products%2F16943173 HTTP/2" 200 278925 "-" "meta-externalagent/1.1 (+https://developers.facebook.com/docs/sharing/webmasters/crawler)"
57.141.6.22 - - [27/Dec/2025:12:03:17 +0000] "GET /?products%2F19537562 HTTP/2" 200 278925 "-" "meta-externalagent/1.1 (+https://developers.facebook.com/docs/sharing/webmasters/crawler)"
57.141.6.37 - - [27/Dec/2025:12:03:19 +0000] "GET /?products%2F30489162 HTTP/2" 200 278925 "-" "meta-externalagent/1.1 (+https://developers.facebook.com/docs/sharing/webmasters/crawler)"
57.141.6.26 - - [27/Dec/2025:12:03:22 +0000] "GET /?products%2F31224739 HTTP/2" 200 278925 "-" "meta-externalagent/1.1 (+https://developers.facebook.com/docs/sharing/webmasters/crawler)"
66.249.66.12 - - [27/Dec/2025:12:03:33 +0000] "GET /?products/11037184 HTTP/1.1" 200 24290 "-" "Mozilla/5.0 (Linux; Android 6.0.1; Nexus 5X Build/MMB29P) AppleWebKit/537.36 (KHTML, like Gecko) Chrome/141.0.7390.122 Mobile Safari/537.36 (compatible; GoogleOther)"
57.141.6.16 - - [27/Dec/2025:12:02:55 +0000] "GET /?products%2F16507473 HTTP/2" 200 278925 "-" "meta-externalagent/1.1 (+https://developers.facebook.com/docs/sharing/webmasters/crawler)"
66.249.66.39 - - [27/Dec/2025:12:03:01 +0000] "GET /?products/14706662 HTTP/1.1" 200 26205 "-" "Mozilla/5.0 (Linux; Android 6.0.1; Nexus 5X Build/MMB29P) AppleWebKit/537.36 (KHTML, like Gecko) Chrome/141.0.7390.122 Mobile Safari/537.36 (compatible; GoogleOther)"
170.10.164.126 - - [27/Dec/2025:12:03:06 +0000] "POST /wp-cron.php?doing_wp_cron=1766836986.5616729259490966796875 HTTP/1.1" 200 0 "-" "WordPress/6.8.3; https://alianzatejedorasdevida.org"
57.141.6.23 - - [27/Dec/2025:12:03:06 +0000] "GET /?products%2F23155384 HTTP/2" 200 278925 "-" "meta-externalagent/1.1 (+https://developers.facebook.com/docs/sharing/webmasters/crawler)"
57.141.6.21 - - [27/Dec/2025:12:03:10 +0000] "GET /?products%2F11154984 HTTP/2" 200 278925 "-" "meta-externalagent/1.1 (+https://developers.facebook.com/docs/sharing/webmasters/crawler)"
57.141.6.17 - - [27/Dec/2025:12:03:27 +0000] "GET /?products%2F15739428 HTTP/2" 200 278925 "-" "meta-externalagent/1.1 (+https://developers.facebook.com/docs/sharing/webmasters/crawler)"
57.141.6.37 - - [27/Dec/2025:12:03:29 +0000] "GET /?products%2F26777528 HTTP/2" 200 278925 "-" "meta-externalagent/1.1 (+https://developers.facebook.com/docs/sharing/webmasters/crawler)"
66.249.66.204 - - [27/Dec/2025:12:03:33 +0000] "GET /robots.txt HTTP/1.1" 200 81 "-" "Mozilla/5.0 (compatible; Googlebot/2.1; +http://www.google.com/bot.html)"
57.141.6.12 - - [27/Dec/2025:12:03:43 +0000] "GET /?products%2F24523817 HTTP/2" 200 278925 "-" "meta-externalagent/1.1 (+https://developers.facebook.com/docs/sharing/webmasters/crawler)"
57.141.6.26 - - [27/Dec/2025:12:03:51 +0000] "GET /?products%2F24870062 HTTP/2" 200 278925 "-" "meta-externalagent/1.1 (+https://developers.facebook.com/docs/sharing/webmasters/crawler)"
66.249.66.75 - - [27/Dec/2025:12:03:54 +0000] "GET /height=323/img/x/product/details/20240829/sd1_38f5a7506a9996dc856fddccf6f7b038ac7936e6.jpg HTTP/1.1" 404 46863 "-" "Googlebot-Image/1.0"
57.141.6.9 - - [27/Dec/2025:12:04:02 +0000] "GET /?products%2F17987728 HTTP/2" 200 278925 "-" "meta-externalagent/1.1 (+https://developers.facebook.com/docs/sharing/webmasters/crawler)"
66.249.66.77 - - [27/Dec/2025:12:04:04 +0000] "GET /?products/26270984 HTTP/1.1" 200 24388 "-" "Mozilla/5.0 (Linux; Android 6.0.1; Nexus 5X Build/MMB29P) AppleWebKit/537.36 (KHTML, like Gecko) Chrome/141.0.7390.122 Mobile Safari/537.36 (compatible; GoogleOther)"
57.141.6.10 - - [27/Dec/2025:12:04:07 +0000] "GET /?products%2F16163773 HTTP/2" 200 278925 "-" "meta-externalagent/1.1 (+https://developers.facebook.com/docs/sharing/webmasters/crawler)"
57.141.6.36 - - [27/Dec/2025:12:04:16 +0000] "GET /?products%2F19229417 HTTP/2" 200 278925 "-" "meta-externalagent/1.1 (+https://developers.facebook.com/docs/sharing/webmasters/crawler)"
57.141.6.10 - - [27/Dec/2025:12:04:18 +0000] "GET /?products%2F6167439 HTTP/2" 200 278925 "-" "meta-externalagent/1.1 (+https://developers.facebook.com/docs/sharing/webmasters/crawler)"
57.141.6.13 - - [27/Dec/2025:12:04:25 +0000] "GET /?products%2F10892828 HTTP/2" 200 278925 "-" "meta-externalagent/1.1 (+https://developers.facebook.com/docs/sharing/webmasters/crawler)"
57.141.6.16 - - [27/Dec/2025:12:04:28 +0000] "GET /?products%2F10785917 HTTP/2" 200 278925 "-" "meta-externalagent/1.1 (+https://developers.facebook.com/docs/sharing/webmasters/crawler)"
57.141.6.27 - - [27/Dec/2025:12:04:33 +0000] "GET /?products%2F10334428 HTTP/2" 200 278925 "-" "meta-externalagent/1.1 (+https://developers.facebook.com/docs/sharing/webmasters/crawler)"
57.141.6.18 - - [27/Dec/2025:12:04:39 +0000] "GET /?products%2F28700251 HTTP/2" 200 278925 "-" "meta-externalagent/1.1 (+https://developers.facebook.com/docs/sharing/webmasters/crawler)"
66.249.66.12 - - [27/Dec/2025:12:04:42 +0000] "GET /robots.txt HTTP/1.1" 200 81 "-" "Mozilla/5.0 (compatible; Googlebot/2.1; +http://www.google.com/bot.html)"
57.141.6.20 - - [27/Dec/2025:12:03:12 +0000] "GET /?products%2F12362028 HTTP/2" 200 278925 "-" "meta-externalagent/1.1 (+https://developers.facebook.com/docs/sharing/webmasters/crawler)"
57.141.6.16 - - [27/Dec/2025:12:03:24 +0000] "GET /?products%2F14210884 HTTP/2" 200 278925 "-" "meta-externalagent/1.1 (+https://developers.facebook.com/docs/sharing/webmasters/crawler)"
57.141.6.31 - - [27/Dec/2025:12:03:31 +0000] "GET /?products%2F6570640 HTTP/2" 200 278925 "-" "meta-externalagent/1.1 (+https://developers.facebook.com/docs/sharing/webmasters/crawler)"
57.141.6.4 - - [27/Dec/2025:12:03:36 +0000] "GET /?products%2F6020817 HTTP/2" 200 278925 "-" "meta-externalagent/1.1 (+https://developers.facebook.com/docs/sharing/webmasters/crawler)"
57.141.6.11 - - [27/Dec/2025:12:03:46 +0000] "GET /?products%2F16788284 HTTP/2" 200 278925 "-" "meta-externalagent/1.1 (+https://developers.facebook.com/docs/sharing/webmasters/crawler)"
170.10.164.126 - - [27/Dec/2025:12:04:08 +0000] "POST /wp-cron.php?doing_wp_cron=1766837048.4125509262084960937500 HTTP/1.1" 200 0 "-" "WordPress/6.8.3; https://alianzatejedorasdevida.org"
57.141.6.16 - - [27/Dec/2025:12:04:10 +0000] "GET /?products%2F13531128 HTTP/2" 200 278925 "-" "meta-externalagent/1.1 (+https://developers.facebook.com/docs/sharing/webmasters/crawler)"
57.141.6.23 - - [27/Dec/2025:12:04:11 +0000] "GET /?products%2F28195506 HTTP/2" 200 278925 "-" "meta-externalagent/1.1 (+https://developers.facebook.com/docs/sharing/webmasters/crawler)"
57.141.6.21 - - [27/Dec/2025:12:04:20 +0000] "GET /?products%2F26868528 HTTP/2" 200 278925 "-" "meta-externalagent/1.1 (+https://developers.facebook.com/docs/sharing/webmasters/crawler)"
57.141.6.18 - - [27/Dec/2025:12:04:30 +0000] "GET /?products%2F6464562 HTTP/2" 200 278925 "-" "meta-externalagent/1.1 (+https://developers.facebook.com/docs/sharing/webmasters/crawler)"
57.141.6.21 - - [27/Dec/2025:12:04:36 +0000] "GET /?products%2F21672528 HTTP/2" 200 278925 "-" "meta-externalagent/1.1 (+https://developers.facebook.com/docs/sharing/webmasters/crawler)"
57.141.6.19 - - [27/Dec/2025:12:04:43 +0000] "GET /?products%2F11011062 HTTP/2" 200 278925 "-" "meta-externalagent/1.1 (+https://developers.facebook.com/docs/sharing/webmasters/crawler)"
57.141.6.37 - - [27/Dec/2025:12:04:47 +0000] "GET /?products%2F5927651 HTTP/2" 200 278925 "-" "meta-externalagent/1.1 (+https://developers.facebook.com/docs/sharing/webmasters/crawler)"
57.141.6.14 - - [27/Dec/2025:12:04:49 +0000] "GET /?products%2F4686573 HTTP/2" 200 278925 "-" "meta-externalagent/1.1 (+https://developers.facebook.com/docs/sharing/webmasters/crawler)"
57.141.6.7 - - [27/Dec/2025:12:04:54 +0000] "GET /?products%2F13350928 HTTP/2" 200 278925 "-" "meta-externalagent/1.1 (+https://developers.facebook.com/docs/sharing/webmasters/crawler)"
57.141.6.26 - - [27/Dec/2025:12:04:56 +0000] "GET /?products%2F10100606 HTTP/2" 200 278925 "-" "meta-externalagent/1.1 (+https://developers.facebook.com/docs/sharing/webmasters/crawler)"
57.141.6.38 - - [27/Dec/2025:12:04:59 +0000] "GET /?products%2F10307517 HTTP/2" 200 278925 "-" "meta-externalagent/1.1 (+https://developers.facebook.com/docs/sharing/webmasters/crawler)"
66.249.66.161 - - [27/Dec/2025:12:05:01 +0000] "GET /?products/30471028 HTTP/1.1" 200 25618 "-" "Mozilla/5.0 (Linux; Android 6.0.1; Nexus 5X Build/MMB29P) AppleWebKit/537.36 (KHTML, like Gecko) Chrome/141.0.7390.122 Mobile Safari/537.36 (compatible; GoogleOther)"
66.249.66.192 - - [27/Dec/2025:12:05:04 +0000] "GET /?products/22487795 HTTP/1.1" 200 25639 "-" "Mozilla/5.0 (Linux; Android 6.0.1; Nexus 5X Build/MMB29P) AppleWebKit/537.36 (KHTML, like Gecko) Chrome/141.0.7390.122 Mobile Safari/537.36 (compatible; GoogleOther)"
170.10.164.126 - - [27/Dec/2025:12:05:07 +0000] "POST /wp-cron.php?doing_wp_cron=1766837107.7882270812988281250000 HTTP/1.1" 200 0 "-" "WordPress/6.8.3; https://alianzatejedorasdevida.org"
57.141.6.24 - - [27/Dec/2025:12:05:07 +0000] "GET /?products%2F28815417 HTTP/2" 200 278925 "-" "meta-externalagent/1.1 (+https://developers.facebook.com/docs/sharing/webmasters/crawler)"
57.141.6.38 - - [27/Dec/2025:12:03:34 +0000] "GET /?products%2F24402428 HTTP/2" 200 278925 "-" "meta-externalagent/1.1 (+https://developers.facebook.com/docs/sharing/webmasters/crawler)"
57.141.6.18 - - [27/Dec/2025:12:03:39 +0000] "GET /?products%2F9042339 HTTP/2" 200 278925 "-" "meta-externalagent/1.1 (+https://developers.facebook.com/docs/sharing/webmasters/crawler)"
57.141.6.4 - - [27/Dec/2025:12:03:41 +0000] "GET /?products%2F27942473 HTTP/2" 200 278925 "-" "meta-externalagent/1.1 (+https://developers.facebook.com/docs/sharing/webmasters/crawler)"
57.141.6.2 - - [27/Dec/2025:12:03:49 +0000] "GET /?products%2F29622406 HTTP/2" 200 278925 "-" "meta-externalagent/1.1 (+https://developers.facebook.com/docs/sharing/webmasters/crawler)"
57.141.6.7 - - [27/Dec/2025:12:03:53 +0000] "GET /?products%2F11282528 HTTP/2" 200 278925 "-" "meta-externalagent/1.1 (+https://developers.facebook.com/docs/sharing/webmasters/crawler)"
57.141.6.16 - - [27/Dec/2025:12:03:55 +0000] "GET /?products%2F27371562 HTTP/2" 200 278925 "-" "meta-externalagent/1.1 (+https://developers.facebook.com/docs/sharing/webmasters/crawler)"
57.141.6.20 - - [27/Dec/2025:12:03:57 +0000] "GET /?products%2F23775917 HTTP/2" 200 278925 "-" "meta-externalagent/1.1 (+https://developers.facebook.com/docs/sharing/webmasters/crawler)"
57.141.6.24 - - [27/Dec/2025:12:04:00 +0000] "GET /?products%2F9331039 HTTP/2" 200 278925 "-" "meta-externalagent/1.1 (+https://developers.facebook.com/docs/sharing/webmasters/crawler)"
66.249.66.76 - - [27/Dec/2025:12:04:02 +0000] "GET /?products/14862351 HTTP/1.1" 200 25977 "-" "Mozilla/5.0 (Linux; Android 6.0.1; Nexus 5X Build/MMB29P) AppleWebKit/537.36 (KHTML, like Gecko) Chrome/141.0.7390.122 Mobile Safari/537.36 (compatible; GoogleOther)"
57.141.6.21 - - [27/Dec/2025:12:04:05 +0000] "GET /?products%2F4100384 HTTP/2" 200 278925 "-" "meta-externalagent/1.1 (+https://developers.facebook.com/docs/sharing/webmasters/crawler)"
57.141.6.19 - - [27/Dec/2025:12:04:13 +0000] "GET /?products%2F22659762 HTTP/2" 200 278925 "-" "meta-externalagent/1.1 (+https://developers.facebook.com/docs/sharing/webmasters/crawler)"
57.141.6.33 - - [27/Dec/2025:12:04:23 +0000] "GET /?products%2F7680139 HTTP/2" 200 278925 "-" "meta-externalagent/1.1 (+https://developers.facebook.com/docs/sharing/webmasters/crawler)"
57.141.6.31 - - [27/Dec/2025:12:04:31 +0000] "GET /?products%2F17148640 HTTP/2" 200 278925 "-" "meta-externalagent/1.1 (+https://developers.facebook.com/docs/sharing/webmasters/crawler)"
57.141.6.37 - - [27/Dec/2025:12:04:41 +0000] "GET /?products%2F26210595 HTTP/2" 200 278925 "-" "meta-externalagent/1.1 (+https://developers.facebook.com/docs/sharing/webmasters/crawler)"
57.141.6.30 - - [27/Dec/2025:12:04:45 +0000] "GET /?products%2F20115606 HTTP/2" 200 278925 "-" "meta-externalagent/1.1 (+https://developers.facebook.com/docs/sharing/webmasters/crawler)"
57.141.6.6 - - [27/Dec/2025:12:05:01 +0000] "GET /?products%2F16758451 HTTP/2" 200 278925 "-" "meta-externalagent/1.1 (+https://developers.facebook.com/docs/sharing/webmasters/crawler)"
57.141.6.9 - - [27/Dec/2025:12:05:05 +0000] "GET /?products%2F22723451 HTTP/2" 200 278925 "-" "meta-externalagent/1.1 (+https://developers.facebook.com/docs/sharing/webmasters/crawler)"
57.141.6.37 - - [27/Dec/2025:12:05:15 +0000] "GET /?products%2F4688506 HTTP/2" 200 278925 "-" "meta-externalagent/1.1 (+https://developers.facebook.com/docs/sharing/webmasters/crawler)"
57.141.6.10 - - [27/Dec/2025:12:05:28 +0000] "GET /?products%2F6611028 HTTP/2" 200 278925 "-" "meta-externalagent/1.1 (+https://developers.facebook.com/docs/sharing/webmasters/crawler)"
57.141.6.13 - - [27/Dec/2025:12:05:41 +0000] "GET /?products%2F17310162 HTTP/2" 200 278925 "-" "meta-externalagent/1.1 (+https://developers.facebook.com/docs/sharing/webmasters/crawler)"
57.141.6.12 - - [27/Dec/2025:12:05:45 +0000] "GET /?products%2F14163317 HTTP/2" 200 278925 "-" "meta-externalagent/1.1 (+https://developers.facebook.com/docs/sharing/webmasters/crawler)"
57.141.6.30 - - [27/Dec/2025:12:05:09 +0000] "GET /?products%2F23074484 HTTP/2" 200 278925 "-" "meta-externalagent/1.1 (+https://developers.facebook.com/docs/sharing/webmasters/crawler)"
66.249.66.12 - - [27/Dec/2025:12:05:12 +0000] "GET /wp-content/uploads/2022/03/npt-thumb-2-min.png HTTP/1.1" 200 3554 "-" "Googlebot-Image/1.0"
57.141.6.33 - - [27/Dec/2025:12:05:11 +0000] "GET /?products%2F26056639 HTTP/2" 200 278925 "-" "meta-externalagent/1.1 (+https://developers.facebook.com/docs/sharing/webmasters/crawler)"
57.141.6.31 - - [27/Dec/2025:12:05:13 +0000] "GET /?products%2F10202940 HTTP/2" 200 278925 "-" "meta-externalagent/1.1 (+https://developers.facebook.com/docs/sharing/webmasters/crawler)"
57.141.6.17 - - [27/Dec/2025:12:05:18 +0000] "GET /?products%2F28384851 HTTP/2" 200 278925 "-" "meta-externalagent/1.1 (+https://developers.facebook.com/docs/sharing/webmasters/crawler)"
57.141.6.35 - - [27/Dec/2025:12:05:20 +0000] "GET /?products%2F17358851 HTTP/2" 200 278925 "-" "meta-externalagent/1.1 (+https://developers.facebook.com/docs/sharing/webmasters/crawler)"
57.141.6.33 - - [27/Dec/2025:12:05:26 +0000] "GET /?products%2F6259695 HTTP/2" 200 278925 "-" "meta-externalagent/1.1 (+https://developers.facebook.com/docs/sharing/webmasters/crawler)"
57.141.6.17 - - [27/Dec/2025:12:05:31 +0000] "GET /?products%2F16759240 HTTP/2" 200 278925 "-" "meta-externalagent/1.1 (+https://developers.facebook.com/docs/sharing/webmasters/crawler)"
57.141.6.18 - - [27/Dec/2025:12:05:32 +0000] "GET /?products%2F24633028 HTTP/2" 200 278925 "-" "meta-externalagent/1.1 (+https://developers.facebook.com/docs/sharing/webmasters/crawler)"
57.141.6.31 - - [27/Dec/2025:12:05:34 +0000] "GET /?products%2F17265895 HTTP/2" 200 278925 "-" "meta-externalagent/1.1 (+https://developers.facebook.com/docs/sharing/webmasters/crawler)"
66.249.66.75 - - [27/Dec/2025:12:05:36 +0000] "GET /wp-content/uploads/2020/09/1-300x216.jpg HTTP/1.1" 200 15235 "-" "Googlebot-Image/1.0"
57.141.6.33 - - [27/Dec/2025:12:05:39 +0000] "GET /?products%2F28739084 HTTP/2" 200 278925 "-" "meta-externalagent/1.1 (+https://developers.facebook.com/docs/sharing/webmasters/crawler)"
57.141.6.23 - - [27/Dec/2025:12:05:43 +0000] "GET /?products%2F21739773 HTTP/2" 200 278925 "-" "meta-externalagent/1.1 (+https://developers.facebook.com/docs/sharing/webmasters/crawler)"
57.141.6.3 - - [27/Dec/2025:12:05:47 +0000] "GET /?products%2F30895428 HTTP/2" 200 278925 "-" "meta-externalagent/1.1 (+https://developers.facebook.com/docs/sharing/webmasters/crawler)"
57.141.6.8 - - [27/Dec/2025:12:05:50 +0000] "GET /?products%2F6784995 HTTP/2" 200 278925 "-" "meta-externalagent/1.1 (+https://developers.facebook.com/docs/sharing/webmasters/crawler)"
57.141.6.33 - - [27/Dec/2025:12:05:57 +0000] "GET /?products%2F22701039 HTTP/2" 200 278925 "-" "meta-externalagent/1.1 (+https://developers.facebook.com/docs/sharing/webmasters/crawler)"
57.141.6.38 - - [27/Dec/2025:12:06:00 +0000] "GET /?products%2F6948762 HTTP/2" 200 278925 "-" "meta-externalagent/1.1 (+https://developers.facebook.com/docs/sharing/webmasters/crawler)"
66.249.66.77 - - [27/Dec/2025:12:06:02 +0000] "GET /wp-content/uploads/2021/01/cts-bg-tes-600x194.jpg HTTP/1.1" 200 2010 "-" "Googlebot-Image/1.0"
57.141.6.37 - - [27/Dec/2025:12:06:02 +0000] "GET /?products%2F2458151 HTTP/2" 200 278925 "-" "meta-externalagent/1.1 (+https://developers.facebook.com/docs/sharing/webmasters/crawler)"
170.10.164.126 - - [27/Dec/2025:12:06:06 +0000] "POST /wp-cron.php?doing_wp_cron=1766837166.6690359115600585937500 HTTP/1.1" 200 0 "-" "WordPress/6.8.3; https://alianzatejedorasdevida.org"
57.141.6.8 - - [27/Dec/2025:12:06:12 +0000] "GET /?products%2F19177451 HTTP/2" 200 278925 "-" "meta-externalagent/1.1 (+https://developers.facebook.com/docs/sharing/webmasters/crawler)"
57.141.6.14 - - [27/Dec/2025:12:06:13 +0000] "GET /?products%2F15268728 HTTP/2" 200 278925 "-" "meta-externalagent/1.1 (+https://developers.facebook.com/docs/sharing/webmasters/crawler)"
66.249.66.75 - - [27/Dec/2025:12:04:43 +0000] "GET /?products/18737684 HTTP/1.1" 200 25474 "-" "Mozilla/5.0 (Linux; Android 6.0.1; Nexus 5X Build/MMB29P) AppleWebKit/537.36 (KHTML, like Gecko) Chrome/141.0.7390.122 Mobile Safari/537.36 (compatible; GoogleOther)"
57.141.6.18 - - [27/Dec/2025:12:04:51 +0000] "GET /?products%2F28544162 HTTP/2" 200 278925 "-" "meta-externalagent/1.1 (+https://developers.facebook.com/docs/sharing/webmasters/crawler)"
57.141.6.14 - - [27/Dec/2025:12:05:03 +0000] "GET /?products%2F15465306 HTTP/2" 200 278925 "-" "meta-externalagent/1.1 (+https://developers.facebook.com/docs/sharing/webmasters/crawler)"
57.141.6.30 - - [27/Dec/2025:12:05:22 +0000] "GET /?products%2F28473984 HTTP/2" 200 278925 "-" "meta-externalagent/1.1 (+https://developers.facebook.com/docs/sharing/webmasters/crawler)"
57.141.6.19 - - [27/Dec/2025:12:05:24 +0000] "GET /?products%2F31112684 HTTP/2" 200 278925 "-" "meta-externalagent/1.1 (+https://developers.facebook.com/docs/sharing/webmasters/crawler)"
170.10.164.126 - - [27/Dec/2025:12:05:35 +0000] "POST /wp-cron.php?doing_wp_cron=1766837135.5959439277648925781250 HTTP/1.1" 200 0 "-" "WordPress/6.8.3; https://alianzatejedorasdevida.org"
66.249.66.204 - - [27/Dec/2025:12:05:37 +0000] "GET /?products/8007240 HTTP/1.1" 200 25400 "-" "Mozilla/5.0 (Linux; Android 6.0.1; Nexus 5X Build/MMB29P) AppleWebKit/537.36 (KHTML, like Gecko) Chrome/141.0.7390.122 Mobile Safari/537.36 (compatible; GoogleOther)"
57.141.6.3 - - [27/Dec/2025:12:05:37 +0000] "GET /?products%2F24555317 HTTP/2" 200 278925 "-" "meta-externalagent/1.1 (+https://developers.facebook.com/docs/sharing/webmasters/crawler)"
57.141.6.34 - - [27/Dec/2025:12:05:51 +0000] "GET /?products%2F18029940 HTTP/2" 200 278925 "-" "meta-externalagent/1.1 (+https://developers.facebook.com/docs/sharing/webmasters/crawler)"
57.141.6.15 - - [27/Dec/2025:12:05:55 +0000] "GET /?products%2F19724040 HTTP/2" 200 278925 "-" "meta-externalagent/1.1 (+https://developers.facebook.com/docs/sharing/webmasters/crawler)"
66.249.66.161 - - [27/Dec/2025:12:06:04 +0000] "GET /?products/15501617 HTTP/1.1" 200 26134 "-" "Mozilla/5.0 (Linux; Android 6.0.1; Nexus 5X Build/MMB29P) AppleWebKit/537.36 (KHTML, like Gecko) Chrome/141.0.7390.122 Mobile Safari/537.36 (compatible; GoogleOther)"
57.141.6.22 - - [27/Dec/2025:12:06:03 +0000] "GET /?products%2F21565462 HTTP/2" 200 278925 "-" "meta-externalagent/1.1 (+https://developers.facebook.com/docs/sharing/webmasters/crawler)"
57.141.6.32 - - [27/Dec/2025:12:06:06 +0000] "GET /?products%2F4940306 HTTP/2" 200 278925 "-" "meta-externalagent/1.1 (+https://developers.facebook.com/docs/sharing/webmasters/crawler)"
57.141.6.7 - - [27/Dec/2025:12:06:08 +0000] "GET /?products%2F30349840 HTTP/2" 200 278925 "-" "meta-externalagent/1.1 (+https://developers.facebook.com/docs/sharing/webmasters/crawler)"
66.249.66.12 - - [27/Dec/2025:12:06:09 +0000] "GET /?products/23954328 HTTP/1.1" 200 24634 "-" "Mozilla/5.0 (Linux; Android 6.0.1; Nexus 5X Build/MMB29P) AppleWebKit/537.36 (KHTML, like Gecko) Chrome/141.0.7390.122 Mobile Safari/537.36 (compatible; GoogleOther)"
57.141.6.16 - - [27/Dec/2025:12:06:10 +0000] "GET /?products%2F21797040 HTTP/2" 200 278925 "-" "meta-externalagent/1.1 (+https://developers.facebook.com/docs/sharing/webmasters/crawler)"
57.141.6.17 - - [27/Dec/2025:12:06:15 +0000] "GET /?products%2F8776851 HTTP/2" 200 278925 "-" "meta-externalagent/1.1 (+https://developers.facebook.com/docs/sharing/webmasters/crawler)"
57.141.6.35 - - [27/Dec/2025:12:06:22 +0000] "GET /?products%2F16577384 HTTP/2" 200 278925 "-" "meta-externalagent/1.1 (+https://developers.facebook.com/docs/sharing/webmasters/crawler)"
145.239.10.137 - - [27/Dec/2025:12:06:26 +0000] "GET /menu.php HTTP/1.1" 404 54856 "https://alianzatejedorasdevida.org/menu.php" "Mozilla/5.0 (iPhone; CPU iPhone OS 17_5_1 like Mac OS X) AppleWebKit/605.1.15 (KHTML, like Gecko) Version/17.5 Mobile/15E148 Safari/604.1"
57.141.6.5 - - [27/Dec/2025:12:05:54 +0000] "GET /?products%2F31130973 HTTP/2" 200 278925 "-" "meta-externalagent/1.1 (+https://developers.facebook.com/docs/sharing/webmasters/crawler)"
66.249.66.40 - - [27/Dec/2025:12:06:01 +0000] "GET /robots.txt HTTP/1.1" 200 81 "-" "Mozilla/5.0 (compatible; Googlebot/2.1; +http://www.google.com/bot.html)"
207.46.13.31 - - [27/Dec/2025:12:06:13 +0000] "GET /wp-content/uploads/2025/07/FLYER-3-TDR-IMPRESION-DE-100-CARTILLAS-768x768.jpg HTTP/2" 200 109502 "-" "Mozilla/5.0 AppleWebKit/537.36 (KHTML, like Gecko; compatible; bingbot/2.0; +http://www.bing.com/bingbot.htm) Chrome/116.0.1938.76 Safari/537.36"
57.141.6.23 - - [27/Dec/2025:12:06:38 +0000] "GET /?products%2F29021017 HTTP/2" 200 278925 "-" "meta-externalagent/1.1 (+https://developers.facebook.com/docs/sharing/webmasters/crawler)"
57.141.6.12 - - [27/Dec/2025:12:06:43 +0000] "GET /?products%2F3979151 HTTP/2" 200 278925 "-" "meta-externalagent/1.1 (+https://developers.facebook.com/docs/sharing/webmasters/crawler)"
57.141.6.24 - - [27/Dec/2025:12:06:51 +0000] "GET /?products%2F24738162 HTTP/2" 200 278925 "-" "meta-externalagent/1.1 (+https://developers.facebook.com/docs/sharing/webmasters/crawler)"
57.141.6.14 - - [27/Dec/2025:12:06:58 +0000] "GET /?products%2F18648995 HTTP/2" 200 278925 "-" "meta-externalagent/1.1 (+https://developers.facebook.com/docs/sharing/webmasters/crawler)"
57.141.6.14 - - [27/Dec/2025:12:06:59 +0000] "GET /?products%2F11243551 HTTP/2" 200 278925 "-" "meta-externalagent/1.1 (+https://developers.facebook.com/docs/sharing/webmasters/crawler)"
57.141.6.11 - - [27/Dec/2025:12:07:01 +0000] "GET /?products%2F26326740 HTTP/2" 200 278925 "-" "meta-externalagent/1.1 (+https://developers.facebook.com/docs/sharing/webmasters/crawler)"
170.10.164.126 - - [27/Dec/2025:12:07:06 +0000] "POST /wp-cron.php?doing_wp_cron=1766837226.1261179447174072265625 HTTP/1.1" 200 0 "-" "WordPress/6.8.3; https://alianzatejedorasdevida.org"
57.141.6.23 - - [27/Dec/2025:12:07:07 +0000] "GET /?products%2F15361384 HTTP/2" 200 278925 "-" "meta-externalagent/1.1 (+https://developers.facebook.com/docs/sharing/webmasters/crawler)"
66.249.66.193 - - [27/Dec/2025:12:07:09 +0000] "GET /?products/23888717 HTTP/1.1" 200 25389 "-" "Mozilla/5.0 (Linux; Android 6.0.1; Nexus 5X Build/MMB29P) AppleWebKit/537.36 (KHTML, like Gecko) Chrome/141.0.7390.122 Mobile Safari/537.36 (compatible; GoogleOther)"
57.141.6.1 - - [27/Dec/2025:12:07:12 +0000] "GET /?products%2F12551939 HTTP/2" 200 278925 "-" "meta-externalagent/1.1 (+https://developers.facebook.com/docs/sharing/webmasters/crawler)"
57.141.6.5 - - [27/Dec/2025:12:07:16 +0000] "GET /?products%2F6688117 HTTP/2" 200 278925 "-" "meta-externalagent/1.1 (+https://developers.facebook.com/docs/sharing/webmasters/crawler)"
57.141.6.4 - - [27/Dec/2025:12:07:20 +0000] "GET /?products%2F17751540 HTTP/2" 200 278925 "-" "meta-externalagent/1.1 (+https://developers.facebook.com/docs/sharing/webmasters/crawler)"
57.141.6.3 - - [27/Dec/2025:12:07:22 +0000] "GET /?products%2F17093317 HTTP/2" 200 278925 "-" "meta-externalagent/1.1 (+https://developers.facebook.com/docs/sharing/webmasters/crawler)"
57.141.6.33 - - [27/Dec/2025:12:07:24 +0000] "GET /?products%2F3382939 HTTP/2" 200 278925 "-" "meta-externalagent/1.1 (+https://developers.facebook.com/docs/sharing/webmasters/crawler)"
66.249.66.204 - - [27/Dec/2025:12:07:26 +0000] "GET /?products/8800451 HTTP/1.1" 200 24347 "-" "Mozilla/5.0 (Linux; Android 6.0.1; Nexus 5X Build/MMB29P) AppleWebKit/537.36 (KHTML, like Gecko) Chrome/141.0.7390.122 Mobile Safari/537.36 (compatible; GoogleOther)"
57.141.6.11 - - [27/Dec/2025:12:07:30 +0000] "GET /?products%2F20996051 HTTP/2" 200 278925 "-" "meta-externalagent/1.1 (+https://developers.facebook.com/docs/sharing/webmasters/crawler)"
57.141.6.15 - - [27/Dec/2025:12:07:33 +0000] "GET /?products%2F13472395 HTTP/2" 200 278925 "-" "meta-externalagent/1.1 (+https://developers.facebook.com/docs/sharing/webmasters/crawler)"
57.141.6.5 - - [27/Dec/2025:12:06:18 +0000] "GET /?products%2F22996517 HTTP/2" 200 278925 "-" "meta-externalagent/1.1 (+https://developers.facebook.com/docs/sharing/webmasters/crawler)"
57.141.6.8 - - [27/Dec/2025:12:06:19 +0000] "GET /?products%2F30128940 HTTP/2" 200 278925 "-" "meta-externalagent/1.1 (+https://developers.facebook.com/docs/sharing/webmasters/crawler)"
57.141.6.28 - - [27/Dec/2025:12:06:24 +0000] "GET /?products%2F7589839 HTTP/2" 200 278925 "-" "meta-externalagent/1.1 (+https://developers.facebook.com/docs/sharing/webmasters/crawler)"
57.141.6.17 - - [27/Dec/2025:12:06:26 +0000] "GET /?products%2F10555084 HTTP/2" 200 278925 "-" "meta-externalagent/1.1 (+https://developers.facebook.com/docs/sharing/webmasters/crawler)"
57.141.6.14 - - [27/Dec/2025:12:06:28 +0000] "GET /?products%2F6301017 HTTP/2" 200 278925 "-" "meta-externalagent/1.1 (+https://developers.facebook.com/docs/sharing/webmasters/crawler)"
57.141.6.23 - - [27/Dec/2025:12:06:32 +0000] "GET /?products%2F9912573 HTTP/2" 200 278925 "-" "meta-externalagent/1.1 (+https://developers.facebook.com/docs/sharing/webmasters/crawler)"
66.249.66.39 - - [27/Dec/2025:12:06:40 +0000] "GET /?products/31388384 HTTP/1.1" 200 25089 "-" "Mozilla/5.0 (Linux; Android 6.0.1; Nexus 5X Build/MMB29P) AppleWebKit/537.36 (KHTML, like Gecko) Chrome/141.0.7390.122 Mobile Safari/537.36 (compatible; GoogleOther)"
57.141.6.21 - - [27/Dec/2025:12:06:40 +0000] "GET /?products%2F19440240 HTTP/2" 200 278925 "-" "meta-externalagent/1.1 (+https://developers.facebook.com/docs/sharing/webmasters/crawler)"
57.141.6.31 - - [27/Dec/2025:12:06:42 +0000] "GET /?products%2F7122217 HTTP/2" 200 278925 "-" "meta-externalagent/1.1 (+https://developers.facebook.com/docs/sharing/webmasters/crawler)"
57.141.6.33 - - [27/Dec/2025:12:06:48 +0000] "GET /?products%2F13432951 HTTP/2" 200 278925 "-" "meta-externalagent/1.1 (+https://developers.facebook.com/docs/sharing/webmasters/crawler)"
57.141.6.14 - - [27/Dec/2025:12:06:50 +0000] "GET /?products%2F18375062 HTTP/2" 200 278925 "-" "meta-externalagent/1.1 (+https://developers.facebook.com/docs/sharing/webmasters/crawler)"
57.141.6.18 - - [27/Dec/2025:12:06:54 +0000] "GET /?products%2F20060773 HTTP/2" 200 278925 "-" "meta-externalagent/1.1 (+https://developers.facebook.com/docs/sharing/webmasters/crawler)"
57.141.6.19 - - [27/Dec/2025:12:06:56 +0000] "GET /?products%2F28278128 HTTP/2" 200 278925 "-" "meta-externalagent/1.1 (+https://developers.facebook.com/docs/sharing/webmasters/crawler)"
57.141.6.8 - - [27/Dec/2025:12:07:09 +0000] "GET /?products%2F9725395 HTTP/2" 200 278925 "-" "meta-externalagent/1.1 (+https://developers.facebook.com/docs/sharing/webmasters/crawler)"
57.141.6.17 - - [27/Dec/2025:12:07:15 +0000] "GET /?products%2F10586762 HTTP/2" 200 278925 "-" "meta-externalagent/1.1 (+https://developers.facebook.com/docs/sharing/webmasters/crawler)"
57.141.6.30 - - [27/Dec/2025:12:07:27 +0000] "GET /?products%2F28332173 HTTP/2" 200 278925 "-" "meta-externalagent/1.1 (+https://developers.facebook.com/docs/sharing/webmasters/crawler)"
57.141.6.14 - - [27/Dec/2025:12:07:32 +0000] "GET /?products%2F15765406 HTTP/2" 200 278925 "-" "meta-externalagent/1.1 (+https://developers.facebook.com/docs/sharing/webmasters/crawler)"
66.249.66.39 - - [27/Dec/2025:12:07:42 +0000] "GET /?products/18471484 HTTP/1.1" 200 26110 "-" "Mozilla/5.0 (Linux; Android 6.0.1; Nexus 5X Build/MMB29P) AppleWebKit/537.36 (KHTML, like Gecko) Chrome/141.0.7390.122 Mobile Safari/537.36 (compatible; GoogleOther)"
57.141.6.8 - - [27/Dec/2025:12:07:41 +0000] "GET /?products%2F25314695 HTTP/2" 200 278925 "-" "meta-externalagent/1.1 (+https://developers.facebook.com/docs/sharing/webmasters/crawler)"
57.141.6.22 - - [27/Dec/2025:12:08:00 +0000] "GET /?products%2F13063484 HTTP/2" 200 278925 "-" "meta-externalagent/1.1 (+https://developers.facebook.com/docs/sharing/webmasters/crawler)"
57.141.6.34 - - [27/Dec/2025:12:08:05 +0000] "GET /?products%2F17148684 HTTP/2" 200 278925 "-" "meta-externalagent/1.1 (+https://developers.facebook.com/docs/sharing/webmasters/crawler)"
57.141.6.34 - - [27/Dec/2025:12:06:30 +0000] "GET /?products%2F3987040 HTTP/2" 200 278925 "-" "meta-externalagent/1.1 (+https://developers.facebook.com/docs/sharing/webmasters/crawler)"
57.141.6.13 - - [27/Dec/2025:12:06:34 +0000] "GET /?products%2F13451851 HTTP/2" 200 278925 "-" "meta-externalagent/1.1 (+https://developers.facebook.com/docs/sharing/webmasters/crawler)"
57.141.6.15 - - [27/Dec/2025:12:06:36 +0000] "GET /?products%2F26451851 HTTP/2" 200 278925 "-" "meta-externalagent/1.1 (+https://developers.facebook.com/docs/sharing/webmasters/crawler)"
57.141.6.13 - - [27/Dec/2025:12:06:45 +0000] "GET /?products%2F9666028 HTTP/2" 200 278925 "-" "meta-externalagent/1.1 (+https://developers.facebook.com/docs/sharing/webmasters/crawler)"
57.141.6.14 - - [27/Dec/2025:12:07:03 +0000] "GET /?products%2F19495173 HTTP/2" 200 278925 "-" "meta-externalagent/1.1 (+https://developers.facebook.com/docs/sharing/webmasters/crawler)"
57.141.6.9 - - [27/Dec/2025:12:07:05 +0000] "GET /?products%2F8830684 HTTP/2" 200 278925 "-" "meta-externalagent/1.1 (+https://developers.facebook.com/docs/sharing/webmasters/crawler)"
66.249.66.193 - - [27/Dec/2025:12:07:09 +0000] "GET /robots.txt HTTP/1.1" 200 81 "-" "Mozilla/5.0 (compatible; Googlebot/2.1; +http://www.google.com/bot.html)"
57.141.6.4 - - [27/Dec/2025:12:07:10 +0000] "GET /?products%2F14405940 HTTP/2" 200 278925 "-" "meta-externalagent/1.1 (+https://developers.facebook.com/docs/sharing/webmasters/crawler)"
57.141.6.36 - - [27/Dec/2025:12:07:18 +0000] "GET /?products%2F16129128 HTTP/2" 200 278925 "-" "meta-externalagent/1.1 (+https://developers.facebook.com/docs/sharing/webmasters/crawler)"
57.141.6.1 - - [27/Dec/2025:12:07:26 +0000] "GET /?products%2F26247284 HTTP/2" 200 278925 "-" "meta-externalagent/1.1 (+https://developers.facebook.com/docs/sharing/webmasters/crawler)"
57.141.6.14 - - [27/Dec/2025:12:07:37 +0000] "GET /?products%2F14715817 HTTP/2" 200 278925 "-" "meta-externalagent/1.1 (+https://developers.facebook.com/docs/sharing/webmasters/crawler)"
57.141.6.12 - - [27/Dec/2025:12:07:43 +0000] "GET /?products%2F22140162 HTTP/2" 200 278925 "-" "meta-externalagent/1.1 (+https://developers.facebook.com/docs/sharing/webmasters/crawler)"
57.141.6.27 - - [27/Dec/2025:12:07:47 +0000] "GET /?products%2F16319651 HTTP/2" 200 278925 "-" "meta-externalagent/1.1 (+https://developers.facebook.com/docs/sharing/webmasters/crawler)"
57.141.6.11 - - [27/Dec/2025:12:07:48 +0000] "GET /?products%2F16501517 HTTP/2" 200 278925 "-" "meta-externalagent/1.1 (+https://developers.facebook.com/docs/sharing/webmasters/crawler)"
57.141.6.26 - - [27/Dec/2025:12:07:52 +0000] "GET /?products%2F13721139 HTTP/2" 200 278925 "-" "meta-externalagent/1.1 (+https://developers.facebook.com/docs/sharing/webmasters/crawler)"
57.141.6.12 - - [27/Dec/2025:12:07:54 +0000] "GET /?products%2F5174239 HTTP/2" 200 278925 "-" "meta-externalagent/1.1 (+https://developers.facebook.com/docs/sharing/webmasters/crawler)"
57.141.6.24 - - [27/Dec/2025:12:07:56 +0000] "GET /?products%2F19542162 HTTP/2" 200 278925 "-" "meta-externalagent/1.1 (+https://developers.facebook.com/docs/sharing/webmasters/crawler)"
57.141.6.20 - - [27/Dec/2025:12:07:57 +0000] "GET /?products%2F7044273 HTTP/2" 200 278925 "-" "meta-externalagent/1.1 (+https://developers.facebook.com/docs/sharing/webmasters/crawler)"
57.141.6.23 - - [27/Dec/2025:12:08:01 +0000] "GET /?products%2F21466684 HTTP/2" 200 278925 "-" "meta-externalagent/1.1 (+https://developers.facebook.com/docs/sharing/webmasters/crawler)"
57.141.6.22 - - [27/Dec/2025:12:08:02 +0000] "GET /?products%2F3475062 HTTP/2" 200 278925 "-" "meta-externalagent/1.1 (+https://developers.facebook.com/docs/sharing/webmasters/crawler)"
66.249.66.41 - - [27/Dec/2025:12:08:06 +0000] "GET /wp-content/uploads/2023/09/WhatsApp-Image-2023-09-04-at-4.16.45-PM-5-600x450.jpeg HTTP/1.1" 200 52373 "-" "Googlebot-Image/1.0"
170.10.164.126 - - [27/Dec/2025:12:08:07 +0000] "POST /wp-cron.php?doing_wp_cron=1766837287.5434179306030273437500 HTTP/1.1" 200 0 "-" "WordPress/6.8.3; https://alianzatejedorasdevida.org"
57.141.6.4 - - [27/Dec/2025:12:07:35 +0000] "GET /?products%2F5985573 HTTP/2" 200 278925 "-" "meta-externalagent/1.1 (+https://developers.facebook.com/docs/sharing/webmasters/crawler)"
57.141.6.30 - - [27/Dec/2025:12:07:39 +0000] "GET /?products%2F30471317 HTTP/2" 200 278925 "-" "meta-externalagent/1.1 (+https://developers.facebook.com/docs/sharing/webmasters/crawler)"
57.141.6.20 - - [27/Dec/2025:12:07:45 +0000] "GET /?products%2F10595384 HTTP/2" 200 278925 "-" "meta-externalagent/1.1 (+https://developers.facebook.com/docs/sharing/webmasters/crawler)"
57.141.6.23 - - [27/Dec/2025:12:07:51 +0000] "GET /?products%2F4263095 HTTP/2" 200 278925 "-" "meta-externalagent/1.1 (+https://developers.facebook.com/docs/sharing/webmasters/crawler)"
57.141.6.9 - - [27/Dec/2025:12:08:06 +0000] "GET /?products%2F21102351 HTTP/2" 200 278925 "-" "meta-externalagent/1.1 (+https://developers.facebook.com/docs/sharing/webmasters/crawler)"
57.141.6.19 - - [27/Dec/2025:12:08:10 +0000] "GET /?products%2F24984906 HTTP/2" 200 278925 "-" "meta-externalagent/1.1 (+https://developers.facebook.com/docs/sharing/webmasters/crawler)"
57.141.6.5 - - [27/Dec/2025:12:08:14 +0000] "GET /?products%2F5727706 HTTP/2" 200 278925 "-" "meta-externalagent/1.1 (+https://developers.facebook.com/docs/sharing/webmasters/crawler)"
57.141.6.34 - - [27/Dec/2025:12:08:17 +0000] "GET /?products%2F12377617 HTTP/2" 200 278925 "-" "meta-externalagent/1.1 (+https://developers.facebook.com/docs/sharing/webmasters/crawler)"
57.141.6.5 - - [27/Dec/2025:12:08:24 +0000] "GET /?products%2F29832817 HTTP/2" 200 278925 "-" "meta-externalagent/1.1 (+https://developers.facebook.com/docs/sharing/webmasters/crawler)"
57.141.6.28 - - [27/Dec/2025:12:08:26 +0000] "GET /?products%2F20943862 HTTP/2" 200 278925 "-" "meta-externalagent/1.1 (+https://developers.facebook.com/docs/sharing/webmasters/crawler)"
57.141.6.7 - - [27/Dec/2025:12:08:30 +0000] "GET /?products%2F28091584 HTTP/2" 200 278925 "-" "meta-externalagent/1.1 (+https://developers.facebook.com/docs/sharing/webmasters/crawler)"
57.141.6.3 - - [27/Dec/2025:12:08:32 +0000] "GET /?products%2F31022262 HTTP/2" 200 278925 "-" "meta-externalagent/1.1 (+https://developers.facebook.com/docs/sharing/webmasters/crawler)"
57.141.6.32 - - [27/Dec/2025:12:08:33 +0000] "GET /?products%2F28894962 HTTP/2" 200 278925 "-" "meta-externalagent/1.1 (+https://developers.facebook.com/docs/sharing/webmasters/crawler)"
57.141.6.15 - - [27/Dec/2025:12:08:35 +0000] "GET /?products%2F20765228 HTTP/2" 200 278925 "-" "meta-externalagent/1.1 (+https://developers.facebook.com/docs/sharing/webmasters/crawler)"
57.141.6.5 - - [27/Dec/2025:12:08:38 +0000] "GET /?products%2F11663817 HTTP/2" 200 278925 "-" "meta-externalagent/1.1 (+https://developers.facebook.com/docs/sharing/webmasters/crawler)"
57.141.6.7 - - [27/Dec/2025:12:08:40 +0000] "GET /?products%2F17541439 HTTP/2" 200 278925 "-" "meta-externalagent/1.1 (+https://developers.facebook.com/docs/sharing/webmasters/crawler)"
57.141.6.10 - - [27/Dec/2025:12:08:42 +0000] "GET /?products%2F8750806 HTTP/2" 200 278925 "-" "meta-externalagent/1.1 (+https://developers.facebook.com/docs/sharing/webmasters/crawler)"
57.141.6.30 - - [27/Dec/2025:12:08:46 +0000] "GET /?products%2F17090317 HTTP/2" 200 278925 "-" "meta-externalagent/1.1 (+https://developers.facebook.com/docs/sharing/webmasters/crawler)"
66.249.66.161 - - [27/Dec/2025:12:08:52 +0000] "GET /?products/11485395 HTTP/1.1" 200 25521 "-" "Mozilla/5.0 (Linux; Android 6.0.1; Nexus 5X Build/MMB29P) AppleWebKit/537.36 (KHTML, like Gecko) Chrome/141.0.7390.122 Mobile Safari/537.36 (compatible; GoogleOther)"
57.141.6.19 - - [27/Dec/2025:12:09:13 +0000] "GET /?products%2F10933128 HTTP/2" 200 278925 "-" "meta-externalagent/1.1 (+https://developers.facebook.com/docs/sharing/webmasters/crawler)"
57.141.6.26 - - [27/Dec/2025:12:09:16 +0000] "GET /?products%2F25337706 HTTP/2" 200 278925 "-" "meta-externalagent/1.1 (+https://developers.facebook.com/docs/sharing/webmasters/crawler)"
66.249.66.162 - - [27/Dec/2025:12:08:07 +0000] "GET /?products/21544773 HTTP/1.1" 200 25248 "-" "Mozilla/5.0 (Linux; Android 6.0.1; Nexus 5X Build/MMB29P) AppleWebKit/537.36 (KHTML, like Gecko) Chrome/141.0.7390.122 Mobile Safari/537.36 (compatible; GoogleOther)"
57.141.6.11 - - [27/Dec/2025:12:08:08 +0000] "GET /?products%2F16562828 HTTP/2" 200 278925 "-" "meta-externalagent/1.1 (+https://developers.facebook.com/docs/sharing/webmasters/crawler)"
57.141.6.35 - - [27/Dec/2025:12:08:12 +0000] "GET /?products%2F12778017 HTTP/2" 200 278925 "-" "meta-externalagent/1.1 (+https://developers.facebook.com/docs/sharing/webmasters/crawler)"
66.249.66.40 - - [27/Dec/2025:12:08:14 +0000] "GET /robots.txt HTTP/1.1" 200 81 "-" "Mozilla/5.0 (compatible; Googlebot/2.1; +http://www.google.com/bot.html)"
66.249.66.13 - - [27/Dec/2025:12:08:14 +0000] "GET /?products/11872840 HTTP/1.1" 200 25963 "-" "Mozilla/5.0 (Linux; Android 6.0.1; Nexus 5X Build/MMB29P) AppleWebKit/537.36 (KHTML, like Gecko) Chrome/141.0.7390.122 Mobile Safari/537.36 (compatible; GoogleOther)"
57.141.6.6 - - [27/Dec/2025:12:08:22 +0000] "GET /?products%2F10146051 HTTP/2" 200 278925 "-" "meta-externalagent/1.1 (+https://developers.facebook.com/docs/sharing/webmasters/crawler)"
57.141.6.1 - - [27/Dec/2025:12:08:28 +0000] "GET /?products%2F11882462 HTTP/2" 200 278925 "-" "meta-externalagent/1.1 (+https://developers.facebook.com/docs/sharing/webmasters/crawler)"
66.249.66.161 - - [27/Dec/2025:12:08:31 +0000] "GET /?products/9200606 HTTP/1.1" 200 25895 "-" "Mozilla/5.0 (Linux; Android 6.0.1; Nexus 5X Build/MMB29P) AppleWebKit/537.36 (KHTML, like Gecko) Chrome/141.0.7390.122 Mobile Safari/537.36 (compatible; GoogleOther)"
