66.249.66.40 - - [27/Dec/2025:13:14:24 +0000] "GET /?products/8752373 HTTP/1.1" 200 25037 "-" "Mozilla/5.0 (Linux; Android 6.0.1; Nexus 5X Build/MMB29P) AppleWebKit/537.36 (KHTML, like Gecko) Chrome/141.0.7390.122 Mobile Safari/537.36 (compatible; GoogleOther)"
66.249.66.204 - - [27/Dec/2025:13:14:26 +0000] "GET /?products/13912539 HTTP/1.1" 200 26022 "-" "Mozilla/5.0 (Linux; Android 6.0.1; Nexus 5X Build/MMB29P) AppleWebKit/537.36 (KHTML, like Gecko) Chrome/141.0.7390.122 Mobile Safari/537.36 (compatible; GoogleOther)"
66.249.66.161 - - [27/Dec/2025:13:14:27 +0000] "GET /?products/7408840 HTTP/1.1" 200 24569 "-" "Mozilla/5.0 (Linux; Android 6.0.1; Nexus 5X Build/MMB29P) AppleWebKit/537.36 (KHTML, like Gecko) Chrome/141.0.7390.122 Mobile Safari/537.36 (compatible; GoogleOther)"
66.249.66.40 - - [27/Dec/2025:13:14:28 +0000] "GET /?products/21110740 HTTP/1.1" 200 28264 "-" "Mozilla/5.0 (Linux; Android 6.0.1; Nexus 5X Build/MMB29P) AppleWebKit/537.36 (KHTML, like Gecko) Chrome/141.0.7390.122 Mobile Safari/537.36 (compatible; GoogleOther)"
66.249.66.40 - - [27/Dec/2025:13:14:29 +0000] "GET /?products/1660373 HTTP/1.1" 200 24151 "-" "Mozilla/5.0 (Linux; Android 6.0.1; Nexus 5X Build/MMB29P) AppleWebKit/537.36 (KHTML, like Gecko) Chrome/141.0.7390.122 Mobile Safari/537.36 (compatible; GoogleOther)"
66.249.66.40 - - [27/Dec/2025:13:14:11 +0000] "GET /ctg/apiAllLCate/ HTTP/1.1" 200 25937 "https://alianzatejedorasdevida.org/?products/24473540" "Mozilla/5.0 (Linux; Android 6.0.1; Nexus 5X Build/MMB29P) AppleWebKit/537.36 (KHTML, like Gecko) Chrome/141.0.7390.122 Mobile Safari/537.36 (compatible; Googlebot/2.1; +http://www.google.com/bot.html)"
66.249.66.77 - - [27/Dec/2025:13:14:11 +0000] "GET /?products/24271239 HTTP/1.1" 200 25660 "-" "Mozilla/5.0 (Linux; Android 6.0.1; Nexus 5X Build/MMB29P) AppleWebKit/537.36 (KHTML, like Gecko) Chrome/141.0.7390.122 Mobile Safari/537.36 (compatible; GoogleOther)"
66.249.66.75 - - [27/Dec/2025:13:14:12 +0000] "GET /ctg/apiAllLCate/ HTTP/1.1" 200 25937 "https://alianzatejedorasdevida.org/?products/13122373" "Mozilla/5.0 (Linux; Android 6.0.1; Nexus 5X Build/MMB29P) AppleWebKit/537.36 (KHTML, like Gecko) Chrome/141.0.7390.122 Mobile Safari/537.36 (compatible; Googlebot/2.1; +http://www.google.com/bot.html)"
57.141.6.33 - - [27/Dec/2025:13:14:11 +0000] "GET /?products%2F11145328 HTTP/2" 200 278925 "-" "meta-externalagent/1.1 (+https://developers.facebook.com/docs/sharing/webmasters/crawler)"
66.249.66.14 - - [27/Dec/2025:13:14:20 +0000] "GET /?products/22572784 HTTP/1.1" 200 24786 "-" "Mozilla/5.0 (Linux; Android 6.0.1; Nexus 5X Build/MMB29P) AppleWebKit/537.36 (KHTML, like Gecko) Chrome/141.0.7390.122 Mobile Safari/537.36 (compatible; GoogleOther)"
66.249.66.76 - - [27/Dec/2025:13:14:22 +0000] "GET /ctg/apiAllLCate/ HTTP/1.1" 200 25937 "https://alianzatejedorasdevida.org/?products/23564839" "Mozilla/5.0 (Linux; Android 6.0.1; Nexus 5X Build/MMB29P) AppleWebKit/537.36 (KHTML, like Gecko) Chrome/141.0.7390.122 Mobile Safari/537.36 (compatible; Googlebot/2.1; +http://www.google.com/bot.html)"
57.141.6.27 - - [27/Dec/2025:13:14:23 +0000] "GET /?products%2F25129862 HTTP/2" 200 278925 "-" "meta-externalagent/1.1 (+https://developers.facebook.com/docs/sharing/webmasters/crawler)"
57.141.6.24 - - [27/Dec/2025:13:14:30 +0000] "GET /?products%2F16371617 HTTP/2" 200 278925 "-" "meta-externalagent/1.1 (+https://developers.facebook.com/docs/sharing/webmasters/crawler)"
66.249.66.163 - - [27/Dec/2025:13:14:34 +0000] "GET /?products/10579795 HTTP/1.1" 200 26855 "-" "Mozilla/5.0 (Linux; Android 6.0.1; Nexus 5X Build/MMB29P) AppleWebKit/537.36 (KHTML, like Gecko) Chrome/141.0.7390.122 Mobile Safari/537.36 (compatible; GoogleOther)"
66.249.66.163 - - [27/Dec/2025:13:14:35 +0000] "GET /?products/4688040 HTTP/1.1" 200 26181 "-" "Mozilla/5.0 (Linux; Android 6.0.1; Nexus 5X Build/MMB29P) AppleWebKit/537.36 (KHTML, like Gecko) Chrome/141.0.7390.122 Mobile Safari/537.36 (compatible; GoogleOther)"
66.249.66.76 - - [27/Dec/2025:13:14:41 +0000] "GET /?products/14211317 HTTP/1.1" 200 26020 "-" "Mozilla/5.0 (Linux; Android 6.0.1; Nexus 5X Build/MMB29P) AppleWebKit/537.36 (KHTML, like Gecko) Chrome/141.0.7390.122 Mobile Safari/537.36 (compatible; GoogleOther)"
66.249.66.162 - - [27/Dec/2025:13:14:42 +0000] "GET /?products/17919773 HTTP/1.1" 200 24513 "-" "Mozilla/5.0 (Linux; Android 6.0.1; Nexus 5X Build/MMB29P) AppleWebKit/537.36 (KHTML, like Gecko) Chrome/141.0.7390.122 Mobile Safari/537.36 (compatible; GoogleOther)"
66.249.66.162 - - [27/Dec/2025:13:14:43 +0000] "GET /?products/30077440 HTTP/1.1" 200 24216 "-" "Mozilla/5.0 (Linux; Android 6.0.1; Nexus 5X Build/MMB29P) AppleWebKit/537.36 (KHTML, like Gecko) Chrome/141.0.7390.122 Mobile Safari/537.36 (compatible; GoogleOther)"
66.249.66.76 - - [27/Dec/2025:13:14:44 +0000] "GET /?products/14526151 HTTP/1.1" 200 24523 "-" "Mozilla/5.0 (Linux; Android 6.0.1; Nexus 5X Build/MMB29P) AppleWebKit/537.36 (KHTML, like Gecko) Chrome/141.0.7390.122 Mobile Safari/537.36 (compatible; GoogleOther)"
66.249.66.40 - - [27/Dec/2025:13:14:46 +0000] "GET /?products/19243773 HTTP/1.1" 200 25404 "-" "Mozilla/5.0 (Linux; Android 6.0.1; Nexus 5X Build/MMB29P) AppleWebKit/537.36 (KHTML, like Gecko) Chrome/141.0.7390.122 Mobile Safari/537.36 (compatible; GoogleOther)"
66.249.66.41 - - [27/Dec/2025:13:14:17 +0000] "GET /?products/22264128 HTTP/1.1" 200 24164 "-" "Mozilla/5.0 (Linux; Android 6.0.1; Nexus 5X Build/MMB29P) AppleWebKit/537.36 (KHTML, like Gecko) Chrome/141.0.7390.122 Mobile Safari/537.36 (compatible; GoogleOther)"
66.249.66.75 - - [27/Dec/2025:13:14:18 +0000] "GET /?products/15560539 HTTP/1.1" 200 24456 "-" "Mozilla/5.0 (Linux; Android 6.0.1; Nexus 5X Build/MMB29P) AppleWebKit/537.36 (KHTML, like Gecko) Chrome/141.0.7390.122 Mobile Safari/537.36 (compatible; GoogleOther)"
57.141.6.35 - - [27/Dec/2025:13:14:19 +0000] "GET /?products%2F5412628 HTTP/2" 200 278925 "-" "meta-externalagent/1.1 (+https://developers.facebook.com/docs/sharing/webmasters/crawler)"
66.249.66.75 - - [27/Dec/2025:13:14:21 +0000] "GET /?products/26668884 HTTP/1.1" 200 26705 "-" "Mozilla/5.0 (Linux; Android 6.0.1; Nexus 5X Build/MMB29P) AppleWebKit/537.36 (KHTML, like Gecko) Chrome/141.0.7390.122 Mobile Safari/537.36 (compatible; GoogleOther)"
66.249.66.41 - - [27/Dec/2025:13:14:22 +0000] "GET /?products/4269073 HTTP/1.1" 200 26193 "-" "Mozilla/5.0 (Linux; Android 6.0.1; Nexus 5X Build/MMB29P) AppleWebKit/537.36 (KHTML, like Gecko) Chrome/141.0.7390.122 Mobile Safari/537.36 (compatible; GoogleOther)"
66.249.66.77 - - [27/Dec/2025:13:14:23 +0000] "GET /?products/20810806 HTTP/1.1" 200 24409 "-" "Mozilla/5.0 (Linux; Android 6.0.1; Nexus 5X Build/MMB29P) AppleWebKit/537.36 (KHTML, like Gecko) Chrome/141.0.7390.122 Mobile Safari/537.36 (compatible; GoogleOther)"
57.141.6.33 - - [27/Dec/2025:13:14:27 +0000] "GET /?products%2F14231428 HTTP/2" 200 278925 "-" "meta-externalagent/1.1 (+https://developers.facebook.com/docs/sharing/webmasters/crawler)"
66.249.66.161 - - [27/Dec/2025:13:14:32 +0000] "GET /?products/20993917 HTTP/1.1" 200 24999 "-" "Mozilla/5.0 (Linux; Android 6.0.1; Nexus 5X Build/MMB29P) AppleWebKit/537.36 (KHTML, like Gecko) Chrome/141.0.7390.122 Mobile Safari/537.36 (compatible; GoogleOther)"
57.141.6.30 - - [27/Dec/2025:13:14:34 +0000] "GET /?products%2F4212973 HTTP/2" 200 278925 "-" "meta-externalagent/1.1 (+https://developers.facebook.com/docs/sharing/webmasters/crawler)"
66.249.66.192 - - [27/Dec/2025:13:14:36 +0000] "GET /?products/27683995 HTTP/1.1" 200 24486 "-" "Mozilla/5.0 (Linux; Android 6.0.1; Nexus 5X Build/MMB29P) AppleWebKit/537.36 (KHTML, like Gecko) Chrome/141.0.7390.122 Mobile Safari/537.36 (compatible; GoogleOther)"
66.249.66.192 - - [27/Dec/2025:13:14:37 +0000] "GET /?products/8008473 HTTP/1.1" 200 25132 "-" "Mozilla/5.0 (Linux; Android 6.0.1; Nexus 5X Build/MMB29P) AppleWebKit/537.36 (KHTML, like Gecko) Chrome/141.0.7390.122 Mobile Safari/537.36 (compatible; GoogleOther)"
66.249.66.192 - - [27/Dec/2025:13:14:38 +0000] "GET /?products/14325706 HTTP/1.1" 200 24571 "-" "Mozilla/5.0 (Linux; Android 6.0.1; Nexus 5X Build/MMB29P) AppleWebKit/537.36 (KHTML, like Gecko) Chrome/141.0.7390.122 Mobile Safari/537.36 (compatible; GoogleOther)"
66.249.66.77 - - [27/Dec/2025:13:14:39 +0000] "GET /?products/15425862 HTTP/1.1" 200 24338 "-" "Mozilla/5.0 (Linux; Android 6.0.1; Nexus 5X Build/MMB29P) AppleWebKit/537.36 (KHTML, like Gecko) Chrome/141.0.7390.122 Mobile Safari/537.36 (compatible; GoogleOther)"
66.249.66.163 - - [27/Dec/2025:13:14:40 +0000] "GET /?products/20391662 HTTP/1.1" 200 25905 "-" "Mozilla/5.0 (Linux; Android 6.0.1; Nexus 5X Build/MMB29P) AppleWebKit/537.36 (KHTML, like Gecko) Chrome/141.0.7390.122 Mobile Safari/537.36 (compatible; GoogleOther)"
66.249.66.192 - - [27/Dec/2025:13:14:56 +0000] "GET /?products/21295540 HTTP/1.1" 200 24668 "-" "Mozilla/5.0 (Linux; Android 6.0.1; Nexus 5X Build/MMB29P) AppleWebKit/537.36 (KHTML, like Gecko) Chrome/141.0.7390.122 Mobile Safari/537.36 (compatible; GoogleOther)"
66.249.66.192 - - [27/Dec/2025:13:14:59 +0000] "GET /?products/14824762 HTTP/1.1" 200 24129 "-" "Mozilla/5.0 (Linux; Android 6.0.1; Nexus 5X Build/MMB29P) AppleWebKit/537.36 (KHTML, like Gecko) Chrome/141.0.7390.122 Mobile Safari/537.36 (compatible; GoogleOther)"
66.249.66.76 - - [27/Dec/2025:13:14:30 +0000] "GET /wp-content/uploads/2023/05/TDR-ATELIER-IMPULSORA.jpg HTTP/1.1" 200 109868 "-" "Googlebot-Image/1.0"
66.249.66.193 - - [27/Dec/2025:13:14:30 +0000] "GET /?products/10313062 HTTP/1.1" 200 24739 "-" "Mozilla/5.0 (Linux; Android 6.0.1; Nexus 5X Build/MMB29P) AppleWebKit/537.36 (KHTML, like Gecko) Chrome/141.0.7390.122 Mobile Safari/537.36 (compatible; GoogleOther)"
66.249.66.40 - - [27/Dec/2025:13:14:31 +0000] "GET /?products/22325639 HTTP/1.1" 200 24788 "-" "Mozilla/5.0 (Linux; Android 6.0.1; Nexus 5X Build/MMB29P) AppleWebKit/537.36 (KHTML, like Gecko) Chrome/141.0.7390.122 Mobile Safari/537.36 (compatible; GoogleOther)"
66.249.66.39 - - [27/Dec/2025:13:14:31 +0000] "GET /?products/20280873 HTTP/1.1" 200 25923 "-" "Mozilla/5.0 (Linux; Android 6.0.1; Nexus 5X Build/MMB29P) AppleWebKit/537.36 (KHTML, like Gecko) Chrome/141.0.7390.122 Mobile Safari/537.36 (compatible; GoogleOther)"
66.249.66.40 - - [27/Dec/2025:13:14:33 +0000] "GET /?products/19468451 HTTP/1.1" 200 24746 "-" "Mozilla/5.0 (Linux; Android 6.0.1; Nexus 5X Build/MMB29P) AppleWebKit/537.36 (KHTML, like Gecko) Chrome/141.0.7390.122 Mobile Safari/537.36 (compatible; GoogleOther)"
57.141.6.2 - - [27/Dec/2025:13:14:38 +0000] "GET /?products%2F22434306 HTTP/2" 200 278925 "-" "meta-externalagent/1.1 (+https://developers.facebook.com/docs/sharing/webmasters/crawler)"
57.141.6.36 - - [27/Dec/2025:13:14:41 +0000] "GET /?products%2F27751840 HTTP/2" 200 278925 "-" "meta-externalagent/1.1 (+https://developers.facebook.com/docs/sharing/webmasters/crawler)"
66.249.66.77 - - [27/Dec/2025:13:14:48 +0000] "GET /?products/3476651 HTTP/1.1" 200 25950 "-" "Mozilla/5.0 (Linux; Android 6.0.1; Nexus 5X Build/MMB29P) AppleWebKit/537.36 (KHTML, like Gecko) Chrome/141.0.7390.122 Mobile Safari/537.36 (compatible; GoogleOther)"
57.141.6.2 - - [27/Dec/2025:13:14:49 +0000] "GET /?products%2F26322940 HTTP/2" 200 278925 "-" "meta-externalagent/1.1 (+https://developers.facebook.com/docs/sharing/webmasters/crawler)"
66.249.66.204 - - [27/Dec/2025:13:14:55 +0000] "GET /wp-content/uploads/2021/01/hdl-bg-intro-2-768x311.jpg HTTP/1.1" 200 1368 "-" "Googlebot-Image/1.0"
57.141.6.1 - - [27/Dec/2025:13:14:57 +0000] "GET /?products%2F6490540 HTTP/2" 200 278925 "-" "meta-externalagent/1.1 (+https://developers.facebook.com/docs/sharing/webmasters/crawler)"
66.249.66.41 - - [27/Dec/2025:13:14:58 +0000] "GET /?products/11418617 HTTP/1.1" 200 26487 "-" "Mozilla/5.0 (Linux; Android 6.0.1; Nexus 5X Build/MMB29P) AppleWebKit/537.36 (KHTML, like Gecko) Chrome/141.0.7390.122 Mobile Safari/537.36 (compatible; GoogleOther)"
57.141.6.20 - - [27/Dec/2025:13:15:00 +0000] "GET /?products%2F8984628 HTTP/2" 200 278925 "-" "meta-externalagent/1.1 (+https://developers.facebook.com/docs/sharing/webmasters/crawler)"
66.249.66.204 - - [27/Dec/2025:13:15:04 +0000] "GET /?products/25574984 HTTP/1.1" 200 25903 "-" "Mozilla/5.0 (Linux; Android 6.0.1; Nexus 5X Build/MMB29P) AppleWebKit/537.36 (KHTML, like Gecko) Chrome/141.0.7390.122 Mobile Safari/537.36 (compatible; GoogleOther)"
57.141.6.30 - - [27/Dec/2025:13:15:04 +0000] "GET /?products%2F16244706 HTTP/2" 200 278925 "-" "meta-externalagent/1.1 (+https://developers.facebook.com/docs/sharing/webmasters/crawler)"
57.141.6.31 - - [27/Dec/2025:13:15:07 +0000] "GET /?products%2F9648751 HTTP/2" 200 278925 "-" "meta-externalagent/1.1 (+https://developers.facebook.com/docs/sharing/webmasters/crawler)"
66.249.66.75 - - [27/Dec/2025:13:15:10 +0000] "GET /?products/6055273 HTTP/1.1" 200 24439 "-" "Mozilla/5.0 (Linux; Android 6.0.1; Nexus 5X Build/MMB29P) AppleWebKit/537.36 (KHTML, like Gecko) Chrome/141.0.7390.122 Mobile Safari/537.36 (compatible; GoogleOther)"
66.249.66.75 - - [27/Dec/2025:13:15:11 +0000] "GET /?products/9928373 HTTP/1.1" 200 25465 "-" "Mozilla/5.0 (Linux; Android 6.0.1; Nexus 5X Build/MMB29P) AppleWebKit/537.36 (KHTML, like Gecko) Chrome/141.0.7390.122 Mobile Safari/537.36 (compatible; GoogleOther)"
57.141.6.19 - - [27/Dec/2025:13:14:45 +0000] "GET /?products%2F15046639 HTTP/2" 200 278925 "-" "meta-externalagent/1.1 (+https://developers.facebook.com/docs/sharing/webmasters/crawler)"
66.249.66.162 - - [27/Dec/2025:13:14:46 +0000] "GET /?products/15523151 HTTP/1.1" 200 24422 "-" "Mozilla/5.0 (Linux; Android 6.0.1; Nexus 5X Build/MMB29P) AppleWebKit/537.36 (KHTML, like Gecko) Chrome/141.0.7390.122 Mobile Safari/537.36 (compatible; GoogleOther)"
66.249.66.39 - - [27/Dec/2025:13:14:47 +0000] "GET /?products/20812284 HTTP/1.1" 200 29634 "-" "Mozilla/5.0 (Linux; Android 6.0.1; Nexus 5X Build/MMB29P) AppleWebKit/537.36 (KHTML, like Gecko) Chrome/141.0.7390.122 Mobile Safari/537.36 (compatible; GoogleOther)"
66.249.66.39 - - [27/Dec/2025:13:14:49 +0000] "GET /?products/14260684 HTTP/1.1" 200 24918 "-" "Mozilla/5.0 (Linux; Android 6.0.1; Nexus 5X Build/MMB29P) AppleWebKit/537.36 (KHTML, like Gecko) Chrome/141.0.7390.122 Mobile Safari/537.36 (compatible; GoogleOther)"
217.113.196.26 - - [27/Dec/2025:13:14:50 +0000] "GET /invitacion-a-cotizar-equipos-de-computo-e-informaticos-muebles-y-enseres-para-la-ejecucion-del-proyecto-mujeres-tejiendo-un-futuro-de-paz-putumayo/feed/ HTTP/1.1" 200 591 "-" "Mozilla/5.0 (compatible; IbouBot/1.0; +bot@ibou.io; +https://ibou.io/iboubot.html)"
66.249.66.40 - - [27/Dec/2025:13:14:50 +0000] "GET /?products/13437417 HTTP/1.1" 200 25487 "-" "Mozilla/5.0 (Linux; Android 6.0.1; Nexus 5X Build/MMB29P) AppleWebKit/537.36 (KHTML, like Gecko) Chrome/141.0.7390.122 Mobile Safari/537.36 (compatible; GoogleOther)"
66.249.66.162 - - [27/Dec/2025:13:14:51 +0000] "GET /?products/26185340 HTTP/1.1" 200 28012 "-" "Mozilla/5.0 (Linux; Android 6.0.1; Nexus 5X Build/MMB29P) AppleWebKit/537.36 (KHTML, like Gecko) Chrome/141.0.7390.122 Mobile Safari/537.36 (compatible; GoogleOther)"
66.249.66.163 - - [27/Dec/2025:13:14:52 +0000] "GET /?products/25387184 HTTP/1.1" 200 25089 "-" "Mozilla/5.0 (Linux; Android 6.0.1; Nexus 5X Build/MMB29P) AppleWebKit/537.36 (KHTML, like Gecko) Chrome/141.0.7390.122 Mobile Safari/537.36 (compatible; GoogleOther)"
66.249.66.39 - - [27/Dec/2025:13:14:54 +0000] "GET /?products/4593084 HTTP/1.1" 200 25900 "-" "Mozilla/5.0 (Linux; Android 6.0.1; Nexus 5X Build/MMB29P) AppleWebKit/537.36 (KHTML, like Gecko) Chrome/141.0.7390.122 Mobile Safari/537.36 (compatible; GoogleOther)"
57.141.6.2 - - [27/Dec/2025:13:14:53 +0000] "GET /?products%2F17179984 HTTP/2" 200 278925 "-" "meta-externalagent/1.1 (+https://developers.facebook.com/docs/sharing/webmasters/crawler)"
66.249.66.13 - - [27/Dec/2025:13:14:55 +0000] "GET /?products/2336751 HTTP/1.1" 200 26181 "-" "Mozilla/5.0 (Linux; Android 6.0.1; Nexus 5X Build/MMB29P) AppleWebKit/537.36 (KHTML, like Gecko) Chrome/141.0.7390.122 Mobile Safari/537.36 (compatible; GoogleOther)"
66.249.66.75 - - [27/Dec/2025:13:14:55 +0000] "GET /?products/13691128 HTTP/1.1" 200 24636 "-" "Mozilla/5.0 (Linux; Android 6.0.1; Nexus 5X Build/MMB29P) AppleWebKit/537.36 (KHTML, like Gecko) Chrome/141.0.7390.122 Mobile Safari/537.36 (compatible; GoogleOther)"
66.249.66.40 - - [27/Dec/2025:13:14:57 +0000] "GET /?products/18513817 HTTP/1.1" 200 27005 "-" "Mozilla/5.0 (Linux; Android 6.0.1; Nexus 5X Build/MMB29P) AppleWebKit/537.36 (KHTML, like Gecko) Chrome/141.0.7390.122 Mobile Safari/537.36 (compatible; GoogleOther)"
66.249.66.162 - - [27/Dec/2025:13:15:05 +0000] "GET /?products/27613773 HTTP/1.1" 200 25157 "-" "Mozilla/5.0 (Linux; Android 6.0.1; Nexus 5X Build/MMB29P) AppleWebKit/537.36 (KHTML, like Gecko) Chrome/141.0.7390.122 Mobile Safari/537.36 (compatible; GoogleOther)"
66.249.66.40 - - [27/Dec/2025:13:15:06 +0000] "GET /?products/4931306 HTTP/1.1" 200 25693 "-" "Mozilla/5.0 (Linux; Android 6.0.1; Nexus 5X Build/MMB29P) AppleWebKit/537.36 (KHTML, like Gecko) Chrome/141.0.7390.122 Mobile Safari/537.36 (compatible; GoogleOther)"
170.10.164.126 - - [27/Dec/2025:13:15:08 +0000] "POST /wp-cron.php?doing_wp_cron=1766841308.3986558914184570312500 HTTP/1.1" 200 0 "-" "WordPress/6.8.3; https://alianzatejedorasdevida.org"
66.249.66.39 - - [27/Dec/2025:13:15:00 +0000] "GET /?products/24471417 HTTP/1.1" 200 25308 "-" "Mozilla/5.0 (Linux; Android 6.0.1; Nexus 5X Build/MMB29P) AppleWebKit/537.36 (KHTML, like Gecko) Chrome/141.0.7390.122 Mobile Safari/537.36 (compatible; GoogleOther)"
66.249.66.13 - - [27/Dec/2025:13:15:02 +0000] "GET /?products/25709539 HTTP/1.1" 200 25950 "-" "Mozilla/5.0 (Linux; Android 6.0.1; Nexus 5X Build/MMB29P) AppleWebKit/537.36 (KHTML, like Gecko) Chrome/141.0.7390.122 Mobile Safari/537.36 (compatible; GoogleOther)"
66.249.66.39 - - [27/Dec/2025:13:15:03 +0000] "GET /?products/23953028 HTTP/1.1" 200 24415 "-" "Mozilla/5.0 (Linux; Android 6.0.1; Nexus 5X Build/MMB29P) AppleWebKit/537.36 (KHTML, like Gecko) Chrome/141.0.7390.122 Mobile Safari/537.36 (compatible; GoogleOther)"
66.249.66.39 - - [27/Dec/2025:13:15:05 +0000] "GET /?products/1932306 HTTP/1.1" 200 27658 "-" "Mozilla/5.0 (Linux; Android 6.0.1; Nexus 5X Build/MMB29P) AppleWebKit/537.36 (KHTML, like Gecko) Chrome/141.0.7390.122 Mobile Safari/537.36 (compatible; GoogleOther)"
66.249.66.39 - - [27/Dec/2025:13:15:07 +0000] "GET /?products/19323395 HTTP/1.1" 200 26417 "-" "Mozilla/5.0 (Linux; Android 6.0.1; Nexus 5X Build/MMB29P) AppleWebKit/537.36 (KHTML, like Gecko) Chrome/141.0.7390.122 Mobile Safari/537.36 (compatible; GoogleOther)"
66.249.66.204 - - [27/Dec/2025:13:15:08 +0000] "GET /?products/6680906 HTTP/1.1" 200 30514 "-" "Mozilla/5.0 (Linux; Android 6.0.1; Nexus 5X Build/MMB29P) AppleWebKit/537.36 (KHTML, like Gecko) Chrome/141.0.7390.122 Mobile Safari/537.36 (compatible; GoogleOther)"
17.241.219.154 - - [27/Dec/2025:13:15:10 +0000] "GET /robots.txt HTTP/1.1" 200 81 "-" "Mozilla/5.0 (Macintosh; Intel Mac OS X 10_15_7) AppleWebKit/605.1.15 (KHTML, like Gecko) Version/17.4 Safari/605.1.15 (Applebot/0.1; +http://www.apple.com/go/applebot)"
66.249.66.204 - - [27/Dec/2025:13:15:10 +0000] "GET /?products/10774739 HTTP/1.1" 200 24031 "-" "Mozilla/5.0 (Linux; Android 6.0.1; Nexus 5X Build/MMB29P) AppleWebKit/537.36 (KHTML, like Gecko) Chrome/141.0.7390.122 Mobile Safari/537.36 (compatible; GoogleOther)"
17.241.219.154 - - [27/Dec/2025:13:15:11 +0000] "GET /tag/derechos-de-las-mujeres/feed/ HTTP/1.1" 200 2686 "-" "Mozilla/5.0 (Macintosh; Intel Mac OS X 10_15_7) AppleWebKit/605.1.15 (KHTML, like Gecko) Version/17.4 Safari/605.1.15 (Applebot/0.1; +http://www.apple.com/go/applebot)"
66.249.66.204 - - [27/Dec/2025:13:15:13 +0000] "GET /?products/11568128 HTTP/1.1" 200 26133 "-" "Mozilla/5.0 (Linux; Android 6.0.1; Nexus 5X Build/MMB29P) AppleWebKit/537.36 (KHTML, like Gecko) Chrome/141.0.7390.122 Mobile Safari/537.36 (compatible; GoogleOther)"
66.249.66.161 - - [27/Dec/2025:13:15:15 +0000] "GET /?products/21292017 HTTP/1.1" 200 24438 "-" "Mozilla/5.0 (Linux; Android 6.0.1; Nexus 5X Build/MMB29P) AppleWebKit/537.36 (KHTML, like Gecko) Chrome/141.0.7390.122 Mobile Safari/537.36 (compatible; GoogleOther)"
66.249.66.75 - - [27/Dec/2025:13:15:21 +0000] "GET /?products/16096117 HTTP/1.1" 200 26350 "-" "Mozilla/5.0 (Linux; Android 6.0.1; Nexus 5X Build/MMB29P) AppleWebKit/537.36 (KHTML, like Gecko) Chrome/141.0.7390.122 Mobile Safari/537.36 (compatible; GoogleOther)"
57.141.6.15 - - [27/Dec/2025:13:15:22 +0000] "GET /?products%2F9590862 HTTP/2" 200 278925 "-" "meta-externalagent/1.1 (+https://developers.facebook.com/docs/sharing/webmasters/crawler)"
66.249.66.12 - - [27/Dec/2025:13:15:24 +0000] "GET /?products/28543340 HTTP/1.1" 200 24659 "-" "Mozilla/5.0 (Linux; Android 6.0.1; Nexus 5X Build/MMB29P) AppleWebKit/537.36 (KHTML, like Gecko) Chrome/141.0.7390.122 Mobile Safari/537.36 (compatible; GoogleOther)"
66.249.66.41 - - [27/Dec/2025:13:15:28 +0000] "GET /?products/24903384 HTTP/1.1" 200 28177 "-" "Mozilla/5.0 (Linux; Android 6.0.1; Nexus 5X Build/MMB29P) AppleWebKit/537.36 (KHTML, like Gecko) Chrome/141.0.7390.122 Mobile Safari/537.36 (compatible; GoogleOther)"
66.249.66.12 - - [27/Dec/2025:13:15:14 +0000] "GET /?products/16175528 HTTP/1.1" 200 27469 "-" "Mozilla/5.0 (Linux; Android 6.0.1; Nexus 5X Build/MMB29P) AppleWebKit/537.36 (KHTML, like Gecko) Chrome/141.0.7390.122 Mobile Safari/537.36 (compatible; GoogleOther)"
217.113.196.7 - - [27/Dec/2025:13:15:16 +0000] "GET /invitacion-a-cotizar-la-compra-de-materiales-insumos-equipos-y-elementos-para-fortalecimiento-de-unidades-productivas-de-las-organizaciones-del-municipio-de-puerto-asis/feed/ HTTP/1.1" 200 583 "-" "Mozilla/5.0 (compatible; IbouBot/1.0; +bot@ibou.io; +https://ibou.io/iboubot.html)"
66.249.66.12 - - [27/Dec/2025:13:15:17 +0000] "GET /?products/10471184 HTTP/1.1" 200 24562 "-" "Mozilla/5.0 (Linux; Android 6.0.1; Nexus 5X Build/MMB29P) AppleWebKit/537.36 (KHTML, like Gecko) Chrome/141.0.7390.122 Mobile Safari/537.36 (compatible; GoogleOther)"
66.249.66.39 - - [27/Dec/2025:13:15:20 +0000] "GET /wp-content/uploads/2023/09/smn-hero-base-bg-min-600x800.png HTTP/1.1" 200 154 "-" "Googlebot-Image/1.0"
66.249.66.163 - - [27/Dec/2025:13:15:26 +0000] "GET /?products/22896951 HTTP/1.1" 200 24520 "-" "Mozilla/5.0 (Linux; Android 6.0.1; Nexus 5X Build/MMB29P) AppleWebKit/537.36 (KHTML, like Gecko) Chrome/141.0.7390.122 Mobile Safari/537.36 (compatible; GoogleOther)"
66.249.66.14 - - [27/Dec/2025:13:15:27 +0000] "GET /?products/1596973 HTTP/1.1" 200 24453 "-" "Mozilla/5.0 (Linux; Android 6.0.1; Nexus 5X Build/MMB29P) AppleWebKit/537.36 (KHTML, like Gecko) Chrome/141.0.7390.122 Mobile Safari/537.36 (compatible; GoogleOther)"
66.249.66.163 - - [27/Dec/2025:13:15:30 +0000] "GET /?products/7220428 HTTP/1.1" 200 24997 "-" "Mozilla/5.0 (Linux; Android 6.0.1; Nexus 5X Build/MMB29P) AppleWebKit/537.36 (KHTML, like Gecko) Chrome/141.0.7390.122 Mobile Safari/537.36 (compatible; GoogleOther)"
57.141.6.32 - - [27/Dec/2025:13:15:29 +0000] "GET /?products%2F12368328 HTTP/2" 200 278925 "-" "meta-externalagent/1.1 (+https://developers.facebook.com/docs/sharing/webmasters/crawler)"
66.249.66.75 - - [27/Dec/2025:13:15:35 +0000] "GET /?products/13223940 HTTP/1.1" 200 26773 "-" "Mozilla/5.0 (Linux; Android 6.0.1; Nexus 5X Build/MMB29P) AppleWebKit/537.36 (KHTML, like Gecko) Chrome/141.0.7390.122 Mobile Safari/537.36 (compatible; GoogleOther)"
66.249.66.12 - - [27/Dec/2025:13:15:36 +0000] "GET /?products/17511740 HTTP/1.1" 200 24601 "-" "Mozilla/5.0 (Linux; Android 6.0.1; Nexus 5X Build/MMB29P) AppleWebKit/537.36 (KHTML, like Gecko) Chrome/141.0.7390.122 Mobile Safari/537.36 (compatible; GoogleOther)"
57.141.6.27 - - [27/Dec/2025:13:15:36 +0000] "GET /?products%2F9166484 HTTP/2" 200 278925 "-" "meta-externalagent/1.1 (+https://developers.facebook.com/docs/sharing/webmasters/crawler)"
66.249.66.75 - - [27/Dec/2025:13:15:37 +0000] "GET /?products/21156451 HTTP/1.1" 200 24521 "-" "Mozilla/5.0 (Linux; Android 6.0.1; Nexus 5X Build/MMB29P) AppleWebKit/537.36 (KHTML, like Gecko) Chrome/141.0.7390.122 Mobile Safari/537.36 (compatible; GoogleOther)"
66.249.66.13 - - [27/Dec/2025:13:15:38 +0000] "GET /?products/10817840 HTTP/1.1" 200 24710 "-" "Mozilla/5.0 (Linux; Android 6.0.1; Nexus 5X Build/MMB29P) AppleWebKit/537.36 (KHTML, like Gecko) Chrome/141.0.7390.122 Mobile Safari/537.36 (compatible; GoogleOther)"
57.141.6.8 - - [27/Dec/2025:13:15:39 +0000] "GET /?products%2F14292595 HTTP/2" 200 278925 "-" "meta-externalagent/1.1 (+https://developers.facebook.com/docs/sharing/webmasters/crawler)"
66.249.66.12 - - [27/Dec/2025:13:15:42 +0000] "GET /?products/18937062 HTTP/1.1" 200 26314 "-" "Mozilla/5.0 (Linux; Android 6.0.1; Nexus 5X Build/MMB29P) AppleWebKit/537.36 (KHTML, like Gecko) Chrome/141.0.7390.122 Mobile Safari/537.36 (compatible; GoogleOther)"
66.249.66.161 - - [27/Dec/2025:13:15:43 +0000] "GET /?products/3141328 HTTP/1.1" 200 27252 "-" "Mozilla/5.0 (Linux; Android 6.0.1; Nexus 5X Build/MMB29P) AppleWebKit/537.36 (KHTML, like Gecko) Chrome/141.0.7390.122 Mobile Safari/537.36 (compatible; GoogleOther)"
57.141.6.37 - - [27/Dec/2025:13:15:11 +0000] "GET /?products%2F22715317 HTTP/2" 200 278925 "-" "meta-externalagent/1.1 (+https://developers.facebook.com/docs/sharing/webmasters/crawler)"
66.249.66.76 - - [27/Dec/2025:13:15:13 +0000] "GET /?products/26827006 HTTP/1.1" 200 26305 "-" "Mozilla/5.0 (Linux; Android 6.0.1; Nexus 5X Build/MMB29P) AppleWebKit/537.36 (KHTML, like Gecko) Chrome/141.0.7390.122 Mobile Safari/537.36 (compatible; GoogleOther)"
57.141.6.5 - - [27/Dec/2025:13:15:14 +0000] "GET /?products%2F31293895 HTTP/2" 200 278925 "-" "meta-externalagent/1.1 (+https://developers.facebook.com/docs/sharing/webmasters/crawler)"
66.249.66.76 - - [27/Dec/2025:13:15:16 +0000] "GET /?products/11278140 HTTP/1.1" 200 24928 "-" "Mozilla/5.0 (Linux; Android 6.0.1; Nexus 5X Build/MMB29P) AppleWebKit/537.36 (KHTML, like Gecko) Chrome/141.0.7390.122 Mobile Safari/537.36 (compatible; GoogleOther)"
66.249.66.192 - - [27/Dec/2025:13:15:18 +0000] "GET /?products/12630095 HTTP/1.1" 200 27140 "-" "Mozilla/5.0 (Linux; Android 6.0.1; Nexus 5X Build/MMB29P) AppleWebKit/537.36 (KHTML, like Gecko) Chrome/141.0.7390.122 Mobile Safari/537.36 (compatible; GoogleOther)"
57.141.6.10 - - [27/Dec/2025:13:15:18 +0000] "GET /?products%2F11699873 HTTP/2" 200 278925 "-" "meta-externalagent/1.1 (+https://developers.facebook.com/docs/sharing/webmasters/crawler)"
66.249.66.76 - - [27/Dec/2025:13:15:19 +0000] "GET /?products/21896728 HTTP/1.1" 200 24346 "-" "Mozilla/5.0 (Linux; Android 6.0.1; Nexus 5X Build/MMB29P) AppleWebKit/537.36 (KHTML, like Gecko) Chrome/141.0.7390.122 Mobile Safari/537.36 (compatible; GoogleOther)"
66.249.66.161 - - [27/Dec/2025:13:15:20 +0000] "GET /?products/21329106 HTTP/1.1" 200 25438 "-" "Mozilla/5.0 (Linux; Android 6.0.1; Nexus 5X Build/MMB29P) AppleWebKit/537.36 (KHTML, like Gecko) Chrome/141.0.7390.122 Mobile Safari/537.36 (compatible; GoogleOther)"
66.249.66.76 - - [27/Dec/2025:13:15:22 +0000] "GET /?products/8057840 HTTP/1.1" 200 24409 "-" "Mozilla/5.0 (Linux; Android 6.0.1; Nexus 5X Build/MMB29P) AppleWebKit/537.36 (KHTML, like Gecko) Chrome/141.0.7390.122 Mobile Safari/537.36 (compatible; GoogleOther)"
66.249.66.161 - - [27/Dec/2025:13:15:23 +0000] "GET /?products/23492917 HTTP/1.1" 200 26977 "-" "Mozilla/5.0 (Linux; Android 6.0.1; Nexus 5X Build/MMB29P) AppleWebKit/537.36 (KHTML, like Gecko) Chrome/141.0.7390.122 Mobile Safari/537.36 (compatible; GoogleOther)"
66.249.66.204 - - [27/Dec/2025:13:15:25 +0000] "GET /?products/21785484 HTTP/1.1" 200 26188 "-" "Mozilla/5.0 (Linux; Android 6.0.1; Nexus 5X Build/MMB29P) AppleWebKit/537.36 (KHTML, like Gecko) Chrome/141.0.7390.122 Mobile Safari/537.36 (compatible; GoogleOther)"
57.141.6.13 - - [27/Dec/2025:13:15:25 +0000] "GET /?products%2F18816728 HTTP/2" 200 278925 "-" "meta-externalagent/1.1 (+https://developers.facebook.com/docs/sharing/webmasters/crawler)"
66.249.66.193 - - [27/Dec/2025:13:15:34 +0000] "GET /?products/1609984 HTTP/1.1" 200 24401 "-" "Mozilla/5.0 (Linux; Android 6.0.1; Nexus 5X Build/MMB29P) AppleWebKit/537.36 (KHTML, like Gecko) Chrome/141.0.7390.122 Mobile Safari/537.36 (compatible; GoogleOther)"
66.249.66.162 - - [27/Dec/2025:13:15:43 +0000] "GET /?products/25603817 HTTP/1.1" 200 26105 "-" "Mozilla/5.0 (Linux; Android 6.0.1; Nexus 5X Build/MMB29P) AppleWebKit/537.36 (KHTML, like Gecko) Chrome/141.0.7390.122 Mobile Safari/537.36 (compatible; GoogleOther)"
57.141.6.37 - - [27/Dec/2025:13:15:43 +0000] "GET /?products%2F16605439 HTTP/2" 200 278925 "-" "meta-externalagent/1.1 (+https://developers.facebook.com/docs/sharing/webmasters/crawler)"
57.141.6.4 - - [27/Dec/2025:13:15:50 +0000] "GET /?products%2F6629117 HTTP/2" 200 278925 "-" "meta-externalagent/1.1 (+https://developers.facebook.com/docs/sharing/webmasters/crawler)"
66.249.66.75 - - [27/Dec/2025:13:15:51 +0000] "GET /?products/6789528 HTTP/1.1" 200 24879 "-" "Mozilla/5.0 (Linux; Android 6.0.1; Nexus 5X Build/MMB29P) AppleWebKit/537.36 (KHTML, like Gecko) Chrome/141.0.7390.122 Mobile Safari/537.36 (compatible; GoogleOther)"
217.113.196.52 - - [27/Dec/2025:13:15:42 +0000] "GET /guardianas-del-agua-y-la-liga-contra-el-silencio-las-voces-de-las-mujeres-que-defienden-los-rios-del-putumayo-empiezan-a-contarse-a-si-mismas/ HTTP/1.1" 200 62663 "-" "Mozilla/5.0 (compatible; IbouBot/1.0; +bot@ibou.io; +https://ibou.io/iboubot.html)"
57.141.6.15 - - [27/Dec/2025:13:15:46 +0000] "GET /?products%2F26364806 HTTP/2" 200 278925 "-" "meta-externalagent/1.1 (+https://developers.facebook.com/docs/sharing/webmasters/crawler)"
66.249.66.76 - - [27/Dec/2025:13:15:49 +0000] "GET /?products/13989473 HTTP/1.1" 200 24514 "-" "Mozilla/5.0 (Linux; Android 6.0.1; Nexus 5X Build/MMB29P) AppleWebKit/537.36 (KHTML, like Gecko) Chrome/141.0.7390.122 Mobile Safari/537.36 (compatible; GoogleOther)"
66.249.66.76 - - [27/Dec/2025:13:15:50 +0000] "GET /?products/1609406 HTTP/1.1" 200 26005 "-" "Mozilla/5.0 (Linux; Android 6.0.1; Nexus 5X Build/MMB29P) AppleWebKit/537.36 (KHTML, like Gecko) Chrome/141.0.7390.122 Mobile Safari/537.36 (compatible; GoogleOther)"
66.249.66.162 - - [27/Dec/2025:13:15:54 +0000] "GET /?products/22592984 HTTP/1.1" 200 26555 "-" "Mozilla/5.0 (Linux; Android 6.0.1; Nexus 5X Build/MMB29P) AppleWebKit/537.36 (KHTML, like Gecko) Chrome/141.0.7390.122 Mobile Safari/537.36 (compatible; GoogleOther)"
66.249.66.39 - - [27/Dec/2025:13:15:56 +0000] "GET /?products/4614595 HTTP/1.1" 200 27138 "-" "Mozilla/5.0 (Linux; Android 6.0.1; Nexus 5X Build/MMB29P) AppleWebKit/537.36 (KHTML, like Gecko) Chrome/141.0.7390.122 Mobile Safari/537.36 (compatible; GoogleOther)"
66.249.66.75 - - [27/Dec/2025:13:15:58 +0000] "GET /?products/4602951 HTTP/1.1" 200 24621 "-" "Mozilla/5.0 (Linux; Android 6.0.1; Nexus 5X Build/MMB29P) AppleWebKit/537.36 (KHTML, like Gecko) Chrome/141.0.7390.122 Mobile Safari/537.36 (compatible; GoogleOther)"
66.249.66.39 - - [27/Dec/2025:13:15:59 +0000] "GET /?products/14280406 HTTP/1.1" 200 25814 "-" "Mozilla/5.0 (Linux; Android 6.0.1; Nexus 5X Build/MMB29P) AppleWebKit/537.36 (KHTML, like Gecko) Chrome/141.0.7390.122 Mobile Safari/537.36 (compatible; GoogleOther)"
66.249.66.193 - - [27/Dec/2025:13:16:00 +0000] "GET /?products/15560851 HTTP/1.1" 200 25907 "-" "Mozilla/5.0 (Linux; Android 6.0.1; Nexus 5X Build/MMB29P) AppleWebKit/537.36 (KHTML, like Gecko) Chrome/141.0.7390.122 Mobile Safari/537.36 (compatible; GoogleOther)"
66.249.66.204 - - [27/Dec/2025:13:16:01 +0000] "GET /?products/11670551 HTTP/1.1" 200 29367 "-" "Mozilla/5.0 (Linux; Android 6.0.1; Nexus 5X Build/MMB29P) AppleWebKit/537.36 (KHTML, like Gecko) Chrome/141.0.7390.122 Mobile Safari/537.36 (compatible; GoogleOther)"
66.249.66.39 - - [27/Dec/2025:13:16:07 +0000] "GET /?products/16983740 HTTP/1.1" 200 26739 "-" "Mozilla/5.0 (Linux; Android 6.0.1; Nexus 5X Build/MMB29P) AppleWebKit/537.36 (KHTML, like Gecko) Chrome/141.0.7390.122 Mobile Safari/537.36 (compatible; GoogleOther)"
66.249.66.39 - - [27/Dec/2025:13:16:09 +0000] "GET /?products/27288484 HTTP/1.1" 200 25774 "-" "Mozilla/5.0 (Linux; Android 6.0.1; Nexus 5X Build/MMB29P) AppleWebKit/537.36 (KHTML, like Gecko) Chrome/141.0.7390.122 Mobile Safari/537.36 (compatible; GoogleOther)"
217.113.196.48 - - [27/Dec/2025:13:16:09 +0000] "GET /las-mujeres-violetas-de-paz-del-tigre-putumayo-realizaron-cierre-de-los-procesos-de-la-escuela-de-genero-encuentros-psicosociales-y-espacios-de-arteterapia/feed/ HTTP/1.1" 200 576 "-" "Mozilla/5.0 (compatible; IbouBot/1.0; +bot@ibou.io; +https://ibou.io/iboubot.html)"
66.249.66.204 - - [27/Dec/2025:13:16:10 +0000] "GET /?products/23769662 HTTP/1.1" 200 24528 "-" "Mozilla/5.0 (Linux; Android 6.0.1; Nexus 5X Build/MMB29P) AppleWebKit/537.36 (KHTML, like Gecko) Chrome/141.0.7390.122 Mobile Safari/537.36 (compatible; GoogleOther)"
66.249.66.12 - - [27/Dec/2025:13:16:11 +0000] "GET /?products/25356540 HTTP/1.1" 200 25645 "-" "Mozilla/5.0 (Linux; Android 6.0.1; Nexus 5X Build/MMB29P) AppleWebKit/537.36 (KHTML, like Gecko) Chrome/141.0.7390.122 Mobile Safari/537.36 (compatible; GoogleOther)"
66.249.66.192 - - [27/Dec/2025:13:15:31 +0000] "GET /?products/8866806 HTTP/1.1" 200 25622 "-" "Mozilla/5.0 (Linux; Android 6.0.1; Nexus 5X Build/MMB29P) AppleWebKit/537.36 (KHTML, like Gecko) Chrome/141.0.7390.122 Mobile Safari/537.36 (compatible; GoogleOther)"
66.249.66.39 - - [27/Dec/2025:13:15:32 +0000] "GET /?products/10227328 HTTP/1.1" 200 25653 "-" "Mozilla/5.0 (Linux; Android 6.0.1; Nexus 5X Build/MMB29P) AppleWebKit/537.36 (KHTML, like Gecko) Chrome/141.0.7390.122 Mobile Safari/537.36 (compatible; GoogleOther)"
66.249.66.39 - - [27/Dec/2025:13:15:32 +0000] "GET /?products/14100917 HTTP/1.1" 200 26119 "-" "Mozilla/5.0 (Linux; Android 6.0.1; Nexus 5X Build/MMB29P) AppleWebKit/537.36 (KHTML, like Gecko) Chrome/141.0.7390.122 Mobile Safari/537.36 (compatible; GoogleOther)"
66.249.66.161 - - [27/Dec/2025:13:15:33 +0000] "GET /?products/21646784 HTTP/1.1" 200 25384 "-" "Mozilla/5.0 (Linux; Android 6.0.1; Nexus 5X Build/MMB29P) AppleWebKit/537.36 (KHTML, like Gecko) Chrome/141.0.7390.122 Mobile Safari/537.36 (compatible; GoogleOther)"
57.141.6.24 - - [27/Dec/2025:13:15:33 +0000] "GET /?products%2F11643973 HTTP/2" 200 278925 "-" "meta-externalagent/1.1 (+https://developers.facebook.com/docs/sharing/webmasters/crawler)"
66.249.66.204 - - [27/Dec/2025:13:15:39 +0000] "GET /?products/21006673 HTTP/1.1" 200 24577 "-" "Mozilla/5.0 (Linux; Android 6.0.1; Nexus 5X Build/MMB29P) AppleWebKit/537.36 (KHTML, like Gecko) Chrome/141.0.7390.122 Mobile Safari/537.36 (compatible; GoogleOther)"
66.249.66.204 - - [27/Dec/2025:13:15:40 +0000] "GET /?products/30513106 HTTP/1.1" 200 25396 "-" "Mozilla/5.0 (Linux; Android 6.0.1; Nexus 5X Build/MMB29P) AppleWebKit/537.36 (KHTML, like Gecko) Chrome/141.0.7390.122 Mobile Safari/537.36 (compatible; GoogleOther)"
66.249.66.162 - - [27/Dec/2025:13:15:45 +0000] "GET /wp-content/uploads/2025/06/2.-Ozip-slider-300x300.jpg HTTP/1.1" 200 28299 "-" "Googlebot-Image/1.0"
66.249.66.204 - - [27/Dec/2025:13:15:44 +0000] "GET /?products/30015117 HTTP/1.1" 200 24645 "-" "Mozilla/5.0 (Linux; Android 6.0.1; Nexus 5X Build/MMB29P) AppleWebKit/537.36 (KHTML, like Gecko) Chrome/141.0.7390.122 Mobile Safari/537.36 (compatible; GoogleOther)"
66.249.66.204 - - [27/Dec/2025:13:15:45 +0000] "GET /?products/24310373 HTTP/1.1" 200 25264 "-" "Mozilla/5.0 (Linux; Android 6.0.1; Nexus 5X Build/MMB29P) AppleWebKit/537.36 (KHTML, like Gecko) Chrome/141.0.7390.122 Mobile Safari/537.36 (compatible; GoogleOther)"
66.249.66.192 - - [27/Dec/2025:13:15:46 +0000] "GET /?products/23417462 HTTP/1.1" 200 26330 "-" "Mozilla/5.0 (Linux; Android 6.0.1; Nexus 5X Build/MMB29P) AppleWebKit/537.36 (KHTML, like Gecko) Chrome/141.0.7390.122 Mobile Safari/537.36 (compatible; GoogleOther)"
66.249.66.192 - - [27/Dec/2025:13:15:48 +0000] "GET /?products/9420862 HTTP/1.1" 200 24697 "-" "Mozilla/5.0 (Linux; Android 6.0.1; Nexus 5X Build/MMB29P) AppleWebKit/537.36 (KHTML, like Gecko) Chrome/141.0.7390.122 Mobile Safari/537.36 (compatible; GoogleOther)"
66.249.66.40 - - [27/Dec/2025:13:15:52 +0000] "GET /?products/2094184 HTTP/1.1" 200 24949 "-" "Mozilla/5.0 (Linux; Android 6.0.1; Nexus 5X Build/MMB29P) AppleWebKit/537.36 (KHTML, like Gecko) Chrome/141.0.7390.122 Mobile Safari/537.36 (compatible; GoogleOther)"
66.249.66.204 - - [27/Dec/2025:13:15:53 +0000] "GET /?products/1913840 HTTP/1.1" 200 25788 "-" "Mozilla/5.0 (Linux; Android 6.0.1; Nexus 5X Build/MMB29P) AppleWebKit/537.36 (KHTML, like Gecko) Chrome/141.0.7390.122 Mobile Safari/537.36 (compatible; GoogleOther)"
66.249.66.40 - - [27/Dec/2025:13:15:57 +0000] "GET /?products/30964684 HTTP/1.1" 200 25347 "-" "Mozilla/5.0 (Linux; Android 6.0.1; Nexus 5X Build/MMB29P) AppleWebKit/537.36 (KHTML, like Gecko) Chrome/141.0.7390.122 Mobile Safari/537.36 (compatible; GoogleOther)"
57.141.6.26 - - [27/Dec/2025:13:16:07 +0000] "GET /?products%2F8019962 HTTP/2" 200 278925 "-" "meta-externalagent/1.1 (+https://developers.facebook.com/docs/sharing/webmasters/crawler)"
57.141.6.7 - - [27/Dec/2025:13:15:53 +0000] "GET /?products%2F11389417 HTTP/2" 200 278925 "-" "meta-externalagent/1.1 (+https://developers.facebook.com/docs/sharing/webmasters/crawler)"
66.249.66.161 - - [27/Dec/2025:13:15:58 +0000] "GET /?products/21040473 HTTP/1.1" 200 26271 "-" "Mozilla/5.0 (Linux; Android 6.0.1; Nexus 5X Build/MMB29P) AppleWebKit/537.36 (KHTML, like Gecko) Chrome/141.0.7390.122 Mobile Safari/537.36 (compatible; GoogleOther)"
57.141.6.35 - - [27/Dec/2025:13:15:57 +0000] "GET /?products%2F17385828 HTTP/2" 200 278925 "-" "meta-externalagent/1.1 (+https://developers.facebook.com/docs/sharing/webmasters/crawler)"
57.141.6.19 - - [27/Dec/2025:13:16:01 +0000] "GET /?products%2F5122273 HTTP/2" 200 278925 "-" "meta-externalagent/1.1 (+https://developers.facebook.com/docs/sharing/webmasters/crawler)"
66.249.66.161 - - [27/Dec/2025:13:16:02 +0000] "GET /?products/3073939 HTTP/1.1" 200 24423 "-" "Mozilla/5.0 (Linux; Android 6.0.1; Nexus 5X Build/MMB29P) AppleWebKit/537.36 (KHTML, like Gecko) Chrome/141.0.7390.122 Mobile Safari/537.36 (compatible; GoogleOther)"
66.249.66.13 - - [27/Dec/2025:13:16:03 +0000] "GET /?products/13770284 HTTP/1.1" 200 24175 "-" "Mozilla/5.0 (Linux; Android 6.0.1; Nexus 5X Build/MMB29P) AppleWebKit/537.36 (KHTML, like Gecko) Chrome/141.0.7390.122 Mobile Safari/537.36 (compatible; GoogleOther)"
66.249.66.192 - - [27/Dec/2025:13:16:04 +0000] "GET /?products/8858973 HTTP/1.1" 200 24181 "-" "Mozilla/5.0 (Linux; Android 6.0.1; Nexus 5X Build/MMB29P) AppleWebKit/537.36 (KHTML, like Gecko) Chrome/141.0.7390.122 Mobile Safari/537.36 (compatible; GoogleOther)"
57.141.6.28 - - [27/Dec/2025:13:16:04 +0000] "GET /?products%2F1658262 HTTP/2" 200 278925 "-" "meta-externalagent/1.1 (+https://developers.facebook.com/docs/sharing/webmasters/crawler)"
66.249.66.161 - - [27/Dec/2025:13:16:05 +0000] "GET /?products/10475206 HTTP/1.1" 200 27305 "-" "Mozilla/5.0 (Linux; Android 6.0.1; Nexus 5X Build/MMB29P) AppleWebKit/537.36 (KHTML, like Gecko) Chrome/141.0.7390.122 Mobile Safari/537.36 (compatible; GoogleOther)"
66.249.66.161 - - [27/Dec/2025:13:16:08 +0000] "GET /?products/30508895 HTTP/1.1" 200 24288 "-" "Mozilla/5.0 (Linux; Android 6.0.1; Nexus 5X Build/MMB29P) AppleWebKit/537.36 (KHTML, like Gecko) Chrome/141.0.7390.122 Mobile Safari/537.36 (compatible; GoogleOther)"
170.10.164.126 - - [27/Dec/2025:13:16:08 +0000] "POST /wp-cron.php?doing_wp_cron=1766841368.5503480434417724609375 HTTP/1.1" 200 0 "-" "WordPress/6.8.3; https://alianzatejedorasdevida.org"
66.249.66.39 - - [27/Dec/2025:13:16:10 +0000] "GET /wp-content/uploads/2016/10/14724139_10154601520787328_1672769300_o-600x334.jpg HTTP/1.1" 200 76057 "-" "Googlebot-Image/1.0"
57.141.6.32 - - [27/Dec/2025:13:16:14 +0000] "GET /?products%2F22279551 HTTP/2" 200 278925 "-" "meta-externalagent/1.1 (+https://developers.facebook.com/docs/sharing/webmasters/crawler)"
66.249.66.204 - - [27/Dec/2025:13:16:15 +0000] "GET /?products/2421973 HTTP/1.1" 200 25299 "-" "Mozilla/5.0 (Linux; Android 6.0.1; Nexus 5X Build/MMB29P) AppleWebKit/537.36 (KHTML, like Gecko) Chrome/141.0.7390.122 Mobile Safari/537.36 (compatible; GoogleOther)"
66.249.66.76 - - [27/Dec/2025:13:16:20 +0000] "GET /?products/5487040 HTTP/1.1" 200 27020 "-" "Mozilla/5.0 (Linux; Android 6.0.1; Nexus 5X Build/MMB29P) AppleWebKit/537.36 (KHTML, like Gecko) Chrome/141.0.7390.122 Mobile Safari/537.36 (compatible; GoogleOther)"
66.249.66.204 - - [27/Dec/2025:13:16:21 +0000] "GET /?products/16329962 HTTP/1.1" 200 26665 "-" "Mozilla/5.0 (Linux; Android 6.0.1; Nexus 5X Build/MMB29P) AppleWebKit/537.36 (KHTML, like Gecko) Chrome/141.0.7390.122 Mobile Safari/537.36 (compatible; GoogleOther)"
43.156.228.27 - - [27/Dec/2025:13:16:22 +0000] "GET / HTTP/1.1" 200 63040 "https://www.alianzatejedorasdevida.org/" "Mozilla/5.0 (iPhone; CPU iPhone OS 13_2_3 like Mac OS X) AppleWebKit/605.1.15 (KHTML, like Gecko) Version/13.0.3 Mobile/15E148 Safari/604.1"
57.141.6.36 - - [27/Dec/2025:13:16:10 +0000] "GET /?products%2F19102506 HTTP/2" 200 278925 "-" "meta-externalagent/1.1 (+https://developers.facebook.com/docs/sharing/webmasters/crawler)"
66.249.66.39 - - [27/Dec/2025:13:16:11 +0000] "GET /?products/23427128 HTTP/1.1" 200 27253 "-" "Mozilla/5.0 (Linux; Android 6.0.1; Nexus 5X Build/MMB29P) AppleWebKit/537.36 (KHTML, like Gecko) Chrome/141.0.7390.122 Mobile Safari/537.36 (compatible; GoogleOther)"
66.249.66.39 - - [27/Dec/2025:13:16:12 +0000] "GET /?products/28341973 HTTP/1.1" 200 24549 "-" "Mozilla/5.0 (Linux; Android 6.0.1; Nexus 5X Build/MMB29P) AppleWebKit/537.36 (KHTML, like Gecko) Chrome/141.0.7390.122 Mobile Safari/537.36 (compatible; GoogleOther)"
66.249.66.39 - - [27/Dec/2025:13:16:13 +0000] "GET /?products/9665140 HTTP/1.1" 200 24336 "-" "Mozilla/5.0 (Linux; Android 6.0.1; Nexus 5X Build/MMB29P) AppleWebKit/537.36 (KHTML, like Gecko) Chrome/141.0.7390.122 Mobile Safari/537.36 (compatible; GoogleOther)"
66.249.66.162 - - [27/Dec/2025:13:16:14 +0000] "GET /?products/27548462 HTTP/1.1" 200 24520 "-" "Mozilla/5.0 (Linux; Android 6.0.1; Nexus 5X Build/MMB29P) AppleWebKit/537.36 (KHTML, like Gecko) Chrome/141.0.7390.122 Mobile Safari/537.36 (compatible; GoogleOther)"
66.249.66.40 - - [27/Dec/2025:13:16:16 +0000] "GET /?products/29866340 HTTP/1.1" 200 24173 "-" "Mozilla/5.0 (Linux; Android 6.0.1; Nexus 5X Build/MMB29P) AppleWebKit/537.36 (KHTML, like Gecko) Chrome/141.0.7390.122 Mobile Safari/537.36 (compatible; GoogleOther)"
66.249.66.162 - - [27/Dec/2025:13:16:18 +0000] "GET /?products/31208706 HTTP/1.1" 200 26421 "-" "Mozilla/5.0 (Linux; Android 6.0.1; Nexus 5X Build/MMB29P) AppleWebKit/537.36 (KHTML, like Gecko) Chrome/141.0.7390.122 Mobile Safari/537.36 (compatible; GoogleOther)"
43.156.228.27 - - [27/Dec/2025:13:16:18 +0000] "GET / HTTP/1.1" 301 346 "http://www.alianzatejedorasdevida.org" "Mozilla/5.0 (iPhone; CPU iPhone OS 13_2_3 like Mac OS X) AppleWebKit/605.1.15 (KHTML, like Gecko) Version/13.0.3 Mobile/15E148 Safari/604.1"
57.141.6.15 - - [27/Dec/2025:13:16:20 +0000] "GET /?products%2F17904206 HTTP/2" 200 278925 "-" "meta-externalagent/1.1 (+https://developers.facebook.com/docs/sharing/webmasters/crawler)"
66.249.66.162 - - [27/Dec/2025:13:16:22 +0000] "GET /?products/23813540 HTTP/1.1" 200 24581 "-" "Mozilla/5.0 (Linux; Android 6.0.1; Nexus 5X Build/MMB29P) AppleWebKit/537.36 (KHTML, like Gecko) Chrome/141.0.7390.122 Mobile Safari/537.36 (compatible; GoogleOther)"
66.249.66.161 - - [27/Dec/2025:13:16:24 +0000] "GET /?products/24804584 HTTP/1.1" 200 25202 "-" "Mozilla/5.0 (Linux; Android 6.0.1; Nexus 5X Build/MMB29P) AppleWebKit/537.36 (KHTML, like Gecko) Chrome/141.0.7390.122 Mobile Safari/537.36 (compatible; GoogleOther)"
66.249.66.13 - - [27/Dec/2025:13:16:25 +0000] "GET /?products/22887406 HTTP/1.1" 200 25326 "-" "Mozilla/5.0 (Linux; Android 6.0.1; Nexus 5X Build/MMB29P) AppleWebKit/537.36 (KHTML, like Gecko) Chrome/141.0.7390.122 Mobile Safari/537.36 (compatible; GoogleOther)"
66.249.66.13 - - [27/Dec/2025:13:16:27 +0000] "GET /?products/4378684 HTTP/1.1" 200 25508 "-" "Mozilla/5.0 (Linux; Android 6.0.1; Nexus 5X Build/MMB29P) AppleWebKit/537.36 (KHTML, like Gecko) Chrome/141.0.7390.122 Mobile Safari/537.36 (compatible; GoogleOther)"
66.249.66.14 - - [27/Dec/2025:13:16:28 +0000] "GET /?products/9428517 HTTP/1.1" 200 25744 "-" "Mozilla/5.0 (Linux; Android 6.0.1; Nexus 5X Build/MMB29P) AppleWebKit/537.36 (KHTML, like Gecko) Chrome/141.0.7390.122 Mobile Safari/537.36 (compatible; GoogleOther)"
57.141.6.18 - - [27/Dec/2025:13:16:31 +0000] "GET /?products%2F20764951 HTTP/2" 200 278925 "-" "meta-externalagent/1.1 (+https://developers.facebook.com/docs/sharing/webmasters/crawler)"
66.249.66.77 - - [27/Dec/2025:13:16:31 +0000] "GET /?products/7856339 HTTP/1.1" 200 25051 "-" "Mozilla/5.0 (Linux; Android 6.0.1; Nexus 5X Build/MMB29P) AppleWebKit/537.36 (KHTML, like Gecko) Chrome/141.0.7390.122 Mobile Safari/537.36 (compatible; GoogleOther)"
57.141.6.8 - - [27/Dec/2025:13:16:17 +0000] "GET /?products%2F20401506 HTTP/2" 200 278925 "-" "meta-externalagent/1.1 (+https://developers.facebook.com/docs/sharing/webmasters/crawler)"
66.249.66.192 - - [27/Dec/2025:13:16:23 +0000] "GET /?products/21187206 HTTP/1.1" 200 26439 "-" "Mozilla/5.0 (Linux; Android 6.0.1; Nexus 5X Build/MMB29P) AppleWebKit/537.36 (KHTML, like Gecko) Chrome/141.0.7390.122 Mobile Safari/537.36 (compatible; GoogleOther)"
57.141.6.6 - - [27/Dec/2025:13:16:24 +0000] "GET /?products%2F23441162 HTTP/2" 200 278925 "-" "meta-externalagent/1.1 (+https://developers.facebook.com/docs/sharing/webmasters/crawler)"
66.249.66.39 - - [27/Dec/2025:13:16:26 +0000] "GET /?products/19808439 HTTP/1.1" 200 25685 "-" "Mozilla/5.0 (Linux; Android 6.0.1; Nexus 5X Build/MMB29P) AppleWebKit/537.36 (KHTML, like Gecko) Chrome/141.0.7390.122 Mobile Safari/537.36 (compatible; GoogleOther)"
57.141.6.23 - - [27/Dec/2025:13:16:27 +0000] "GET /?products%2F25077906 HTTP/2" 200 278925 "-" "meta-externalagent/1.1 (+https://developers.facebook.com/docs/sharing/webmasters/crawler)"
66.249.66.39 - - [27/Dec/2025:13:16:29 +0000] "GET /?products/16098317 HTTP/1.1" 200 24983 "-" "Mozilla/5.0 (Linux; Android 6.0.1; Nexus 5X Build/MMB29P) AppleWebKit/537.36 (KHTML, like Gecko) Chrome/141.0.7390.122 Mobile Safari/537.36 (compatible; GoogleOther)"
66.249.66.14 - - [27/Dec/2025:13:16:38 +0000] "GET /?products/24886995 HTTP/1.1" 200 25464 "-" "Mozilla/5.0 (Linux; Android 6.0.1; Nexus 5X Build/MMB29P) AppleWebKit/537.36 (KHTML, like Gecko) Chrome/141.0.7390.122 Mobile Safari/537.36 (compatible; GoogleOther)"
66.249.66.14 - - [27/Dec/2025:13:16:42 +0000] "GET /?products/10063751 HTTP/1.1" 200 26298 "-" "Mozilla/5.0 (Linux; Android 6.0.1; Nexus 5X Build/MMB29P) AppleWebKit/537.36 (KHTML, like Gecko) Chrome/141.0.7390.122 Mobile Safari/537.36 (compatible; GoogleOther)"
66.249.66.14 - - [27/Dec/2025:13:16:46 +0000] "GET /?products/4680117 HTTP/1.1" 200 24690 "-" "Mozilla/5.0 (Linux; Android 6.0.1; Nexus 5X Build/MMB29P) AppleWebKit/537.36 (KHTML, like Gecko) Chrome/141.0.7390.122 Mobile Safari/537.36 (compatible; GoogleOther)"
66.249.66.14 - - [27/Dec/2025:13:16:48 +0000] "GET /?products/27197551 HTTP/1.1" 200 24531 "-" "Mozilla/5.0 (Linux; Android 6.0.1; Nexus 5X Build/MMB29P) AppleWebKit/537.36 (KHTML, like Gecko) Chrome/141.0.7390.122 Mobile Safari/537.36 (compatible; GoogleOther)"
66.249.66.39 - - [27/Dec/2025:13:16:50 +0000] "GET /?products/26071562 HTTP/1.1" 200 26586 "-" "Mozilla/5.0 (Linux; Android 6.0.1; Nexus 5X Build/MMB29P) AppleWebKit/537.36 (KHTML, like Gecko) Chrome/141.0.7390.122 Mobile Safari/537.36 (compatible; GoogleOther)"
57.141.6.6 - - [27/Dec/2025:13:16:51 +0000] "GET /?products%2F17152006 HTTP/2" 200 278925 "-" "meta-externalagent/1.1 (+https://developers.facebook.com/docs/sharing/webmasters/crawler)"
66.249.66.75 - - [27/Dec/2025:13:16:54 +0000] "GET /?products/4005140 HTTP/1.1" 200 25950 "-" "Mozilla/5.0 (Linux; Android 6.0.1; Nexus 5X Build/MMB29P) AppleWebKit/537.36 (KHTML, like Gecko) Chrome/141.0.7390.122 Mobile Safari/537.36 (compatible; GoogleOther)"
57.141.6.31 - - [27/Dec/2025:13:16:54 +0000] "GET /?products%2F20190673 HTTP/2" 200 278925 "-" "meta-externalagent/1.1 (+https://developers.facebook.com/docs/sharing/webmasters/crawler)"
66.249.66.164 - - [27/Dec/2025:13:16:58 +0000] "GET /?products/4132151 HTTP/1.1" 200 25040 "-" "Mozilla/5.0 (Linux; Android 6.0.1; Nexus 5X Build/MMB29P) AppleWebKit/537.36 (KHTML, like Gecko) Chrome/141.0.7390.122 Mobile Safari/537.36 (compatible; GoogleOther)"
57.141.6.31 - - [27/Dec/2025:13:16:57 +0000] "GET /?products%2F20609340 HTTP/2" 200 278925 "-" "meta-externalagent/1.1 (+https://developers.facebook.com/docs/sharing/webmasters/crawler)"
57.141.6.5 - - [27/Dec/2025:13:17:01 +0000] "GET /?products%2F21934328 HTTP/2" 200 278925 "-" "meta-externalagent/1.1 (+https://developers.facebook.com/docs/sharing/webmasters/crawler)"
66.249.66.41 - - [27/Dec/2025:13:16:30 +0000] "GET /?products/5318084 HTTP/1.1" 200 24498 "-" "Mozilla/5.0 (Linux; Android 6.0.1; Nexus 5X Build/MMB29P) AppleWebKit/537.36 (KHTML, like Gecko) Chrome/141.0.7390.122 Mobile Safari/537.36 (compatible; GoogleOther)"
66.249.66.41 - - [27/Dec/2025:13:16:34 +0000] "GET /?products/11453917 HTTP/1.1" 200 25466 "-" "Mozilla/5.0 (Linux; Android 6.0.1; Nexus 5X Build/MMB29P) AppleWebKit/537.36 (KHTML, like Gecko) Chrome/141.0.7390.122 Mobile Safari/537.36 (compatible; GoogleOther)"
57.141.6.3 - - [27/Dec/2025:13:16:34 +0000] "GET /?products%2F13685673 HTTP/2" 200 278925 "-" "meta-externalagent/1.1 (+https://developers.facebook.com/docs/sharing/webmasters/crawler)"
217.113.196.52 - - [27/Dec/2025:13:16:36 +0000] "GET /mujeres-tejedoras-de-vida-del-putumayo-se-capacitaron-sobre-las-nuevas-medidas-de-atencion-con-enfoque-de-genero-de-la-unidad-de-restitucion-de-tierras-urt/ HTTP/1.1" 200 61072 "-" "Mozilla/5.0 (compatible; IbouBot/1.0; +bot@ibou.io; +https://ibou.io/iboubot.html)"
